27.62.70.128 - - [28/Jun/2025:09:53:18 +0000] "GET /wp-content/plugins/wp-file-manager/lib/css/quicklook.css?ver=8.0.1 HTTP/2.0" 200 2294 "https://www.lapma.in/wp-admin/admin.php?page=wp_file_manager" "Mozilla/5.0 (Windows NT 10.0; Win64; x64) AppleWebKit/537.36 (KHTML, like Gecko) Chrome/137.0.0.0 Safari/537.36"
27.62.70.128 - - [28/Jun/2025:09:53:18 +0000] "GET /wp-content/plugins/wp-file-manager/lib/css/theme.css?ver=8.0.1 HTTP/2.0" 200 2560 "https://www.lapma.in/wp-admin/admin.php?page=wp_file_manager" "Mozilla/5.0 (Windows NT 10.0; Win64; x64) AppleWebKit/537.36 (KHTML, like Gecko) Chrome/137.0.0.0 Safari/537.36"
27.62.70.128 - - [28/Jun/2025:09:53:18 +0000] "GET /wp-content/plugins/wp-file-manager/lib/css/toolbar.css?ver=8.0.1 HTTP/2.0" 200 2569 "https://www.lapma.in/wp-admin/admin.php?page=wp_file_manager" "Mozilla/5.0 (Windows NT 10.0; Win64; x64) AppleWebKit/537.36 (KHTML, like Gecko) Chrome/137.0.0.0 Safari/537.36"
27.62.70.128 - - [28/Jun/2025:09:53:18 +0000] "GET /wp-content/plugins/wp-file-manager/lib/css/statusbar.css?ver=8.0.1 HTTP/2.0" 200 806 "https://www.lapma.in/wp-admin/admin.php?page=wp_file_manager" "Mozilla/5.0 (Windows NT 10.0; Win64; x64) AppleWebKit/537.36 (KHTML, like Gecko) Chrome/137.0.0.0 Safari/537.36"
27.62.70.128 - - [28/Jun/2025:09:53:18 +0000] "GET /wp-content/plugins/wp-file-manager/lib/js/elFinder.version.js?ver=8.0.1 HTTP/2.0" 200 98 "https://www.lapma.in/wp-admin/admin.php?page=wp_file_manager" "Mozilla/5.0 (Windows NT 10.0; Win64; x64) AppleWebKit/537.36 (KHTML, like Gecko) Chrome/137.0.0.0 Safari/537.36"
27.62.70.128 - - [28/Jun/2025:09:53:18 +0000] "GET /wp-content/plugins/wp-file-manager/lib/js/elFinder.options.js?ver=8.0.1 HTTP/2.0" 200 12930 "https://www.lapma.in/wp-admin/admin.php?page=wp_file_manager" "Mozilla/5.0 (Windows NT 10.0; Win64; x64) AppleWebKit/537.36 (KHTML, like Gecko) Chrome/137.0.0.0 Safari/537.36"
27.62.70.128 - - [28/Jun/2025:09:53:18 +0000] "GET /wp-content/plugins/wp-file-manager/lib/js/elFinder.history.js?ver=8.0.1 HTTP/2.0" 200 959 "https://www.lapma.in/wp-admin/admin.php?page=wp_file_manager" "Mozilla/5.0 (Windows NT 10.0; Win64; x64) AppleWebKit/537.36 (KHTML, like Gecko) Chrome/137.0.0.0 Safari/537.36"
27.62.70.128 - - [28/Jun/2025:09:53:18 +0000] "GET /wp-content/plugins/wp-file-manager/lib/js/jquery.dialogelfinder.js?ver=8.0.1 HTTP/2.0" 200 1257 "https://www.lapma.in/wp-admin/admin.php?page=wp_file_manager" "Mozilla/5.0 (Windows NT 10.0; Win64; x64) AppleWebKit/537.36 (KHTML, like Gecko) Chrome/137.0.0.0 Safari/537.36"
27.62.70.128 - - [28/Jun/2025:09:53:18 +0000] "GET /wp-content/plugins/wp-file-manager/lib/js/elFinder.resources.js?ver=8.0.1 HTTP/2.0" 200 4200 "https://www.lapma.in/wp-admin/admin.php?page=wp_file_manager" "Mozilla/5.0 (Windows NT 10.0; Win64; x64) AppleWebKit/537.36 (KHTML, like Gecko) Chrome/137.0.0.0 Safari/537.36"
27.62.70.128 - - [28/Jun/2025:09:53:18 +0000] "GET /wp-content/plugins/wp-file-manager/lib/js/i18n/elfinder.en.js?ver=8.0.1 HTTP/2.0" 200 8496 "https://www.lapma.in/wp-admin/admin.php?page=wp_file_manager" "Mozilla/5.0 (Windows NT 10.0; Win64; x64) AppleWebKit/537.36 (KHTML, like Gecko) Chrome/137.0.0.0 Safari/537.36"
27.62.70.128 - - [28/Jun/2025:09:53:18 +0000] "GET /wp-content/plugins/wp-file-manager/lib/js/ui/button.js?ver=8.0.1 HTTP/2.0" 200 1522 "https://www.lapma.in/wp-admin/admin.php?page=wp_file_manager" "Mozilla/5.0 (Windows NT 10.0; Win64; x64) AppleWebKit/537.36 (KHTML, like Gecko) Chrome/137.0.0.0 Safari/537.36"
27.62.70.128 - - [28/Jun/2025:09:53:18 +0000] "GET /wp-content/plugins/wp-file-manager/lib/js/ui/dialog.js?ver=8.0.1 HTTP/2.0" 200 6902 "https://www.lapma.in/wp-admin/admin.php?page=wp_file_manager" "Mozilla/5.0 (Windows NT 10.0; Win64; x64) AppleWebKit/537.36 (KHTML, like Gecko) Chrome/137.0.0.0 Safari/537.36"
27.62.70.128 - - [28/Jun/2025:09:53:18 +0000] "GET /wp-content/plugins/wp-file-manager/lib/js/ui/navdock.js?ver=8.0.1 HTTP/2.0" 200 1577 "https://www.lapma.in/wp-admin/admin.php?page=wp_file_manager" "Mozilla/5.0 (Windows NT 10.0; Win64; x64) AppleWebKit/537.36 (KHTML, like Gecko) Chrome/137.0.0.0 Safari/537.36"
27.62.70.128 - - [28/Jun/2025:09:53:18 +0000] "GET /wp-content/plugins/wp-file-manager/lib/js/ui/panel.js?ver=8.0.1 HTTP/2.0" 200 322 "https://www.lapma.in/wp-admin/admin.php?page=wp_file_manager" "Mozilla/5.0 (Windows NT 10.0; Win64; x64) AppleWebKit/537.36 (KHTML, like Gecko) Chrome/137.0.0.0 Safari/537.36"
27.62.70.128 - - [28/Jun/2025:09:53:18 +0000] "GET /wp-content/plugins/wp-file-manager/lib/css/toast.css?ver=8.0.1 HTTP/2.0" 200 2623 "https://www.lapma.in/wp-admin/admin.php?page=wp_file_manager" "Mozilla/5.0 (Windows NT 10.0; Win64; x64) AppleWebKit/537.36 (KHTML, like Gecko) Chrome/137.0.0.0 Safari/537.36"
27.62.70.128 - - [28/Jun/2025:09:53:18 +0000] "GET /wp-content/plugins/wp-file-manager/lib/codemirror/lib/codemirror.css?ver=8.0.1 HTTP/2.0" 200 2543 "https://www.lapma.in/wp-admin/admin.php?page=wp_file_manager" "Mozilla/5.0 (Windows NT 10.0; Win64; x64) AppleWebKit/537.36 (KHTML, like Gecko) Chrome/137.0.0.0 Safari/537.36"
27.62.70.128 - - [28/Jun/2025:09:53:18 +0000] "GET /wp-content/plugins/wp-file-manager/lib/codemirror/theme/3024-day.css?ver=8.0.1 HTTP/2.0" 200 582 "https://www.lapma.in/wp-admin/admin.php?page=wp_file_manager" "Mozilla/5.0 (Windows NT 10.0; Win64; x64) AppleWebKit/537.36 (KHTML, like Gecko) Chrome/137.0.0.0 Safari/537.36"
27.62.70.128 - - [28/Jun/2025:09:53:18 +0000] "GET /wp-content/plugins/wp-file-manager/js/top.js?ver=8.0.1 HTTP/2.0" 200 246 "https://www.lapma.in/wp-admin/admin.php?page=wp_file_manager" "Mozilla/5.0 (Windows NT 10.0; Win64; x64) AppleWebKit/537.36 (KHTML, like Gecko) Chrome/137.0.0.0 Safari/537.36"
27.62.70.128 - - [28/Jun/2025:09:53:18 +0000] "GET /wp-content/plugins/wp-file-manager/lib/js/elFinder.mimetypes.js?ver=8.0.1 HTTP/2.0" 200 7500 "https://www.lapma.in/wp-admin/admin.php?page=wp_file_manager" "Mozilla/5.0 (Windows NT 10.0; Win64; x64) AppleWebKit/537.36 (KHTML, like Gecko) Chrome/137.0.0.0 Safari/537.36"
27.62.70.128 - - [28/Jun/2025:09:53:18 +0000] "GET /wp-content/plugins/wp-file-manager/lib/js/elFinder.options.netmount.js?ver=8.0.1 HTTP/2.0" 200 554 "https://www.lapma.in/wp-admin/admin.php?page=wp_file_manager" "Mozilla/5.0 (Windows NT 10.0; Win64; x64) AppleWebKit/537.36 (KHTML, like Gecko) Chrome/137.0.0.0 Safari/537.36"
27.62.70.128 - - [28/Jun/2025:09:53:18 +0000] "GET /wp-content/plugins/wp-file-manager/lib/js/ui/cwd.js?ver=8.0.1 HTTP/2.0" 200 21864 "https://www.lapma.in/wp-admin/admin.php?page=wp_file_manager" "Mozilla/5.0 (Windows NT 10.0; Win64; x64) AppleWebKit/537.36 (KHTML, like Gecko) Chrome/137.0.0.0 Safari/537.36"
27.62.70.128 - - [28/Jun/2025:09:53:18 +0000] "GET /wp-content/plugins/wp-file-manager/lib/js/ui/fullscreenbutton.js?ver=8.0.1 HTTP/2.0" 200 337 "https://www.lapma.in/wp-admin/admin.php?page=wp_file_manager" "Mozilla/5.0 (Windows NT 10.0; Win64; x64) AppleWebKit/537.36 (KHTML, like Gecko) Chrome/137.0.0.0 Safari/537.36"
27.62.70.128 - - [28/Jun/2025:09:53:18 +0000] "GET /wp-content/plugins/wp-file-manager/js/file_manager_free_shortcode_admin.js?ver=9629 HTTP/2.0" 200 1267 "https://www.lapma.in/wp-admin/admin.php?page=wp_file_manager" "Mozilla/5.0 (Windows NT 10.0; Win64; x64) AppleWebKit/537.36 (KHTML, like Gecko) Chrome/137.0.0.0 Safari/537.36"
27.62.70.128 - - [28/Jun/2025:09:53:18 +0000] "GET /wp-content/plugins/wp-file-manager/lib/js/ui/navbar.js?ver=8.0.1 HTTP/2.0" 200 1875 "https://www.lapma.in/wp-admin/admin.php?page=wp_file_manager" "Mozilla/5.0 (Windows NT 10.0; Win64; x64) AppleWebKit/537.36 (KHTML, like Gecko) Chrome/137.0.0.0 Safari/537.36"
27.62.70.128 - - [28/Jun/2025:09:53:18 +0000] "GET /wp-content/plugins/wp-file-manager/lib/js/jquery.elfinder.js?ver=8.0.1 HTTP/2.0" 200 3624 "https://www.lapma.in/wp-admin/admin.php?page=wp_file_manager" "Mozilla/5.0 (Windows NT 10.0; Win64; x64) AppleWebKit/537.36 (KHTML, like Gecko) Chrome/137.0.0.0 Safari/537.36"
27.62.70.128 - - [28/Jun/2025:09:53:18 +0000] "GET /wp-content/plugins/wp-file-manager/lib/js/elFinder.command.js?ver=8.0.1 HTTP/2.0" 200 2489 "https://www.lapma.in/wp-admin/admin.php?page=wp_file_manager" "Mozilla/5.0 (Windows NT 10.0; Win64; x64) AppleWebKit/537.36 (KHTML, like Gecko) Chrome/137.0.0.0 Safari/537.36"
27.62.70.128 - - [28/Jun/2025:09:53:18 +0000] "GET /wp-content/plugins/wp-file-manager/lib/js/ui/contextmenu.js?ver=8.0.1 HTTP/2.0" 200 5765 "https://www.lapma.in/wp-admin/admin.php?page=wp_file_manager" "Mozilla/5.0 (Windows NT 10.0; Win64; x64) AppleWebKit/537.36 (KHTML, like Gecko) Chrome/137.0.0.0 Safari/537.36"
27.62.70.128 - - [28/Jun/2025:09:53:18 +0000] "GET /wp-content/plugins/wp-file-manager/lib/js/ui/overlay.js?ver=8.0.1 HTTP/2.0" 200 461 "https://www.lapma.in/wp-admin/admin.php?page=wp_file_manager" "Mozilla/5.0 (Windows NT 10.0; Win64; x64) AppleWebKit/537.36 (KHTML, like Gecko) Chrome/137.0.0.0 Safari/537.36"
27.62.70.128 - - [28/Jun/2025:09:53:18 +0000] "GET /wp-content/plugins/wp-file-manager/lib/js/ui/path.js?ver=8.0.1 HTTP/2.0" 200 1952 "https://www.lapma.in/wp-admin/admin.php?page=wp_file_manager" "Mozilla/5.0 (Windows NT 10.0; Win64; x64) AppleWebKit/537.36 (KHTML, like Gecko) Chrome/137.0.0.0 Safari/537.36"
27.62.70.128 - - [28/Jun/2025:09:53:18 +0000] "GET /wp-content/plugins/wp-file-manager/lib/jquery/jquery-ui-1.12.1.js?ver=6.8.1 HTTP/2.0" 200 66601 "https://www.lapma.in/wp-admin/admin.php?page=wp_file_manager" "Mozilla/5.0 (Windows NT 10.0; Win64; x64) AppleWebKit/537.36 (KHTML, like Gecko) Chrome/137.0.0.0 Safari/537.36"
27.62.70.128 - - [28/Jun/2025:09:53:18 +0000] "GET /wp-content/plugins/wp-file-manager/lib/js/elFinder.js?ver=8.0.1 HTTP/2.0" 200 77074 "https://www.lapma.in/wp-admin/admin.php?page=wp_file_manager" "Mozilla/5.0 (Windows NT 10.0; Win64; x64) AppleWebKit/537.36 (KHTML, like Gecko) Chrome/137.0.0.0 Safari/537.36"
27.62.70.128 - - [28/Jun/2025:09:53:19 +0000] "GET /wp-content/plugins/wp-file-manager/lib/js/ui/searchbutton.js?ver=8.0.1 HTTP/2.0" 200 3016 "https://www.lapma.in/wp-admin/admin.php?page=wp_file_manager" "Mozilla/5.0 (Windows NT 10.0; Win64; x64) AppleWebKit/537.36 (KHTML, like Gecko) Chrome/137.0.0.0 Safari/537.36"
27.62.70.128 - - [28/Jun/2025:09:53:19 +0000] "GET /wp-content/plugins/wp-file-manager/lib/js/ui/sortbutton.js?ver=8.0.1 HTTP/2.0" 200 1328 "https://www.lapma.in/wp-admin/admin.php?page=wp_file_manager" "Mozilla/5.0 (Windows NT 10.0; Win64; x64) AppleWebKit/537.36 (KHTML, like Gecko) Chrome/137.0.0.0 Safari/537.36"
27.62.70.128 - - [28/Jun/2025:09:53:19 +0000] "GET /wp-content/plugins/wp-file-manager/lib/js/ui/stat.js?ver=8.0.1 HTTP/2.0" 200 1298 "https://www.lapma.in/wp-admin/admin.php?page=wp_file_manager" "Mozilla/5.0 (Windows NT 10.0; Win64; x64) AppleWebKit/537.36 (KHTML, like Gecko) Chrome/137.0.0.0 Safari/537.36"
27.62.70.128 - - [28/Jun/2025:09:53:19 +0000] "GET /wp-content/plugins/wp-file-manager/lib/js/ui/toast.js?ver=8.0.1 HTTP/2.0" 200 1102 "https://www.lapma.in/wp-admin/admin.php?page=wp_file_manager" "Mozilla/5.0 (Windows NT 10.0; Win64; x64) AppleWebKit/537.36 (KHTML, like Gecko) Chrome/137.0.0.0 Safari/537.36"
27.62.70.128 - - [28/Jun/2025:09:53:19 +0000] "GET /wp-content/plugins/wp-file-manager/lib/js/ui/toolbar.js?ver=8.0.1 HTTP/2.0" 200 3012 "https://www.lapma.in/wp-admin/admin.php?page=wp_file_manager" "Mozilla/5.0 (Windows NT 10.0; Win64; x64) AppleWebKit/537.36 (KHTML, like Gecko) Chrome/137.0.0.0 Safari/537.36"
27.62.70.128 - - [28/Jun/2025:09:53:19 +0000] "GET /wp-content/plugins/wp-file-manager/lib/js/ui/tree.js?ver=8.0.1 HTTP/2.0" 200 10430 "https://www.lapma.in/wp-admin/admin.php?page=wp_file_manager" "Mozilla/5.0 (Windows NT 10.0; Win64; x64) AppleWebKit/537.36 (KHTML, like Gecko) Chrome/137.0.0.0 Safari/537.36"
27.62.70.128 - - [28/Jun/2025:09:53:19 +0000] "GET /wp-content/plugins/wp-file-manager/lib/js/ui/viewbutton.js?ver=8.0.1 HTTP/2.0" 200 394 "https://www.lapma.in/wp-admin/admin.php?page=wp_file_manager" "Mozilla/5.0 (Windows NT 10.0; Win64; x64) AppleWebKit/537.36 (KHTML, like Gecko) Chrome/137.0.0.0 Safari/537.36"
27.62.70.128 - - [28/Jun/2025:09:53:19 +0000] "GET /wp-content/plugins/wp-file-manager/lib/js/commands/back.js?ver=8.0.1 HTTP/2.0" 200 322 "https://www.lapma.in/wp-admin/admin.php?page=wp_file_manager" "Mozilla/5.0 (Windows NT 10.0; Win64; x64) AppleWebKit/537.36 (KHTML, like Gecko) Chrome/137.0.0.0 Safari/537.36"
27.62.70.128 - - [28/Jun/2025:09:53:19 +0000] "GET /wp-content/plugins/wp-file-manager/lib/js/commands/colwidth.js?ver=8.0.1 HTTP/2.0" 200 306 "https://www.lapma.in/wp-admin/admin.php?page=wp_file_manager" "Mozilla/5.0 (Windows NT 10.0; Win64; x64) AppleWebKit/537.36 (KHTML, like Gecko) Chrome/137.0.0.0 Safari/537.36"
27.62.70.128 - - [28/Jun/2025:09:53:19 +0000] "GET /wp-content/plugins/wp-file-manager/lib/js/commands/chmod.js?ver=8.0.1 HTTP/2.0" 200 3044 "https://www.lapma.in/wp-admin/admin.php?page=wp_file_manager" "Mozilla/5.0 (Windows NT 10.0; Win64; x64) AppleWebKit/537.36 (KHTML, like Gecko) Chrome/137.0.0.0 Safari/537.36"
27.62.70.128 - - [28/Jun/2025:09:53:19 +0000] "GET /wp-content/plugins/wp-file-manager/lib/js/ui/workzone.js?ver=8.0.1 HTTP/2.0" 200 650 "https://www.lapma.in/wp-admin/admin.php?page=wp_file_manager" "Mozilla/5.0 (Windows NT 10.0; Win64; x64) AppleWebKit/537.36 (KHTML, like Gecko) Chrome/137.0.0.0 Safari/537.36"
27.62.70.128 - - [28/Jun/2025:09:53:19 +0000] "GET /wp-content/plugins/wp-file-manager/lib/js/ui/uploadButton.js?ver=8.0.1 HTTP/2.0" 200 568 "https://www.lapma.in/wp-admin/admin.php?page=wp_file_manager" "Mozilla/5.0 (Windows NT 10.0; Win64; x64) AppleWebKit/537.36 (KHTML, like Gecko) Chrome/137.0.0.0 Safari/537.36"
27.62.70.128 - - [28/Jun/2025:09:53:19 +0000] "GET /wp-content/plugins/wp-file-manager/lib/js/commands/archive.js?ver=8.0.1 HTTP/2.0" 200 1096 "https://www.lapma.in/wp-admin/admin.php?page=wp_file_manager" "Mozilla/5.0 (Windows NT 10.0; Win64; x64) AppleWebKit/537.36 (KHTML, like Gecko) Chrome/137.0.0.0 Safari/537.36"
27.62.70.128 - - [28/Jun/2025:09:53:19 +0000] "GET /wp-content/plugins/wp-file-manager/lib/js/commands/copy.js?ver=8.0.1 HTTP/2.0" 200 506 "https://www.lapma.in/wp-admin/admin.php?page=wp_file_manager" "Mozilla/5.0 (Windows NT 10.0; Win64; x64) AppleWebKit/537.36 (KHTML, like Gecko) Chrome/137.0.0.0 Safari/537.36"
27.62.70.128 - - [28/Jun/2025:09:53:19 +0000] "GET /wp-content/plugins/wp-file-manager/lib/js/commands/cut.js?ver=8.0.1 HTTP/2.0" 200 554 "https://www.lapma.in/wp-admin/admin.php?page=wp_file_manager" "Mozilla/5.0 (Windows NT 10.0; Win64; x64) AppleWebKit/537.36 (KHTML, like Gecko) Chrome/137.0.0.0 Safari/537.36"
27.62.70.128 - - [28/Jun/2025:09:53:19 +0000] "GET /wp-content/plugins/wp-file-manager/lib/js/commands/duplicate.js?ver=8.0.1 HTTP/2.0" 200 667 "https://www.lapma.in/wp-admin/admin.php?page=wp_file_manager" "Mozilla/5.0 (Windows NT 10.0; Win64; x64) AppleWebKit/537.36 (KHTML, like Gecko) Chrome/137.0.0.0 Safari/537.36"
27.62.70.128 - - [28/Jun/2025:09:53:19 +0000] "GET /wp-content/plugins/wp-file-manager/lib/js/commands/download.js?ver=8.0.1 HTTP/2.0" 200 4679 "https://www.lapma.in/wp-admin/admin.php?page=wp_file_manager" "Mozilla/5.0 (Windows NT 10.0; Win64; x64) AppleWebKit/537.36 (KHTML, like Gecko) Chrome/137.0.0.0 Safari/537.36"
27.62.70.128 - - [28/Jun/2025:09:53:19 +0000] "GET /wp-content/plugins/wp-file-manager/lib/js/commands/forward.js?ver=8.0.1 HTTP/2.0" 200 313 "https://www.lapma.in/wp-admin/admin.php?page=wp_file_manager" "Mozilla/5.0 (Windows NT 10.0; Win64; x64) AppleWebKit/537.36 (KHTML, like Gecko) Chrome/137.0.0.0 Safari/537.36"
27.62.70.128 - - [28/Jun/2025:09:53:19 +0000] "GET /wp-content/plugins/wp-file-manager/lib/js/commands/edit.js?ver=8.0.1 HTTP/2.0" 200 9421 "https://www.lapma.in/wp-admin/admin.php?page=wp_file_manager" "Mozilla/5.0 (Windows NT 10.0; Win64; x64) AppleWebKit/537.36 (KHTML, like Gecko) Chrome/137.0.0.0 Safari/537.36"
27.62.70.128 - - [28/Jun/2025:09:53:19 +0000] "GET /wp-content/plugins/wp-file-manager/lib/js/commands/empty.js?ver=8.0.1 HTTP/2.0" 200 1353 "https://www.lapma.in/wp-admin/admin.php?page=wp_file_manager" "Mozilla/5.0 (Windows NT 10.0; Win64; x64) AppleWebKit/537.36 (KHTML, like Gecko) Chrome/137.0.0.0 Safari/537.36"
27.62.70.128 - - [28/Jun/2025:09:53:19 +0000] "GET /wp-content/plugins/wp-file-manager/lib/js/commands/fullscreen.js?ver=8.0.1 HTTP/2.0" 200 516 "https://www.lapma.in/wp-admin/admin.php?page=wp_file_manager" "Mozilla/5.0 (Windows NT 10.0; Win64; x64) AppleWebKit/537.36 (KHTML, like Gecko) Chrome/137.0.0.0 Safari/537.36"
27.62.70.128 - - [28/Jun/2025:09:53:19 +0000] "GET /wp-content/plugins/wp-file-manager/lib/js/commands/extract.js?ver=8.0.1 HTTP/2.0" 200 1684 "https://www.lapma.in/wp-admin/admin.php?page=wp_file_manager" "Mozilla/5.0 (Windows NT 10.0; Win64; x64) AppleWebKit/537.36 (KHTML, like Gecko) Chrome/137.0.0.0 Safari/537.36"
27.62.70.128 - - [28/Jun/2025:09:53:19 +0000] "GET /wp-content/plugins/wp-file-manager/lib/js/commands/getfile.js?ver=8.0.1 HTTP/2.0" 200 1497 "https://www.lapma.in/wp-admin/admin.php?page=wp_file_manager" "Mozilla/5.0 (Windows NT 10.0; Win64; x64) AppleWebKit/537.36 (KHTML, like Gecko) Chrome/137.0.0.0 Safari/537.36"
27.62.70.128 - - [28/Jun/2025:09:53:19 +0000] "GET /wp-content/plugins/wp-file-manager/lib/js/commands/help.js?ver=8.0.1 HTTP/2.0" 200 4311 "https://www.lapma.in/wp-admin/admin.php?page=wp_file_manager" "Mozilla/5.0 (Windows NT 10.0; Win64; x64) AppleWebKit/537.36 (KHTML, like Gecko) Chrome/137.0.0.0 Safari/537.36"
27.62.70.128 - - [28/Jun/2025:09:53:19 +0000] "GET /wp-content/plugins/wp-file-manager/lib/js/commands/hidden.js?ver=8.0.1 HTTP/2.0" 200 194 "https://www.lapma.in/wp-admin/admin.php?page=wp_file_manager" "Mozilla/5.0 (Windows NT 10.0; Win64; x64) AppleWebKit/537.36 (KHTML, like Gecko) Chrome/137.0.0.0 Safari/537.36"
27.62.70.128 - - [28/Jun/2025:09:53:19 +0000] "GET /wp-content/plugins/wp-file-manager/lib/js/commands/hide.js?ver=8.0.1 HTTP/2.0" 200 1450 "https://www.lapma.in/wp-admin/admin.php?page=wp_file_manager" "Mozilla/5.0 (Windows NT 10.0; Win64; x64) AppleWebKit/537.36 (KHTML, like Gecko) Chrome/137.0.0.0 Safari/537.36"
27.62.70.128 - - [28/Jun/2025:09:53:19 +0000] "GET /wp-content/plugins/wp-file-manager/lib/js/commands/info.js?ver=8.0.1 HTTP/2.0" 200 4196 "https://www.lapma.in/wp-admin/admin.php?page=wp_file_manager" "Mozilla/5.0 (Windows NT 10.0; Win64; x64) AppleWebKit/537.36 (KHTML, like Gecko) Chrome/137.0.0.0 Safari/537.36"
27.62.70.128 - - [28/Jun/2025:09:53:19 +0000] "GET /wp-content/plugins/wp-file-manager/lib/js/commands/home.js?ver=8.0.1 HTTP/2.0" 200 323 "https://www.lapma.in/wp-admin/admin.php?page=wp_file_manager" "Mozilla/5.0 (Windows NT 10.0; Win64; x64) AppleWebKit/537.36 (KHTML, like Gecko) Chrome/137.0.0.0 Safari/537.36"
27.62.70.128 - - [28/Jun/2025:09:53:19 +0000] "GET /wp-content/plugins/wp-file-manager/lib/js/commands/netmount.js?ver=8.0.1 HTTP/2.0" 200 3150 "https://www.lapma.in/wp-admin/admin.php?page=wp_file_manager" "Mozilla/5.0 (Windows NT 10.0; Win64; x64) AppleWebKit/537.36 (KHTML, like Gecko) Chrome/137.0.0.0 Safari/537.36"
27.62.70.128 - - [28/Jun/2025:09:53:19 +0000] "GET /wp-content/plugins/wp-file-manager/lib/js/commands/mkfile.js?ver=8.0.1 HTTP/2.0" 200 742 "https://www.lapma.in/wp-admin/admin.php?page=wp_file_manager" "Mozilla/5.0 (Windows NT 10.0; Win64; x64) AppleWebKit/537.36 (KHTML, like Gecko) Chrome/137.0.0.0 Safari/537.36"
27.62.70.128 - - [28/Jun/2025:09:53:19 +0000] "GET /wp-content/plugins/wp-file-manager/lib/js/commands/mkdir.js?ver=8.0.1 HTTP/2.0" 200 1045 "https://www.lapma.in/wp-admin/admin.php?page=wp_file_manager" "Mozilla/5.0 (Windows NT 10.0; Win64; x64) AppleWebKit/537.36 (KHTML, like Gecko) Chrome/137.0.0.0 Safari/537.36"
27.62.70.128 - - [28/Jun/2025:09:53:19 +0000] "GET /wp-content/plugins/wp-file-manager/lib/js/commands/open.js?ver=8.0.1 HTTP/2.0" 200 2652 "https://www.lapma.in/wp-admin/admin.php?page=wp_file_manager" "Mozilla/5.0 (Windows NT 10.0; Win64; x64) AppleWebKit/537.36 (KHTML, like Gecko) Chrome/137.0.0.0 Safari/537.36"
27.62.70.128 - - [28/Jun/2025:09:53:19 +0000] "GET /wp-content/plugins/wp-file-manager/lib/js/commands/opennew.js?ver=8.0.1 HTTP/2.0" 200 632 "https://www.lapma.in/wp-admin/admin.php?page=wp_file_manager" "Mozilla/5.0 (Windows NT 10.0; Win64; x64) AppleWebKit/537.36 (KHTML, like Gecko) Chrome/137.0.0.0 Safari/537.36"
27.62.70.128 - - [28/Jun/2025:09:53:19 +0000] "GET /wp-content/plugins/wp-file-manager/lib/js/commands/opendir.js?ver=8.0.1 HTTP/2.0" 200 506 "https://www.lapma.in/wp-admin/admin.php?page=wp_file_manager" "Mozilla/5.0 (Windows NT 10.0; Win64; x64) AppleWebKit/537.36 (KHTML, like Gecko) Chrome/137.0.0.0 Safari/537.36"
27.62.70.128 - - [28/Jun/2025:09:53:19 +0000] "GET /wp-content/plugins/wp-file-manager/lib/js/commands/paste.js?ver=8.0.1 HTTP/2.0" 200 3084 "https://www.lapma.in/wp-admin/admin.php?page=wp_file_manager" "Mozilla/5.0 (Windows NT 10.0; Win64; x64) AppleWebKit/537.36 (KHTML, like Gecko) Chrome/137.0.0.0 Safari/537.36"
27.62.70.128 - - [28/Jun/2025:09:53:19 +0000] "GET /wp-content/plugins/wp-file-manager/lib/js/commands/places.js?ver=8.0.1 HTTP/2.0" 200 411 "https://www.lapma.in/wp-admin/admin.php?page=wp_file_manager" "Mozilla/5.0 (Windows NT 10.0; Win64; x64) AppleWebKit/537.36 (KHTML, like Gecko) Chrome/137.0.0.0 Safari/537.36"
27.62.70.128 - - [28/Jun/2025:09:53:19 +0000] "GET /wp-content/plugins/wp-file-manager/lib/js/commands/quicklook.js?ver=8.0.1 HTTP/2.0" 200 7060 "https://www.lapma.in/wp-admin/admin.php?page=wp_file_manager" "Mozilla/5.0 (Windows NT 10.0; Win64; x64) AppleWebKit/537.36 (KHTML, like Gecko) Chrome/137.0.0.0 Safari/537.36"
27.62.70.128 - - [28/Jun/2025:09:53:19 +0000] "GET /wp-content/plugins/wp-file-manager/lib/js/commands/quicklook.plugins.js?ver=8.0.1 HTTP/2.0" 200 11685 "https://www.lapma.in/wp-admin/admin.php?page=wp_file_manager" "Mozilla/5.0 (Windows NT 10.0; Win64; x64) AppleWebKit/537.36 (KHTML, like Gecko) Chrome/137.0.0.0 Safari/537.36"
27.62.70.128 - - [28/Jun/2025:09:53:19 +0000] "GET /wp-content/plugins/wp-file-manager/lib/js/commands/reload.js?ver=8.0.1 HTTP/2.0" 200 885 "https://www.lapma.in/wp-admin/admin.php?page=wp_file_manager" "Mozilla/5.0 (Windows NT 10.0; Win64; x64) AppleWebKit/537.36 (KHTML, like Gecko) Chrome/137.0.0.0 Safari/537.36"
27.62.70.128 - - [28/Jun/2025:09:53:19 +0000] "GET /wp-content/plugins/wp-file-manager/lib/js/commands/rename.js?ver=8.0.1 HTTP/2.0" 200 4908 "https://www.lapma.in/wp-admin/admin.php?page=wp_file_manager" "Mozilla/5.0 (Windows NT 10.0; Win64; x64) AppleWebKit/537.36 (KHTML, like Gecko) Chrome/137.0.0.0 Safari/537.36"
27.62.70.128 - - [28/Jun/2025:09:53:19 +0000] "GET /wp-content/plugins/wp-file-manager/lib/js/commands/restore.js?ver=8.0.1 HTTP/2.0" 200 2353 "https://www.lapma.in/wp-admin/admin.php?page=wp_file_manager" "Mozilla/5.0 (Windows NT 10.0; Win64; x64) AppleWebKit/537.36 (KHTML, like Gecko) Chrome/137.0.0.0 Safari/537.36"
27.62.70.128 - - [28/Jun/2025:09:53:19 +0000] "GET /wp-content/plugins/wp-file-manager/lib/js/commands/selectall.js?ver=8.0.1 HTTP/2.0" 200 358 "https://www.lapma.in/wp-admin/admin.php?page=wp_file_manager" "Mozilla/5.0 (Windows NT 10.0; Win64; x64) AppleWebKit/537.36 (KHTML, like Gecko) Chrome/137.0.0.0 Safari/537.36"
27.62.70.128 - - [28/Jun/2025:09:53:19 +0000] "GET /wp-content/plugins/wp-file-manager/lib/js/commands/selectinvert.js?ver=8.0.1 HTTP/2.0" 200 299 "https://www.lapma.in/wp-admin/admin.php?page=wp_file_manager" "Mozilla/5.0 (Windows NT 10.0; Win64; x64) AppleWebKit/537.36 (KHTML, like Gecko) Chrome/137.0.0.0 Safari/537.36"
27.62.70.128 - - [28/Jun/2025:09:53:19 +0000] "GET /wp-content/plugins/wp-file-manager/lib/js/commands/resize.js?ver=8.0.1 HTTP/2.0" 200 13493 "https://www.lapma.in/wp-admin/admin.php?page=wp_file_manager" "Mozilla/5.0 (Windows NT 10.0; Win64; x64) AppleWebKit/537.36 (KHTML, like Gecko) Chrome/137.0.0.0 Safari/537.36"
27.62.70.128 - - [28/Jun/2025:09:53:19 +0000] "GET /wp-content/plugins/wp-file-manager/lib/js/commands/rm.js?ver=8.0.1 HTTP/2.0" 200 4523 "https://www.lapma.in/wp-admin/admin.php?page=wp_file_manager" "Mozilla/5.0 (Windows NT 10.0; Win64; x64) AppleWebKit/537.36 (KHTML, like Gecko) Chrome/137.0.0.0 Safari/537.36"
27.62.70.128 - - [28/Jun/2025:09:53:19 +0000] "GET /wp-content/plugins/wp-file-manager/lib/js/commands/sort.js?ver=8.0.1 HTTP/2.0" 200 1527 "https://www.lapma.in/wp-admin/admin.php?page=wp_file_manager" "Mozilla/5.0 (Windows NT 10.0; Win64; x64) AppleWebKit/537.36 (KHTML, like Gecko) Chrome/137.0.0.0 Safari/537.36"
27.62.70.128 - - [28/Jun/2025:09:53:19 +0000] "GET /wp-content/plugins/wp-file-manager/lib/js/commands/selectnone.js?ver=8.0.1 HTTP/2.0" 200 323 "https://www.lapma.in/wp-admin/admin.php?page=wp_file_manager" "Mozilla/5.0 (Windows NT 10.0; Win64; x64) AppleWebKit/537.36 (KHTML, like Gecko) Chrome/137.0.0.0 Safari/537.36"
27.62.70.128 - - [28/Jun/2025:09:53:19 +0000] "GET /wp-content/plugins/wp-file-manager/lib/js/commands/search.js?ver=8.0.1 HTTP/2.0" 200 1479 "https://www.lapma.in/wp-admin/admin.php?page=wp_file_manager" "Mozilla/5.0 (Windows NT 10.0; Win64; x64) AppleWebKit/537.36 (KHTML, like Gecko) Chrome/137.0.0.0 Safari/537.36"
27.62.70.128 - - [28/Jun/2025:09:53:19 +0000] "GET /wp-content/plugins/wp-file-manager/lib/js/commands/undo.js?ver=8.0.1 HTTP/2.0" 200 1023 "https://www.lapma.in/wp-admin/admin.php?page=wp_file_manager" "Mozilla/5.0 (Windows NT 10.0; Win64; x64) AppleWebKit/537.36 (KHTML, like Gecko) Chrome/137.0.0.0 Safari/537.36"
27.62.70.128 - - [28/Jun/2025:09:53:18 +0000] "GET /wp-content/plugins/wp-file-manager/lib/js/elfinder.min.js?ver=8.0.1 HTTP/2.0" 200 161355 "https://www.lapma.in/wp-admin/admin.php?page=wp_file_manager" "Mozilla/5.0 (Windows NT 10.0; Win64; x64) AppleWebKit/537.36 (KHTML, like Gecko) Chrome/137.0.0.0 Safari/537.36"
27.62.70.128 - - [28/Jun/2025:09:53:19 +0000] "GET /wp-content/plugins/wp-file-manager/lib/js/commands/upload.js?ver=8.0.1 HTTP/2.0" 200 3932 "https://www.lapma.in/wp-admin/admin.php?page=wp_file_manager" "Mozilla/5.0 (Windows NT 10.0; Win64; x64) AppleWebKit/537.36 (KHTML, like Gecko) Chrome/137.0.0.0 Safari/537.36"
27.62.70.128 - - [28/Jun/2025:09:53:19 +0000] "GET /wp-content/plugins/wp-file-manager/lib/js/extras/quicklook.googledocs.js?ver=8.0.1 HTTP/2.0" 200 898 "https://www.lapma.in/wp-admin/admin.php?page=wp_file_manager" "Mozilla/5.0 (Windows NT 10.0; Win64; x64) AppleWebKit/537.36 (KHTML, like Gecko) Chrome/137.0.0.0 Safari/537.36"
27.62.70.128 - - [28/Jun/2025:09:53:19 +0000] "GET /wp-content/plugins/wp-file-manager/lib/js/commands/view.js?ver=8.0.1 HTTP/2.0" 200 1105 "https://www.lapma.in/wp-admin/admin.php?page=wp_file_manager" "Mozilla/5.0 (Windows NT 10.0; Win64; x64) AppleWebKit/537.36 (KHTML, like Gecko) Chrome/137.0.0.0 Safari/537.36"
27.62.70.128 - - [28/Jun/2025:09:53:19 +0000] "GET /wp-content/plugins/wp-file-manager/js/fm_script.js?ver=8.0.1 HTTP/2.0" 200 885 "https://www.lapma.in/wp-admin/admin.php?page=wp_file_manager" "Mozilla/5.0 (Windows NT 10.0; Win64; x64) AppleWebKit/537.36 (KHTML, like Gecko) Chrome/137.0.0.0 Safari/537.36"
27.62.70.128 - - [28/Jun/2025:09:53:19 +0000] "GET /wp-content/plugins/wp-file-manager/css/fm_script.css?ver=8.0.1 HTTP/2.0" 200 2346 "https://www.lapma.in/wp-admin/admin.php?page=wp_file_manager" "Mozilla/5.0 (Windows NT 10.0; Win64; x64) AppleWebKit/537.36 (KHTML, like Gecko) Chrome/137.0.0.0 Safari/537.36"
27.62.70.128 - - [28/Jun/2025:09:53:19 +0000] "GET /wp-content/plugins/wp-file-manager/lib/js/commands/up.js?ver=8.0.1 HTTP/2.0" 200 404 "https://www.lapma.in/wp-admin/admin.php?page=wp_file_manager" "Mozilla/5.0 (Windows NT 10.0; Win64; x64) AppleWebKit/537.36 (KHTML, like Gecko) Chrome/137.0.0.0 Safari/537.36"
27.62.70.128 - - [28/Jun/2025:09:53:19 +0000] "GET /wp-content/plugins/wp-file-manager/lib/codemirror/lib/codemirror.js?ver=8.0.1 HTTP/2.0" 200 96167 "https://www.lapma.in/wp-admin/admin.php?page=wp_file_manager" "Mozilla/5.0 (Windows NT 10.0; Win64; x64) AppleWebKit/537.36 (KHTML, like Gecko) Chrome/137.0.0.0 Safari/537.36"
27.62.70.128 - - [28/Jun/2025:09:53:19 +0000] "GET /wp-content/plugins/wp-file-manager/images/loading.gif HTTP/2.0" 200 92586 "https://www.lapma.in/wp-admin/admin.php?page=wp_file_manager" "Mozilla/5.0 (Windows NT 10.0; Win64; x64) AppleWebKit/537.36 (KHTML, like Gecko) Chrome/137.0.0.0 Safari/537.36"
27.62.70.128 - - [28/Jun/2025:09:53:19 +0000] "GET /wp-content/plugins/wp-file-manager/lib/img/toolbar.png HTTP/2.0" 200 7506 "https://www.lapma.in/wp-content/plugins/wp-file-manager/lib/css/toolbar.css?ver=8.0.1" "Mozilla/5.0 (Windows NT 10.0; Win64; x64) AppleWebKit/537.36 (KHTML, like Gecko) Chrome/137.0.0.0 Safari/537.36"
27.62.70.128 - - [28/Jun/2025:09:53:19 +0000] "GET /wp-content/plugins/wp-file-manager/lib/img/black-search.png HTTP/2.0" 200 1079 "https://www.lapma.in/wp-content/plugins/wp-file-manager/lib/css/toolbar.css?ver=8.0.1" "Mozilla/5.0 (Windows NT 10.0; Win64; x64) AppleWebKit/537.36 (KHTML, like Gecko) Chrome/137.0.0.0 Safari/537.36"
27.62.70.128 - - [28/Jun/2025:09:53:19 +0000] "GET /wp-content/plugins/wp-file-manager/lib/img/black-close.png HTTP/2.0" 200 1082 "https://www.lapma.in/wp-content/plugins/wp-file-manager/lib/css/toolbar.css?ver=8.0.1" "Mozilla/5.0 (Windows NT 10.0; Win64; x64) AppleWebKit/537.36 (KHTML, like Gecko) Chrome/137.0.0.0 Safari/537.36"
27.62.70.128 - - [28/Jun/2025:09:53:19 +0000] "GET /wp-content/plugins/wp-file-manager/lib/img/resize.png HTTP/2.0" 200 83 "https://www.lapma.in/wp-content/plugins/wp-file-manager/lib/css/navbar.css?ver=8.0.1" "Mozilla/5.0 (Windows NT 10.0; Win64; x64) AppleWebKit/537.36 (KHTML, like Gecko) Chrome/137.0.0.0 Safari/537.36"
27.62.70.128 - - [28/Jun/2025:09:53:19 +0000] "GET /wp-content/plugins/wp-file-manager/css/images/ui-icons_444444_256x240.png HTTP/2.0" 200 7090 "https://www.lapma.in/wp-content/plugins/wp-file-manager/css/jquery-ui.css?ver=8.0.1" "Mozilla/5.0 (Windows NT 10.0; Win64; x64) AppleWebKit/537.36 (KHTML, like Gecko) Chrome/137.0.0.0 Safari/537.36"
27.62.70.128 - - [28/Jun/2025:09:53:19 +0000] "GET /wp-admin/admin-ajax.php?action=mk_file_folder_manager&_wpnonce=abccde6f9b&networkhref=&cmd=open&target=&init=1&tree=1&_=1751104399849 HTTP/2.0" 200 1729 "https://www.lapma.in/wp-admin/admin.php?page=wp_file_manager" "Mozilla/5.0 (Windows NT 10.0; Win64; x64) AppleWebKit/537.36 (KHTML, like Gecko) Chrome/137.0.0.0 Safari/537.36"
27.62.70.128 - - [28/Jun/2025:09:53:23 +0000] "GET /wp-content/plugins/wp-file-manager/lib/img/logo.png HTTP/2.0" 200 4893 "https://www.lapma.in/wp-content/plugins/wp-file-manager/lib/css/commands.css?ver=8.0.1" "Mozilla/5.0 (Windows NT 10.0; Win64; x64) AppleWebKit/537.36 (KHTML, like Gecko) Chrome/137.0.0.0 Safari/537.36"
27.62.70.128 - - [28/Jun/2025:09:53:23 +0000] "GET /wp-content/plugins/wp-file-manager/lib/img/icons-small.png HTTP/2.0" 200 3674 "https://www.lapma.in/wp-content/plugins/wp-file-manager/lib/css/cwd.css?ver=8.0.1" "Mozilla/5.0 (Windows NT 10.0; Win64; x64) AppleWebKit/537.36 (KHTML, like Gecko) Chrome/137.0.0.0 Safari/537.36"
27.62.70.128 - - [28/Jun/2025:09:53:23 +0000] "GET /wp-content/plugins/wp-file-manager/css/images/ui-icons_ffffff_256x240.png HTTP/2.0" 200 6487 "https://www.lapma.in/wp-content/plugins/wp-file-manager/css/jquery-ui.css?ver=8.0.1" "Mozilla/5.0 (Windows NT 10.0; Win64; x64) AppleWebKit/537.36 (KHTML, like Gecko) Chrome/137.0.0.0 Safari/537.36"
27.62.70.128 - - [28/Jun/2025:09:53:23 +0000] "GET /wp-content/plugins/wp-file-manager/lib/img/arrows-active.png HTTP/2.0" 200 152 "https://www.lapma.in/wp-content/plugins/wp-file-manager/lib/css/navbar.css?ver=8.0.1" "Mozilla/5.0 (Windows NT 10.0; Win64; x64) AppleWebKit/537.36 (KHTML, like Gecko) Chrome/137.0.0.0 Safari/537.36"
27.62.70.128 - - [28/Jun/2025:09:53:23 +0000] "GET /wp-content/plugins/wp-file-manager/lib/img/volume_icon_local.svg HTTP/2.0" 200 3037 "https://www.lapma.in/wp-content/plugins/wp-file-manager/lib/css/navbar.css?ver=8.0.1" "Mozilla/5.0 (Windows NT 10.0; Win64; x64) AppleWebKit/537.36 (KHTML, like Gecko) Chrome/137.0.0.0 Safari/537.36"
27.62.70.128 - - [28/Jun/2025:09:53:23 +0000] "GET /wp-content/plugins/wp-file-manager/lib/img/arrows-normal.png HTTP/2.0" 200 169 "https://www.lapma.in/wp-content/plugins/wp-file-manager/lib/css/navbar.css?ver=8.0.1" "Mozilla/5.0 (Windows NT 10.0; Win64; x64) AppleWebKit/537.36 (KHTML, like Gecko) Chrome/137.0.0.0 Safari/537.36"
139.59.17.158 - - [28/Jun/2025:09:53:46 +0000] "POST /wp-cron.php?doing_wp_cron=1751104426.3218669891357421875000 HTTP/1.1" 200 - "-" "WordPress/6.8.1; https://www.lapma.in"
27.62.70.128 - - [28/Jun/2025:09:53:44 +0000] "GET /wp-admin/admin-ajax.php?action=mk_file_folder_manager&_wpnonce=abccde6f9b&networkhref=&cmd=open&target=l1_d3AtY29udGVudA&reqid=197b5f50cc6c3 HTTP/2.0" 200 932 "https://www.lapma.in/wp-admin/admin.php?page=wp_file_manager" "Mozilla/5.0 (Windows NT 10.0; Win64; x64) AppleWebKit/537.36 (KHTML, like Gecko) Chrome/137.0.0.0 Safari/537.36"
139.59.17.158 - - [28/Jun/2025:09:53:55 +0000] "POST /wp-cron.php?doing_wp_cron=1751104435.9273700714111328125000 HTTP/1.1" 200 - "-" "WordPress/6.8.1; https://www.lapma.in"
27.62.70.128 - - [28/Jun/2025:09:53:54 +0000] "GET /wp-admin/admin-ajax.php?action=mk_file_folder_manager&_wpnonce=abccde6f9b&networkhref=&cmd=open&target=l1_d3AtY29udGVudC9wbHVnaW5z&reqid=197b5f53308ab HTTP/2.0" 200 1347 "https://www.lapma.in/wp-admin/admin.php?page=wp_file_manager" "Mozilla/5.0 (Windows NT 10.0; Win64; x64) AppleWebKit/537.36 (KHTML, like Gecko) Chrome/137.0.0.0 Safari/537.36"
139.59.17.158 - - [28/Jun/2025:09:54:11 +0000] "POST /wp-cron.php?doing_wp_cron=1751104451.5160660743713378906250 HTTP/1.1" 200 - "-" "WordPress/6.8.1; https://www.lapma.in"
27.62.70.128 - - [28/Jun/2025:09:54:09 +0000] "GET /wp-admin/admin-ajax.php?action=mk_file_folder_manager&_wpnonce=abccde6f9b&networkhref=&cmd=open&target=l1_d3AtY29udGVudC9wbHVnaW5zL2NhcnQtcmVzdC1hcGktZm9yLXdvb2NvbW1lcmNl&reqid=197b5f56faf331 HTTP/2.0" 200 905 "https://www.lapma.in/wp-admin/admin.php?page=wp_file_manager" "Mozilla/5.0 (Windows NT 10.0; Win64; x64) AppleWebKit/537.36 (KHTML, like Gecko) Chrome/137.0.0.0 Safari/537.36"
27.62.70.128 - - [28/Jun/2025:09:54:17 +0000] "GET /wp-admin/admin-ajax.php?action=mk_file_folder_manager&_wpnonce=abccde6f9b&networkhref=&cmd=open&target=l1_d3AtY29udGVudC9wbHVnaW5z&reqid=197b5f58d0385 HTTP/2.0" 200 1347 "https://www.lapma.in/wp-admin/admin.php?page=wp_file_manager" "Mozilla/5.0 (Windows NT 10.0; Win64; x64) AppleWebKit/537.36 (KHTML, like Gecko) Chrome/137.0.0.0 Safari/537.36"
27.62.70.128 - - [28/Jun/2025:09:54:19 +0000] "POST /wp-admin/admin-ajax.php HTTP/2.0" 200 67 "https://www.lapma.in/wp-admin/admin.php?page=wp_file_manager" "Mozilla/5.0 (Windows NT 10.0; Win64; x64) AppleWebKit/537.36 (KHTML, like Gecko) Chrome/137.0.0.0 Safari/537.36"
139.59.17.158 - - [28/Jun/2025:09:55:15 +0000] "POST /wp-cron.php?doing_wp_cron=1751104515.6559669971466064453125 HTTP/1.1" 200 - "-" "WordPress/6.8.1; https://www.lapma.in"
27.62.70.128 - - [28/Jun/2025:09:55:13 +0000] "POST /wp-json/wc/store/cart/add-item HTTP/1.1" 403 101 "-" "PostmanRuntime/7.44.0"
27.62.70.128 - - [28/Jun/2025:09:55:20 +0000] "POST /wp-admin/admin-ajax.php HTTP/2.0" 200 67 "https://www.lapma.in/wp-admin/admin.php?page=wp_file_manager" "Mozilla/5.0 (Windows NT 10.0; Win64; x64) AppleWebKit/537.36 (KHTML, like Gecko) Chrome/137.0.0.0 Safari/537.36"
139.59.17.158 - - [28/Jun/2025:09:56:08 +0000] "POST /wp-cron.php?doing_wp_cron=1751104568.5154290199279785156250 HTTP/1.1" 200 - "-" "WordPress/6.8.1; https://www.lapma.in"
27.62.70.128 - - [28/Jun/2025:09:56:06 +0000] "POST /wp-json/wc/store/cart/add-item HTTP/1.1" 201 839 "-" "PostmanRuntime/7.44.0"
27.62.70.128 - - [28/Jun/2025:09:56:30 +0000] "GET /wp-json/wc/store/v1/cart HTTP/1.1" 404 839 "-" "PostmanRuntime/7.44.0"
139.59.17.158 - - [28/Jun/2025:09:57:11 +0000] "POST /wp-cron.php?doing_wp_cron=1751104631.8948800563812255859375 HTTP/1.1" 200 - "-" "WordPress/6.8.1; https://www.lapma.in"
66.102.132.28 - - [28/Jun/2025:09:57:10 +0000] "POST /xmlrpc.php HTTP/2.0" 200 206 "https://www.lapma.in" "Mozilla/5.0 (Windows NT 10.0; Win64; x64) AppleWebKit/537.36 (KHTML, like Gecko) Chrome/112.0.5615.138 Safari/537.36"
35.200.129.64 - - [28/Jun/2025:09:57:10 +0000] "POST /xmlrpc.php HTTP/2.0" 200 206 "https://www.lapma.in" "Mozilla/5.0 (Macintosh; Intel Mac OS X 10.15; rv:126.0) Gecko/20100101 Firefox/126.0"
27.62.70.128 - - [28/Jun/2025:09:57:12 +0000] "POST /wp-admin/admin-ajax.php HTTP/2.0" 200 67 "https://www.lapma.in/wp-admin/admin.php?page=wp_file_manager" "Mozilla/5.0 (Windows NT 10.0; Win64; x64) AppleWebKit/537.36 (KHTML, like Gecko) Chrome/137.0.0.0 Safari/537.36"
27.62.70.128 - - [28/Jun/2025:09:57:43 +0000] "POST /wp-json/jwt-auth/v1/token HTTP/1.1" 404 312 "-" "Dart/3.6 (dart:io)"
27.62.70.128 - - [28/Jun/2025:09:57:47 +0000] "GET /wp-json/wc/v3/products/categories?consumer_key=ck_0f34dd898cafb797b88cbfdf555d0bee59043410&consumer_secret=cs_352434f91cd6d44fec82238e32c205a2949fd29f&page=1&per_page=10 HTTP/1.1" 404 775 "-" "Dart/3.6 (dart:io)"
27.62.70.128 - - [28/Jun/2025:09:57:47 +0000] "GET /wp-json/wc/v3/products?consumer_key=ck_0f34dd898cafb797b88cbfdf555d0bee59043410&consumer_secret=cs_352434f91cd6d44fec82238e32c205a2949fd29f&page=1&per_page=10 HTTP/1.1" 404 3813 "-" "Dart/3.6 (dart:io)"
27.62.70.128 - - [28/Jun/2025:09:57:50 +0000] "GET /wp-content/uploads/2024/04/category-img2.png HTTP/1.1" 200 34785 "-" "Dart/3.6 (dart:io)"
27.62.70.128 - - [28/Jun/2025:09:57:50 +0000] "GET /wp-content/uploads/2024/04/category-img4.png HTTP/1.1" 200 40550 "-" "Dart/3.6 (dart:io)"
27.62.70.128 - - [28/Jun/2025:09:57:50 +0000] "GET /wp-content/uploads/2024/04/category-img5.png HTTP/1.1" 200 36368 "-" "Dart/3.6 (dart:io)"
27.62.70.128 - - [28/Jun/2025:09:57:50 +0000] "GET /wp-content/uploads/2024/04/category-img6.png HTTP/1.1" 200 41121 "-" "Dart/3.6 (dart:io)"
27.62.70.128 - - [28/Jun/2025:09:57:50 +0000] "GET /wp-content/uploads/2024/04/category-img7.png HTTP/1.1" 200 40393 "-" "Dart/3.6 (dart:io)"
27.62.70.128 - - [28/Jun/2025:09:57:47 +0000] "GET /wp-json/wc/v3/products?consumer_key=ck_0f34dd898cafb797b88cbfdf555d0bee59043410&consumer_secret=cs_352434f91cd6d44fec82238e32c205a2949fd29f&page=1&per_page=50 HTTP/1.1" 404 4353 "-" "Dart/3.6 (dart:io)"
27.62.70.128 - - [28/Jun/2025:09:57:50 +0000] "GET /wp-content/uploads/2024/11/51755558-75e9-42f4-969c-733e84c041b0.jpg HTTP/1.1" 200 59876 "-" "Dart/3.6 (dart:io)"
27.62.70.128 - - [28/Jun/2025:09:57:50 +0000] "GET /wp-content/uploads/2024/05/product-img20.jpg HTTP/1.1" 200 81791 "-" "Dart/3.6 (dart:io)"
27.62.70.128 - - [28/Jun/2025:09:57:51 +0000] "GET /wp-content/uploads/2024/05/product-img11.jpg HTTP/1.1" 200 39451 "-" "Dart/3.6 (dart:io)"
27.62.70.128 - - [28/Jun/2025:09:57:51 +0000] "GET /wp-content/uploads/2024/05/product-img17.jpg HTTP/1.1" 200 65481 "-" "Dart/3.6 (dart:io)"
139.59.17.158 - - [28/Jun/2025:09:58:55 +0000] "POST /wp-cron.php?doing_wp_cron=1751104735.2858939170837402343750 HTTP/1.1" 200 - "-" "WordPress/6.8.1; https://www.lapma.in"
27.62.70.128 - - [28/Jun/2025:09:58:53 +0000] "POST /wp-json/wc/store/cart/add-item HTTP/1.1" 400 132 "-" "PostmanRuntime/7.44.0"
139.59.17.158 - - [28/Jun/2025:09:59:14 +0000] "POST /wp-cron.php?doing_wp_cron=1751104754.5115249156951904296875 HTTP/1.1" 200 - "-" "WordPress/6.8.1; https://www.lapma.in"
27.62.70.128 - - [28/Jun/2025:09:59:12 +0000] "POST /wp-admin/admin-ajax.php HTTP/2.0" 200 67 "https://www.lapma.in/wp-admin/admin.php?page=wp_file_manager" "Mozilla/5.0 (Windows NT 10.0; Win64; x64) AppleWebKit/537.36 (KHTML, like Gecko) Chrome/137.0.0.0 Safari/537.36"
27.62.70.128 - - [28/Jun/2025:09:59:22 +0000] "POST /wp-json/wc/store/cart/add-item HTTP/1.1" 201 972 "-" "PostmanRuntime/7.44.0"
27.62.70.128 - - [28/Jun/2025:09:59:44 +0000] "GET /wp-json/wc/store/v1/cart HTTP/1.1" 404 972 "-" "PostmanRuntime/7.44.0"
139.59.17.158 - - [28/Jun/2025:10:01:16 +0000] "POST /wp-cron.php?doing_wp_cron=1751104875.9830570220947265625000 HTTP/1.1" 200 - "-" "WordPress/6.8.1; https://www.lapma.in"
27.62.70.128 - - [28/Jun/2025:10:01:13 +0000] "POST /wp-admin/admin-ajax.php HTTP/2.0" 200 67 "https://www.lapma.in/wp-admin/admin.php?page=wp_file_manager" "Mozilla/5.0 (Windows NT 10.0; Win64; x64) AppleWebKit/537.36 (KHTML, like Gecko) Chrome/137.0.0.0 Safari/537.36"
27.62.70.128 - - [28/Jun/2025:10:01:36 +0000] "GET /wp-json/custom/v1/wc-nonce HTTP/1.1" 401 106 "-" "Dart/3.6 (dart:io)"
27.62.70.128 - - [28/Jun/2025:10:01:39 +0000] "GET /wp-json/wc/store/v1/cart HTTP/1.1" 404 382 "-" "Dart/3.6 (dart:io)"
27.62.70.128 - - [28/Jun/2025:10:01:42 +0000] "GET /wp-json/custom/v1/user-cart HTTP/1.1" 401 106 "-" "Dart/3.6 (dart:io)"
139.59.17.158 - - [28/Jun/2025:10:02:21 +0000] "POST /wp-cron.php?doing_wp_cron=1751104941.1136789321899414062500 HTTP/1.1" 200 - "-" "WordPress/6.8.1; https://www.lapma.in"
78.135.85.79 - - [28/Jun/2025:10:02:18 +0000] "POST /xmlrpc.php HTTP/2.0" 200 206 "https://www.lapma.in" "Mozilla/5.0 (Windows NT 10.0; Win64; x64) AppleWebKit/537.36 (KHTML, like Gecko) Chrome/115.0.5790.102 Safari/537.36"
107.172.243.11 - - [28/Jun/2025:10:02:23 +0000] "POST /xmlrpc.php HTTP/2.0" 200 206 "https://www.lapma.in" "Mozilla/5.0 (Macintosh; Intel Mac OS X 10_15_7) AppleWebKit/537.36 (KHTML, like Gecko) Chrome/115.0.5790.102 Safari/537.36"
139.59.17.158 - - [28/Jun/2025:10:03:16 +0000] "POST /wp-cron.php?doing_wp_cron=1751104996.8895680904388427734375 HTTP/1.1" 200 - "-" "WordPress/6.8.1; https://www.lapma.in"
27.62.70.128 - - [28/Jun/2025:10:03:14 +0000] "POST /wp-admin/admin-ajax.php HTTP/2.0" 200 67 "https://www.lapma.in/wp-admin/admin.php?page=wp_file_manager" "Mozilla/5.0 (Windows NT 10.0; Win64; x64) AppleWebKit/537.36 (KHTML, like Gecko) Chrome/137.0.0.0 Safari/537.36"
139.59.17.158 - - [28/Jun/2025:10:04:53 +0000] "POST /wp-cron.php?doing_wp_cron=1751105093.7670989036560058593750 HTTP/1.1" 200 - "-" "WordPress/6.8.1; https://www.lapma.in"
27.62.70.128 - - [28/Jun/2025:10:04:50 +0000] "GET /wp-json/custom/v1/wc-nonce HTTP/1.1" 401 106 "-" "PostmanRuntime/7.44.0"
139.59.17.158 - - [28/Jun/2025:10:05:18 +0000] "POST /wp-cron.php?doing_wp_cron=1751105118.4283869266510009765625 HTTP/1.1" 200 - "-" "WordPress/6.8.1; https://www.lapma.in"
27.62.70.128 - - [28/Jun/2025:10:05:15 +0000] "POST /wp-admin/admin-ajax.php HTTP/2.0" 200 65 "https://www.lapma.in/wp-admin/admin.php?page=wp_file_manager" "Mozilla/5.0 (Windows NT 10.0; Win64; x64) AppleWebKit/537.36 (KHTML, like Gecko) Chrome/137.0.0.0 Safari/537.36"
139.59.17.158 - - [28/Jun/2025:10:07:19 +0000] "POST /wp-cron.php?doing_wp_cron=1751105239.1118140220642089843750 HTTP/1.1" 200 - "-" "WordPress/6.8.1; https://www.lapma.in"
27.62.70.128 - - [28/Jun/2025:10:07:16 +0000] "POST /wp-admin/admin-ajax.php HTTP/2.0" 200 67 "https://www.lapma.in/wp-admin/admin.php?page=wp_file_manager" "Mozilla/5.0 (Windows NT 10.0; Win64; x64) AppleWebKit/537.36 (KHTML, like Gecko) Chrome/137.0.0.0 Safari/537.36"
91.151.95.70 - - [28/Jun/2025:10:07:40 +0000] "POST /xmlrpc.php HTTP/2.0" 200 206 "https://www.lapma.in" "Mozilla/5.0 (Macintosh; Intel Mac OS X 10.15; rv:126.0) Gecko/20100101 Firefox/126.0"
82.156.199.117 - - [28/Jun/2025:10:07:41 +0000] "POST /xmlrpc.php HTTP/2.0" 200 206 "https://www.lapma.in" "Mozilla/5.0 (Macintosh; Intel Mac OS X 13_3) AppleWebKit/537.36 (KHTML, like Gecko) Chrome/126.0.0.0 Safari/537.36 Edg/126.0.0.0"
27.62.70.128 - - [28/Jun/2025:10:07:42 +0000] "GET /wp-admin/admin-ajax.php?action=mk_file_folder_manager&_wpnonce=abccde6f9b&networkhref=&cmd=open&target=l1_Lw&reqid=197b601d42735c HTTP/2.0" 200 1516 "https://www.lapma.in/wp-admin/admin.php?page=wp_file_manager" "Mozilla/5.0 (Windows NT 10.0; Win64; x64) AppleWebKit/537.36 (KHTML, like Gecko) Chrome/137.0.0.0 Safari/537.36"
27.62.70.128 - - [28/Jun/2025:10:08:01 +0000] "GET /wp-content/plugins/wp-file-manager/lib/img/dialogs.png HTTP/2.0" 200 5818 "https://www.lapma.in/wp-content/plugins/wp-file-manager/lib/css/dialog.css?ver=8.0.1" "Mozilla/5.0 (Windows NT 10.0; Win64; x64) AppleWebKit/537.36 (KHTML, like Gecko) Chrome/137.0.0.0 Safari/537.36"
27.62.70.128 - - [28/Jun/2025:10:08:01 +0000] "GET /wp-content/plugins/wp-file-manager/lib/img/progress.gif HTTP/2.0" 200 667 "https://www.lapma.in/wp-content/plugins/wp-file-manager/lib/css/dialog.css?ver=8.0.1" "Mozilla/5.0 (Windows NT 10.0; Win64; x64) AppleWebKit/537.36 (KHTML, like Gecko) Chrome/137.0.0.0 Safari/537.36"
27.62.70.128 - - [28/Jun/2025:10:07:52 +0000] "GET /wp-admin/admin-ajax.php?cmd=file&target=l1_d3AtY29uZmlnLnBocA&_t=1748672858&download=1&action=mk_file_folder_manager&_wpnonce=abccde6f9b&networkhref= HTTP/2.0" 200 1812 "https://www.lapma.in/wp-admin/admin.php?page=wp_file_manager" "Mozilla/5.0 (Windows NT 10.0; Win64; x64) AppleWebKit/537.36 (KHTML, like Gecko) Chrome/137.0.0.0 Safari/537.36"
139.59.17.158 - - [28/Jun/2025:10:08:09 +0000] "POST /wp-cron.php?doing_wp_cron=1751105289.0058069229125976562500 HTTP/1.1" 200 - "-" "WordPress/6.8.1; https://www.lapma.in"
27.62.70.128 - - [28/Jun/2025:10:08:01 +0000] "GET /wp-admin/admin-ajax.php?action=mk_file_folder_manager&_wpnonce=abccde6f9b&networkhref=&cmd=get&target=l1_d3AtY29uZmlnLnBocA&conv=0&_t=1748672858 HTTP/2.0" 200 1856 "https://www.lapma.in/wp-admin/admin.php?page=wp_file_manager" "Mozilla/5.0 (Windows NT 10.0; Win64; x64) AppleWebKit/537.36 (KHTML, like Gecko) Chrome/137.0.0.0 Safari/537.36"
27.62.70.128 - - [28/Jun/2025:10:08:31 +0000] "POST /wp-admin/admin-ajax.php HTTP/2.0" 200 388 "https://www.lapma.in/wp-admin/admin.php?page=wp_file_manager" "Mozilla/5.0 (Windows NT 10.0; Win64; x64) AppleWebKit/537.36 (KHTML, like Gecko) Chrome/137.0.0.0 Safari/537.36"
139.59.17.158 - - [28/Jun/2025:10:09:24 +0000] "POST /wp-cron.php?doing_wp_cron=1751105364.3251030445098876953125 HTTP/1.1" 200 - "-" "WordPress/6.8.1; https://www.lapma.in"
27.62.70.128 - - [28/Jun/2025:10:09:16 +0000] "POST /wp-admin/admin-ajax.php HTTP/2.0" 200 67 "https://www.lapma.in/wp-admin/admin.php?page=wp_file_manager" "Mozilla/5.0 (Windows NT 10.0; Win64; x64) AppleWebKit/537.36 (KHTML, like Gecko) Chrome/137.0.0.0 Safari/537.36"
139.59.17.158 - - [28/Jun/2025:10:10:18 +0000] "POST /wp-cron.php?doing_wp_cron=1751105418.9238080978393554687500 HTTP/1.1" 200 - "-" "WordPress/6.8.1; https://www.lapma.in"
27.62.70.128 - - [28/Jun/2025:10:10:16 +0000] "POST /wp-admin/admin-ajax.php HTTP/2.0" 200 67 "https://www.lapma.in/wp-admin/admin.php?page=wp_file_manager" "Mozilla/5.0 (Windows NT 10.0; Win64; x64) AppleWebKit/537.36 (KHTML, like Gecko) Chrome/137.0.0.0 Safari/537.36"
139.59.17.158 - - [28/Jun/2025:10:12:19 +0000] "POST /wp-cron.php?doing_wp_cron=1751105539.8331749439239501953125 HTTP/1.1" 200 - "-" "WordPress/6.8.1; https://www.lapma.in"
27.62.70.128 - - [28/Jun/2025:10:12:17 +0000] "POST /wp-admin/admin-ajax.php HTTP/2.0" 200 67 "https://www.lapma.in/wp-admin/admin.php?page=wp_file_manager" "Mozilla/5.0 (Windows NT 10.0; Win64; x64) AppleWebKit/537.36 (KHTML, like Gecko) Chrome/137.0.0.0 Safari/537.36"
27.62.70.128 - - [28/Jun/2025:10:12:46 +0000] "GET /wp-json/custom/v1/wc-nonce HTTP/1.1" 401 106 "-" "PostmanRuntime/7.44.0"
75.119.144.123 - - [28/Jun/2025:10:12:55 +0000] "POST /xmlrpc.php HTTP/2.0" 200 206 "https://www.lapma.in" "Mozilla/5.0 (Windows NT 10.0; Win64; x64) AppleWebKit/537.36 (KHTML, like Gecko) Chrome/112.0.5615.138 Safari/537.36 Edg/112.0.1722.68"
78.128.76.202 - - [28/Jun/2025:10:12:58 +0000] "POST /xmlrpc.php HTTP/2.0" 200 206 "https://www.lapma.in" "Mozilla/5.0 (Windows NT 10.0; Win64; x64) AppleWebKit/537.36 (KHTML, like Gecko) Chrome/113.0.5672.93 Safari/537.36"
139.59.17.158 - - [28/Jun/2025:10:13:19 +0000] "POST /wp-cron.php?doing_wp_cron=1751105599.8163781166076660156250 HTTP/1.1" 200 - "-" "WordPress/6.8.1; https://www.lapma.in"
27.62.70.128 - - [28/Jun/2025:10:13:17 +0000] "POST /wp-admin/admin-ajax.php HTTP/2.0" 200 67 "https://www.lapma.in/wp-admin/admin.php?page=wp_file_manager" "Mozilla/5.0 (Windows NT 10.0; Win64; x64) AppleWebKit/537.36 (KHTML, like Gecko) Chrome/137.0.0.0 Safari/537.36"
27.62.70.128 - - [28/Jun/2025:10:14:00 +0000] "POST /wp-admin/admin-ajax.php HTTP/2.0" 200 158 "https://www.lapma.in/wp-admin/admin.php?page=wp_file_manager" "Mozilla/5.0 (Windows NT 10.0; Win64; x64) AppleWebKit/537.36 (KHTML, like Gecko) Chrome/137.0.0.0 Safari/537.36"
27.62.70.128 - - [28/Jun/2025:10:14:07 +0000] "GET /wp-content/plugins/wp-file-manager/css/images/ui-icons_555555_256x240.png HTTP/2.0" 200 7074 "https://www.lapma.in/wp-content/plugins/wp-file-manager/css/jquery-ui.css?ver=8.0.1" "Mozilla/5.0 (Windows NT 10.0; Win64; x64) AppleWebKit/537.36 (KHTML, like Gecko) Chrome/137.0.0.0 Safari/537.36"
139.59.17.158 - - [28/Jun/2025:10:14:20 +0000] "POST /wp-cron.php?doing_wp_cron=1751105660.2271831035614013671875 HTTP/1.1" 200 - "-" "WordPress/6.8.1; https://www.lapma.in"
27.62.70.128 - - [28/Jun/2025:10:14:18 +0000] "POST /wp-admin/admin-ajax.php HTTP/2.0" 200 67 "https://www.lapma.in/wp-admin/admin.php?page=wp_file_manager" "Mozilla/5.0 (Windows NT 10.0; Win64; x64) AppleWebKit/537.36 (KHTML, like Gecko) Chrome/137.0.0.0 Safari/537.36"
27.62.70.128 - - [28/Jun/2025:10:14:31 +0000] "POST /wp-json/jwt-auth/v1/token HTTP/1.1" 404 313 "-" "Dart/3.6 (dart:io)"
27.62.70.128 - - [28/Jun/2025:10:14:35 +0000] "GET /wp-json/wc/v3/products/categories?consumer_key=ck_0f34dd898cafb797b88cbfdf555d0bee59043410&consumer_secret=cs_352434f91cd6d44fec82238e32c205a2949fd29f&page=1&per_page=10 HTTP/1.1" 404 775 "-" "Dart/3.6 (dart:io)"
27.62.70.128 - - [28/Jun/2025:10:14:35 +0000] "GET /wp-json/wc/v3/products?consumer_key=ck_0f34dd898cafb797b88cbfdf555d0bee59043410&consumer_secret=cs_352434f91cd6d44fec82238e32c205a2949fd29f&page=1&per_page=50 HTTP/1.1" 404 4355 "-" "Dart/3.6 (dart:io)"
27.62.70.128 - - [28/Jun/2025:10:14:35 +0000] "GET /wp-json/wc/v3/products?consumer_key=ck_0f34dd898cafb797b88cbfdf555d0bee59043410&consumer_secret=cs_352434f91cd6d44fec82238e32c205a2949fd29f&page=1&per_page=10 HTTP/1.1" 404 3815 "-" "Dart/3.6 (dart:io)"
