117.206.66.99 - - [19/Jun/2025:05:15:07 +0000] "POST /wp-admin/admin-ajax.php HTTP/2.0" 200 67 "https://www.lapma.in/wp-admin/admin.php?page=wp_file_manager" "Mozilla/5.0 (Windows NT 10.0; Win64; x64) AppleWebKit/537.36 (KHTML, like Gecko) Chrome/137.0.0.0 Safari/537.36"
139.59.17.158 - - [19/Jun/2025:05:16:09 +0000] "POST /wp-cron.php?doing_wp_cron=1750310169.3681740760803222656250 HTTP/1.1" 200 - "-" "WordPress/6.8.1; https://www.lapma.in"
117.206.66.99 - - [19/Jun/2025:05:16:07 +0000] "POST /wp-admin/admin-ajax.php HTTP/2.0" 200 67 "https://www.lapma.in/wp-admin/admin.php?page=wp_file_manager" "Mozilla/5.0 (Windows NT 10.0; Win64; x64) AppleWebKit/537.36 (KHTML, like Gecko) Chrome/137.0.0.0 Safari/537.36"
117.206.66.99 - - [19/Jun/2025:05:16:17 +0000] "POST /wp-json/wc/v3/orders HTTP/1.1" 201 1080 "-" "Dart/3.6 (dart:io)"
117.206.66.99 - - [19/Jun/2025:05:16:25 +0000] "GET /wp-json/wc/v3/orders/1776 HTTP/1.1" 404 1080 "-" "Dart/3.6 (dart:io)"
117.206.66.99 - - [19/Jun/2025:05:16:28 +0000] "POST /wp-json/lapma/v1/create-razorpay-order HTTP/1.1" 404 117 "-" "Dart/3.6 (dart:io)"
139.59.17.158 - - [19/Jun/2025:05:17:10 +0000] "POST /wp-cron.php?doing_wp_cron=1750310230.1414918899536132812500 HTTP/1.1" 200 - "-" "WordPress/6.8.1; https://www.lapma.in"
117.206.66.99 - - [19/Jun/2025:05:17:07 +0000] "POST /wp-admin/admin-ajax.php HTTP/2.0" 200 67 "https://www.lapma.in/wp-admin/admin.php?page=wp_file_manager" "Mozilla/5.0 (Windows NT 10.0; Win64; x64) AppleWebKit/537.36 (KHTML, like Gecko) Chrome/137.0.0.0 Safari/537.36"
139.59.17.158 - - [19/Jun/2025:05:17:10 +0000] "POST /wp-admin/admin-ajax.php?action=as_async_request_queue_runner&nonce=54fde57b1d HTTP/1.1" 200 - "-" "WordPress/6.8.1; https://www.lapma.in"
139.59.17.158 - - [19/Jun/2025:05:19:10 +0000] "POST /wp-cron.php?doing_wp_cron=1750310350.8656458854675292968750 HTTP/1.1" 200 - "-" "WordPress/6.8.1; https://www.lapma.in"
117.206.66.99 - - [19/Jun/2025:05:19:08 +0000] "POST /wp-admin/admin-ajax.php HTTP/2.0" 200 67 "https://www.lapma.in/wp-admin/admin.php?page=wp_file_manager" "Mozilla/5.0 (Windows NT 10.0; Win64; x64) AppleWebKit/537.36 (KHTML, like Gecko) Chrome/137.0.0.0 Safari/537.36"
139.59.17.158 - - [19/Jun/2025:05:20:14 +0000] "POST /wp-cron.php?doing_wp_cron=1750310414.2587521076202392578125 HTTP/1.1" 200 - "-" "WordPress/6.8.1; https://www.lapma.in"
117.206.66.99 - - [19/Jun/2025:05:20:09 +0000] "POST /wp-admin/admin-ajax.php HTTP/2.0" 200 67 "https://www.lapma.in/wp-admin/admin.php?page=wp_file_manager" "Mozilla/5.0 (Windows NT 10.0; Win64; x64) AppleWebKit/537.36 (KHTML, like Gecko) Chrome/137.0.0.0 Safari/537.36"
103.42.161.43 - - [19/Jun/2025:05:20:10 +0000] "POST /thank-you HTTP/2.0" 404 7942 "https://payments.airpay.co.in/" "Mozilla/5.0 (Linux; U; Android 3.0; en-us; Xoom Build/HRI39) AppleWebKit/534.13 (KHTML, like Gecko) Version/4.0 Safari/534.13"
103.42.161.43 - - [19/Jun/2025:05:20:16 +0000] "GET /wp-content/themes/lapma/assets/css/style.css?v=1750310416 HTTP/2.0" 200 15534 "https://www.lapma.in/thank-you" "Mozilla/5.0 (Linux; U; Android 3.0; en-us; Xoom Build/HRI39) AppleWebKit/534.13 (KHTML, like Gecko) Version/4.0 Safari/534.13"
139.59.17.158 - - [19/Jun/2025:05:21:12 +0000] "POST /wp-cron.php?doing_wp_cron=1750310472.4134778976440429687500 HTTP/1.1" 200 - "-" "WordPress/6.8.1; https://www.lapma.in"
117.206.66.99 - - [19/Jun/2025:05:21:10 +0000] "POST /wp-admin/admin-ajax.php HTTP/2.0" 200 67 "https://www.lapma.in/wp-admin/admin.php?page=wp_file_manager" "Mozilla/5.0 (Windows NT 10.0; Win64; x64) AppleWebKit/537.36 (KHTML, like Gecko) Chrome/137.0.0.0 Safari/537.36"
117.206.66.99 - - [19/Jun/2025:05:21:21 +0000] "GET /wp-admin/admin-ajax.php?action=mk_file_folder_manager&_wpnonce=0d82a4d706&networkhref=&cmd=tree&target=l1_d3AtY29udGVudC9wbHVnaW5zL3dvby1yYXpvcnBheQ&reqid=19786a265cd2c0 HTTP/2.0" 200 336 "https://www.lapma.in/wp-admin/admin.php?page=wp_file_manager" "Mozilla/5.0 (Windows NT 10.0; Win64; x64) AppleWebKit/537.36 (KHTML, like Gecko) Chrome/137.0.0.0 Safari/537.36"
117.206.66.99 - - [19/Jun/2025:05:21:35 +0000] "GET /wp-admin/admin-ajax.php?action=mk_file_folder_manager&_wpnonce=0d82a4d706&networkhref=&cmd=open&target=l1_d3AtY29udGVudC9wbHVnaW5zL3dwLWZpbGUtbWFuYWdlcg&reqid=19786a29e0617e HTTP/2.0" 200 880 "https://www.lapma.in/wp-admin/admin.php?page=wp_file_manager" "Mozilla/5.0 (Windows NT 10.0; Win64; x64) AppleWebKit/537.36 (KHTML, like Gecko) Chrome/137.0.0.0 Safari/537.36"
117.206.66.99 - - [19/Jun/2025:05:21:49 +0000] "GET /wp-admin/admin-ajax.php?action=mk_file_folder_manager&_wpnonce=0d82a4d706&networkhref=&cmd=tree&target=l1_d3AtY29udGVudC9wbHVnaW5zL3dvb2NvbW1lcmNl&reqid=19786a2d6b1312 HTTP/2.0" 200 382 "https://www.lapma.in/wp-admin/admin.php?page=wp_file_manager" "Mozilla/5.0 (Windows NT 10.0; Win64; x64) AppleWebKit/537.36 (KHTML, like Gecko) Chrome/137.0.0.0 Safari/537.36"
117.206.66.99 - - [19/Jun/2025:05:21:52 +0000] "POST /wp-json/jwt-auth/v1/token HTTP/1.1" 404 306 "-" "Dart/3.6 (dart:io)"
117.206.66.99 - - [19/Jun/2025:05:21:55 +0000] "GET /wp-json/wc/v3/products/categories?consumer_key=ck_0f34dd898cafb797b88cbfdf555d0bee59043410&consumer_secret=cs_352434f91cd6d44fec82238e32c205a2949fd29f&page=1&per_page=10 HTTP/1.1" 404 775 "-" "Dart/3.6 (dart:io)"
117.206.66.99 - - [19/Jun/2025:05:21:55 +0000] "GET /wp-json/wc/v3/products?consumer_key=ck_0f34dd898cafb797b88cbfdf555d0bee59043410&consumer_secret=cs_352434f91cd6d44fec82238e32c205a2949fd29f&page=1&per_page=10 HTTP/1.1" 404 3813 "-" "Dart/3.6 (dart:io)"
117.206.66.99 - - [19/Jun/2025:05:21:55 +0000] "GET /wp-json/wc/v3/products?consumer_key=ck_0f34dd898cafb797b88cbfdf555d0bee59043410&consumer_secret=cs_352434f91cd6d44fec82238e32c205a2949fd29f&page=1&per_page=50 HTTP/1.1" 404 4356 "-" "Dart/3.6 (dart:io)"
117.206.66.99 - - [19/Jun/2025:05:21:59 +0000] "GET /wp-content/uploads/2024/04/category-img6.png HTTP/1.1" 200 41121 "-" "Dart/3.6 (dart:io)"
117.206.66.99 - - [19/Jun/2025:05:21:59 +0000] "GET /wp-content/uploads/2024/04/category-img2.png HTTP/1.1" 200 34785 "-" "Dart/3.6 (dart:io)"
117.206.66.99 - - [19/Jun/2025:05:21:59 +0000] "GET /wp-content/uploads/2024/04/category-img4.png HTTP/1.1" 200 40550 "-" "Dart/3.6 (dart:io)"
117.206.66.99 - - [19/Jun/2025:05:21:59 +0000] "GET /wp-content/uploads/2024/04/category-img5.png HTTP/1.1" 200 36368 "-" "Dart/3.6 (dart:io)"
117.206.66.99 - - [19/Jun/2025:05:21:59 +0000] "GET /wp-content/uploads/2024/04/category-img7.png HTTP/1.1" 200 40393 "-" "Dart/3.6 (dart:io)"
117.206.66.99 - - [19/Jun/2025:05:21:59 +0000] "GET /wp-content/uploads/2024/05/product-img20.jpg HTTP/1.1" 200 81791 "-" "Dart/3.6 (dart:io)"
117.206.66.99 - - [19/Jun/2025:05:22:00 +0000] "GET /wp-content/uploads/2024/11/51755558-75e9-42f4-969c-733e84c041b0.jpg HTTP/1.1" 200 59876 "-" "Dart/3.6 (dart:io)"
117.206.66.99 - - [19/Jun/2025:05:22:00 +0000] "GET /wp-content/uploads/2024/05/product-img11.jpg HTTP/1.1" 200 39451 "-" "Dart/3.6 (dart:io)"
117.206.66.99 - - [19/Jun/2025:05:22:00 +0000] "GET /wp-content/uploads/2024/05/product-img17.jpg HTTP/1.1" 200 65481 "-" "Dart/3.6 (dart:io)"
139.59.17.158 - - [19/Jun/2025:05:22:12 +0000] "POST /wp-cron.php?doing_wp_cron=1750310532.3873310089111328125000 HTTP/1.1" 200 - "-" "WordPress/6.8.1; https://www.lapma.in"
117.206.66.99 - - [19/Jun/2025:05:22:10 +0000] "POST /wp-admin/admin-ajax.php HTTP/2.0" 200 67 "https://www.lapma.in/wp-admin/admin.php?page=wp_file_manager" "Mozilla/5.0 (Windows NT 10.0; Win64; x64) AppleWebKit/537.36 (KHTML, like Gecko) Chrome/137.0.0.0 Safari/537.36"
139.59.17.158 - - [19/Jun/2025:05:23:14 +0000] "POST /wp-cron.php?doing_wp_cron=1750310593.9832038879394531250000 HTTP/1.1" 200 - "-" "WordPress/6.8.1; https://www.lapma.in"
117.206.66.99 - - [19/Jun/2025:05:23:11 +0000] "POST /wp-admin/admin-ajax.php HTTP/2.0" 200 67 "https://www.lapma.in/wp-admin/admin.php?page=wp_file_manager" "Mozilla/5.0 (Windows NT 10.0; Win64; x64) AppleWebKit/537.36 (KHTML, like Gecko) Chrome/137.0.0.0 Safari/537.36"
139.59.17.158 - - [19/Jun/2025:05:24:39 +0000] "POST /wp-cron.php?doing_wp_cron=1750310679.7456209659576416015625 HTTP/1.1" 200 - "-" "WordPress/6.8.1; https://www.lapma.in"
209.141.36.186 - - [19/Jun/2025:05:24:37 +0000] "GET /wp-login.php HTTP/1.1" 200 6067 "-" "Mozilla/5.0 (Windows NT 6.1; rv:24.0) Gecko/20100101 Firefox/24.0"
117.206.66.99 - - [19/Jun/2025:05:25:02 +0000] "POST /wp-admin/admin-ajax.php HTTP/2.0" 200 67 "https://www.lapma.in/wp-admin/admin.php?page=wp_file_manager" "Mozilla/5.0 (Windows NT 10.0; Win64; x64) AppleWebKit/537.36 (KHTML, like Gecko) Chrome/137.0.0.0 Safari/537.36"
139.59.17.158 - - [19/Jun/2025:05:25:14 +0000] "POST /wp-cron.php?doing_wp_cron=1750310714.1513340473175048828125 HTTP/1.1" 200 - "-" "WordPress/6.8.1; https://www.lapma.in"
117.206.66.99 - - [19/Jun/2025:05:25:12 +0000] "GET /wp-admin/admin-ajax.php?action=mk_file_folder_manager&_wpnonce=0d82a4d706&networkhref=&cmd=size&targets%5B%5D=l1_d3AtY29udGVudC9wbHVnaW5zL2xhcG1hLXJhem9ycGF5&reqid=19786a5ed2358 HTTP/2.0" 200 112 "https://www.lapma.in/wp-admin/admin.php?page=wp_file_manager" "Mozilla/5.0 (Windows NT 10.0; Win64; x64) AppleWebKit/537.36 (KHTML, like Gecko) Chrome/137.0.0.0 Safari/537.36"
117.206.66.99 - - [19/Jun/2025:05:25:13 +0000] "GET /wp-admin/admin-ajax.php?action=mk_file_folder_manager&_wpnonce=0d82a4d706&networkhref=&cmd=rm&targets%5B%5D=l1_d3AtY29udGVudC9wbHVnaW5zL2xhcG1hLXJhem9ycGF5&reqid=19786a5f31f249 HTTP/2.0" 200 198 "https://www.lapma.in/wp-admin/admin.php?page=wp_file_manager" "Mozilla/5.0 (Windows NT 10.0; Win64; x64) AppleWebKit/537.36 (KHTML, like Gecko) Chrome/137.0.0.0 Safari/537.36"
117.206.66.99 - - [19/Jun/2025:05:25:15 +0000] "GET /favicon.ico HTTP/2.0" 302 - "https://www.lapma.in/wp-admin/admin.php?page=wp_file_manager" "Mozilla/5.0 (Windows NT 10.0; Win64; x64) AppleWebKit/537.36 (KHTML, like Gecko) Chrome/137.0.0.0 Safari/537.36"
209.141.36.186 - - [19/Jun/2025:05:25:18 +0000] "POST /wp-login.php HTTP/1.1" 200 6530 "-" "Mozilla/5.0 (Windows NT 6.1; rv:24.0) Gecko/20100101 Firefox/24.0"
117.206.66.99 - - [19/Jun/2025:05:25:20 +0000] "GET /wp-admin/admin-ajax.php?action=mk_file_folder_manager&_wpnonce=0d82a4d706&networkhref=&cmd=open&target=l1_d3AtY29udGVudC9wbHVnaW5zL3dvby1yYXpvcnBheQ&reqid=19786a60c431c2 HTTP/2.0" 200 1222 "https://www.lapma.in/wp-admin/admin.php?page=wp_file_manager" "Mozilla/5.0 (Windows NT 10.0; Win64; x64) AppleWebKit/537.36 (KHTML, like Gecko) Chrome/137.0.0.0 Safari/537.36"
117.206.66.99 - - [19/Jun/2025:05:25:46 +0000] "GET /wp-admin/admin-ajax.php?action=mk_file_folder_manager&_wpnonce=0d82a4d706&networkhref=&cmd=mkdir&name=lapma-razorpay&target=l1_d3AtY29udGVudC9wbHVnaW5zL3dvby1yYXpvcnBheQ&reqid=19786a67343112 HTTP/2.0" 200 224 "https://www.lapma.in/wp-admin/admin.php?page=wp_file_manager" "Mozilla/5.0 (Windows NT 10.0; Win64; x64) AppleWebKit/537.36 (KHTML, like Gecko) Chrome/137.0.0.0 Safari/537.36"
117.206.66.99 - - [19/Jun/2025:05:25:53 +0000] "GET /wp-admin/admin-ajax.php?action=mk_file_folder_manager&_wpnonce=0d82a4d706&networkhref=&cmd=open&target=l1_d3AtY29udGVudC9wbHVnaW5zL3dvby1yYXpvcnBheS9sYXBtYS1yYXpvcnBheQ&reqid=19786a68f6439f HTTP/2.0" 200 625 "https://www.lapma.in/wp-admin/admin.php?page=wp_file_manager" "Mozilla/5.0 (Windows NT 10.0; Win64; x64) AppleWebKit/537.36 (KHTML, like Gecko) Chrome/137.0.0.0 Safari/537.36"
117.206.66.99 - - [19/Jun/2025:05:26:03 +0000] "POST /wp-admin/admin-ajax.php HTTP/2.0" 200 67 "https://www.lapma.in/wp-admin/admin.php?page=wp_file_manager" "Mozilla/5.0 (Windows NT 10.0; Win64; x64) AppleWebKit/537.36 (KHTML, like Gecko) Chrome/137.0.0.0 Safari/537.36"
139.59.17.158 - - [19/Jun/2025:05:26:22 +0000] "POST /wp-cron.php?doing_wp_cron=1750310782.1640961170196533203125 HTTP/1.1" 200 - "-" "WordPress/6.8.1; https://www.lapma.in"
117.206.66.99 - - [19/Jun/2025:05:26:20 +0000] "GET /wp-admin/admin-ajax.php?action=mk_file_folder_manager&_wpnonce=0d82a4d706&networkhref=&cmd=mkfile&name=lapma-razorpay.php&target=l1_d3AtY29udGVudC9wbHVnaW5zL3dvby1yYXpvcnBheS9sYXBtYS1yYXpvcnBheQ&reqid=19786a6f77779 HTTP/2.0" 200 238 "https://www.lapma.in/wp-admin/admin.php?page=wp_file_manager" "Mozilla/5.0 (Windows NT 10.0; Win64; x64) AppleWebKit/537.36 (KHTML, like Gecko) Chrome/137.0.0.0 Safari/537.36"
117.206.66.99 - - [19/Jun/2025:05:26:44 +0000] "GET /wp-admin/admin-ajax.php?action=mk_file_folder_manager&_wpnonce=0d82a4d706&networkhref=&cmd=get&target=l1_d3AtY29udGVudC9wbHVnaW5zL3dvby1yYXpvcnBheS9sYXBtYS1yYXpvcnBheS9sYXBtYS1yYXpvcnBheS5waHA&conv=0&_t=1750310782 HTTP/2.0" 200 34 "https://www.lapma.in/wp-admin/admin.php?page=wp_file_manager" "Mozilla/5.0 (Windows NT 10.0; Win64; x64) AppleWebKit/537.36 (KHTML, like Gecko) Chrome/137.0.0.0 Safari/537.36"
117.206.66.99 - - [19/Jun/2025:05:26:51 +0000] "POST /wp-admin/admin-ajax.php HTTP/2.0" 200 201 "https://www.lapma.in/wp-admin/admin.php?page=wp_file_manager" "Mozilla/5.0 (Windows NT 10.0; Win64; x64) AppleWebKit/537.36 (KHTML, like Gecko) Chrome/137.0.0.0 Safari/537.36"
117.206.66.99 - - [19/Jun/2025:05:27:00 +0000] "GET /wp-admin/admin.php?page=wp_file_manager HTTP/2.0" 200 18214 "https://www.lapma.in/wp-admin/theme-editor.php?file=functions.php&theme=lapma" "Mozilla/5.0 (Windows NT 10.0; Win64; x64) AppleWebKit/537.36 (KHTML, like Gecko) Chrome/137.0.0.0 Safari/537.36"
117.206.66.99 - - [19/Jun/2025:05:27:02 +0000] "GET /wp-content/plugins/wp-file-manager/js/file_manager_free_shortcode_admin.js?ver=4169 HTTP/2.0" 200 1267 "https://www.lapma.in/wp-admin/admin.php?page=wp_file_manager" "Mozilla/5.0 (Windows NT 10.0; Win64; x64) AppleWebKit/537.36 (KHTML, like Gecko) Chrome/137.0.0.0 Safari/537.36"
117.206.66.99 - - [19/Jun/2025:05:27:02 +0000] "GET /favicon.ico HTTP/2.0" 302 - "https://www.lapma.in/wp-admin/admin.php?page=wp_file_manager" "Mozilla/5.0 (Windows NT 10.0; Win64; x64) AppleWebKit/537.36 (KHTML, like Gecko) Chrome/137.0.0.0 Safari/537.36"
117.206.66.99 - - [19/Jun/2025:05:27:02 +0000] "GET /wp-admin/admin-ajax.php?action=mk_file_folder_manager&_wpnonce=0d82a4d706&networkhref=&cmd=open&target=l1_d3AtY29udGVudC9wbHVnaW5zL3dvby1yYXpvcnBheS9sYXBtYS1yYXpvcnBheQ&init=1&tree=1&_=1750310820554 HTTP/2.0" 200 971 "https://www.lapma.in/wp-admin/admin.php?page=wp_file_manager" "Mozilla/5.0 (Windows NT 10.0; Win64; x64) AppleWebKit/537.36 (KHTML, like Gecko) Chrome/137.0.0.0 Safari/537.36"
117.206.66.99 - - [19/Jun/2025:05:27:04 +0000] "GET /wp-admin/admin-ajax.php?action=mk_file_folder_manager&_wpnonce=0d82a4d706&networkhref=&cmd=parents&target=l1_d3AtY29udGVudC9wbHVnaW5zL3dvby1yYXpvcnBheS9sYXBtYS1yYXpvcnBheQ&reqid=19786a7a3802ed HTTP/2.0" 200 1876 "https://www.lapma.in/wp-admin/admin.php?page=wp_file_manager" "Mozilla/5.0 (Windows NT 10.0; Win64; x64) AppleWebKit/537.36 (KHTML, like Gecko) Chrome/137.0.0.0 Safari/537.36"
139.59.17.158 - - [19/Jun/2025:05:27:22 +0000] "POST /wp-cron.php?doing_wp_cron=1750310842.0372099876403808593750 HTTP/1.1" 200 - "-" "WordPress/6.8.1; https://www.lapma.in"
117.206.66.99 - - [19/Jun/2025:05:27:19 +0000] "POST /wp-json/wc/v3/orders HTTP/1.1" 201 1081 "-" "Dart/3.6 (dart:io)"
117.206.66.99 - - [19/Jun/2025:05:27:26 +0000] "GET /wp-json/wc/v3/orders/1777 HTTP/1.1" 404 1081 "-" "Dart/3.6 (dart:io)"
117.206.66.99 - - [19/Jun/2025:05:27:29 +0000] "POST /wp-json/lapma/v1/create-razorpay-order HTTP/1.1" 404 117 "-" "Dart/3.6 (dart:io)"
117.206.66.99 - - [19/Jun/2025:05:28:02 +0000] "POST /wp-admin/admin-ajax.php HTTP/2.0" 200 67 "https://www.lapma.in/wp-admin/admin.php?page=wp_file_manager" "Mozilla/5.0 (Windows NT 10.0; Win64; x64) AppleWebKit/537.36 (KHTML, like Gecko) Chrome/137.0.0.0 Safari/537.36"
139.59.17.158 - - [19/Jun/2025:05:28:05 +0000] "POST /wp-admin/admin-ajax.php?action=as_async_request_queue_runner&nonce=54fde57b1d HTTP/1.1" 200 - "-" "WordPress/6.8.1; https://www.lapma.in"
139.59.17.158 - - [19/Jun/2025:05:30:05 +0000] "POST /wp-cron.php?doing_wp_cron=1750311004.9829280376434326171875 HTTP/1.1" 200 - "-" "WordPress/6.8.1; https://www.lapma.in"
117.206.66.99 - - [19/Jun/2025:05:30:02 +0000] "POST /wp-admin/admin-ajax.php HTTP/2.0" 200 67 "https://www.lapma.in/wp-admin/admin.php?page=wp_file_manager" "Mozilla/5.0 (Windows NT 10.0; Win64; x64) AppleWebKit/537.36 (KHTML, like Gecko) Chrome/137.0.0.0 Safari/537.36"
139.59.17.158 - - [19/Jun/2025:05:31:53 +0000] "POST /wp-cron.php?doing_wp_cron=1750311113.0926289558410644531250 HTTP/1.1" 200 - "-" "WordPress/6.8.1; https://www.lapma.in"
117.206.66.99 - - [19/Jun/2025:05:31:51 +0000] "POST /wp-admin/admin-ajax.php HTTP/2.0" 200 65 "https://www.lapma.in/wp-admin/admin.php?page=wp_file_manager" "Mozilla/5.0 (Windows NT 10.0; Win64; x64) AppleWebKit/537.36 (KHTML, like Gecko) Chrome/137.0.0.0 Safari/537.36"
117.206.66.99 - - [19/Jun/2025:05:31:55 +0000] "GET /wp-admin/theme-editor.php HTTP/2.0" 200 21091 "https://www.lapma.in/wp-admin/admin.php?page=wp_file_manager" "Mozilla/5.0 (Windows NT 10.0; Win64; x64) AppleWebKit/537.36 (KHTML, like Gecko) Chrome/137.0.0.0 Safari/537.36"
117.206.66.99 - - [19/Jun/2025:05:32:01 +0000] "GET /wp-admin/theme-editor.php?file=functions.php&theme=lapma HTTP/2.0" 200 45265 "https://www.lapma.in/wp-admin/theme-editor.php" "Mozilla/5.0 (Windows NT 10.0; Win64; x64) AppleWebKit/537.36 (KHTML, like Gecko) Chrome/137.0.0.0 Safari/537.36"
139.59.17.158 - - [19/Jun/2025:05:33:06 +0000] "POST /wp-cron.php?doing_wp_cron=1750311186.5018780231475830078125 HTTP/1.1" 200 - "-" "WordPress/6.8.1; https://www.lapma.in"
117.206.66.99 - - [19/Jun/2025:05:33:04 +0000] "POST /wp-admin/admin-ajax.php HTTP/2.0" 200 67 "https://www.lapma.in/wp-admin/theme-editor.php?file=functions.php&theme=lapma" "Mozilla/5.0 (Windows NT 10.0; Win64; x64) AppleWebKit/537.36 (KHTML, like Gecko) Chrome/137.0.0.0 Safari/537.36"
139.59.17.158 - - [19/Jun/2025:05:33:35 +0000] "POST /wp-cron.php?doing_wp_cron=1750311214.9744389057159423828125 HTTP/1.1" 200 - "-" "WordPress/6.8.1; https://www.lapma.in"
139.59.17.158 - - [19/Jun/2025:05:33:36 +0000] "GET /wp-admin/theme-editor.php?theme=lapma&file=functions.php&wp_scrape_key=ceb5c0a2a8901e75485d6951b70ddb62&wp_scrape_nonce=1822011047 HTTP/1.1" 200 281 "-" "WordPress/6.8.1; https://www.lapma.in"
117.206.66.99 - - [19/Jun/2025:05:33:31 +0000] "POST /wp-admin/admin-ajax.php HTTP/2.0" 200 164 "https://www.lapma.in/wp-admin/theme-editor.php?file=functions.php&theme=lapma" "Mozilla/5.0 (Windows NT 10.0; Win64; x64) AppleWebKit/537.36 (KHTML, like Gecko) Chrome/137.0.0.0 Safari/537.36"
139.59.17.158 - - [19/Jun/2025:05:33:51 +0000] "GET /wp-admin/theme-editor.php?theme=lapma&file=functions.php&wp_scrape_key=6c82a4462c9c6d7333bcf444cd26b216&wp_scrape_nonce=1423633960 HTTP/1.1" 200 46533 "-" "WordPress/6.8.1; https://www.lapma.in"
139.59.17.158 - - [19/Jun/2025:05:33:53 +0000] "GET /?wp_scrape_key=6c82a4462c9c6d7333bcf444cd26b216&wp_scrape_nonce=1423633960 HTTP/1.1" 404 13112 "-" "WordPress/6.8.1; https://www.lapma.in"
117.206.66.99 - - [19/Jun/2025:05:33:48 +0000] "POST /wp-admin/admin-ajax.php HTTP/2.0" 200 77 "https://www.lapma.in/wp-admin/theme-editor.php?file=functions.php&theme=lapma" "Mozilla/5.0 (Windows NT 10.0; Win64; x64) AppleWebKit/537.36 (KHTML, like Gecko) Chrome/137.0.0.0 Safari/537.36"
117.206.66.99 - - [19/Jun/2025:05:34:04 +0000] "POST /wp-admin/admin-ajax.php HTTP/2.0" 200 67 "https://www.lapma.in/wp-admin/theme-editor.php?file=functions.php&theme=lapma" "Mozilla/5.0 (Windows NT 10.0; Win64; x64) AppleWebKit/537.36 (KHTML, like Gecko) Chrome/137.0.0.0 Safari/537.36"
117.206.66.99 - - [19/Jun/2025:05:34:00 +0000] "POST /wp-json/wc/v3/orders HTTP/1.1" 201 1079 "-" "Dart/3.6 (dart:io)"
117.206.66.99 - - [19/Jun/2025:05:34:07 +0000] "GET /wp-json/wc/v3/orders/1778 HTTP/1.1" 404 1079 "-" "Dart/3.6 (dart:io)"
117.206.66.99 - - [19/Jun/2025:05:34:10 +0000] "POST /wp-json/lapma/v1/create-razorpay-order HTTP/1.1" 401 118 "-" "Dart/3.6 (dart:io)"
139.59.17.158 - - [19/Jun/2025:05:35:06 +0000] "POST /wp-cron.php?doing_wp_cron=1750311306.3836240768432617187500 HTTP/1.1" 200 - "-" "WordPress/6.8.1; https://www.lapma.in"
117.206.66.99 - - [19/Jun/2025:05:35:04 +0000] "POST /wp-admin/admin-ajax.php HTTP/2.0" 200 67 "https://www.lapma.in/wp-admin/theme-editor.php?file=functions.php&theme=lapma" "Mozilla/5.0 (Windows NT 10.0; Win64; x64) AppleWebKit/537.36 (KHTML, like Gecko) Chrome/137.0.0.0 Safari/537.36"
139.59.17.158 - - [19/Jun/2025:05:35:06 +0000] "POST /wp-admin/admin-ajax.php?action=as_async_request_queue_runner&nonce=54fde57b1d HTTP/1.1" 200 - "-" "WordPress/6.8.1; https://www.lapma.in"
139.59.17.158 - - [19/Jun/2025:05:37:08 +0000] "POST /wp-cron.php?doing_wp_cron=1750311427.9748160839080810546875 HTTP/1.1" 200 - "-" "WordPress/6.8.1; https://www.lapma.in"
117.206.66.99 - - [19/Jun/2025:05:37:05 +0000] "POST /wp-admin/admin-ajax.php HTTP/2.0" 200 67 "https://www.lapma.in/wp-admin/theme-editor.php?file=functions.php&theme=lapma" "Mozilla/5.0 (Windows NT 10.0; Win64; x64) AppleWebKit/537.36 (KHTML, like Gecko) Chrome/137.0.0.0 Safari/537.36"
139.59.17.158 - - [19/Jun/2025:05:38:14 +0000] "POST /wp-cron.php?doing_wp_cron=1750311494.3927309513092041015625 HTTP/1.1" 200 - "-" "WordPress/6.8.1; https://www.lapma.in"
117.206.66.99 - - [19/Jun/2025:05:38:12 +0000] "POST /wp-admin/admin-ajax.php HTTP/2.0" 200 67 "https://www.lapma.in/wp-admin/theme-editor.php?file=functions.php&theme=lapma" "Mozilla/5.0 (Windows NT 10.0; Win64; x64) AppleWebKit/537.36 (KHTML, like Gecko) Chrome/137.0.0.0 Safari/537.36"
139.59.17.158 - - [19/Jun/2025:05:38:44 +0000] "POST /wp-cron.php?doing_wp_cron=1750311524.0114400386810302734375 HTTP/1.1" 200 - "-" "WordPress/6.8.1; https://www.lapma.in"
139.59.17.158 - - [19/Jun/2025:05:38:44 +0000] "GET /wp-admin/theme-editor.php?theme=lapma&file=functions.php&wp_scrape_key=9c1149fc37a54d7997d2dce0499e9d22&wp_scrape_nonce=132189517 HTTP/1.1" 200 44782 "-" "WordPress/6.8.1; https://www.lapma.in"
139.59.17.158 - - [19/Jun/2025:05:38:48 +0000] "GET /?wp_scrape_key=9c1149fc37a54d7997d2dce0499e9d22&wp_scrape_nonce=132189517 HTTP/1.1" 404 13111 "-" "WordPress/6.8.1; https://www.lapma.in"
117.206.66.99 - - [19/Jun/2025:05:38:40 +0000] "POST /wp-admin/admin-ajax.php HTTP/2.0" 200 77 "https://www.lapma.in/wp-admin/theme-editor.php?file=functions.php&theme=lapma" "Mozilla/5.0 (Windows NT 10.0; Win64; x64) AppleWebKit/537.36 (KHTML, like Gecko) Chrome/137.0.0.0 Safari/537.36"
117.206.66.99 - - [19/Jun/2025:05:38:53 +0000] "GET /wp-admin/admin.php?page=wp_file_manager HTTP/2.0" 200 18214 "https://www.lapma.in/wp-admin/theme-editor.php?file=functions.php&theme=lapma" "Mozilla/5.0 (Windows NT 10.0; Win64; x64) AppleWebKit/537.36 (KHTML, like Gecko) Chrome/137.0.0.0 Safari/537.36"
117.206.66.99 - - [19/Jun/2025:05:38:55 +0000] "GET /wp-content/plugins/wp-file-manager/js/file_manager_free_shortcode_admin.js?ver=7007 HTTP/2.0" 200 1267 "https://www.lapma.in/wp-admin/admin.php?page=wp_file_manager" "Mozilla/5.0 (Windows NT 10.0; Win64; x64) AppleWebKit/537.36 (KHTML, like Gecko) Chrome/137.0.0.0 Safari/537.36"
117.206.66.99 - - [19/Jun/2025:05:38:55 +0000] "GET /wp-admin/admin-ajax.php?action=mk_file_folder_manager&_wpnonce=0d82a4d706&networkhref=&cmd=open&target=l1_d3AtY29udGVudC9wbHVnaW5zL3dvby1yYXpvcnBheS9sYXBtYS1yYXpvcnBheQ&init=1&tree=1&_=1750311534122 HTTP/2.0" 200 971 "https://www.lapma.in/wp-admin/admin.php?page=wp_file_manager" "Mozilla/5.0 (Windows NT 10.0; Win64; x64) AppleWebKit/537.36 (KHTML, like Gecko) Chrome/137.0.0.0 Safari/537.36"
117.206.66.99 - - [19/Jun/2025:05:38:58 +0000] "GET /wp-admin/admin-ajax.php?action=mk_file_folder_manager&_wpnonce=0d82a4d706&networkhref=&cmd=parents&target=l1_d3AtY29udGVudC9wbHVnaW5zL3dvby1yYXpvcnBheS9sYXBtYS1yYXpvcnBheQ&reqid=19786b28707318 HTTP/2.0" 200 1876 "https://www.lapma.in/wp-admin/admin.php?page=wp_file_manager" "Mozilla/5.0 (Windows NT 10.0; Win64; x64) AppleWebKit/537.36 (KHTML, like Gecko) Chrome/137.0.0.0 Safari/537.36"
139.59.17.158 - - [19/Jun/2025:05:39:08 +0000] "POST /wp-cron.php?doing_wp_cron=1750311548.3673439025878906250000 HTTP/1.1" 200 - "-" "WordPress/6.8.1; https://www.lapma.in"
117.206.66.99 - - [19/Jun/2025:05:39:05 +0000] "GET /wp-admin/admin-ajax.php?action=mk_file_folder_manager&_wpnonce=0d82a4d706&networkhref=&cmd=size&targets%5B%5D=l1_d3AtY29udGVudC9wbHVnaW5zL3dvby1yYXpvcnBheS9sYXBtYS1yYXpvcnBheQ&reqid=19786b2a460255 HTTP/2.0" 200 121 "https://www.lapma.in/wp-admin/admin.php?page=wp_file_manager" "Mozilla/5.0 (Windows NT 10.0; Win64; x64) AppleWebKit/537.36 (KHTML, like Gecko) Chrome/137.0.0.0 Safari/537.36"
117.206.66.99 - - [19/Jun/2025:05:39:07 +0000] "GET /wp-admin/admin-ajax.php?action=mk_file_folder_manager&_wpnonce=0d82a4d706&networkhref=&cmd=rm&targets%5B%5D=l1_d3AtY29udGVudC9wbHVnaW5zL3dvby1yYXpvcnBheS9sYXBtYS1yYXpvcnBheQ&reqid=19786b2aba6237 HTTP/2.0" 200 213 "https://www.lapma.in/wp-admin/admin.php?page=wp_file_manager" "Mozilla/5.0 (Windows NT 10.0; Win64; x64) AppleWebKit/537.36 (KHTML, like Gecko) Chrome/137.0.0.0 Safari/537.36"
117.206.66.99 - - [19/Jun/2025:05:39:10 +0000] "GET /wp-admin/admin-ajax.php?action=mk_file_folder_manager&_wpnonce=0d82a4d706&networkhref=&cmd=open&target=l1_d3AtY29udGVudC9wbHVnaW5zL3dvby1yYXpvcnBheQ&reqid=19786b2b5b11fa HTTP/2.0" 200 1227 "https://www.lapma.in/wp-admin/admin.php?page=wp_file_manager" "Mozilla/5.0 (Windows NT 10.0; Win64; x64) AppleWebKit/537.36 (KHTML, like Gecko) Chrome/137.0.0.0 Safari/537.36"
117.206.66.99 - - [19/Jun/2025:05:39:10 +0000] "GET /favicon.ico HTTP/2.0" 302 - "https://www.lapma.in/wp-admin/admin.php?page=wp_file_manager" "Mozilla/5.0 (Windows NT 10.0; Win64; x64) AppleWebKit/537.36 (KHTML, like Gecko) Chrome/137.0.0.0 Safari/537.36"
117.206.66.99 - - [19/Jun/2025:05:39:23 +0000] "GET /wp-admin/admin-ajax.php?action=mk_file_folder_manager&_wpnonce=0d82a4d706&networkhref=&cmd=open&target=l1_d3AtY29udGVudC9wbHVnaW5z&reqid=19786b2e97d1f HTTP/2.0" 200 1341 "https://www.lapma.in/wp-admin/admin.php?page=wp_file_manager" "Mozilla/5.0 (Windows NT 10.0; Win64; x64) AppleWebKit/537.36 (KHTML, like Gecko) Chrome/137.0.0.0 Safari/537.36"
117.206.66.99 - - [19/Jun/2025:05:39:34 +0000] "GET /wp-admin/admin-ajax.php?action=mk_file_folder_manager&_wpnonce=0d82a4d706&networkhref=&cmd=mkdir&name=lapma-razorpay-integration&target=l1_d3AtY29udGVudC9wbHVnaW5z&reqid=19786b3151d20a HTTP/2.0" 200 237 "https://www.lapma.in/wp-admin/admin.php?page=wp_file_manager" "Mozilla/5.0 (Windows NT 10.0; Win64; x64) AppleWebKit/537.36 (KHTML, like Gecko) Chrome/137.0.0.0 Safari/537.36"
117.206.66.99 - - [19/Jun/2025:05:39:56 +0000] "POST /wp-admin/admin-ajax.php HTTP/2.0" 200 67 "https://www.lapma.in/wp-admin/admin.php?page=wp_file_manager" "Mozilla/5.0 (Windows NT 10.0; Win64; x64) AppleWebKit/537.36 (KHTML, like Gecko) Chrome/137.0.0.0 Safari/537.36"
117.206.66.99 - - [19/Jun/2025:05:40:00 +0000] "GET /wp-admin/admin-ajax.php?action=mk_file_folder_manager&_wpnonce=0d82a4d706&networkhref=&cmd=open&target=l1_d3AtY29udGVudC9wbHVnaW5zL2xhcG1hLXJhem9ycGF5LWludGVncmF0aW9u&reqid=19786b37c43379 HTTP/2.0" 200 628 "https://www.lapma.in/wp-admin/admin.php?page=wp_file_manager" "Mozilla/5.0 (Windows NT 10.0; Win64; x64) AppleWebKit/537.36 (KHTML, like Gecko) Chrome/137.0.0.0 Safari/537.36"
139.59.17.158 - - [19/Jun/2025:05:40:16 +0000] "POST /wp-cron.php?doing_wp_cron=1750311616.6773838996887207031250 HTTP/1.1" 200 - "-" "WordPress/6.8.1; https://www.lapma.in"
117.206.66.99 - - [19/Jun/2025:05:40:14 +0000] "GET /wp-admin/admin-ajax.php?action=mk_file_folder_manager&_wpnonce=0d82a4d706&networkhref=&cmd=mkfile&name=lapma-razorpay-integration.php&target=l1_d3AtY29udGVudC9wbHVnaW5zL2xhcG1hLXJhem9ycGF5LWludGVncmF0aW9u&reqid=19786b3b081277 HTTP/2.0" 200 247 "https://www.lapma.in/wp-admin/admin.php?page=wp_file_manager" "Mozilla/5.0 (Windows NT 10.0; Win64; x64) AppleWebKit/537.36 (KHTML, like Gecko) Chrome/137.0.0.0 Safari/537.36"
117.206.66.99 - - [19/Jun/2025:05:40:56 +0000] "POST /wp-admin/admin-ajax.php HTTP/2.0" 200 67 "https://www.lapma.in/wp-admin/admin.php?page=wp_file_manager" "Mozilla/5.0 (Windows NT 10.0; Win64; x64) AppleWebKit/537.36 (KHTML, like Gecko) Chrome/137.0.0.0 Safari/537.36"
117.206.66.99 - - [19/Jun/2025:05:41:03 +0000] "GET /wp-admin/admin-ajax.php?action=mk_file_folder_manager&_wpnonce=0d82a4d706&networkhref=&cmd=get&target=l1_d3AtY29udGVudC9wbHVnaW5zL2xhcG1hLXJhem9ycGF5LWludGVncmF0aW9uL2xhcG1hLXJhem9ycGF5LWludGVncmF0aW9uLnBocA&conv=0&_t=1750311616 HTTP/2.0" 200 34 "https://www.lapma.in/wp-admin/admin.php?page=wp_file_manager" "Mozilla/5.0 (Windows NT 10.0; Win64; x64) AppleWebKit/537.36 (KHTML, like Gecko) Chrome/137.0.0.0 Safari/537.36"
139.59.17.158 - - [19/Jun/2025:05:41:13 +0000] "POST /wp-cron.php?doing_wp_cron=1750311673.1450710296630859375000 HTTP/1.1" 200 - "-" "WordPress/6.8.1; https://www.lapma.in"
117.206.66.99 - - [19/Jun/2025:05:41:10 +0000] "POST /wp-admin/admin-ajax.php HTTP/2.0" 200 214 "https://www.lapma.in/wp-admin/admin.php?page=wp_file_manager" "Mozilla/5.0 (Windows NT 10.0; Win64; x64) AppleWebKit/537.36 (KHTML, like Gecko) Chrome/137.0.0.0 Safari/537.36"
117.206.66.99 - - [19/Jun/2025:05:41:57 +0000] "POST /wp-admin/admin-ajax.php HTTP/2.0" 200 67 "https://www.lapma.in/wp-admin/admin.php?page=wp_file_manager" "Mozilla/5.0 (Windows NT 10.0; Win64; x64) AppleWebKit/537.36 (KHTML, like Gecko) Chrome/137.0.0.0 Safari/537.36"
139.59.17.158 - - [19/Jun/2025:05:43:02 +0000] "POST /wp-cron.php?doing_wp_cron=1750311781.9767999649047851562500 HTTP/1.1" 200 - "-" "WordPress/6.8.1; https://www.lapma.in"
117.206.66.99 - - [19/Jun/2025:05:42:59 +0000] "POST /wp-admin/admin-ajax.php HTTP/2.0" 200 67 "https://www.lapma.in/wp-admin/admin.php?page=wp_file_manager" "Mozilla/5.0 (Windows NT 10.0; Win64; x64) AppleWebKit/537.36 (KHTML, like Gecko) Chrome/137.0.0.0 Safari/537.36"
117.206.66.99 - - [19/Jun/2025:05:43:03 +0000] "GET /wp-admin/plugins.php HTTP/2.0" 200 69218 "https://www.lapma.in/wp-admin/admin.php?page=wp_file_manager" "Mozilla/5.0 (Windows NT 10.0; Win64; x64) AppleWebKit/537.36 (KHTML, like Gecko) Chrome/137.0.0.0 Safari/537.36"
139.59.17.158 - - [19/Jun/2025:05:43:11 +0000] "POST /wp-cron.php?doing_wp_cron=1750311791.7801411151885986328125 HTTP/1.1" 200 - "-" "WordPress/6.8.1; https://www.lapma.in"
117.206.66.99 - - [19/Jun/2025:05:43:08 +0000] "GET /wp-json/wp/v2/users/me?context=edit&_locale=user HTTP/2.0" 404 1354 "https://www.lapma.in/wp-admin/plugins.php" "Mozilla/5.0 (Windows NT 10.0; Win64; x64) AppleWebKit/537.36 (KHTML, like Gecko) Chrome/137.0.0.0 Safari/537.36"
117.206.66.99 - - [19/Jun/2025:05:43:09 +0000] "GET /wp-json/wc-admin/options?options=woocommerce_allow_tracking&_locale=user HTTP/2.0" 404 55 "https://www.lapma.in/wp-admin/plugins.php" "Mozilla/5.0 (Windows NT 10.0; Win64; x64) AppleWebKit/537.36 (KHTML, like Gecko) Chrome/137.0.0.0 Safari/537.36"
117.206.66.99 - - [19/Jun/2025:05:43:18 +0000] "POST /wp-admin/admin-ajax.php HTTP/2.0" 200 - "https://www.lapma.in/wp-admin/plugins.php?s=lap&plugin_status=all" "Mozilla/5.0 (Windows NT 10.0; Win64; x64) AppleWebKit/537.36 (KHTML, like Gecko) Chrome/137.0.0.0 Safari/537.36"
117.206.66.99 - - [19/Jun/2025:05:43:19 +0000] "POST /wp-admin/admin-ajax.php HTTP/2.0" 200 1539 "https://www.lapma.in/wp-admin/plugins.php?s=lapma&plugin_status=all" "Mozilla/5.0 (Windows NT 10.0; Win64; x64) AppleWebKit/537.36 (KHTML, like Gecko) Chrome/137.0.0.0 Safari/537.36"
117.206.66.99 - - [19/Jun/2025:05:43:22 +0000] "POST /wp-admin/admin-ajax.php HTTP/2.0" 200 1545 "https://www.lapma.in/wp-admin/plugins.php?s=lapma%20razorpay&plugin_status=all" "Mozilla/5.0 (Windows NT 10.0; Win64; x64) AppleWebKit/537.36 (KHTML, like Gecko) Chrome/137.0.0.0 Safari/537.36"
117.206.66.99 - - [19/Jun/2025:05:43:27 +0000] "GET /wp-admin/plugins.php?action=activate&plugin=lapma-razorpay-integration%2Flapma-razorpay-integration.php&plugin_status=search&paged=1&s=lapma+razorpay&_wpnonce=36280bcbb9 HTTP/2.0" 302 381 "https://www.lapma.in/wp-admin/plugins.php?s=lapma%20razorpay&plugin_status=all" "Mozilla/5.0 (Windows NT 10.0; Win64; x64) AppleWebKit/537.36 (KHTML, like Gecko) Chrome/137.0.0.0 Safari/537.36"
139.59.17.158 - - [19/Jun/2025:05:43:31 +0000] "POST /wp-cron.php?doing_wp_cron=1750311811.8324580192565917968750 HTTP/1.1" 200 - "-" "WordPress/6.8.1; https://www.lapma.in"
117.206.66.99 - - [19/Jun/2025:05:43:29 +0000] "GET /wp-admin/plugins.php?error=true&plugin=lapma-razorpay-integration%2Flapma-razorpay-integration.php&_error_nonce=1cfe8fcfad HTTP/2.0" 200 69437 "https://www.lapma.in/wp-admin/plugins.php?s=lapma%20razorpay&plugin_status=all" "Mozilla/5.0 (Windows NT 10.0; Win64; x64) AppleWebKit/537.36 (KHTML, like Gecko) Chrome/137.0.0.0 Safari/537.36"
117.206.66.99 - - [19/Jun/2025:05:43:33 +0000] "GET /wp-json/wc-admin/options?options=woocommerce_allow_tracking&_locale=user HTTP/2.0" 404 55 "https://www.lapma.in/wp-admin/plugins.php?plugin=lapma-razorpay-integration%2Flapma-razorpay-integration.php" "Mozilla/5.0 (Windows NT 10.0; Win64; x64) AppleWebKit/537.36 (KHTML, like Gecko) Chrome/137.0.0.0 Safari/537.36"
117.206.66.99 - - [19/Jun/2025:05:43:33 +0000] "GET /wp-json/wp/v2/users/me?context=edit&_locale=user HTTP/2.0" 404 1354 "https://www.lapma.in/wp-admin/plugins.php?plugin=lapma-razorpay-integration%2Flapma-razorpay-integration.php" "Mozilla/5.0 (Windows NT 10.0; Win64; x64) AppleWebKit/537.36 (KHTML, like Gecko) Chrome/137.0.0.0 Safari/537.36"
139.59.17.158 - - [19/Jun/2025:05:44:35 +0000] "POST /wp-cron.php?doing_wp_cron=1750311875.0706410408020019531250 HTTP/1.1" 200 - "-" "WordPress/6.8.1; https://www.lapma.in"
117.206.66.99 - - [19/Jun/2025:05:44:33 +0000] "POST /wp-admin/admin-ajax.php HTTP/2.0" 200 67 "https://www.lapma.in/wp-admin/plugins.php?plugin=lapma-razorpay-integration%2Flapma-razorpay-integration.php" "Mozilla/5.0 (Windows NT 10.0; Win64; x64) AppleWebKit/537.36 (KHTML, like Gecko) Chrome/137.0.0.0 Safari/537.36"
117.206.66.99 - - [19/Jun/2025:05:44:32 +0000] "POST /wp-json/wc/v3/orders HTTP/1.1" 201 1080 "-" "Dart/3.6 (dart:io)"
117.206.66.99 - - [19/Jun/2025:05:44:40 +0000] "GET /wp-json/wc/v3/orders/1779 HTTP/1.1" 404 1080 "-" "Dart/3.6 (dart:io)"
117.206.66.99 - - [19/Jun/2025:05:44:44 +0000] "POST /wp-json/lapma/v1/create-razorpay-order HTTP/1.1" 404 117 "-" "Dart/3.6 (dart:io)"
139.59.17.158 - - [19/Jun/2025:05:46:36 +0000] "POST /wp-cron.php?doing_wp_cron=1750311996.5732259750366210937500 HTTP/1.1" 200 - "-" "WordPress/6.8.1; https://www.lapma.in"
117.206.66.99 - - [19/Jun/2025:05:46:33 +0000] "POST /wp-admin/admin-ajax.php HTTP/2.0" 200 67 "https://www.lapma.in/wp-admin/plugins.php?plugin=lapma-razorpay-integration%2Flapma-razorpay-integration.php" "Mozilla/5.0 (Windows NT 10.0; Win64; x64) AppleWebKit/537.36 (KHTML, like Gecko) Chrome/137.0.0.0 Safari/537.36"
139.59.17.158 - - [19/Jun/2025:05:46:36 +0000] "POST /wp-admin/admin-ajax.php?action=as_async_request_queue_runner&nonce=54fde57b1d HTTP/1.1" 200 - "-" "WordPress/6.8.1; https://www.lapma.in"
117.206.66.99 - - [19/Jun/2025:05:46:48 +0000] "GET /wp-admin/plugins.php?action=activate&plugin=lapma-razorpay-integration%2Flapma-razorpay-integration.php&plugin_status=all&paged=1&s&_wpnonce=36280bcbb9 HTTP/2.0" 302 381 "https://www.lapma.in/wp-admin/plugins.php?plugin=lapma-razorpay-integration%2Flapma-razorpay-integration.php" "Mozilla/5.0 (Windows NT 10.0; Win64; x64) AppleWebKit/537.36 (KHTML, like Gecko) Chrome/137.0.0.0 Safari/537.36"
117.206.66.99 - - [19/Jun/2025:05:46:50 +0000] "GET /wp-admin/plugins.php?error=true&plugin=lapma-razorpay-integration%2Flapma-razorpay-integration.php&_error_nonce=1cfe8fcfad HTTP/2.0" 200 69416 "https://www.lapma.in/wp-admin/plugins.php?plugin=lapma-razorpay-integration%2Flapma-razorpay-integration.php" "Mozilla/5.0 (Windows NT 10.0; Win64; x64) AppleWebKit/537.36 (KHTML, like Gecko) Chrome/137.0.0.0 Safari/537.36"
117.206.66.99 - - [19/Jun/2025:05:46:53 +0000] "GET /wp-json/wp/v2/users/me?context=edit&_locale=user HTTP/2.0" 404 1354 "https://www.lapma.in/wp-admin/plugins.php?plugin=lapma-razorpay-integration%2Flapma-razorpay-integration.php" "Mozilla/5.0 (Windows NT 10.0; Win64; x64) AppleWebKit/537.36 (KHTML, like Gecko) Chrome/137.0.0.0 Safari/537.36"
117.206.66.99 - - [19/Jun/2025:05:46:53 +0000] "GET /wp-json/wc-admin/options?options=woocommerce_allow_tracking&_locale=user HTTP/2.0" 404 55 "https://www.lapma.in/wp-admin/plugins.php?plugin=lapma-razorpay-integration%2Flapma-razorpay-integration.php" "Mozilla/5.0 (Windows NT 10.0; Win64; x64) AppleWebKit/537.36 (KHTML, like Gecko) Chrome/137.0.0.0 Safari/537.36"
139.59.17.158 - - [19/Jun/2025:05:47:11 +0000] "POST /wp-cron.php?doing_wp_cron=1750312031.0575311183929443359375 HTTP/1.1" 200 - "-" "WordPress/6.8.1; https://www.lapma.in"
117.206.66.99 - - [19/Jun/2025:05:47:09 +0000] "GET /wp-admin/plugins.php?action=activate&plugin=lapma-razorpay-integration%2Flapma-razorpay-integration.php&plugin_status=all&paged=1&s&_wpnonce=36280bcbb9 HTTP/2.0" 302 381 "https://www.lapma.in/wp-admin/plugins.php?plugin=lapma-razorpay-integration%2Flapma-razorpay-integration.php" "Mozilla/5.0 (Windows NT 10.0; Win64; x64) AppleWebKit/537.36 (KHTML, like Gecko) Chrome/137.0.0.0 Safari/537.36"
117.206.66.99 - - [19/Jun/2025:05:47:11 +0000] "GET /wp-admin/plugins.php?error=true&plugin=lapma-razorpay-integration%2Flapma-razorpay-integration.php&_error_nonce=1cfe8fcfad HTTP/2.0" 200 69426 "https://www.lapma.in/wp-admin/plugins.php?plugin=lapma-razorpay-integration%2Flapma-razorpay-integration.php" "Mozilla/5.0 (Windows NT 10.0; Win64; x64) AppleWebKit/537.36 (KHTML, like Gecko) Chrome/137.0.0.0 Safari/537.36"
117.206.66.99 - - [19/Jun/2025:05:47:14 +0000] "GET /wp-json/wc-admin/options?options=woocommerce_allow_tracking&_locale=user HTTP/2.0" 404 55 "https://www.lapma.in/wp-admin/plugins.php?plugin=lapma-razorpay-integration%2Flapma-razorpay-integration.php" "Mozilla/5.0 (Windows NT 10.0; Win64; x64) AppleWebKit/537.36 (KHTML, like Gecko) Chrome/137.0.0.0 Safari/537.36"
117.206.66.99 - - [19/Jun/2025:05:47:14 +0000] "GET /wp-json/wp/v2/users/me?context=edit&_locale=user HTTP/2.0" 404 1354 "https://www.lapma.in/wp-admin/plugins.php?plugin=lapma-razorpay-integration%2Flapma-razorpay-integration.php" "Mozilla/5.0 (Windows NT 10.0; Win64; x64) AppleWebKit/537.36 (KHTML, like Gecko) Chrome/137.0.0.0 Safari/537.36"
117.206.66.99 - - [19/Jun/2025:05:48:01 +0000] "GET /wp-admin/admin.php?page=wp_file_manager HTTP/2.0" 200 18217 "https://www.lapma.in/wp-admin/plugins.php?plugin=lapma-razorpay-integration%2Flapma-razorpay-integration.php" "Mozilla/5.0 (Windows NT 10.0; Win64; x64) AppleWebKit/537.36 (KHTML, like Gecko) Chrome/137.0.0.0 Safari/537.36"
117.206.66.99 - - [19/Jun/2025:05:48:04 +0000] "GET /wp-content/plugins/wp-file-manager/js/file_manager_free_shortcode_admin.js?ver=3226 HTTP/2.0" 200 1267 "https://www.lapma.in/wp-admin/admin.php?page=wp_file_manager" "Mozilla/5.0 (Windows NT 10.0; Win64; x64) AppleWebKit/537.36 (KHTML, like Gecko) Chrome/137.0.0.0 Safari/537.36"
117.206.66.99 - - [19/Jun/2025:05:48:04 +0000] "GET /wp-admin/admin-ajax.php?action=mk_file_folder_manager&_wpnonce=0d82a4d706&networkhref=&cmd=open&target=l1_d3AtY29udGVudC9wbHVnaW5zL2xhcG1hLXJhem9ycGF5LWludGVncmF0aW9u&init=1&tree=1&_=1750312082754 HTTP/2.0" 200 979 "https://www.lapma.in/wp-admin/admin.php?page=wp_file_manager" "Mozilla/5.0 (Windows NT 10.0; Win64; x64) AppleWebKit/537.36 (KHTML, like Gecko) Chrome/137.0.0.0 Safari/537.36"
139.59.17.158 - - [19/Jun/2025:05:48:09 +0000] "POST /wp-cron.php?doing_wp_cron=1750312089.2040200233459472656250 HTTP/1.1" 200 - "-" "WordPress/6.8.1; https://www.lapma.in"
117.206.66.99 - - [19/Jun/2025:05:48:07 +0000] "GET /wp-admin/admin-ajax.php?action=mk_file_folder_manager&_wpnonce=0d82a4d706&networkhref=&cmd=parents&target=l1_d3AtY29udGVudC9wbHVnaW5zL2xhcG1hLXJhem9ycGF5LWludGVncmF0aW9u&reqid=19786bae71b36a HTTP/2.0" 200 1749 "https://www.lapma.in/wp-admin/admin.php?page=wp_file_manager" "Mozilla/5.0 (Windows NT 10.0; Win64; x64) AppleWebKit/537.36 (KHTML, like Gecko) Chrome/137.0.0.0 Safari/537.36"
139.59.17.158 - - [19/Jun/2025:05:49:07 +0000] "POST /wp-cron.php?doing_wp_cron=1750312147.6157069206237792968750 HTTP/1.1" 200 - "-" "WordPress/6.8.1; https://www.lapma.in"
117.206.66.99 - - [19/Jun/2025:05:49:05 +0000] "POST /wp-admin/admin-ajax.php HTTP/2.0" 200 67 "https://www.lapma.in/wp-admin/admin.php?page=wp_file_manager" "Mozilla/5.0 (Windows NT 10.0; Win64; x64) AppleWebKit/537.36 (KHTML, like Gecko) Chrome/137.0.0.0 Safari/537.36"
139.59.17.158 - - [19/Jun/2025:05:50:07 +0000] "POST /wp-cron.php?doing_wp_cron=1750312207.7560110092163085937500 HTTP/1.1" 200 - "-" "WordPress/6.8.1; https://www.lapma.in"
117.206.66.99 - - [19/Jun/2025:05:50:05 +0000] "POST /wp-admin/admin-ajax.php HTTP/2.0" 200 67 "https://www.lapma.in/wp-admin/admin.php?page=wp_file_manager" "Mozilla/5.0 (Windows NT 10.0; Win64; x64) AppleWebKit/537.36 (KHTML, like Gecko) Chrome/137.0.0.0 Safari/537.36"
139.59.17.158 - - [19/Jun/2025:05:51:09 +0000] "POST /wp-cron.php?doing_wp_cron=1750312269.3052990436553955078125 HTTP/1.1" 200 - "-" "WordPress/6.8.1; https://www.lapma.in"
117.206.66.99 - - [19/Jun/2025:05:51:07 +0000] "POST /wp-admin/admin-ajax.php HTTP/2.0" 200 67 "https://www.lapma.in/wp-admin/admin.php?page=wp_file_manager" "Mozilla/5.0 (Windows NT 10.0; Win64; x64) AppleWebKit/537.36 (KHTML, like Gecko) Chrome/137.0.0.0 Safari/537.36"
117.206.66.99 - - [19/Jun/2025:05:51:08 +0000] "GET /wp-admin/admin-ajax.php?action=mk_file_folder_manager&_wpnonce=0d82a4d706&networkhref=&cmd=open&target=l1_LndlbGwta25vd24&reqid=19786bdab8d174 HTTP/2.0" 200 644 "https://www.lapma.in/wp-admin/admin.php?page=wp_file_manager" "Mozilla/5.0 (Windows NT 10.0; Win64; x64) AppleWebKit/537.36 (KHTML, like Gecko) Chrome/137.0.0.0 Safari/537.36"
117.206.66.99 - - [19/Jun/2025:05:51:13 +0000] "GET /wp-admin/admin-ajax.php?action=mk_file_folder_manager&_wpnonce=0d82a4d706&networkhref=&cmd=open&target=l1_MzI0OTIx&reqid=19786bdbe0436a HTTP/2.0" 200 719 "https://www.lapma.in/wp-admin/admin.php?page=wp_file_manager" "Mozilla/5.0 (Windows NT 10.0; Win64; x64) AppleWebKit/537.36 (KHTML, like Gecko) Chrome/137.0.0.0 Safari/537.36"
117.206.66.99 - - [19/Jun/2025:05:51:20 +0000] "GET /wp-admin/admin-ajax.php?action=mk_file_folder_manager&_wpnonce=0d82a4d706&networkhref=&cmd=open&target=l1_MzI0OTIxLzMyNDkyMQ&reqid=19786bddc5b25 HTTP/2.0" 200 726 "https://www.lapma.in/wp-admin/admin.php?page=wp_file_manager" "Mozilla/5.0 (Windows NT 10.0; Win64; x64) AppleWebKit/537.36 (KHTML, like Gecko) Chrome/137.0.0.0 Safari/537.36"
117.206.66.99 - - [19/Jun/2025:05:51:32 +0000] "GET /wp-admin/admin-ajax.php?action=mk_file_folder_manager&_wpnonce=0d82a4d706&networkhref=&cmd=tree&target=l1_cGhwTXlBZG1pbg&reqid=19786be0a7733b HTTP/2.0" 200 336 "https://www.lapma.in/wp-admin/admin.php?page=wp_file_manager" "Mozilla/5.0 (Windows NT 10.0; Win64; x64) AppleWebKit/537.36 (KHTML, like Gecko) Chrome/137.0.0.0 Safari/537.36"
117.206.66.99 - - [19/Jun/2025:05:51:39 +0000] "GET /wp-admin/admin-ajax.php?action=mk_file_folder_manager&_wpnonce=0d82a4d706&networkhref=&cmd=open&target=l1_cGhwTXlBZG1pbg&reqid=19786be240513c HTTP/2.0" 200 1417 "https://www.lapma.in/wp-admin/admin.php?page=wp_file_manager" "Mozilla/5.0 (Windows NT 10.0; Win64; x64) AppleWebKit/537.36 (KHTML, like Gecko) Chrome/137.0.0.0 Safari/537.36"
117.206.66.99 - - [19/Jun/2025:05:51:47 +0000] "GET /wp-admin/admin-ajax.php?action=mk_file_folder_manager&_wpnonce=0d82a4d706&networkhref=&cmd=tree&target=l1_d3AtYWRtaW4&reqid=19786be43791e7 HTTP/2.0" 200 284 "https://www.lapma.in/wp-admin/admin.php?page=wp_file_manager" "Mozilla/5.0 (Windows NT 10.0; Win64; x64) AppleWebKit/537.36 (KHTML, like Gecko) Chrome/137.0.0.0 Safari/537.36"
117.206.66.99 - - [19/Jun/2025:05:52:00 +0000] "GET /wp-admin/admin-ajax.php?action=mk_file_folder_manager&_wpnonce=0d82a4d706&networkhref=&cmd=tree&target=l1_d3AtY29udGVudC9wbHVnaW5zL3dwLWZpbGUtbWFuYWdlcg&reqid=19786be78a61e7 HTTP/2.0" 200 303 "https://www.lapma.in/wp-admin/admin.php?page=wp_file_manager" "Mozilla/5.0 (Windows NT 10.0; Win64; x64) AppleWebKit/537.36 (KHTML, like Gecko) Chrome/137.0.0.0 Safari/537.36"
139.59.17.158 - - [19/Jun/2025:05:52:09 +0000] "POST /wp-cron.php?doing_wp_cron=1750312329.8166720867156982421875 HTTP/1.1" 200 - "-" "WordPress/6.8.1; https://www.lapma.in"
117.206.66.99 - - [19/Jun/2025:05:52:06 +0000] "POST /wp-admin/admin-ajax.php HTTP/2.0" 200 67 "https://www.lapma.in/wp-admin/admin.php?page=wp_file_manager" "Mozilla/5.0 (Windows NT 10.0; Win64; x64) AppleWebKit/537.36 (KHTML, like Gecko) Chrome/137.0.0.0 Safari/537.36"
117.206.66.99 - - [19/Jun/2025:05:52:07 +0000] "GET /wp-admin/admin-ajax.php?action=mk_file_folder_manager&_wpnonce=0d82a4d706&networkhref=&cmd=open&target=l1_d3AtaW5jbHVkZXM&reqid=19786be942bc3 HTTP/2.0" 200 6992 "https://www.lapma.in/wp-admin/admin.php?page=wp_file_manager" "Mozilla/5.0 (Windows NT 10.0; Win64; x64) AppleWebKit/537.36 (KHTML, like Gecko) Chrome/137.0.0.0 Safari/537.36"
117.206.66.99 - - [19/Jun/2025:05:52:29 +0000] "GET /wp-admin/admin-ajax.php?action=mk_file_folder_manager&_wpnonce=0d82a4d706&networkhref=&cmd=open&target=l1_d3AtYWRtaW4&reqid=19786bee7a7321 HTTP/2.0" 200 3033 "https://www.lapma.in/wp-admin/admin.php?page=wp_file_manager" "Mozilla/5.0 (Windows NT 10.0; Win64; x64) AppleWebKit/537.36 (KHTML, like Gecko) Chrome/137.0.0.0 Safari/537.36"
117.206.66.99 - - [19/Jun/2025:05:52:35 +0000] "GET /wp-admin/theme-editor.php HTTP/2.0" 200 21089 "https://www.lapma.in/wp-admin/admin.php?page=wp_file_manager" "Mozilla/5.0 (Windows NT 10.0; Win64; x64) AppleWebKit/537.36 (KHTML, like Gecko) Chrome/137.0.0.0 Safari/537.36"
139.59.17.158 - - [19/Jun/2025:05:53:33 +0000] "POST /wp-cron.php?doing_wp_cron=1750312413.5035638809204101562500 HTTP/1.1" 200 - "-" "WordPress/6.8.1; https://www.lapma.in"
117.206.66.99 - - [19/Jun/2025:05:53:31 +0000] "GET /wp-admin/admin.php?page=wp_file_manager HTTP/2.0" 200 18200 "https://www.lapma.in/wp-admin/theme-editor.php" "Mozilla/5.0 (Windows NT 10.0; Win64; x64) AppleWebKit/537.36 (KHTML, like Gecko) Chrome/137.0.0.0 Safari/537.36"
117.206.66.99 - - [19/Jun/2025:05:53:34 +0000] "GET /wp-content/plugins/wp-file-manager/js/file_manager_free_shortcode_admin.js?ver=4128 HTTP/2.0" 200 1267 "https://www.lapma.in/wp-admin/admin.php?page=wp_file_manager" "Mozilla/5.0 (Windows NT 10.0; Win64; x64) AppleWebKit/537.36 (KHTML, like Gecko) Chrome/137.0.0.0 Safari/537.36"
117.206.66.99 - - [19/Jun/2025:05:53:34 +0000] "GET /wp-admin/admin-ajax.php?action=mk_file_folder_manager&_wpnonce=0d82a4d706&networkhref=&cmd=open&target=l1_d3AtYWRtaW4&init=1&tree=1&_=1750312412515 HTTP/2.0" 200 3335 "https://www.lapma.in/wp-admin/admin.php?page=wp_file_manager" "Mozilla/5.0 (Windows NT 10.0; Win64; x64) AppleWebKit/537.36 (KHTML, like Gecko) Chrome/137.0.0.0 Safari/537.36"
117.206.66.99 - - [19/Jun/2025:05:53:36 +0000] "GET /wp-admin/admin-ajax.php?action=mk_file_folder_manager&_wpnonce=0d82a4d706&networkhref=&cmd=tree&target=l1_Lw&reqid=19786bfef72228 HTTP/2.0" 200 837 "https://www.lapma.in/wp-admin/admin.php?page=wp_file_manager" "Mozilla/5.0 (Windows NT 10.0; Win64; x64) AppleWebKit/537.36 (KHTML, like Gecko) Chrome/137.0.0.0 Safari/537.36"
139.59.17.158 - - [19/Jun/2025:05:54:18 +0000] "POST /wp-cron.php?doing_wp_cron=1750312458.6424560546875000000000 HTTP/1.1" 200 - "-" "WordPress/6.8.1; https://www.lapma.in"
117.206.66.99 - - [19/Jun/2025:05:54:16 +0000] "GET /wp-admin/admin-ajax.php?action=mk_file_folder_manager&_wpnonce=0d82a4d706&networkhref=&cmd=open&target=l1_Lw&reqid=19786c08b1ec9 HTTP/2.0" 200 1526 "https://www.lapma.in/wp-admin/admin.php?page=wp_file_manager" "Mozilla/5.0 (Windows NT 10.0; Win64; x64) AppleWebKit/537.36 (KHTML, like Gecko) Chrome/137.0.0.0 Safari/537.36"
117.206.66.99 - - [19/Jun/2025:05:54:33 +0000] "GET /wp-admin/admin-ajax.php?action=mk_file_folder_manager&_wpnonce=0d82a4d706&networkhref=&cmd=get&target=l1_d3AtY29uZmlnLnBocA&conv=0&_t=1748672858 HTTP/2.0" 200 1856 "https://www.lapma.in/wp-admin/admin.php?page=wp_file_manager" "Mozilla/5.0 (Windows NT 10.0; Win64; x64) AppleWebKit/537.36 (KHTML, like Gecko) Chrome/137.0.0.0 Safari/537.36"
117.206.66.99 - - [19/Jun/2025:05:54:34 +0000] "POST /wp-admin/admin-ajax.php HTTP/2.0" 200 67 "https://www.lapma.in/wp-admin/admin.php?page=wp_file_manager" "Mozilla/5.0 (Windows NT 10.0; Win64; x64) AppleWebKit/537.36 (KHTML, like Gecko) Chrome/137.0.0.0 Safari/537.36"
139.59.17.158 - - [19/Jun/2025:05:55:37 +0000] "POST /wp-cron.php?doing_wp_cron=1750312537.5598950386047363281250 HTTP/1.1" 200 - "-" "WordPress/6.8.1; https://www.lapma.in"
117.206.66.99 - - [19/Jun/2025:05:55:35 +0000] "POST /wp-admin/admin-ajax.php HTTP/2.0" 200 67 "https://www.lapma.in/wp-admin/admin.php?page=wp_file_manager" "Mozilla/5.0 (Windows NT 10.0; Win64; x64) AppleWebKit/537.36 (KHTML, like Gecko) Chrome/137.0.0.0 Safari/537.36"
139.59.17.158 - - [19/Jun/2025:05:56:33 +0000] "POST /wp-cron.php?doing_wp_cron=1750312593.9282999038696289062500 HTTP/1.1" 200 - "-" "WordPress/6.8.1; https://www.lapma.in"
117.206.66.99 - - [19/Jun/2025:05:56:31 +0000] "POST /wp-admin/admin-ajax.php HTTP/2.0" 200 159 "https://www.lapma.in/wp-admin/admin.php?page=wp_file_manager" "Mozilla/5.0 (Windows NT 10.0; Win64; x64) AppleWebKit/537.36 (KHTML, like Gecko) Chrome/137.0.0.0 Safari/537.36"
117.206.66.99 - - [19/Jun/2025:05:56:35 +0000] "POST /wp-admin/admin-ajax.php HTTP/2.0" 200 67 "https://www.lapma.in/wp-admin/admin.php?page=wp_file_manager" "Mozilla/5.0 (Windows NT 10.0; Win64; x64) AppleWebKit/537.36 (KHTML, like Gecko) Chrome/137.0.0.0 Safari/537.36"
117.206.66.99 - - [19/Jun/2025:05:56:38 +0000] "GET /wp-admin/plugins.php HTTP/2.0" 200 69232 "https://www.lapma.in/wp-admin/admin.php?page=wp_file_manager" "Mozilla/5.0 (Windows NT 10.0; Win64; x64) AppleWebKit/537.36 (KHTML, like Gecko) Chrome/137.0.0.0 Safari/537.36"
117.206.66.99 - - [19/Jun/2025:05:56:41 +0000] "GET /wp-json/wp/v2/users/me?context=edit&_locale=user HTTP/2.0" 404 1354 "https://www.lapma.in/wp-admin/plugins.php" "Mozilla/5.0 (Windows NT 10.0; Win64; x64) AppleWebKit/537.36 (KHTML, like Gecko) Chrome/137.0.0.0 Safari/537.36"
