129.146.4.238 - - [27/Jun/2025:13:33:43 +0000] "POST //wp-login.php HTTP/1.1" 200 6516 "https://www.lapma.in//wp-login.php" "Mozilla/5.0 (Windows NT 10.0; Win64; x64) AppleWebKit/537.36 (KHTML, like Gecko) Chrome/131.0.0.0 Safari/537.36"
129.146.4.238 - - [27/Jun/2025:13:33:46 +0000] "POST //wp-login.php HTTP/1.1" 200 6516 "https://www.lapma.in//wp-login.php" "Mozilla/5.0 (Windows NT 10.0; Win64; x64) AppleWebKit/537.36 (KHTML, like Gecko) Chrome/131.0.0.0 Safari/537.36"
129.146.4.238 - - [27/Jun/2025:13:33:50 +0000] "POST //wp-login.php HTTP/1.1" 200 6516 "https://www.lapma.in//wp-login.php" "Mozilla/5.0 (Windows NT 10.0; Win64; x64) AppleWebKit/537.36 (KHTML, like Gecko) Chrome/131.0.0.0 Safari/537.36"
129.146.4.238 - - [27/Jun/2025:13:33:53 +0000] "POST //wp-login.php HTTP/1.1" 200 6516 "https://www.lapma.in//wp-login.php" "Mozilla/5.0 (Windows NT 10.0; Win64; x64) AppleWebKit/537.36 (KHTML, like Gecko) Chrome/131.0.0.0 Safari/537.36"
129.146.4.238 - - [27/Jun/2025:13:33:56 +0000] "POST //wp-login.php HTTP/1.1" 200 6516 "https://www.lapma.in//wp-login.php" "Mozilla/5.0 (Windows NT 10.0; Win64; x64) AppleWebKit/537.36 (KHTML, like Gecko) Chrome/131.0.0.0 Safari/537.36"
129.146.4.238 - - [27/Jun/2025:13:33:59 +0000] "POST //wp-login.php HTTP/1.1" 200 6516 "https://www.lapma.in//wp-login.php" "Mozilla/5.0 (Windows NT 10.0; Win64; x64) AppleWebKit/537.36 (KHTML, like Gecko) Chrome/131.0.0.0 Safari/537.36"
129.146.4.238 - - [27/Jun/2025:13:34:03 +0000] "POST //wp-login.php HTTP/1.1" 200 6516 "https://www.lapma.in//wp-login.php" "Mozilla/5.0 (Windows NT 10.0; Win64; x64) AppleWebKit/537.36 (KHTML, like Gecko) Chrome/131.0.0.0 Safari/537.36"
139.59.17.158 - - [27/Jun/2025:13:34:08 +0000] "POST /wp-cron.php?doing_wp_cron=1751031248.0529959201812744140625 HTTP/1.1" 200 - "-" "WordPress/6.8.1; https://www.lapma.in"
129.146.4.238 - - [27/Jun/2025:13:34:06 +0000] "POST //wp-login.php HTTP/1.1" 200 6516 "https://www.lapma.in//wp-login.php" "Mozilla/5.0 (Windows NT 10.0; Win64; x64) AppleWebKit/537.36 (KHTML, like Gecko) Chrome/131.0.0.0 Safari/537.36"
129.146.4.238 - - [27/Jun/2025:13:34:09 +0000] "POST //wp-login.php HTTP/1.1" 200 6516 "https://www.lapma.in//wp-login.php" "Mozilla/5.0 (Windows NT 10.0; Win64; x64) AppleWebKit/537.36 (KHTML, like Gecko) Chrome/131.0.0.0 Safari/537.36"
129.146.4.238 - - [27/Jun/2025:13:34:12 +0000] "POST //wp-login.php HTTP/1.1" 200 6516 "https://www.lapma.in//wp-login.php" "Mozilla/5.0 (Windows NT 10.0; Win64; x64) AppleWebKit/537.36 (KHTML, like Gecko) Chrome/131.0.0.0 Safari/537.36"
129.146.4.238 - - [27/Jun/2025:13:34:15 +0000] "POST //wp-login.php HTTP/1.1" 200 6516 "https://www.lapma.in//wp-login.php" "Mozilla/5.0 (Windows NT 10.0; Win64; x64) AppleWebKit/537.36 (KHTML, like Gecko) Chrome/131.0.0.0 Safari/537.36"
129.146.4.238 - - [27/Jun/2025:13:34:18 +0000] "POST //wp-login.php HTTP/1.1" 200 6516 "https://www.lapma.in//wp-login.php" "Mozilla/5.0 (Windows NT 10.0; Win64; x64) AppleWebKit/537.36 (KHTML, like Gecko) Chrome/131.0.0.0 Safari/537.36"
129.146.4.238 - - [27/Jun/2025:13:34:21 +0000] "POST //wp-login.php HTTP/1.1" 200 6516 "https://www.lapma.in//wp-login.php" "Mozilla/5.0 (Windows NT 10.0; Win64; x64) AppleWebKit/537.36 (KHTML, like Gecko) Chrome/131.0.0.0 Safari/537.36"
129.146.4.238 - - [27/Jun/2025:13:34:24 +0000] "POST //wp-login.php HTTP/1.1" 200 6516 "https://www.lapma.in//wp-login.php" "Mozilla/5.0 (Windows NT 10.0; Win64; x64) AppleWebKit/537.36 (KHTML, like Gecko) Chrome/131.0.0.0 Safari/537.36"
129.146.4.238 - - [27/Jun/2025:13:34:27 +0000] "POST //wp-login.php HTTP/1.1" 200 6516 "https://www.lapma.in//wp-login.php" "Mozilla/5.0 (Windows NT 10.0; Win64; x64) AppleWebKit/537.36 (KHTML, like Gecko) Chrome/131.0.0.0 Safari/537.36"
129.146.4.238 - - [27/Jun/2025:13:34:30 +0000] "POST //wp-login.php HTTP/1.1" 200 6516 "https://www.lapma.in//wp-login.php" "Mozilla/5.0 (Windows NT 10.0; Win64; x64) AppleWebKit/537.36 (KHTML, like Gecko) Chrome/131.0.0.0 Safari/537.36"
129.146.4.238 - - [27/Jun/2025:13:34:34 +0000] "POST //wp-login.php HTTP/1.1" 200 6516 "https://www.lapma.in//wp-login.php" "Mozilla/5.0 (Windows NT 10.0; Win64; x64) AppleWebKit/537.36 (KHTML, like Gecko) Chrome/131.0.0.0 Safari/537.36"
129.146.4.238 - - [27/Jun/2025:13:34:37 +0000] "POST //wp-login.php HTTP/1.1" 200 6516 "https://www.lapma.in//wp-login.php" "Mozilla/5.0 (Windows NT 10.0; Win64; x64) AppleWebKit/537.36 (KHTML, like Gecko) Chrome/131.0.0.0 Safari/537.36"
129.146.4.238 - - [27/Jun/2025:13:34:40 +0000] "POST //wp-login.php HTTP/1.1" 200 6516 "https://www.lapma.in//wp-login.php" "Mozilla/5.0 (Windows NT 10.0; Win64; x64) AppleWebKit/537.36 (KHTML, like Gecko) Chrome/131.0.0.0 Safari/537.36"
129.146.4.238 - - [27/Jun/2025:13:34:43 +0000] "POST //wp-login.php HTTP/1.1" 200 6516 "https://www.lapma.in//wp-login.php" "Mozilla/5.0 (Windows NT 10.0; Win64; x64) AppleWebKit/537.36 (KHTML, like Gecko) Chrome/131.0.0.0 Safari/537.36"
129.146.4.238 - - [27/Jun/2025:13:34:47 +0000] "POST //wp-login.php HTTP/1.1" 200 6516 "https://www.lapma.in//wp-login.php" "Mozilla/5.0 (Windows NT 10.0; Win64; x64) AppleWebKit/537.36 (KHTML, like Gecko) Chrome/131.0.0.0 Safari/537.36"
129.146.4.238 - - [27/Jun/2025:13:34:50 +0000] "POST //wp-login.php HTTP/1.1" 200 6516 "https://www.lapma.in//wp-login.php" "Mozilla/5.0 (Windows NT 10.0; Win64; x64) AppleWebKit/537.36 (KHTML, like Gecko) Chrome/131.0.0.0 Safari/537.36"
103.78.16.215 - - [27/Jun/2025:13:34:53 +0000] "POST /wp-admin/admin-ajax.php HTTP/2.0" 200 67 "https://www.lapma.in/wp-admin/theme-editor.php?file=functions.php&theme=lapma" "Mozilla/5.0 (Windows NT 10.0; Win64; x64) AppleWebKit/537.36 (KHTML, like Gecko) Chrome/137.0.0.0 Safari/537.36"
129.146.4.238 - - [27/Jun/2025:13:34:53 +0000] "POST //wp-login.php HTTP/1.1" 200 6516 "https://www.lapma.in//wp-login.php" "Mozilla/5.0 (Windows NT 10.0; Win64; x64) AppleWebKit/537.36 (KHTML, like Gecko) Chrome/131.0.0.0 Safari/537.36"
129.146.4.238 - - [27/Jun/2025:13:34:57 +0000] "POST //wp-login.php HTTP/1.1" 200 6516 "https://www.lapma.in//wp-login.php" "Mozilla/5.0 (Windows NT 10.0; Win64; x64) AppleWebKit/537.36 (KHTML, like Gecko) Chrome/131.0.0.0 Safari/537.36"
139.59.17.158 - - [27/Jun/2025:13:35:00 +0000] "GET /wp-admin/theme-editor.php?theme=lapma&file=functions.php&wp_scrape_key=84dac2f2b8430fe526f50837b8ddce3f&wp_scrape_nonce=1335733033 HTTP/1.1" 200 46025 "-" "WordPress/6.8.1; https://www.lapma.in"
129.146.4.238 - - [27/Jun/2025:13:35:02 +0000] "POST //wp-login.php HTTP/1.1" 200 6516 "https://www.lapma.in//wp-login.php" "Mozilla/5.0 (Windows NT 10.0; Win64; x64) AppleWebKit/537.36 (KHTML, like Gecko) Chrome/131.0.0.0 Safari/537.36"
139.59.17.158 - - [27/Jun/2025:13:35:08 +0000] "POST /wp-cron.php?doing_wp_cron=1751031308.1489479541778564453125 HTTP/1.1" 200 - "-" "WordPress/6.8.1; https://www.lapma.in"
139.59.17.158 - - [27/Jun/2025:13:35:05 +0000] "GET /?wp_scrape_key=84dac2f2b8430fe526f50837b8ddce3f&wp_scrape_nonce=1335733033 HTTP/1.1" 404 13019 "-" "WordPress/6.8.1; https://www.lapma.in"
103.78.16.215 - - [27/Jun/2025:13:34:56 +0000] "POST /wp-admin/admin-ajax.php HTTP/2.0" 200 77 "https://www.lapma.in/wp-admin/theme-editor.php?file=functions.php&theme=lapma" "Mozilla/5.0 (Windows NT 10.0; Win64; x64) AppleWebKit/537.36 (KHTML, like Gecko) Chrome/137.0.0.0 Safari/537.36"
129.146.4.238 - - [27/Jun/2025:13:35:06 +0000] "POST //wp-login.php HTTP/1.1" 200 6516 "https://www.lapma.in//wp-login.php" "Mozilla/5.0 (Windows NT 10.0; Win64; x64) AppleWebKit/537.36 (KHTML, like Gecko) Chrome/131.0.0.0 Safari/537.36"
129.146.4.238 - - [27/Jun/2025:13:35:10 +0000] "POST //wp-login.php HTTP/1.1" 200 6516 "https://www.lapma.in//wp-login.php" "Mozilla/5.0 (Windows NT 10.0; Win64; x64) AppleWebKit/537.36 (KHTML, like Gecko) Chrome/131.0.0.0 Safari/537.36"
129.146.4.238 - - [27/Jun/2025:13:35:13 +0000] "POST //wp-login.php HTTP/1.1" 200 6516 "https://www.lapma.in//wp-login.php" "Mozilla/5.0 (Windows NT 10.0; Win64; x64) AppleWebKit/537.36 (KHTML, like Gecko) Chrome/131.0.0.0 Safari/537.36"
129.146.4.238 - - [27/Jun/2025:13:35:17 +0000] "POST //wp-login.php HTTP/1.1" 200 6516 "https://www.lapma.in//wp-login.php" "Mozilla/5.0 (Windows NT 10.0; Win64; x64) AppleWebKit/537.36 (KHTML, like Gecko) Chrome/131.0.0.0 Safari/537.36"
129.146.4.238 - - [27/Jun/2025:13:35:20 +0000] "POST //wp-login.php HTTP/1.1" 200 6516 "https://www.lapma.in//wp-login.php" "Mozilla/5.0 (Windows NT 10.0; Win64; x64) AppleWebKit/537.36 (KHTML, like Gecko) Chrome/131.0.0.0 Safari/537.36"
129.146.4.238 - - [27/Jun/2025:13:35:23 +0000] "POST //wp-login.php HTTP/1.1" 200 6516 "https://www.lapma.in//wp-login.php" "Mozilla/5.0 (Windows NT 10.0; Win64; x64) AppleWebKit/537.36 (KHTML, like Gecko) Chrome/131.0.0.0 Safari/537.36"
129.146.4.238 - - [27/Jun/2025:13:35:27 +0000] "POST //wp-login.php HTTP/1.1" 200 6516 "https://www.lapma.in//wp-login.php" "Mozilla/5.0 (Windows NT 10.0; Win64; x64) AppleWebKit/537.36 (KHTML, like Gecko) Chrome/131.0.0.0 Safari/537.36"
103.78.16.215 - - [27/Jun/2025:13:35:53 +0000] "POST /wp-admin/admin-ajax.php HTTP/2.0" 200 67 "https://www.lapma.in/wp-admin/theme-editor.php?file=functions.php&theme=lapma" "Mozilla/5.0 (Windows NT 10.0; Win64; x64) AppleWebKit/537.36 (KHTML, like Gecko) Chrome/137.0.0.0 Safari/537.36"
139.59.17.158 - - [27/Jun/2025:13:36:56 +0000] "POST /wp-cron.php?doing_wp_cron=1751031416.1947610378265380859375 HTTP/1.1" 200 - "-" "WordPress/6.8.1; https://www.lapma.in"
103.78.16.215 - - [27/Jun/2025:13:36:54 +0000] "POST /wp-admin/admin-ajax.php HTTP/2.0" 200 67 "https://www.lapma.in/wp-admin/theme-editor.php?file=functions.php&theme=lapma" "Mozilla/5.0 (Windows NT 10.0; Win64; x64) AppleWebKit/537.36 (KHTML, like Gecko) Chrome/137.0.0.0 Safari/537.36"
139.59.17.158 - - [27/Jun/2025:13:38:01 +0000] "POST /wp-cron.php?doing_wp_cron=1751031481.1565439701080322265625 HTTP/1.1" 200 - "-" "WordPress/6.8.1; https://www.lapma.in"
103.78.16.215 - - [27/Jun/2025:13:37:56 +0000] "POST /wp-admin/admin-ajax.php HTTP/2.0" 200 67 "https://www.lapma.in/wp-admin/theme-editor.php?file=functions.php&theme=lapma" "Mozilla/5.0 (Windows NT 10.0; Win64; x64) AppleWebKit/537.36 (KHTML, like Gecko) Chrome/137.0.0.0 Safari/537.36"
139.59.17.158 - - [27/Jun/2025:13:39:58 +0000] "POST /wp-cron.php?doing_wp_cron=1751031598.0145530700683593750000 HTTP/1.1" 200 - "-" "WordPress/6.8.1; https://www.lapma.in"
103.78.16.215 - - [27/Jun/2025:13:39:56 +0000] "POST /wp-admin/admin-ajax.php HTTP/2.0" 200 67 "https://www.lapma.in/wp-admin/theme-editor.php?file=functions.php&theme=lapma" "Mozilla/5.0 (Windows NT 10.0; Win64; x64) AppleWebKit/537.36 (KHTML, like Gecko) Chrome/137.0.0.0 Safari/537.36"
139.59.17.158 - - [27/Jun/2025:13:41:59 +0000] "POST /wp-cron.php?doing_wp_cron=1751031719.7498509883880615234375 HTTP/1.1" 200 - "-" "WordPress/6.8.1; https://www.lapma.in"
103.78.16.215 - - [27/Jun/2025:13:41:58 +0000] "POST /wp-admin/admin-ajax.php HTTP/2.0" 200 67 "https://www.lapma.in/wp-admin/theme-editor.php?file=functions.php&theme=lapma" "Mozilla/5.0 (Windows NT 10.0; Win64; x64) AppleWebKit/537.36 (KHTML, like Gecko) Chrome/137.0.0.0 Safari/537.36"
139.59.17.158 - - [27/Jun/2025:13:42:22 +0000] "POST /wp-cron.php?doing_wp_cron=1751031742.7015531063079833984375 HTTP/1.1" 200 - "-" "WordPress/6.8.1; https://www.lapma.in"
103.78.16.215 - - [27/Jun/2025:13:42:20 +0000] "POST /wp-admin/admin-ajax.php HTTP/1.1" 400 21 "-" "Dart/3.6 (dart:io)"
103.78.16.215 - - [27/Jun/2025:13:42:45 +0000] "POST /wp-admin/admin-ajax.php HTTP/1.1" 400 21 "-" "Dart/3.6 (dart:io)"
139.59.17.158 - - [27/Jun/2025:13:43:08 +0000] "POST /wp-cron.php?doing_wp_cron=1751031788.3178660869598388671875 HTTP/1.1" 200 - "-" "WordPress/6.8.1; https://www.lapma.in"
103.78.16.215 - - [27/Jun/2025:13:43:06 +0000] "POST /wp-admin/admin-ajax.php HTTP/2.0" 200 67 "https://www.lapma.in/wp-admin/theme-editor.php?file=functions.php&theme=lapma" "Mozilla/5.0 (Windows NT 10.0; Win64; x64) AppleWebKit/537.36 (KHTML, like Gecko) Chrome/137.0.0.0 Safari/537.36"
139.59.17.158 - - [27/Jun/2025:13:44:18 +0000] "POST /wp-cron.php?doing_wp_cron=1751031858.7209610939025878906250 HTTP/1.1" 200 - "-" "WordPress/6.8.1; https://www.lapma.in"
103.78.16.215 - - [27/Jun/2025:13:44:16 +0000] "POST /wp-admin/admin-ajax.php HTTP/1.1" 400 21 "-" "Dart/3.6 (dart:io)"
103.78.16.215 - - [27/Jun/2025:13:44:35 +0000] "POST /wp-admin/admin-ajax.php HTTP/2.0" 200 67 "https://www.lapma.in/wp-admin/theme-editor.php?file=functions.php&theme=lapma" "Mozilla/5.0 (Windows NT 10.0; Win64; x64) AppleWebKit/537.36 (KHTML, like Gecko) Chrome/137.0.0.0 Safari/537.36"
139.59.17.158 - - [27/Jun/2025:13:45:38 +0000] "POST /wp-cron.php?doing_wp_cron=1751031938.3718500137329101562500 HTTP/1.1" 200 - "-" "WordPress/6.8.1; https://www.lapma.in"
103.78.16.215 - - [27/Jun/2025:13:45:36 +0000] "POST /wp-admin/admin-ajax.php HTTP/2.0" 200 67 "https://www.lapma.in/wp-admin/theme-editor.php?file=functions.php&theme=lapma" "Mozilla/5.0 (Windows NT 10.0; Win64; x64) AppleWebKit/537.36 (KHTML, like Gecko) Chrome/137.0.0.0 Safari/537.36"
139.59.17.158 - - [27/Jun/2025:13:47:14 +0000] "POST /wp-cron.php?doing_wp_cron=1751032034.3411450386047363281250 HTTP/1.1" 200 - "-" "WordPress/6.8.1; https://www.lapma.in"
103.78.16.215 - - [27/Jun/2025:13:47:12 +0000] "POST /wp-admin/admin-ajax.php HTTP/2.0" 200 67 "https://www.lapma.in/wp-admin/theme-editor.php?file=functions.php&theme=lapma" "Mozilla/5.0 (Windows NT 10.0; Win64; x64) AppleWebKit/537.36 (KHTML, like Gecko) Chrome/137.0.0.0 Safari/537.36"
139.59.17.158 - - [27/Jun/2025:13:47:25 +0000] "GET /wp-admin/theme-editor.php?theme=lapma&file=functions.php&wp_scrape_key=384c825ed9388825241e0734664423b9&wp_scrape_nonce=767066693 HTTP/1.1" 200 46661 "-" "WordPress/6.8.1; https://www.lapma.in"
139.59.17.158 - - [27/Jun/2025:13:47:28 +0000] "GET /?wp_scrape_key=384c825ed9388825241e0734664423b9&wp_scrape_nonce=767066693 HTTP/1.1" 404 13018 "-" "WordPress/6.8.1; https://www.lapma.in"
103.78.16.215 - - [27/Jun/2025:13:47:22 +0000] "POST /wp-admin/admin-ajax.php HTTP/2.0" 200 77 "https://www.lapma.in/wp-admin/theme-editor.php?file=functions.php&theme=lapma" "Mozilla/5.0 (Windows NT 10.0; Win64; x64) AppleWebKit/537.36 (KHTML, like Gecko) Chrome/137.0.0.0 Safari/537.36"
139.59.17.158 - - [27/Jun/2025:13:48:14 +0000] "POST /wp-cron.php?doing_wp_cron=1751032094.3767559528350830078125 HTTP/1.1" 200 - "-" "WordPress/6.8.1; https://www.lapma.in"
103.78.16.215 - - [27/Jun/2025:13:48:12 +0000] "POST /wp-admin/admin-ajax.php HTTP/2.0" 200 67 "https://www.lapma.in/wp-admin/theme-editor.php?file=functions.php&theme=lapma" "Mozilla/5.0 (Windows NT 10.0; Win64; x64) AppleWebKit/537.36 (KHTML, like Gecko) Chrome/137.0.0.0 Safari/537.36"
139.59.17.158 - - [27/Jun/2025:13:49:14 +0000] "POST /wp-cron.php?doing_wp_cron=1751032154.2522110939025878906250 HTTP/1.1" 200 - "-" "WordPress/6.8.1; https://www.lapma.in"
103.78.16.215 - - [27/Jun/2025:13:49:12 +0000] "POST /wp-admin/admin-ajax.php HTTP/2.0" 200 67 "https://www.lapma.in/wp-admin/theme-editor.php?file=functions.php&theme=lapma" "Mozilla/5.0 (Windows NT 10.0; Win64; x64) AppleWebKit/537.36 (KHTML, like Gecko) Chrome/137.0.0.0 Safari/537.36"
139.59.17.158 - - [27/Jun/2025:13:49:38 +0000] "GET /wp-admin/theme-editor.php?theme=lapma&file=functions.php&wp_scrape_key=bae33c7bab981eb2ed1e3faf9aa5d4bb&wp_scrape_nonce=1472267093 HTTP/1.1" 500 214 "-" "WordPress/6.8.1; https://www.lapma.in"
103.78.16.215 - - [27/Jun/2025:13:49:35 +0000] "POST /wp-admin/admin-ajax.php HTTP/2.0" 200 180 "https://www.lapma.in/wp-admin/theme-editor.php?file=functions.php&theme=lapma" "Mozilla/5.0 (Windows NT 10.0; Win64; x64) AppleWebKit/537.36 (KHTML, like Gecko) Chrome/137.0.0.0 Safari/537.36"
139.59.17.158 - - [27/Jun/2025:13:50:52 +0000] "POST /wp-cron.php?doing_wp_cron=1751032252.1245279312133789062500 HTTP/1.1" 200 - "-" "WordPress/6.8.1; https://www.lapma.in"
139.59.17.158 - - [27/Jun/2025:13:50:52 +0000] "GET /wp-admin/theme-editor.php?theme=lapma&file=functions.php&wp_scrape_key=f9ee086a5e5eecbd802fd7ebef22cbd9&wp_scrape_nonce=504476235 HTTP/1.1" 200 46651 "-" "WordPress/6.8.1; https://www.lapma.in"
139.59.17.158 - - [27/Jun/2025:13:50:55 +0000] "GET /?wp_scrape_key=f9ee086a5e5eecbd802fd7ebef22cbd9&wp_scrape_nonce=504476235 HTTP/1.1" 404 13018 "-" "WordPress/6.8.1; https://www.lapma.in"
103.78.16.215 - - [27/Jun/2025:13:50:50 +0000] "POST /wp-admin/admin-ajax.php HTTP/2.0" 200 77 "https://www.lapma.in/wp-admin/theme-editor.php?file=functions.php&theme=lapma" "Mozilla/5.0 (Windows NT 10.0; Win64; x64) AppleWebKit/537.36 (KHTML, like Gecko) Chrome/137.0.0.0 Safari/537.36"
139.59.17.158 - - [27/Jun/2025:13:51:15 +0000] "POST /wp-cron.php?doing_wp_cron=1751032275.5319290161132812500000 HTTP/1.1" 200 - "-" "WordPress/6.8.1; https://www.lapma.in"
103.78.16.215 - - [27/Jun/2025:13:51:15 +0000] "POST /wp-admin/admin-ajax.php HTTP/2.0" 200 67 "https://www.lapma.in/wp-admin/theme-editor.php?file=functions.php&theme=lapma" "Mozilla/5.0 (Windows NT 10.0; Win64; x64) AppleWebKit/537.36 (KHTML, like Gecko) Chrome/137.0.0.0 Safari/537.36"
103.78.16.215 - - [27/Jun/2025:13:51:13 +0000] "POST /wp-json/custom/v1/forgot-password HTTP/1.1" 404 83 "-" "Dart/3.6 (dart:io)"
103.78.16.215 - - [27/Jun/2025:13:51:43 +0000] "POST /wp-json/custom/v1/forgot-password HTTP/1.1" 404 83 "-" "Dart/3.6 (dart:io)"
139.59.17.158 - - [27/Jun/2025:13:53:17 +0000] "POST /wp-cron.php?doing_wp_cron=1751032397.1909129619598388671875 HTTP/1.1" 200 - "-" "WordPress/6.8.1; https://www.lapma.in"
103.78.16.215 - - [27/Jun/2025:13:53:15 +0000] "POST /wp-admin/admin-ajax.php HTTP/2.0" 200 67 "https://www.lapma.in/wp-admin/theme-editor.php?file=functions.php&theme=lapma" "Mozilla/5.0 (Windows NT 10.0; Win64; x64) AppleWebKit/537.36 (KHTML, like Gecko) Chrome/137.0.0.0 Safari/537.36"
64.140.170.196 - - [27/Jun/2025:13:53:54 +0000] "GET / HTTP/1.1" 301 283 "-" "Mozilla/5.0 (Macintosh; Intel Mac OS X 10_15_7; rv:129.0) Gecko/20100101 Firefox/129.0"
139.59.17.158 - - [27/Jun/2025:13:53:58 +0000] "POST /wp-cron.php?doing_wp_cron=1751032438.1331620216369628906250 HTTP/1.1" 200 - "-" "WordPress/6.8.1; https://www.lapma.in"
64.140.170.196 - - [27/Jun/2025:13:53:55 +0000] "GET / HTTP/2.0" 301 - "http://lapma.in" "Mozilla/5.0 (Macintosh; Intel Mac OS X 10_15_7; rv:129.0) Gecko/20100101 Firefox/129.0"
64.140.170.196 - - [27/Jun/2025:13:53:58 +0000] "GET / HTTP/2.0" 404 9910 "https://lapma.in/" "Mozilla/5.0 (Macintosh; Intel Mac OS X 10_15_7; rv:129.0) Gecko/20100101 Firefox/129.0"
64.140.170.196 - - [27/Jun/2025:13:54:03 +0000] "GET /index.php?rest_route=/wp/v2/users HTTP/2.0" 404 560 "https://www.lapma.in" "Mozilla/5.0 (Windows NT 10.0; Win64; x64) AppleWebKit/537.36 (KHTML, like Gecko) Chrome/113.0.5672.126 Safari/537.36 Edg/113.0.1774.50"
139.59.17.158 - - [27/Jun/2025:13:54:08 +0000] "POST /wp-cron.php HTTP/1.1" 200 - "-" "WordPress/6.8.1; https://www.lapma.in"
139.59.17.158 - - [27/Jun/2025:13:54:08 +0000] "GET / HTTP/1.1" 404 9909 "-" "WordPress/6.8.1; https://www.lapma.in"
139.59.17.158 - - [27/Jun/2025:13:54:10 +0000] "GET / HTTP/1.1" 404 9910 "-" "WordPress/6.8.1; https://www.lapma.in"
139.59.17.158 - - [27/Jun/2025:13:54:42 +0000] "POST /wp-cron.php?doing_wp_cron=1751032482.8250160217285156250000 HTTP/1.1" 200 - "-" "WordPress/6.8.1; https://www.lapma.in"
103.78.16.215 - - [27/Jun/2025:13:54:40 +0000] "POST /wp-admin/admin-ajax.php HTTP/2.0" 200 67 "https://www.lapma.in/wp-admin/theme-editor.php?file=functions.php&theme=lapma" "Mozilla/5.0 (Windows NT 10.0; Win64; x64) AppleWebKit/537.36 (KHTML, like Gecko) Chrome/137.0.0.0 Safari/537.36"
139.59.17.158 - - [27/Jun/2025:13:55:19 +0000] "POST /wp-cron.php?doing_wp_cron=1751032519.9239509105682373046875 HTTP/1.1" 200 - "-" "WordPress/6.8.1; https://www.lapma.in"
103.78.16.215 - - [27/Jun/2025:13:55:17 +0000] "POST /wp-json/custom/v1/forgot-password HTTP/1.1" 404 83 "-" "Dart/3.6 (dart:io)"
77.237.238.168 - - [27/Jun/2025:13:55:33 +0000] "GET / HTTP/1.1" 301 291 "https://www.google.co.in" "Mozilla/5.0 (Windows NT 10.0; Win64; x64; rv:128.0) Gecko/20100101 Firefox/128.0"
77.237.238.168 - - [27/Jun/2025:13:55:33 +0000] "GET / HTTP/2.0" 404 9910 "https://www.google.co.in" "Mozilla/5.0 (Windows NT 10.0; Win64; x64; rv:128.0) Gecko/20100101 Firefox/128.0"
77.237.238.168 - - [27/Jun/2025:13:55:36 +0000] "GET /index.php?rest_route=/wp/v2/users HTTP/2.0" 404 560 "https://www.lapma.in" "Mozilla/5.0 (Windows NT 10.0; Win64; x64) AppleWebKit/537.36 (KHTML, like Gecko) Chrome/112.0.5615.138 Safari/537.36"
139.59.17.158 - - [27/Jun/2025:13:56:39 +0000] "POST /wp-cron.php?doing_wp_cron=1751032599.1023650169372558593750 HTTP/1.1" 200 - "-" "WordPress/6.8.1; https://www.lapma.in"
103.78.16.215 - - [27/Jun/2025:13:56:37 +0000] "POST /wp-admin/admin-ajax.php HTTP/2.0" 200 67 "https://www.lapma.in/wp-admin/theme-editor.php?file=functions.php&theme=lapma" "Mozilla/5.0 (Windows NT 10.0; Win64; x64) AppleWebKit/537.36 (KHTML, like Gecko) Chrome/137.0.0.0 Safari/537.36"
31.42.184.113 - - [27/Jun/2025:13:57:05 +0000] "GET /625230/about.php?520 HTTP/1.1" 200 109 "-" "Mozilla/5.0 (Windows NT 10.0; Win64; x64) AppleWebKit/537.36 (KHTML, like Gecko) Chrome/113.0.0.0 Safari/537.36"
139.59.17.158 - - [27/Jun/2025:13:57:53 +0000] "POST /wp-cron.php?doing_wp_cron=1751032673.8990790843963623046875 HTTP/1.1" 200 - "-" "WordPress/6.8.1; https://www.lapma.in"
103.78.16.215 - - [27/Jun/2025:13:57:52 +0000] "POST /wp-admin/admin-ajax.php HTTP/2.0" 200 67 "https://www.lapma.in/wp-admin/theme-editor.php?file=functions.php&theme=lapma" "Mozilla/5.0 (Windows NT 10.0; Win64; x64) AppleWebKit/537.36 (KHTML, like Gecko) Chrome/137.0.0.0 Safari/537.36"
104.245.102.194 - - [27/Jun/2025:13:58:14 +0000] "GET /625230/about.php?520 HTTP/1.1" 301 303 "-" "Mozilla/5.0 (Windows NT 10.0; Win64; x64) AppleWebKit/537.36 (KHTML, like Gecko) Chrome/113.0.0.0 Safari/537.36"
104.245.102.194 - - [27/Jun/2025:13:58:15 +0000] "GET /625230/about.php?520 HTTP/1.1" 200 109 "-" "Mozilla/5.0 (Windows NT 10.0; Win64; x64) AppleWebKit/537.36 (KHTML, like Gecko) Chrome/113.0.0.0 Safari/537.36"
104.245.102.194 - - [27/Jun/2025:13:58:19 +0000] "GET /625230/about.php?520 HTTP/1.1" 200 109 "-" "Mozilla/5.0 (Windows NT 10.0; Win64; x64) AppleWebKit/537.36 (KHTML, like Gecko) Chrome/113.0.0.0 Safari/537.36"
139.59.17.158 - - [27/Jun/2025:13:58:33 +0000] "POST /wp-cron.php?doing_wp_cron=1751032713.7274999618530273437500 HTTP/1.1" 200 - "-" "WordPress/6.8.1; https://www.lapma.in"
139.59.17.158 - - [27/Jun/2025:13:58:34 +0000] "GET /wp-admin/theme-editor.php?theme=lapma&file=functions.php&wp_scrape_key=fbeaa549fe0f559334b24929df199caa&wp_scrape_nonce=588321169 HTTP/1.1" 500 215 "-" "WordPress/6.8.1; https://www.lapma.in"
103.78.16.215 - - [27/Jun/2025:13:58:31 +0000] "POST /wp-admin/admin-ajax.php HTTP/2.0" 200 181 "https://www.lapma.in/wp-admin/theme-editor.php?file=functions.php&theme=lapma" "Mozilla/5.0 (Windows NT 10.0; Win64; x64) AppleWebKit/537.36 (KHTML, like Gecko) Chrome/137.0.0.0 Safari/537.36"
103.78.16.215 - - [27/Jun/2025:13:58:52 +0000] "POST /wp-admin/admin-ajax.php HTTP/2.0" 200 67 "https://www.lapma.in/wp-admin/theme-editor.php?file=functions.php&theme=lapma" "Mozilla/5.0 (Windows NT 10.0; Win64; x64) AppleWebKit/537.36 (KHTML, like Gecko) Chrome/137.0.0.0 Safari/537.36"
139.59.17.158 - - [27/Jun/2025:13:58:53 +0000] "GET /wp-admin/theme-editor.php?theme=lapma&file=functions.php&wp_scrape_key=6d7845ac2a280db386ad5195c49abf62&wp_scrape_nonce=2106189969 HTTP/1.1" 200 47373 "-" "WordPress/6.8.1; https://www.lapma.in"
139.59.17.158 - - [27/Jun/2025:13:58:55 +0000] "GET /?wp_scrape_key=6d7845ac2a280db386ad5195c49abf62&wp_scrape_nonce=2106189969 HTTP/1.1" 404 13020 "-" "WordPress/6.8.1; https://www.lapma.in"
103.78.16.215 - - [27/Jun/2025:13:58:50 +0000] "POST /wp-admin/admin-ajax.php HTTP/2.0" 200 77 "https://www.lapma.in/wp-admin/theme-editor.php?file=functions.php&theme=lapma" "Mozilla/5.0 (Windows NT 10.0; Win64; x64) AppleWebKit/537.36 (KHTML, like Gecko) Chrome/137.0.0.0 Safari/537.36"
103.78.16.215 - - [27/Jun/2025:13:59:10 +0000] "POST /wp-json/custom/v1/forgot-password HTTP/1.1" 500 224 "-" "Dart/3.6 (dart:io)"
139.59.17.158 - - [27/Jun/2025:13:59:36 +0000] "POST /wp-cron.php?doing_wp_cron=1751032776.1305921077728271484375 HTTP/1.1" 200 - "-" "WordPress/6.8.1; https://www.lapma.in"
139.59.17.158 - - [27/Jun/2025:13:59:36 +0000] "GET /wp-admin/theme-editor.php?theme=lapma&file=functions.php&wp_scrape_key=39d5fc101a9df70a9ad0814b3abacbe9&wp_scrape_nonce=197694430 HTTP/1.1" 200 46655 "-" "WordPress/6.8.1; https://www.lapma.in"
139.59.17.158 - - [27/Jun/2025:13:59:39 +0000] "GET /?wp_scrape_key=39d5fc101a9df70a9ad0814b3abacbe9&wp_scrape_nonce=197694430 HTTP/1.1" 404 13019 "-" "WordPress/6.8.1; https://www.lapma.in"
103.78.16.215 - - [27/Jun/2025:13:59:33 +0000] "POST /wp-admin/admin-ajax.php HTTP/2.0" 200 77 "https://www.lapma.in/wp-admin/theme-editor.php?file=functions.php&theme=lapma" "Mozilla/5.0 (Windows NT 10.0; Win64; x64) AppleWebKit/537.36 (KHTML, like Gecko) Chrome/137.0.0.0 Safari/537.36"
103.78.16.215 - - [27/Jun/2025:13:59:43 +0000] "POST /wp-json/custom/v1/forgot-password HTTP/1.1" 404 83 "-" "Dart/3.6 (dart:io)"
103.78.16.215 - - [27/Jun/2025:13:59:52 +0000] "POST /wp-admin/admin-ajax.php HTTP/2.0" 200 67 "https://www.lapma.in/wp-admin/theme-editor.php?file=functions.php&theme=lapma" "Mozilla/5.0 (Windows NT 10.0; Win64; x64) AppleWebKit/537.36 (KHTML, like Gecko) Chrome/137.0.0.0 Safari/537.36"
139.59.17.158 - - [27/Jun/2025:13:59:58 +0000] "GET /wp-admin/theme-editor.php?theme=lapma&file=functions.php&wp_scrape_key=196964d34ef495870eceb51702a9ed5c&wp_scrape_nonce=1516674570 HTTP/1.1" 200 46029 "-" "WordPress/6.8.1; https://www.lapma.in"
139.59.17.158 - - [27/Jun/2025:14:00:01 +0000] "GET /?wp_scrape_key=196964d34ef495870eceb51702a9ed5c&wp_scrape_nonce=1516674570 HTTP/1.1" 404 13020 "-" "WordPress/6.8.1; https://www.lapma.in"
103.78.16.215 - - [27/Jun/2025:13:59:56 +0000] "POST /wp-admin/admin-ajax.php HTTP/2.0" 200 77 "https://www.lapma.in/wp-admin/theme-editor.php?file=functions.php&theme=lapma" "Mozilla/5.0 (Windows NT 10.0; Win64; x64) AppleWebKit/537.36 (KHTML, like Gecko) Chrome/137.0.0.0 Safari/537.36"
139.59.17.158 - - [27/Jun/2025:14:00:13 +0000] "POST /wp-cron.php?doing_wp_cron=1751032813.2896759510040283203125 HTTP/1.1" 200 - "-" "WordPress/6.8.1; https://www.lapma.in"
103.78.16.215 - - [27/Jun/2025:14:00:10 +0000] "POST /wp-json/jwt-auth/v1/token HTTP/1.1" 404 313 "-" "Dart/3.6 (dart:io)"
103.78.16.215 - - [27/Jun/2025:14:00:14 +0000] "GET /wp-json/wc/v3/products/categories?consumer_key=ck_0f34dd898cafb797b88cbfdf555d0bee59043410&consumer_secret=cs_352434f91cd6d44fec82238e32c205a2949fd29f&page=1&per_page=10 HTTP/1.1" 404 775 "-" "Dart/3.6 (dart:io)"
103.78.16.215 - - [27/Jun/2025:14:00:14 +0000] "GET /wp-json/wc/v3/products?consumer_key=ck_0f34dd898cafb797b88cbfdf555d0bee59043410&consumer_secret=cs_352434f91cd6d44fec82238e32c205a2949fd29f&page=1&per_page=10 HTTP/1.1" 404 3813 "-" "Dart/3.6 (dart:io)"
103.78.16.215 - - [27/Jun/2025:14:00:14 +0000] "GET /wp-json/wc/v3/products?consumer_key=ck_0f34dd898cafb797b88cbfdf555d0bee59043410&consumer_secret=cs_352434f91cd6d44fec82238e32c205a2949fd29f&page=1&per_page=50 HTTP/1.1" 404 4356 "-" "Dart/3.6 (dart:io)"
103.78.16.215 - - [27/Jun/2025:14:00:23 +0000] "GET /wp-json/wc/v3/products/54?consumer_key=ck_0f34dd898cafb797b88cbfdf555d0bee59043410&consumer_secret=cs_352434f91cd6d44fec82238e32c205a2949fd29f HTTP/1.1" 404 1373 "-" "Dart/3.6 (dart:io)"
103.78.16.215 - - [27/Jun/2025:14:00:32 +0000] "GET /wp-json/custom/v1/wc-nonce HTTP/1.1" 404 68 "-" "Dart/3.6 (dart:io)"
103.78.16.215 - - [27/Jun/2025:14:00:35 +0000] "GET /wp-json/wc/store/v1/cart HTTP/1.1" 404 1137 "-" "Dart/3.6 (dart:io)"
103.78.16.215 - - [27/Jun/2025:14:00:52 +0000] "POST /wp-admin/admin-ajax.php HTTP/2.0" 200 67 "https://www.lapma.in/wp-admin/theme-editor.php?file=functions.php&theme=lapma" "Mozilla/5.0 (Windows NT 10.0; Win64; x64) AppleWebKit/537.36 (KHTML, like Gecko) Chrome/137.0.0.0 Safari/537.36"
139.59.17.158 - - [27/Jun/2025:14:01:29 +0000] "POST /wp-cron.php?doing_wp_cron=1751032889.7363550662994384765625 HTTP/1.1" 200 - "-" "WordPress/6.8.1; https://www.lapma.in"
103.78.16.215 - - [27/Jun/2025:14:01:27 +0000] "GET /wp-json/wp/v2/panchyathdata?districtlist=40 HTTP/1.1" 404 1045 "-" "Dart/3.6 (dart:io)"
139.59.17.158 - - [27/Jun/2025:14:04:08 +0000] "POST /wp-cron.php?doing_wp_cron=1751033048.1067819595336914062500 HTTP/1.1" 200 - "-" "WordPress/6.8.1; https://www.lapma.in"
103.78.16.215 - - [27/Jun/2025:14:04:05 +0000] "POST /wp-json/wc/v3/orders HTTP/1.1" 201 1052 "-" "Dart/3.6 (dart:io)"
103.78.16.215 - - [27/Jun/2025:14:04:10 +0000] "GET /wp-json/wc/v3/orders/1788 HTTP/1.1" 404 1052 "-" "Dart/3.6 (dart:io)"
103.78.16.215 - - [27/Jun/2025:14:04:56 +0000] "GET /wp-json/wp/v2/panchyathdata?districtlist=40 HTTP/1.1" 404 1045 "-" "Dart/3.6 (dart:io)"
139.59.17.158 - - [27/Jun/2025:14:05:40 +0000] "POST /wp-cron.php?doing_wp_cron=1751033140.6447749137878417968750 HTTP/1.1" 200 - "-" "WordPress/6.8.1; https://www.lapma.in"
45.227.253.15 - - [27/Jun/2025:14:05:38 +0000] "GET /483139-juejiang/?ARRAY=7o2230223n313735313033363833352p2231223n22687474703n5p2s5p2s3230342r31322r3233382r37345p2s3s6p633q7068705s636s64655s6n6326743q313735313033333233352q6132346161373864343835373930613562323631613766366264383835313663222p2232223n226138396461653834356330303433353232653737306138636639663931383838222p2233223n223032623832383666613964616438643064623861303630393930663139393437222p2262696r675s70617373223n2232382q33392q35312q36352q37322q38342q3838227q HTTP/1.1" 301 - "-" "Mozilla/5.0 (Macintosh; Intel Mac OS X 10_15_7) AppleWebKit/537.36 (KHTML, like Gecko) Chrome/86.0.4240.111 Safari/537.36"
45.227.253.15 - - [27/Jun/2025:14:05:41 +0000] "GET /483139-juejiang/?ARRAY=7o2230223n313735313033363833352p2231223n22687474703n5p2s5p2s3230342r31322r3233382r37345p2s3s6p633q7068705s636s64655s6n6326743q313735313033333233352q6132346161373864343835373930613562323631613766366264383835313663222p2232223n226138396461653834356330303433353232653737306138636639663931383838222p2233223n223032623832383666613964616438643064623861303630393930663139393437222p2262696r675s70617373223n2232382q33392q35312q36352q37322q38342q3838227q HTTP/1.1" 404 7867 "https://lapma.in/483139-juejiang/?ARRAY=7o2230223n313735313033363833352p2231223n22687474703n5p2s5p2s3230342r31322r3233382r37345p2s3s6p633q7068705s636s64655s6n6326743q313735313033333233352q6132346161373864343835373930613562323631613766366264383835313663222p2232223n226138396461653834356330303433353232653737306138636639663931383838222p2233223n223032623832383666613964616438643064623861303630393930663139393437222p2262696r675s70617373223n2232382q33392q35312q36352q37322q38342q3838227q" "Mozilla/5.0 (Macintosh; Intel Mac OS X 10_15_7) AppleWebKit/537.36 (KHTML, like Gecko) Chrome/86.0.4240.111 Safari/537.36"
176.97.123.28 - - [27/Jun/2025:14:10:01 +0000] "GET / HTTP/1.1" 301 283 "-" "Mozilla/5.0 (Windows NT 10.0; Win64; x64) AppleWebKit/537.36 (KHTML, like Gecko) Chrome/91.0.4472.106 Safari/537.36"
139.59.17.158 - - [27/Jun/2025:14:10:05 +0000] "POST /wp-cron.php?doing_wp_cron=1751033405.5904600620269775390625 HTTP/1.1" 200 - "-" "WordPress/6.8.1; https://www.lapma.in"
176.97.123.28 - - [27/Jun/2025:14:10:02 +0000] "GET / HTTP/1.1" 301 - "-" "Mozilla/5.0 (Windows NT 10.0; Win64; x64) AppleWebKit/537.36 (KHTML, like Gecko) Chrome/91.0.4472.106 Safari/537.36"
176.97.123.28 - - [27/Jun/2025:14:10:06 +0000] "GET / HTTP/1.1" 404 67893 "-" "Mozilla/5.0 (Windows NT 10.0; Win64; x64) AppleWebKit/537.36 (KHTML, like Gecko) Chrome/91.0.4472.106 Safari/537.36"
176.97.123.28 - - [27/Jun/2025:14:10:10 +0000] "GET / HTTP/1.1" 301 283 "-" "Mozilla/5.0 (compatible; Googlebot/2.1; +http://www.google.com/bot.html)"
176.97.123.28 - - [27/Jun/2025:14:10:10 +0000] "GET / HTTP/1.1" 301 - "-" "Mozilla/5.0 (compatible; Googlebot/2.1; +http://www.google.com/bot.html)"
176.97.123.28 - - [27/Jun/2025:14:10:13 +0000] "GET / HTTP/1.1" 404 67893 "-" "Mozilla/5.0 (compatible; Googlebot/2.1; +http://www.google.com/bot.html)"
31.13.127.3 - - [27/Jun/2025:14:15:47 +0000] "GET /wp-content/uploads/woo-product-feed-pro/xml/1htiAhxiwIQYZqJoCOOpNOW7kFTApH5E.xml HTTP/1.1" 200 1463 "-" "facebookexternalhit/1.1 (+http://www.facebook.com/externalhit_uatext.php)"
139.59.17.158 - - [27/Jun/2025:14:32:43 +0000] "POST /wp-cron.php?doing_wp_cron=1751034763.8444590568542480468750 HTTP/1.1" 200 - "-" "WordPress/6.8.1; https://www.lapma.in"
106.222.178.27 - - [27/Jun/2025:14:32:41 +0000] "POST /wp-json/jwt-auth/v1/token HTTP/1.1" 404 313 "-" "Dart/3.6 (dart:io)"
106.222.178.27 - - [27/Jun/2025:14:32:45 +0000] "GET /wp-json/wc/v3/products/categories?consumer_key=ck_0f34dd898cafb797b88cbfdf555d0bee59043410&consumer_secret=cs_352434f91cd6d44fec82238e32c205a2949fd29f&page=1&per_page=10 HTTP/1.1" 404 775 "-" "Dart/3.6 (dart:io)"
106.222.178.27 - - [27/Jun/2025:14:32:50 +0000] "GET /wp-content/uploads/2024/04/category-img7.png HTTP/1.1" 200 40393 "-" "Dart/3.6 (dart:io)"
106.222.178.27 - - [27/Jun/2025:14:32:50 +0000] "GET /wp-content/uploads/2024/04/category-img5.png HTTP/1.1" 200 36368 "-" "Dart/3.6 (dart:io)"
106.222.178.27 - - [27/Jun/2025:14:32:50 +0000] "GET /wp-content/uploads/2024/04/category-img6.png HTTP/1.1" 200 41121 "-" "Dart/3.6 (dart:io)"
106.222.178.27 - - [27/Jun/2025:14:32:50 +0000] "GET /wp-content/uploads/2024/04/category-img4.png HTTP/1.1" 200 40550 "-" "Dart/3.6 (dart:io)"
106.222.178.27 - - [27/Jun/2025:14:32:50 +0000] "GET /wp-content/uploads/2024/04/category-img2.png HTTP/1.1" 200 34785 "-" "Dart/3.6 (dart:io)"
106.222.178.27 - - [27/Jun/2025:14:32:45 +0000] "GET /wp-json/wc/v3/products?consumer_key=ck_0f34dd898cafb797b88cbfdf555d0bee59043410&consumer_secret=cs_352434f91cd6d44fec82238e32c205a2949fd29f&page=1&per_page=10 HTTP/1.1" 404 3816 "-" "Dart/3.6 (dart:io)"
106.222.178.27 - - [27/Jun/2025:14:32:45 +0000] "GET /wp-json/wc/v3/products?consumer_key=ck_0f34dd898cafb797b88cbfdf555d0bee59043410&consumer_secret=cs_352434f91cd6d44fec82238e32c205a2949fd29f&page=1&per_page=50 HTTP/1.1" 404 4355 "-" "Dart/3.6 (dart:io)"
106.222.178.27 - - [27/Jun/2025:14:32:51 +0000] "GET /wp-content/uploads/2024/05/product-img11.jpg HTTP/1.1" 200 39451 "-" "Dart/3.6 (dart:io)"
106.222.178.27 - - [27/Jun/2025:14:32:51 +0000] "GET /wp-content/uploads/2024/11/51755558-75e9-42f4-969c-733e84c041b0.jpg HTTP/1.1" 200 59876 "-" "Dart/3.6 (dart:io)"
106.222.178.27 - - [27/Jun/2025:14:32:51 +0000] "GET /wp-content/uploads/2024/05/product-img20.jpg HTTP/1.1" 200 81791 "-" "Dart/3.6 (dart:io)"
106.222.178.27 - - [27/Jun/2025:14:32:51 +0000] "GET /wp-content/uploads/2024/05/product-img17.jpg HTTP/1.1" 200 65481 "-" "Dart/3.6 (dart:io)"
106.222.178.27 - - [27/Jun/2025:14:32:52 +0000] "GET /wp-json/custom/v1/wc-nonce HTTP/1.1" 404 68 "-" "Dart/3.6 (dart:io)"
106.222.178.27 - - [27/Jun/2025:14:32:55 +0000] "GET /wp-json/wc/store/v1/cart HTTP/1.1" 404 1137 "-" "Dart/3.6 (dart:io)"
106.222.178.27 - - [27/Jun/2025:14:32:59 +0000] "GET /wp-content/uploads/2024/04/product-img1.jpg HTTP/1.1" 200 15663 "-" "Dart/3.6 (dart:io)"
106.222.178.27 - - [27/Jun/2025:14:32:59 +0000] "GET /wp-content/uploads/2024/05/product-img3.jpg HTTP/1.1" 200 90914 "-" "Dart/3.6 (dart:io)"
106.222.178.27 - - [27/Jun/2025:14:33:01 +0000] "GET /wp-json/wp/v2/districtlist HTTP/1.1" 404 609 "-" "Dart/3.6 (dart:io)"
139.59.17.158 - - [27/Jun/2025:14:33:09 +0000] "POST /wp-cron.php?doing_wp_cron=1751034789.3714098930358886718750 HTTP/1.1" 200 - "-" "WordPress/6.8.1; https://www.lapma.in"
106.222.178.27 - - [27/Jun/2025:14:33:06 +0000] "GET /wp-json/wp/v2/panchyathdata?districtlist=40 HTTP/1.1" 404 1045 "-" "Dart/3.6 (dart:io)"
106.222.178.27 - - [27/Jun/2025:14:33:19 +0000] "POST /wp-json/wc/v3/orders HTTP/1.1" 201 1049 "-" "Dart/3.6 (dart:io)"
106.222.178.27 - - [27/Jun/2025:14:33:23 +0000] "GET /wp-json/wc/v3/orders/1789 HTTP/1.1" 404 1049 "-" "Dart/3.6 (dart:io)"
139.59.17.158 - - [27/Jun/2025:14:34:19 +0000] "POST /wp-cron.php?doing_wp_cron=1751034859.9682910442352294921875 HTTP/1.1" 200 - "-" "WordPress/6.8.1; https://www.lapma.in"
106.222.178.27 - - [27/Jun/2025:14:34:17 +0000] "GET /wp-json/custom/v1/wc-nonce HTTP/1.1" 404 68 "-" "Dart/3.6 (dart:io)"
106.222.178.27 - - [27/Jun/2025:14:34:20 +0000] "GET /wp-json/wc/store/v1/cart HTTP/1.1" 404 1137 "-" "Dart/3.6 (dart:io)"
106.222.178.27 - - [27/Jun/2025:14:34:29 +0000] "GET /wp-json/custom/v1/wc-nonce HTTP/1.1" 404 68 "-" "Dart/3.6 (dart:io)"
106.222.178.27 - - [27/Jun/2025:14:34:33 +0000] "POST /wp-json/custom/v1/clear-cart HTTP/1.1" 500 1118 "-" "Dart/3.6 (dart:io)"
139.59.17.158 - - [27/Jun/2025:14:35:37 +0000] "POST /wp-cron.php?doing_wp_cron=1751034936.9792098999023437500000 HTTP/1.1" 200 - "-" "WordPress/6.8.1; https://www.lapma.in"
106.222.178.27 - - [27/Jun/2025:14:35:34 +0000] "GET /wp-json/custom/v1/wc-nonce HTTP/1.1" 404 68 "-" "Dart/3.6 (dart:io)"
106.222.178.27 - - [27/Jun/2025:14:35:37 +0000] "GET /wp-json/wc/v3/orders?customer=38 HTTP/1.1" 404 2156 "-" "Dart/3.6 (dart:io)"
139.59.17.158 - - [27/Jun/2025:14:36:18 +0000] "POST /wp-cron.php?doing_wp_cron=1751034978.7887740135192871093750 HTTP/1.1" 200 - "-" "WordPress/6.8.1; https://www.lapma.in"
106.222.178.27 - - [27/Jun/2025:14:36:16 +0000] "POST /wp-json/jwt-auth/v1/token HTTP/1.1" 404 312 "-" "Dart/3.6 (dart:io)"
106.222.178.27 - - [27/Jun/2025:14:36:20 +0000] "GET /wp-json/wc/v3/products?consumer_key=ck_0f34dd898cafb797b88cbfdf555d0bee59043410&consumer_secret=cs_352434f91cd6d44fec82238e32c205a2949fd29f&page=1&per_page=10 HTTP/1.1" 404 3816 "-" "Dart/3.6 (dart:io)"
106.222.178.27 - - [27/Jun/2025:14:36:20 +0000] "GET /wp-json/wc/v3/products?consumer_key=ck_0f34dd898cafb797b88cbfdf555d0bee59043410&consumer_secret=cs_352434f91cd6d44fec82238e32c205a2949fd29f&page=1&per_page=50 HTTP/1.1" 404 4348 "-" "Dart/3.6 (dart:io)"
106.222.178.27 - - [27/Jun/2025:14:36:20 +0000] "GET /wp-json/wc/v3/products/categories?consumer_key=ck_0f34dd898cafb797b88cbfdf555d0bee59043410&consumer_secret=cs_352434f91cd6d44fec82238e32c205a2949fd29f&page=1&per_page=10 HTTP/1.1" 404 775 "-" "Dart/3.6 (dart:io)"
106.222.178.27 - - [27/Jun/2025:14:36:28 +0000] "GET /wp-json/custom/v1/wc-nonce HTTP/1.1" 404 68 "-" "Dart/3.6 (dart:io)"
106.222.178.27 - - [27/Jun/2025:14:36:31 +0000] "GET /wp-json/wc/store/v1/cart HTTP/1.1" 404 1137 "-" "Dart/3.6 (dart:io)"
106.222.178.27 - - [27/Jun/2025:14:36:37 +0000] "GET /wp-json/wp/v2/panchyathdata?districtlist=40 HTTP/1.1" 404 1045 "-" "Dart/3.6 (dart:io)"
106.222.178.27 - - [27/Jun/2025:14:36:47 +0000] "POST /wp-json/wc/v3/orders HTTP/1.1" 201 1046 "-" "Dart/3.6 (dart:io)"
106.222.178.27 - - [27/Jun/2025:14:36:51 +0000] "GET /wp-json/wc/v3/orders/1790 HTTP/1.1" 404 1046 "-" "Dart/3.6 (dart:io)"
139.59.17.158 - - [27/Jun/2025:14:37:37 +0000] "POST /wp-cron.php?doing_wp_cron=1751035057.4277191162109375000000 HTTP/1.1" 200 - "-" "WordPress/6.8.1; https://www.lapma.in"
106.222.178.27 - - [27/Jun/2025:14:37:35 +0000] "GET /wp-json/custom/v1/wc-nonce HTTP/1.1" 404 68 "-" "Dart/3.6 (dart:io)"
106.222.178.27 - - [27/Jun/2025:14:37:38 +0000] "GET /wp-json/wc/v3/orders?customer=38 HTTP/1.1" 404 2141 "-" "Dart/3.6 (dart:io)"
106.222.178.27 - - [27/Jun/2025:14:39:10 +0000] "GET /wp-content/uploads/2024/05/product-img16.jpg HTTP/1.1" 200 56076 "-" "Dart/3.6 (dart:io)"
139.59.17.158 - - [27/Jun/2025:14:39:15 +0000] "POST /wp-cron.php?doing_wp_cron=1751035155.4004230499267578125000 HTTP/1.1" 200 - "-" "WordPress/6.8.1; https://www.lapma.in"
106.222.178.27 - - [27/Jun/2025:14:39:12 +0000] "GET /wp-json/wc/v3/products?consumer_key=ck_0f34dd898cafb797b88cbfdf555d0bee59043410&consumer_secret=cs_352434f91cd6d44fec82238e32c205a2949fd29f&page=1&per_page=10 HTTP/1.1" 404 3815 "-" "Dart/3.6 (dart:io)"
106.222.178.27 - - [27/Jun/2025:14:39:13 +0000] "GET /wp-json/wc/v3/products?consumer_key=ck_0f34dd898cafb797b88cbfdf555d0bee59043410&consumer_secret=cs_352434f91cd6d44fec82238e32c205a2949fd29f&page=1&per_page=10 HTTP/1.1" 404 3810 "-" "Dart/3.6 (dart:io)"
106.222.178.27 - - [27/Jun/2025:14:39:13 +0000] "GET /wp-json/wc/v3/products?consumer_key=ck_0f34dd898cafb797b88cbfdf555d0bee59043410&consumer_secret=cs_352434f91cd6d44fec82238e32c205a2949fd29f&page=1&per_page=10 HTTP/1.1" 404 3812 "-" "Dart/3.6 (dart:io)"
106.222.178.27 - - [27/Jun/2025:14:39:13 +0000] "GET /wp-json/wc/v3/products?consumer_key=ck_0f34dd898cafb797b88cbfdf555d0bee59043410&consumer_secret=cs_352434f91cd6d44fec82238e32c205a2949fd29f&page=1&per_page=10 HTTP/1.1" 404 3811 "-" "Dart/3.6 (dart:io)"
106.222.178.27 - - [27/Jun/2025:14:39:13 +0000] "GET /wp-json/wc/v3/products?consumer_key=ck_0f34dd898cafb797b88cbfdf555d0bee59043410&consumer_secret=cs_352434f91cd6d44fec82238e32c205a2949fd29f&page=1&per_page=10 HTTP/1.1" 404 3813 "-" "Dart/3.6 (dart:io)"
106.222.178.27 - - [27/Jun/2025:14:39:21 +0000] "GET /wp-content/uploads/2024/05/product-img5.jpg HTTP/1.1" 200 53454 "-" "Dart/3.6 (dart:io)"
106.222.178.27 - - [27/Jun/2025:14:43:10 +0000] "GET /wp-content/uploads/2024/04/category-img1.png HTTP/1.1" 200 28277 "-" "Dart/3.6 (dart:io)"
106.222.178.27 - - [27/Jun/2025:14:43:10 +0000] "GET /wp-content/uploads/2024/04/category-img3.png HTTP/1.1" 200 34416 "-" "Dart/3.6 (dart:io)"
106.222.178.27 - - [27/Jun/2025:14:53:32 +0000] "GET /wp-content/uploads/2024/05/product-img17.jpg HTTP/1.1" 200 65481 "-" "Dart/3.6 (dart:io)"
139.59.17.158 - - [27/Jun/2025:14:53:44 +0000] "POST /wp-cron.php?doing_wp_cron=1751036024.5495169162750244140625 HTTP/1.1" 200 - "-" "WordPress/6.8.1; https://www.lapma.in"
139.59.17.158 - - [27/Jun/2025:14:53:44 +0000] "POST /wp-cron.php?doing_wp_cron=1751036024.5575621128082275390625 HTTP/1.1" 200 - "-" "WordPress/6.8.1; https://www.lapma.in"
106.222.178.27 - - [27/Jun/2025:14:53:42 +0000] "GET /wp-json/wc/v3/products/reviews?product=418&consumer_key=ck_0f34dd898cafb797b88cbfdf555d0bee59043410&consumer_secret=cs_352434f91cd6d44fec82238e32c205a2949fd29f HTTP/1.1" 404 22 "-" "Dart/3.6 (dart:io)"
106.222.178.27 - - [27/Jun/2025:14:53:42 +0000] "GET /wp-json/wc/v3/products/418?consumer_key=ck_0f34dd898cafb797b88cbfdf555d0bee59043410&consumer_secret=cs_352434f91cd6d44fec82238e32c205a2949fd29f HTTP/1.1" 404 865 "-" "Dart/3.6 (dart:io)"
106.222.178.27 - - [27/Jun/2025:14:57:24 +0000] "GET /wp-content/uploads/2024/04/category-img4.png HTTP/1.1" 200 40550 "-" "Dart/3.6 (dart:io)"
106.222.178.27 - - [27/Jun/2025:14:57:24 +0000] "GET /wp-content/uploads/2024/04/category-img7.png HTTP/1.1" 200 40393 "-" "Dart/3.6 (dart:io)"
106.222.178.27 - - [27/Jun/2025:14:57:24 +0000] "GET /wp-content/uploads/2024/04/category-img5.png HTTP/1.1" 200 36368 "-" "Dart/3.6 (dart:io)"
106.222.178.27 - - [27/Jun/2025:14:57:24 +0000] "GET /wp-content/uploads/2024/05/product-img11.jpg HTTP/1.1" 200 39451 "-" "Dart/3.6 (dart:io)"
106.222.178.27 - - [27/Jun/2025:14:57:24 +0000] "GET /wp-content/uploads/2024/04/category-img2.png HTTP/1.1" 200 34785 "-" "Dart/3.6 (dart:io)"
106.222.178.27 - - [27/Jun/2025:14:57:24 +0000] "GET /wp-content/uploads/2024/04/category-img6.png HTTP/1.1" 200 41121 "-" "Dart/3.6 (dart:io)"
106.222.178.27 - - [27/Jun/2025:14:57:24 +0000] "GET /wp-content/uploads/2024/11/51755558-75e9-42f4-969c-733e84c041b0.jpg HTTP/1.1" 200 59876 "-" "Dart/3.6 (dart:io)"
106.222.178.27 - - [27/Jun/2025:14:57:24 +0000] "GET /wp-content/uploads/2024/05/product-img17.jpg HTTP/1.1" 200 65481 "-" "Dart/3.6 (dart:io)"
106.222.178.27 - - [27/Jun/2025:14:59:32 +0000] "GET /wp-content/uploads/2024/04/product-img1.jpg HTTP/1.1" 200 15663 "-" "Dart/3.6 (dart:io)"
106.222.178.27 - - [27/Jun/2025:14:59:32 +0000] "GET /wp-content/uploads/2024/05/product-img3.jpg HTTP/1.1" 200 90914 "-" "Dart/3.6 (dart:io)"
139.59.17.158 - - [27/Jun/2025:14:59:40 +0000] "POST /wp-cron.php?doing_wp_cron=1751036380.7150719165802001953125 HTTP/1.1" 200 - "-" "WordPress/6.8.1; https://www.lapma.in"
106.222.178.27 - - [27/Jun/2025:14:59:38 +0000] "GET /wp-json/wc/v3/products?consumer_key=ck_0f34dd898cafb797b88cbfdf555d0bee59043410&consumer_secret=cs_352434f91cd6d44fec82238e32c205a2949fd29f&page=1&per_page=10 HTTP/1.1" 404 3816 "-" "Dart/3.6 (dart:io)"
106.222.178.27 - - [27/Jun/2025:14:59:38 +0000] "GET /wp-json/wc/v3/products?consumer_key=ck_0f34dd898cafb797b88cbfdf555d0bee59043410&consumer_secret=cs_352434f91cd6d44fec82238e32c205a2949fd29f&page=1&per_page=10 HTTP/1.1" 404 3808 "-" "Dart/3.6 (dart:io)"
106.222.178.27 - - [27/Jun/2025:14:59:38 +0000] "GET /wp-json/wc/v3/products?consumer_key=ck_0f34dd898cafb797b88cbfdf555d0bee59043410&consumer_secret=cs_352434f91cd6d44fec82238e32c205a2949fd29f&page=1&per_page=10 HTTP/1.1" 404 3810 "-" "Dart/3.6 (dart:io)"
106.222.178.27 - - [27/Jun/2025:14:59:38 +0000] "GET /wp-json/wc/v3/products?consumer_key=ck_0f34dd898cafb797b88cbfdf555d0bee59043410&consumer_secret=cs_352434f91cd6d44fec82238e32c205a2949fd29f&page=1&per_page=10 HTTP/1.1" 404 3813 "-" "Dart/3.6 (dart:io)"
139.59.17.158 - - [27/Jun/2025:14:59:43 +0000] "POST /wp-cron.php?doing_wp_cron=1751036383.6792991161346435546875 HTTP/1.1" 200 - "-" "WordPress/6.8.1; https://www.lapma.in"
106.222.178.27 - - [27/Jun/2025:14:59:39 +0000] "GET /wp-json/wc/v3/products?consumer_key=ck_0f34dd898cafb797b88cbfdf555d0bee59043410&consumer_secret=cs_352434f91cd6d44fec82238e32c205a2949fd29f&page=1&per_page=10 HTTP/1.1" 404 3814 "-" "Dart/3.6 (dart:io)"
139.59.17.158 - - [27/Jun/2025:15:00:54 +0000] "POST /wp-cron.php?doing_wp_cron=1751036453.9485490322113037109375 HTTP/1.1" 200 - "-" "WordPress/6.8.1; https://www.lapma.in"
139.59.17.158 - - [27/Jun/2025:15:00:54 +0000] "POST /wp-cron.php?doing_wp_cron=1751036454.6687910556793212890625 HTTP/1.1" 200 - "-" "WordPress/6.8.1; https://www.lapma.in"
139.59.17.158 - - [27/Jun/2025:15:00:56 +0000] "POST /wp-cron.php?doing_wp_cron=1751036455.9701418876647949218750 HTTP/1.1" 200 - "-" "WordPress/6.8.1; https://www.lapma.in"
106.222.178.27 - - [27/Jun/2025:15:00:51 +0000] "GET /wp-json/wc/v3/products?consumer_key=ck_0f34dd898cafb797b88cbfdf555d0bee59043410&consumer_secret=cs_352434f91cd6d44fec82238e32c205a2949fd29f&page=1&per_page=10 HTTP/1.1" 404 3812 "-" "Dart/3.6 (dart:io)"
106.222.178.27 - - [27/Jun/2025:15:00:51 +0000] "GET /wp-json/wc/v3/products?consumer_key=ck_0f34dd898cafb797b88cbfdf555d0bee59043410&consumer_secret=cs_352434f91cd6d44fec82238e32c205a2949fd29f&page=1&per_page=10 HTTP/1.1" 404 3811 "-" "Dart/3.6 (dart:io)"
139.59.17.158 - - [27/Jun/2025:15:00:57 +0000] "POST /wp-cron.php?doing_wp_cron=1751036457.7901809215545654296875 HTTP/1.1" 200 - "-" "WordPress/6.8.1; https://www.lapma.in"
139.59.17.158 - - [27/Jun/2025:15:00:57 +0000] "POST /wp-cron.php?doing_wp_cron=1751036457.8200700283050537109375 HTTP/1.1" 200 - "-" "WordPress/6.8.1; https://www.lapma.in"
106.222.178.27 - - [27/Jun/2025:15:00:52 +0000] "GET /wp-json/wc/v3/products?consumer_key=ck_0f34dd898cafb797b88cbfdf555d0bee59043410&consumer_secret=cs_352434f91cd6d44fec82238e32c205a2949fd29f&page=1&per_page=10 HTTP/1.1" 404 3816 "-" "Dart/3.6 (dart:io)"
106.222.178.27 - - [27/Jun/2025:15:00:53 +0000] "GET /wp-json/wc/v3/products?consumer_key=ck_0f34dd898cafb797b88cbfdf555d0bee59043410&consumer_secret=cs_352434f91cd6d44fec82238e32c205a2949fd29f&page=1&per_page=10 HTTP/1.1" 404 3813 "-" "Dart/3.6 (dart:io)"
106.222.178.27 - - [27/Jun/2025:15:00:52 +0000] "GET /wp-json/wc/v3/products?consumer_key=ck_0f34dd898cafb797b88cbfdf555d0bee59043410&consumer_secret=cs_352434f91cd6d44fec82238e32c205a2949fd29f&page=1&per_page=10 HTTP/1.1" 404 3809 "-" "Dart/3.6 (dart:io)"
106.222.178.27 - - [27/Jun/2025:15:00:53 +0000] "GET /wp-json/wc/v3/products?consumer_key=ck_0f34dd898cafb797b88cbfdf555d0bee59043410&consumer_secret=cs_352434f91cd6d44fec82238e32c205a2949fd29f&page=1&per_page=10 HTTP/1.1" 404 3816 "-" "Dart/3.6 (dart:io)"
106.222.178.27 - - [27/Jun/2025:15:00:53 +0000] "GET /wp-json/wc/v3/products?consumer_key=ck_0f34dd898cafb797b88cbfdf555d0bee59043410&consumer_secret=cs_352434f91cd6d44fec82238e32c205a2949fd29f&page=1&per_page=10 HTTP/1.1" 404 3812 "-" "Dart/3.6 (dart:io)"
106.222.178.27 - - [27/Jun/2025:15:00:52 +0000] "GET /wp-json/wc/v3/products?consumer_key=ck_0f34dd898cafb797b88cbfdf555d0bee59043410&consumer_secret=cs_352434f91cd6d44fec82238e32c205a2949fd29f&page=1&per_page=10 HTTP/1.1" 404 3813 "-" "Dart/3.6 (dart:io)"
106.222.178.27 - - [27/Jun/2025:15:00:53 +0000] "GET /wp-json/wc/v3/products?consumer_key=ck_0f34dd898cafb797b88cbfdf555d0bee59043410&consumer_secret=cs_352434f91cd6d44fec82238e32c205a2949fd29f&page=1&per_page=10 HTTP/1.1" 404 3814 "-" "Dart/3.6 (dart:io)"
106.222.178.27 - - [27/Jun/2025:15:01:08 +0000] "GET /wp-content/uploads/2024/05/product-img5.jpg HTTP/1.1" 200 53454 "-" "Dart/3.6 (dart:io)"
139.59.17.158 - - [27/Jun/2025:15:02:54 +0000] "POST /wp-cron.php?doing_wp_cron=1751036574.0010490417480468750000 HTTP/1.1" 200 - "-" "WordPress/6.8.1; https://www.lapma.in"
106.222.178.27 - - [27/Jun/2025:15:02:51 +0000] "POST /wp-json/jwt-auth/v1/token HTTP/1.1" 404 313 "-" "Dart/3.6 (dart:io)"
106.222.178.27 - - [27/Jun/2025:15:02:56 +0000] "GET /wp-json/wc/v3/products/categories?consumer_key=ck_0f34dd898cafb797b88cbfdf555d0bee59043410&consumer_secret=cs_352434f91cd6d44fec82238e32c205a2949fd29f&page=1&per_page=10 HTTP/1.1" 404 775 "-" "Dart/3.6 (dart:io)"
106.222.178.27 - - [27/Jun/2025:15:02:55 +0000] "GET /wp-json/wc/v3/products?consumer_key=ck_0f34dd898cafb797b88cbfdf555d0bee59043410&consumer_secret=cs_352434f91cd6d44fec82238e32c205a2949fd29f&page=1&per_page=10 HTTP/1.1" 404 3810 "-" "Dart/3.6 (dart:io)"
106.222.178.27 - - [27/Jun/2025:15:02:56 +0000] "GET /wp-json/wc/v3/products?consumer_key=ck_0f34dd898cafb797b88cbfdf555d0bee59043410&consumer_secret=cs_352434f91cd6d44fec82238e32c205a2949fd29f&page=1&per_page=50 HTTP/1.1" 404 4359 "-" "Dart/3.6 (dart:io)"
106.222.178.27 - - [27/Jun/2025:15:02:59 +0000] "GET /wp-content/uploads/2024/04/category-img7.png HTTP/1.1" 200 40393 "-" "Dart/3.6 (dart:io)"
106.222.178.27 - - [27/Jun/2025:15:02:59 +0000] "GET /wp-content/uploads/2024/04/category-img2.png HTTP/1.1" 200 34785 "-" "Dart/3.6 (dart:io)"
