106.222.180.11 - - [18/Jun/2025:14:11:08 +0000] "GET /wp-content/plugins/wp-file-manager/lib/js/ui/workzone.js?ver=8.0.1 HTTP/2.0" 200 650 "https://www.lapma.in/wp-admin/admin.php?page=wp_file_manager" "Mozilla/5.0 (Windows NT 10.0; Win64; x64) AppleWebKit/537.36 (KHTML, like Gecko) Chrome/137.0.0.0 Safari/537.36"
106.222.180.11 - - [18/Jun/2025:14:11:08 +0000] "GET /wp-content/plugins/wp-file-manager/lib/js/commands/archive.js?ver=8.0.1 HTTP/2.0" 200 1096 "https://www.lapma.in/wp-admin/admin.php?page=wp_file_manager" "Mozilla/5.0 (Windows NT 10.0; Win64; x64) AppleWebKit/537.36 (KHTML, like Gecko) Chrome/137.0.0.0 Safari/537.36"
106.222.180.11 - - [18/Jun/2025:14:11:08 +0000] "GET /wp-content/plugins/wp-file-manager/lib/js/commands/back.js?ver=8.0.1 HTTP/2.0" 200 322 "https://www.lapma.in/wp-admin/admin.php?page=wp_file_manager" "Mozilla/5.0 (Windows NT 10.0; Win64; x64) AppleWebKit/537.36 (KHTML, like Gecko) Chrome/137.0.0.0 Safari/537.36"
106.222.180.11 - - [18/Jun/2025:14:11:08 +0000] "GET /wp-content/plugins/wp-file-manager/lib/js/commands/cut.js?ver=8.0.1 HTTP/2.0" 200 554 "https://www.lapma.in/wp-admin/admin.php?page=wp_file_manager" "Mozilla/5.0 (Windows NT 10.0; Win64; x64) AppleWebKit/537.36 (KHTML, like Gecko) Chrome/137.0.0.0 Safari/537.36"
106.222.180.11 - - [18/Jun/2025:14:11:08 +0000] "GET /wp-content/plugins/wp-file-manager/lib/js/commands/chmod.js?ver=8.0.1 HTTP/2.0" 200 3044 "https://www.lapma.in/wp-admin/admin.php?page=wp_file_manager" "Mozilla/5.0 (Windows NT 10.0; Win64; x64) AppleWebKit/537.36 (KHTML, like Gecko) Chrome/137.0.0.0 Safari/537.36"
106.222.180.11 - - [18/Jun/2025:14:11:08 +0000] "GET /wp-content/plugins/wp-file-manager/lib/js/commands/download.js?ver=8.0.1 HTTP/2.0" 200 4679 "https://www.lapma.in/wp-admin/admin.php?page=wp_file_manager" "Mozilla/5.0 (Windows NT 10.0; Win64; x64) AppleWebKit/537.36 (KHTML, like Gecko) Chrome/137.0.0.0 Safari/537.36"
106.222.180.11 - - [18/Jun/2025:14:11:08 +0000] "GET /wp-content/plugins/wp-file-manager/lib/js/commands/copy.js?ver=8.0.1 HTTP/2.0" 200 506 "https://www.lapma.in/wp-admin/admin.php?page=wp_file_manager" "Mozilla/5.0 (Windows NT 10.0; Win64; x64) AppleWebKit/537.36 (KHTML, like Gecko) Chrome/137.0.0.0 Safari/537.36"
106.222.180.11 - - [18/Jun/2025:14:11:08 +0000] "GET /wp-content/plugins/wp-file-manager/lib/js/commands/colwidth.js?ver=8.0.1 HTTP/2.0" 200 306 "https://www.lapma.in/wp-admin/admin.php?page=wp_file_manager" "Mozilla/5.0 (Windows NT 10.0; Win64; x64) AppleWebKit/537.36 (KHTML, like Gecko) Chrome/137.0.0.0 Safari/537.36"
106.222.180.11 - - [18/Jun/2025:14:11:08 +0000] "GET /wp-content/plugins/wp-file-manager/js/file_manager_free_shortcode_admin.js?ver=8128 HTTP/2.0" 200 1267 "https://www.lapma.in/wp-admin/admin.php?page=wp_file_manager" "Mozilla/5.0 (Windows NT 10.0; Win64; x64) AppleWebKit/537.36 (KHTML, like Gecko) Chrome/137.0.0.0 Safari/537.36"
106.222.180.11 - - [18/Jun/2025:14:11:08 +0000] "GET /wp-content/plugins/wp-file-manager/lib/js/commands/edit.js?ver=8.0.1 HTTP/2.0" 200 9421 "https://www.lapma.in/wp-admin/admin.php?page=wp_file_manager" "Mozilla/5.0 (Windows NT 10.0; Win64; x64) AppleWebKit/537.36 (KHTML, like Gecko) Chrome/137.0.0.0 Safari/537.36"
106.222.180.11 - - [18/Jun/2025:14:11:08 +0000] "GET /wp-content/plugins/wp-file-manager/lib/js/commands/empty.js?ver=8.0.1 HTTP/2.0" 200 1353 "https://www.lapma.in/wp-admin/admin.php?page=wp_file_manager" "Mozilla/5.0 (Windows NT 10.0; Win64; x64) AppleWebKit/537.36 (KHTML, like Gecko) Chrome/137.0.0.0 Safari/537.36"
106.222.180.11 - - [18/Jun/2025:14:11:08 +0000] "GET /wp-content/plugins/wp-file-manager/lib/js/commands/extract.js?ver=8.0.1 HTTP/2.0" 200 1684 "https://www.lapma.in/wp-admin/admin.php?page=wp_file_manager" "Mozilla/5.0 (Windows NT 10.0; Win64; x64) AppleWebKit/537.36 (KHTML, like Gecko) Chrome/137.0.0.0 Safari/537.36"
106.222.180.11 - - [18/Jun/2025:14:11:08 +0000] "GET /wp-content/plugins/wp-file-manager/lib/js/commands/fullscreen.js?ver=8.0.1 HTTP/2.0" 200 516 "https://www.lapma.in/wp-admin/admin.php?page=wp_file_manager" "Mozilla/5.0 (Windows NT 10.0; Win64; x64) AppleWebKit/537.36 (KHTML, like Gecko) Chrome/137.0.0.0 Safari/537.36"
106.222.180.11 - - [18/Jun/2025:14:11:08 +0000] "GET /wp-content/plugins/wp-file-manager/lib/js/commands/forward.js?ver=8.0.1 HTTP/2.0" 200 313 "https://www.lapma.in/wp-admin/admin.php?page=wp_file_manager" "Mozilla/5.0 (Windows NT 10.0; Win64; x64) AppleWebKit/537.36 (KHTML, like Gecko) Chrome/137.0.0.0 Safari/537.36"
106.222.180.11 - - [18/Jun/2025:14:11:08 +0000] "GET /wp-content/plugins/wp-file-manager/lib/js/commands/getfile.js?ver=8.0.1 HTTP/2.0" 200 1497 "https://www.lapma.in/wp-admin/admin.php?page=wp_file_manager" "Mozilla/5.0 (Windows NT 10.0; Win64; x64) AppleWebKit/537.36 (KHTML, like Gecko) Chrome/137.0.0.0 Safari/537.36"
106.222.180.11 - - [18/Jun/2025:14:11:08 +0000] "GET /wp-content/plugins/wp-file-manager/lib/js/commands/hidden.js?ver=8.0.1 HTTP/2.0" 200 194 "https://www.lapma.in/wp-admin/admin.php?page=wp_file_manager" "Mozilla/5.0 (Windows NT 10.0; Win64; x64) AppleWebKit/537.36 (KHTML, like Gecko) Chrome/137.0.0.0 Safari/537.36"
106.222.180.11 - - [18/Jun/2025:14:11:08 +0000] "GET /wp-content/plugins/wp-file-manager/lib/js/commands/help.js?ver=8.0.1 HTTP/2.0" 200 4311 "https://www.lapma.in/wp-admin/admin.php?page=wp_file_manager" "Mozilla/5.0 (Windows NT 10.0; Win64; x64) AppleWebKit/537.36 (KHTML, like Gecko) Chrome/137.0.0.0 Safari/537.36"
106.222.180.11 - - [18/Jun/2025:14:11:08 +0000] "GET /wp-content/plugins/wp-file-manager/lib/js/commands/hide.js?ver=8.0.1 HTTP/2.0" 200 1450 "https://www.lapma.in/wp-admin/admin.php?page=wp_file_manager" "Mozilla/5.0 (Windows NT 10.0; Win64; x64) AppleWebKit/537.36 (KHTML, like Gecko) Chrome/137.0.0.0 Safari/537.36"
106.222.180.11 - - [18/Jun/2025:14:11:08 +0000] "GET /wp-content/plugins/wp-file-manager/lib/js/commands/home.js?ver=8.0.1 HTTP/2.0" 200 323 "https://www.lapma.in/wp-admin/admin.php?page=wp_file_manager" "Mozilla/5.0 (Windows NT 10.0; Win64; x64) AppleWebKit/537.36 (KHTML, like Gecko) Chrome/137.0.0.0 Safari/537.36"
106.222.180.11 - - [18/Jun/2025:14:11:08 +0000] "GET /wp-content/plugins/wp-file-manager/lib/js/commands/mkdir.js?ver=8.0.1 HTTP/2.0" 200 1045 "https://www.lapma.in/wp-admin/admin.php?page=wp_file_manager" "Mozilla/5.0 (Windows NT 10.0; Win64; x64) AppleWebKit/537.36 (KHTML, like Gecko) Chrome/137.0.0.0 Safari/537.36"
106.222.180.11 - - [18/Jun/2025:14:11:08 +0000] "GET /wp-content/plugins/wp-file-manager/lib/js/commands/open.js?ver=8.0.1 HTTP/2.0" 200 2652 "https://www.lapma.in/wp-admin/admin.php?page=wp_file_manager" "Mozilla/5.0 (Windows NT 10.0; Win64; x64) AppleWebKit/537.36 (KHTML, like Gecko) Chrome/137.0.0.0 Safari/537.36"
106.222.180.11 - - [18/Jun/2025:14:11:08 +0000] "GET /wp-content/plugins/wp-file-manager/lib/js/commands/netmount.js?ver=8.0.1 HTTP/2.0" 200 3150 "https://www.lapma.in/wp-admin/admin.php?page=wp_file_manager" "Mozilla/5.0 (Windows NT 10.0; Win64; x64) AppleWebKit/537.36 (KHTML, like Gecko) Chrome/137.0.0.0 Safari/537.36"
106.222.180.11 - - [18/Jun/2025:14:11:08 +0000] "GET /wp-content/plugins/wp-file-manager/lib/js/commands/places.js?ver=8.0.1 HTTP/2.0" 200 411 "https://www.lapma.in/wp-admin/admin.php?page=wp_file_manager" "Mozilla/5.0 (Windows NT 10.0; Win64; x64) AppleWebKit/537.36 (KHTML, like Gecko) Chrome/137.0.0.0 Safari/537.36"
106.222.180.11 - - [18/Jun/2025:14:11:08 +0000] "GET /wp-content/plugins/wp-file-manager/lib/js/commands/quicklook.js?ver=8.0.1 HTTP/2.0" 200 7060 "https://www.lapma.in/wp-admin/admin.php?page=wp_file_manager" "Mozilla/5.0 (Windows NT 10.0; Win64; x64) AppleWebKit/537.36 (KHTML, like Gecko) Chrome/137.0.0.0 Safari/537.36"
106.222.180.11 - - [18/Jun/2025:14:11:08 +0000] "GET /wp-content/plugins/wp-file-manager/lib/js/commands/quicklook.plugins.js?ver=8.0.1 HTTP/2.0" 200 11685 "https://www.lapma.in/wp-admin/admin.php?page=wp_file_manager" "Mozilla/5.0 (Windows NT 10.0; Win64; x64) AppleWebKit/537.36 (KHTML, like Gecko) Chrome/137.0.0.0 Safari/537.36"
106.222.180.11 - - [18/Jun/2025:14:11:08 +0000] "GET /wp-content/plugins/wp-file-manager/lib/js/commands/reload.js?ver=8.0.1 HTTP/2.0" 200 885 "https://www.lapma.in/wp-admin/admin.php?page=wp_file_manager" "Mozilla/5.0 (Windows NT 10.0; Win64; x64) AppleWebKit/537.36 (KHTML, like Gecko) Chrome/137.0.0.0 Safari/537.36"
106.222.180.11 - - [18/Jun/2025:14:11:08 +0000] "GET /wp-content/plugins/wp-file-manager/lib/js/commands/resize.js?ver=8.0.1 HTTP/2.0" 200 13493 "https://www.lapma.in/wp-admin/admin.php?page=wp_file_manager" "Mozilla/5.0 (Windows NT 10.0; Win64; x64) AppleWebKit/537.36 (KHTML, like Gecko) Chrome/137.0.0.0 Safari/537.36"
106.222.180.11 - - [18/Jun/2025:14:11:08 +0000] "GET /wp-content/plugins/wp-file-manager/lib/js/commands/rm.js?ver=8.0.1 HTTP/2.0" 200 4523 "https://www.lapma.in/wp-admin/admin.php?page=wp_file_manager" "Mozilla/5.0 (Windows NT 10.0; Win64; x64) AppleWebKit/537.36 (KHTML, like Gecko) Chrome/137.0.0.0 Safari/537.36"
106.222.180.11 - - [18/Jun/2025:14:11:08 +0000] "GET /wp-content/plugins/wp-file-manager/lib/js/commands/restore.js?ver=8.0.1 HTTP/2.0" 200 2353 "https://www.lapma.in/wp-admin/admin.php?page=wp_file_manager" "Mozilla/5.0 (Windows NT 10.0; Win64; x64) AppleWebKit/537.36 (KHTML, like Gecko) Chrome/137.0.0.0 Safari/537.36"
106.222.180.11 - - [18/Jun/2025:14:11:08 +0000] "GET /wp-content/plugins/wp-file-manager/lib/js/commands/search.js?ver=8.0.1 HTTP/2.0" 200 1479 "https://www.lapma.in/wp-admin/admin.php?page=wp_file_manager" "Mozilla/5.0 (Windows NT 10.0; Win64; x64) AppleWebKit/537.36 (KHTML, like Gecko) Chrome/137.0.0.0 Safari/537.36"
106.222.180.11 - - [18/Jun/2025:14:11:08 +0000] "GET /wp-content/plugins/wp-file-manager/lib/js/commands/sort.js?ver=8.0.1 HTTP/2.0" 200 1527 "https://www.lapma.in/wp-admin/admin.php?page=wp_file_manager" "Mozilla/5.0 (Windows NT 10.0; Win64; x64) AppleWebKit/537.36 (KHTML, like Gecko) Chrome/137.0.0.0 Safari/537.36"
106.222.180.11 - - [18/Jun/2025:14:11:08 +0000] "GET /wp-content/plugins/wp-file-manager/lib/js/commands/undo.js?ver=8.0.1 HTTP/2.0" 200 1023 "https://www.lapma.in/wp-admin/admin.php?page=wp_file_manager" "Mozilla/5.0 (Windows NT 10.0; Win64; x64) AppleWebKit/537.36 (KHTML, like Gecko) Chrome/137.0.0.0 Safari/537.36"
106.222.180.11 - - [18/Jun/2025:14:11:08 +0000] "GET /wp-content/plugins/wp-file-manager/lib/js/commands/duplicate.js?ver=8.0.1 HTTP/2.0" 200 667 "https://www.lapma.in/wp-admin/admin.php?page=wp_file_manager" "Mozilla/5.0 (Windows NT 10.0; Win64; x64) AppleWebKit/537.36 (KHTML, like Gecko) Chrome/137.0.0.0 Safari/537.36"
106.222.180.11 - - [18/Jun/2025:14:11:08 +0000] "GET /wp-content/plugins/wp-file-manager/lib/js/commands/info.js?ver=8.0.1 HTTP/2.0" 200 4196 "https://www.lapma.in/wp-admin/admin.php?page=wp_file_manager" "Mozilla/5.0 (Windows NT 10.0; Win64; x64) AppleWebKit/537.36 (KHTML, like Gecko) Chrome/137.0.0.0 Safari/537.36"
106.222.180.11 - - [18/Jun/2025:14:11:08 +0000] "GET /wp-content/plugins/wp-file-manager/lib/js/commands/mkfile.js?ver=8.0.1 HTTP/2.0" 200 742 "https://www.lapma.in/wp-admin/admin.php?page=wp_file_manager" "Mozilla/5.0 (Windows NT 10.0; Win64; x64) AppleWebKit/537.36 (KHTML, like Gecko) Chrome/137.0.0.0 Safari/537.36"
106.222.180.11 - - [18/Jun/2025:14:11:08 +0000] "GET /wp-content/plugins/wp-file-manager/lib/js/commands/opendir.js?ver=8.0.1 HTTP/2.0" 200 506 "https://www.lapma.in/wp-admin/admin.php?page=wp_file_manager" "Mozilla/5.0 (Windows NT 10.0; Win64; x64) AppleWebKit/537.36 (KHTML, like Gecko) Chrome/137.0.0.0 Safari/537.36"
106.222.180.11 - - [18/Jun/2025:14:11:08 +0000] "GET /wp-content/plugins/wp-file-manager/lib/js/commands/opennew.js?ver=8.0.1 HTTP/2.0" 200 632 "https://www.lapma.in/wp-admin/admin.php?page=wp_file_manager" "Mozilla/5.0 (Windows NT 10.0; Win64; x64) AppleWebKit/537.36 (KHTML, like Gecko) Chrome/137.0.0.0 Safari/537.36"
106.222.180.11 - - [18/Jun/2025:14:11:08 +0000] "GET /wp-content/plugins/wp-file-manager/lib/js/commands/paste.js?ver=8.0.1 HTTP/2.0" 200 3084 "https://www.lapma.in/wp-admin/admin.php?page=wp_file_manager" "Mozilla/5.0 (Windows NT 10.0; Win64; x64) AppleWebKit/537.36 (KHTML, like Gecko) Chrome/137.0.0.0 Safari/537.36"
106.222.180.11 - - [18/Jun/2025:14:11:08 +0000] "GET /wp-content/plugins/wp-file-manager/lib/js/commands/rename.js?ver=8.0.1 HTTP/2.0" 200 4908 "https://www.lapma.in/wp-admin/admin.php?page=wp_file_manager" "Mozilla/5.0 (Windows NT 10.0; Win64; x64) AppleWebKit/537.36 (KHTML, like Gecko) Chrome/137.0.0.0 Safari/537.36"
106.222.180.11 - - [18/Jun/2025:14:11:08 +0000] "GET /wp-content/plugins/wp-file-manager/lib/js/commands/selectinvert.js?ver=8.0.1 HTTP/2.0" 200 299 "https://www.lapma.in/wp-admin/admin.php?page=wp_file_manager" "Mozilla/5.0 (Windows NT 10.0; Win64; x64) AppleWebKit/537.36 (KHTML, like Gecko) Chrome/137.0.0.0 Safari/537.36"
106.222.180.11 - - [18/Jun/2025:14:11:08 +0000] "GET /wp-content/plugins/wp-file-manager/lib/js/commands/selectall.js?ver=8.0.1 HTTP/2.0" 200 358 "https://www.lapma.in/wp-admin/admin.php?page=wp_file_manager" "Mozilla/5.0 (Windows NT 10.0; Win64; x64) AppleWebKit/537.36 (KHTML, like Gecko) Chrome/137.0.0.0 Safari/537.36"
106.222.180.11 - - [18/Jun/2025:14:11:08 +0000] "GET /wp-content/plugins/wp-file-manager/lib/js/commands/selectnone.js?ver=8.0.1 HTTP/2.0" 200 323 "https://www.lapma.in/wp-admin/admin.php?page=wp_file_manager" "Mozilla/5.0 (Windows NT 10.0; Win64; x64) AppleWebKit/537.36 (KHTML, like Gecko) Chrome/137.0.0.0 Safari/537.36"
106.222.180.11 - - [18/Jun/2025:14:11:08 +0000] "GET /wp-content/plugins/wp-file-manager/lib/js/commands/up.js?ver=8.0.1 HTTP/2.0" 200 404 "https://www.lapma.in/wp-admin/admin.php?page=wp_file_manager" "Mozilla/5.0 (Windows NT 10.0; Win64; x64) AppleWebKit/537.36 (KHTML, like Gecko) Chrome/137.0.0.0 Safari/537.36"
106.222.180.11 - - [18/Jun/2025:14:11:08 +0000] "GET /wp-content/plugins/wp-file-manager/lib/js/commands/upload.js?ver=8.0.1 HTTP/2.0" 200 3932 "https://www.lapma.in/wp-admin/admin.php?page=wp_file_manager" "Mozilla/5.0 (Windows NT 10.0; Win64; x64) AppleWebKit/537.36 (KHTML, like Gecko) Chrome/137.0.0.0 Safari/537.36"
106.222.180.11 - - [18/Jun/2025:14:11:08 +0000] "GET /wp-content/plugins/wp-file-manager/lib/js/commands/view.js?ver=8.0.1 HTTP/2.0" 200 1105 "https://www.lapma.in/wp-admin/admin.php?page=wp_file_manager" "Mozilla/5.0 (Windows NT 10.0; Win64; x64) AppleWebKit/537.36 (KHTML, like Gecko) Chrome/137.0.0.0 Safari/537.36"
106.222.180.11 - - [18/Jun/2025:14:11:08 +0000] "GET /wp-content/plugins/wp-file-manager/lib/js/extras/quicklook.googledocs.js?ver=8.0.1 HTTP/2.0" 200 898 "https://www.lapma.in/wp-admin/admin.php?page=wp_file_manager" "Mozilla/5.0 (Windows NT 10.0; Win64; x64) AppleWebKit/537.36 (KHTML, like Gecko) Chrome/137.0.0.0 Safari/537.36"
106.222.180.11 - - [18/Jun/2025:14:11:08 +0000] "GET /wp-content/plugins/wp-file-manager/css/fm_script.css?ver=8.0.1 HTTP/2.0" 200 2346 "https://www.lapma.in/wp-admin/admin.php?page=wp_file_manager" "Mozilla/5.0 (Windows NT 10.0; Win64; x64) AppleWebKit/537.36 (KHTML, like Gecko) Chrome/137.0.0.0 Safari/537.36"
106.222.180.11 - - [18/Jun/2025:14:11:08 +0000] "GET /wp-content/plugins/wp-file-manager/js/fm_script.js?ver=8.0.1 HTTP/2.0" 200 885 "https://www.lapma.in/wp-admin/admin.php?page=wp_file_manager" "Mozilla/5.0 (Windows NT 10.0; Win64; x64) AppleWebKit/537.36 (KHTML, like Gecko) Chrome/137.0.0.0 Safari/537.36"
106.222.180.11 - - [18/Jun/2025:14:11:08 +0000] "GET /wp-content/plugins/wp-file-manager/lib/codemirror/lib/codemirror.js?ver=8.0.1 HTTP/2.0" 200 96167 "https://www.lapma.in/wp-admin/admin.php?page=wp_file_manager" "Mozilla/5.0 (Windows NT 10.0; Win64; x64) AppleWebKit/537.36 (KHTML, like Gecko) Chrome/137.0.0.0 Safari/537.36"
106.222.180.11 - - [18/Jun/2025:14:11:08 +0000] "GET /wp-content/plugins/wp-file-manager/images/loading.gif HTTP/2.0" 304 - "https://www.lapma.in/wp-admin/admin.php?page=wp_file_manager" "Mozilla/5.0 (Windows NT 10.0; Win64; x64) AppleWebKit/537.36 (KHTML, like Gecko) Chrome/137.0.0.0 Safari/537.36"
106.222.180.11 - - [18/Jun/2025:14:11:08 +0000] "GET /wp-content/plugins/wp-file-manager/lib/img/black-close.png HTTP/2.0" 304 - "https://www.lapma.in/wp-content/plugins/wp-file-manager/lib/css/toolbar.css?ver=8.0.1" "Mozilla/5.0 (Windows NT 10.0; Win64; x64) AppleWebKit/537.36 (KHTML, like Gecko) Chrome/137.0.0.0 Safari/537.36"
106.222.180.11 - - [18/Jun/2025:14:11:08 +0000] "GET /wp-content/plugins/wp-file-manager/lib/img/toolbar.png HTTP/2.0" 304 - "https://www.lapma.in/wp-content/plugins/wp-file-manager/lib/css/toolbar.css?ver=8.0.1" "Mozilla/5.0 (Windows NT 10.0; Win64; x64) AppleWebKit/537.36 (KHTML, like Gecko) Chrome/137.0.0.0 Safari/537.36"
106.222.180.11 - - [18/Jun/2025:14:11:08 +0000] "GET /wp-content/plugins/wp-file-manager/lib/img/black-search.png HTTP/2.0" 304 - "https://www.lapma.in/wp-content/plugins/wp-file-manager/lib/css/toolbar.css?ver=8.0.1" "Mozilla/5.0 (Windows NT 10.0; Win64; x64) AppleWebKit/537.36 (KHTML, like Gecko) Chrome/137.0.0.0 Safari/537.36"
106.222.180.11 - - [18/Jun/2025:14:11:08 +0000] "GET /wp-content/plugins/wp-file-manager/css/images/ui-icons_444444_256x240.png HTTP/2.0" 304 - "https://www.lapma.in/wp-content/plugins/wp-file-manager/css/jquery-ui.css?ver=8.0.1" "Mozilla/5.0 (Windows NT 10.0; Win64; x64) AppleWebKit/537.36 (KHTML, like Gecko) Chrome/137.0.0.0 Safari/537.36"
106.222.180.11 - - [18/Jun/2025:14:11:08 +0000] "GET /wp-content/plugins/wp-file-manager/lib/img/resize.png HTTP/2.0" 304 - "https://www.lapma.in/wp-content/plugins/wp-file-manager/lib/css/navbar.css?ver=8.0.1" "Mozilla/5.0 (Windows NT 10.0; Win64; x64) AppleWebKit/537.36 (KHTML, like Gecko) Chrome/137.0.0.0 Safari/537.36"
106.222.180.11 - - [18/Jun/2025:14:11:08 +0000] "GET /wp-admin/admin-ajax.php?action=mk_file_folder_manager&_wpnonce=17676c00f0&networkhref=&cmd=open&target=l1_d3AtY29udGVudC9wbHVnaW5zL2FpcnBheS12Mw&init=1&tree=1&_=1750255866947 HTTP/2.0" 200 1184 "https://www.lapma.in/wp-admin/admin.php?page=wp_file_manager" "Mozilla/5.0 (Windows NT 10.0; Win64; x64) AppleWebKit/537.36 (KHTML, like Gecko) Chrome/137.0.0.0 Safari/537.36"
106.222.180.11 - - [18/Jun/2025:14:11:11 +0000] "GET /wp-content/plugins/wp-file-manager/lib/img/logo.png HTTP/2.0" 304 - "https://www.lapma.in/wp-content/plugins/wp-file-manager/lib/css/commands.css?ver=8.0.1" "Mozilla/5.0 (Windows NT 10.0; Win64; x64) AppleWebKit/537.36 (KHTML, like Gecko) Chrome/137.0.0.0 Safari/537.36"
106.222.180.11 - - [18/Jun/2025:14:11:11 +0000] "GET /wp-content/plugins/wp-file-manager/lib/img/icons-small.png HTTP/2.0" 304 - "https://www.lapma.in/wp-content/plugins/wp-file-manager/lib/css/cwd.css?ver=8.0.1" "Mozilla/5.0 (Windows NT 10.0; Win64; x64) AppleWebKit/537.36 (KHTML, like Gecko) Chrome/137.0.0.0 Safari/537.36"
106.222.180.11 - - [18/Jun/2025:14:11:11 +0000] "GET /wp-content/plugins/wp-file-manager/css/images/ui-icons_ffffff_256x240.png HTTP/2.0" 304 - "https://www.lapma.in/wp-content/plugins/wp-file-manager/css/jquery-ui.css?ver=8.0.1" "Mozilla/5.0 (Windows NT 10.0; Win64; x64) AppleWebKit/537.36 (KHTML, like Gecko) Chrome/137.0.0.0 Safari/537.36"
106.222.180.11 - - [18/Jun/2025:14:11:11 +0000] "GET /wp-content/plugins/wp-file-manager/lib/img/spinner-mini.gif HTTP/2.0" 304 - "https://www.lapma.in/wp-content/plugins/wp-file-manager/lib/css/dialog.css?ver=8.0.1" "Mozilla/5.0 (Windows NT 10.0; Win64; x64) AppleWebKit/537.36 (KHTML, like Gecko) Chrome/137.0.0.0 Safari/537.36"
106.222.180.11 - - [18/Jun/2025:14:11:11 +0000] "GET /wp-content/plugins/wp-file-manager/lib/img/volume_icon_local.svg HTTP/2.0" 200 3037 "https://www.lapma.in/wp-content/plugins/wp-file-manager/lib/css/navbar.css?ver=8.0.1" "Mozilla/5.0 (Windows NT 10.0; Win64; x64) AppleWebKit/537.36 (KHTML, like Gecko) Chrome/137.0.0.0 Safari/537.36"
106.222.180.11 - - [18/Jun/2025:14:11:11 +0000] "GET /wp-admin/admin-ajax.php?action=mk_file_folder_manager&_wpnonce=17676c00f0&networkhref=&cmd=parents&target=l1_d3AtY29udGVudC9wbHVnaW5zL2FpcnBheS12Mw&reqid=1978361213b31f HTTP/2.0" 200 1696 "https://www.lapma.in/wp-admin/admin.php?page=wp_file_manager" "Mozilla/5.0 (Windows NT 10.0; Win64; x64) AppleWebKit/537.36 (KHTML, like Gecko) Chrome/137.0.0.0 Safari/537.36"
106.222.180.11 - - [18/Jun/2025:14:11:13 +0000] "GET /wp-content/plugins/wp-file-manager/lib/img/arrows-normal.png HTTP/2.0" 304 - "https://www.lapma.in/wp-content/plugins/wp-file-manager/lib/css/navbar.css?ver=8.0.1" "Mozilla/5.0 (Windows NT 10.0; Win64; x64) AppleWebKit/537.36 (KHTML, like Gecko) Chrome/137.0.0.0 Safari/537.36"
106.222.180.11 - - [18/Jun/2025:14:11:13 +0000] "GET /wp-content/plugins/wp-file-manager/lib/img/arrows-active.png HTTP/2.0" 304 - "https://www.lapma.in/wp-content/plugins/wp-file-manager/lib/css/navbar.css?ver=8.0.1" "Mozilla/5.0 (Windows NT 10.0; Win64; x64) AppleWebKit/537.36 (KHTML, like Gecko) Chrome/137.0.0.0 Safari/537.36"
106.222.180.11 - - [18/Jun/2025:14:11:15 +0000] "GET /wp-admin/admin-ajax.php?action=mk_file_folder_manager&_wpnonce=17676c00f0&networkhref=&cmd=open&target=l1_d3AtY29udGVudA&reqid=19783613187238 HTTP/2.0" 200 924 "https://www.lapma.in/wp-admin/admin.php?page=wp_file_manager" "Mozilla/5.0 (Windows NT 10.0; Win64; x64) AppleWebKit/537.36 (KHTML, like Gecko) Chrome/137.0.0.0 Safari/537.36"
106.222.180.11 - - [18/Jun/2025:14:11:23 +0000] "GET /wp-admin/admin-ajax.php?action=mk_file_folder_manager&_wpnonce=17676c00f0&networkhref=&cmd=open&target=l1_d3AtY29udGVudC9wbHVnaW5z&reqid=1978361500815 HTTP/2.0" 200 1338 "https://www.lapma.in/wp-admin/admin.php?page=wp_file_manager" "Mozilla/5.0 (Windows NT 10.0; Win64; x64) AppleWebKit/537.36 (KHTML, like Gecko) Chrome/137.0.0.0 Safari/537.36"
139.59.17.158 - - [18/Jun/2025:14:12:12 +0000] "POST /wp-cron.php?doing_wp_cron=1750255932.3056499958038330078125 HTTP/1.1" 200 - "-" "WordPress/6.8.1; https://www.lapma.in"
106.222.180.11 - - [18/Jun/2025:14:12:09 +0000] "POST /wp-admin/admin-ajax.php HTTP/2.0" 200 67 "https://www.lapma.in/wp-admin/admin.php?page=wp_file_manager" "Mozilla/5.0 (Windows NT 10.0; Win64; x64) AppleWebKit/537.36 (KHTML, like Gecko) Chrome/137.0.0.0 Safari/537.36"
139.59.17.158 - - [18/Jun/2025:14:14:12 +0000] "POST /wp-cron.php?doing_wp_cron=1750256052.1619420051574707031250 HTTP/1.1" 200 - "-" "WordPress/6.8.1; https://www.lapma.in"
106.222.180.11 - - [18/Jun/2025:14:14:10 +0000] "POST /wp-admin/admin-ajax.php HTTP/2.0" 200 67 "https://www.lapma.in/wp-admin/admin.php?page=wp_file_manager" "Mozilla/5.0 (Windows NT 10.0; Win64; x64) AppleWebKit/537.36 (KHTML, like Gecko) Chrome/137.0.0.0 Safari/537.36"
66.220.149.13 - - [18/Jun/2025:14:14:16 +0000] "GET /wp-content/uploads/woo-product-feed-pro/xml/1htiAhxiwIQYZqJoCOOpNOW7kFTApH5E.xml HTTP/1.1" 200 1463 "-" "facebookexternalhit/1.1 (+http://www.facebook.com/externalhit_uatext.php)"
139.59.17.158 - - [18/Jun/2025:14:15:17 +0000] "POST /wp-cron.php?doing_wp_cron=1750256117.0148510932922363281250 HTTP/1.1" 200 - "-" "WordPress/6.8.1; https://www.lapma.in"
106.222.180.11 - - [18/Jun/2025:14:15:15 +0000] "POST /wp-admin/admin-ajax.php HTTP/2.0" 200 - "https://www.lapma.in/wp-admin/admin.php?page=wp_file_manager" "Mozilla/5.0 (Windows NT 10.0; Win64; x64) AppleWebKit/537.36 (KHTML, like Gecko) Chrome/137.0.0.0 Safari/537.36"
139.59.17.158 - - [18/Jun/2025:14:37:00 +0000] "POST /wp-cron.php?doing_wp_cron=1750257420.1739499568939208984375 HTTP/1.1" 200 - "-" "WordPress/6.8.1; https://www.lapma.in"
3.107.165.191 - - [18/Jun/2025:14:36:57 +0000] "POST /xmlrpc.php HTTP/1.1" 200 225 "-" "Mozilla/5.0 (X11; Ubuntu; Linux x86_64; rv:85.0) Gecko/20100101 Firefox/91.0"
45.227.253.15 - - [18/Jun/2025:14:43:29 +0000] "GET /index.php/jk HTTP/1.1" 200 59 "-" "Mozilla/5.0 (Windows NT 6.1; WOW64; rv:70.0) Gecko/20100101 Firefox/70.0"
139.59.17.158 - - [18/Jun/2025:14:53:14 +0000] "POST /wp-cron.php?doing_wp_cron=1750258394.0760440826416015625000 HTTP/1.1" 200 - "-" "WordPress/6.8.1; https://www.lapma.in"
27.59.226.70 - - [18/Jun/2025:14:53:11 +0000] "POST /wp-json/jwt-auth/v1/token HTTP/1.1" 404 308 "-" "Dart/3.6 (dart:io)"
27.59.226.70 - - [18/Jun/2025:14:53:15 +0000] "GET /wp-json/wc/v3/products?consumer_key=ck_0f34dd898cafb797b88cbfdf555d0bee59043410&consumer_secret=cs_352434f91cd6d44fec82238e32c205a2949fd29f&page=1&per_page=50 HTTP/1.1" 404 4354 "-" "Dart/3.6 (dart:io)"
27.59.226.70 - - [18/Jun/2025:14:53:20 +0000] "GET /wp-content/uploads/2024/05/product-img11.jpg HTTP/1.1" 200 39451 "-" "Dart/3.6 (dart:io)"
27.59.226.70 - - [18/Jun/2025:14:53:20 +0000] "GET /wp-content/uploads/2024/05/product-img20.jpg HTTP/1.1" 200 81791 "-" "Dart/3.6 (dart:io)"
27.59.226.70 - - [18/Jun/2025:14:53:20 +0000] "GET /wp-content/uploads/2024/11/51755558-75e9-42f4-969c-733e84c041b0.jpg HTTP/1.1" 200 59876 "-" "Dart/3.6 (dart:io)"
27.59.226.70 - - [18/Jun/2025:14:53:15 +0000] "GET /wp-json/wc/v3/products/categories?consumer_key=ck_0f34dd898cafb797b88cbfdf555d0bee59043410&consumer_secret=cs_352434f91cd6d44fec82238e32c205a2949fd29f&page=1&per_page=10 HTTP/1.1" 404 775 "-" "Dart/3.6 (dart:io)"
27.59.226.70 - - [18/Jun/2025:14:53:20 +0000] "GET /wp-content/uploads/2024/05/product-img17.jpg HTTP/1.1" 200 65481 "-" "Dart/3.6 (dart:io)"
27.59.226.70 - - [18/Jun/2025:14:53:15 +0000] "GET /wp-json/wc/v3/products?consumer_key=ck_0f34dd898cafb797b88cbfdf555d0bee59043410&consumer_secret=cs_352434f91cd6d44fec82238e32c205a2949fd29f&page=1&per_page=10 HTTP/1.1" 404 3812 "-" "Dart/3.6 (dart:io)"
27.59.226.70 - - [18/Jun/2025:14:53:21 +0000] "GET /wp-content/uploads/2024/04/category-img7.png HTTP/1.1" 200 40393 "-" "Dart/3.6 (dart:io)"
27.59.226.70 - - [18/Jun/2025:14:53:21 +0000] "GET /wp-content/uploads/2024/04/category-img6.png HTTP/1.1" 200 41121 "-" "Dart/3.6 (dart:io)"
27.59.226.70 - - [18/Jun/2025:14:53:21 +0000] "GET /wp-content/uploads/2024/04/category-img5.png HTTP/1.1" 200 36368 "-" "Dart/3.6 (dart:io)"
27.59.226.70 - - [18/Jun/2025:14:53:21 +0000] "GET /wp-content/uploads/2024/04/category-img4.png HTTP/1.1" 200 40550 "-" "Dart/3.6 (dart:io)"
27.59.226.70 - - [18/Jun/2025:14:53:21 +0000] "GET /wp-content/uploads/2024/04/category-img2.png HTTP/1.1" 200 34785 "-" "Dart/3.6 (dart:io)"
27.59.226.70 - - [18/Jun/2025:14:53:17 +0000] "GET /wp-json/custom/v1/wc-nonce HTTP/1.1" 404 68 "-" "Dart/3.6 (dart:io)"
139.59.17.158 - - [18/Jun/2025:14:53:24 +0000] "POST /wp-cron.php?doing_wp_cron=1750258404.0273809432983398437500 HTTP/1.1" 200 - "-" "WordPress/6.8.1; https://www.lapma.in"
27.59.226.70 - - [18/Jun/2025:14:53:21 +0000] "GET /wp-json/wc/store/v1/cart HTTP/1.1" 404 1600 "-" "Dart/3.6 (dart:io)"
27.59.226.70 - - [18/Jun/2025:14:53:25 +0000] "GET /wp-content/uploads/2024/04/product-img1.jpg HTTP/1.1" 200 15663 "-" "Dart/3.6 (dart:io)"
27.59.226.70 - - [18/Jun/2025:14:53:26 +0000] "GET /wp-json/wp/v2/districtlist HTTP/1.1" 404 609 "-" "Dart/3.6 (dart:io)"
139.59.17.158 - - [18/Jun/2025:14:53:33 +0000] "POST /wp-cron.php?doing_wp_cron=1750258413.1871359348297119140625 HTTP/1.1" 200 - "-" "WordPress/6.8.1; https://www.lapma.in"
27.59.226.70 - - [18/Jun/2025:14:53:30 +0000] "GET /wp-json/wp/v2/panchyathdata?districtlist=40 HTTP/1.1" 404 1045 "-" "Dart/3.6 (dart:io)"
139.59.17.158 - - [18/Jun/2025:15:00:33 +0000] "POST /wp-cron.php?doing_wp_cron=1750258833.5458619594573974609375 HTTP/1.1" 200 - "-" "WordPress/6.8.1; https://www.lapma.in"
27.59.226.70 - - [18/Jun/2025:15:00:26 +0000] "POST /wp-json/wc/v3/orders HTTP/1.1" 201 1084 "-" "Dart/3.6 (dart:io)"
27.59.226.70 - - [18/Jun/2025:15:00:56 +0000] "GET /wp-json/wc/v3/orders/1764 HTTP/1.1" 404 1084 "-" "Dart/3.6 (dart:io)"
139.59.17.158 - - [18/Jun/2025:15:01:33 +0000] "POST /wp-cron.php?doing_wp_cron=1750258893.1934208869934082031250 HTTP/1.1" 200 - "-" "WordPress/6.8.1; https://www.lapma.in"
27.59.226.70 - - [18/Jun/2025:15:01:30 +0000] "POST /wp-json/wc/v3/orders HTTP/1.1" 201 1084 "-" "Dart/3.6 (dart:io)"
27.59.226.70 - - [18/Jun/2025:15:01:41 +0000] "GET /wp-json/wc/v3/orders/1765 HTTP/1.1" 404 1084 "-" "Dart/3.6 (dart:io)"
139.59.17.158 - - [18/Jun/2025:15:02:44 +0000] "POST /wp-cron.php?doing_wp_cron=1750258964.7016780376434326171875 HTTP/1.1" 200 - "-" "WordPress/6.8.1; https://www.lapma.in"
27.59.226.70 - - [18/Jun/2025:15:02:41 +0000] "POST /wp-json/wc/v3/orders HTTP/1.1" 201 1083 "-" "Dart/3.6 (dart:io)"
27.59.226.70 - - [18/Jun/2025:15:03:02 +0000] "GET /wp-json/wc/v3/orders/1766 HTTP/1.1" 404 1083 "-" "Dart/3.6 (dart:io)"
139.59.17.158 - - [18/Jun/2025:15:04:44 +0000] "POST /wp-cron.php?doing_wp_cron=1750259084.5847599506378173828125 HTTP/1.1" 200 - "-" "WordPress/6.8.1; https://www.lapma.in"
27.59.226.70 - - [18/Jun/2025:15:04:41 +0000] "POST /wp-json/wc/v3/orders HTTP/1.1" 201 1085 "-" "Dart/3.6 (dart:io)"
27.59.226.70 - - [18/Jun/2025:15:04:51 +0000] "GET /wp-json/wc/v3/orders/1767 HTTP/1.1" 404 1085 "-" "Dart/3.6 (dart:io)"
139.59.17.158 - - [18/Jun/2025:15:05:13 +0000] "POST /wp-cron.php?doing_wp_cron=1750259113.1607520580291748046875 HTTP/1.1" 200 - "-" "WordPress/6.8.1; https://www.lapma.in"
27.59.226.70 - - [18/Jun/2025:15:05:10 +0000] "POST /wp-json/wc/v3/orders HTTP/1.1" 201 1082 "-" "Dart/3.6 (dart:io)"
27.59.226.70 - - [18/Jun/2025:15:05:16 +0000] "GET /wp-json/wc/v3/orders/1768 HTTP/1.1" 404 1082 "-" "Dart/3.6 (dart:io)"
27.59.226.70 - - [18/Jun/2025:15:05:20 +0000] "POST /api/create-razorpay-order HTTP/1.1" 404 7867 "-" "Dart/3.6 (dart:io)"
139.59.17.158 - - [18/Jun/2025:15:09:13 +0000] "POST /wp-cron.php?doing_wp_cron=1750259353.8906118869781494140625 HTTP/1.1" 200 - "-" "WordPress/6.8.1; https://www.lapma.in"
103.78.16.194 - - [18/Jun/2025:15:09:11 +0000] "GET /wp-login.php?redirect_to=https%3A%2F%2Fwww.lapma.in%2Fwp-admin%2F&reauth=1 HTTP/2.0" 200 - "-" "Mozilla/5.0 (Windows NT 10.0; Win64; x64) AppleWebKit/537.36 (KHTML, like Gecko) Chrome/137.0.0.0 Safari/537.36"
103.78.16.194 - - [18/Jun/2025:15:09:12 +0000] "GET /wp-login.php?redirect_to=https%3A%2F%2Fwww.lapma.in%2Fwp-admin%2F&reauth=1 HTTP/2.0" 200 1928 "-" "Mozilla/5.0 (Windows NT 10.0; Win64; x64) AppleWebKit/537.36 (KHTML, like Gecko) Chrome/137.0.0.0 Safari/537.36"
103.78.16.194 - - [18/Jun/2025:15:09:17 +0000] "POST /wp-login.php HTTP/2.0" 302 - "https://www.lapma.in/wp-login.php?redirect_to=https%3A%2F%2Fwww.lapma.in%2Fwp-admin%2F&reauth=1" "Mozilla/5.0 (Windows NT 10.0; Win64; x64) AppleWebKit/537.36 (KHTML, like Gecko) Chrome/137.0.0.0 Safari/537.36"
103.78.16.194 - - [18/Jun/2025:15:09:19 +0000] "GET /wp-admin/ HTTP/2.0" 200 28708 "https://www.lapma.in/wp-login.php?redirect_to=https%3A%2F%2Fwww.lapma.in%2Fwp-admin%2F&reauth=1" "Mozilla/5.0 (Windows NT 10.0; Win64; x64) AppleWebKit/537.36 (KHTML, like Gecko) Chrome/137.0.0.0 Safari/537.36"
103.78.16.194 - - [18/Jun/2025:15:09:22 +0000] "POST /wp-admin/admin-ajax.php HTTP/2.0" 200 108 "https://www.lapma.in/wp-admin/" "Mozilla/5.0 (Windows NT 10.0; Win64; x64) AppleWebKit/537.36 (KHTML, like Gecko) Chrome/137.0.0.0 Safari/537.36"
103.78.16.194 - - [18/Jun/2025:15:09:35 +0000] "GET /wp-admin/admin.php?page=wc-settings HTTP/2.0" 200 81989 "https://www.lapma.in/wp-admin/" "Mozilla/5.0 (Windows NT 10.0; Win64; x64) AppleWebKit/537.36 (KHTML, like Gecko) Chrome/137.0.0.0 Safari/537.36"
103.78.16.194 - - [18/Jun/2025:15:09:39 +0000] "GET /wp-content/plugins/woocommerce/assets/client/admin/onboarding/style.css?ver=6c81cfdfa22dc0e35cd5 HTTP/2.0" 200 1230 "https://www.lapma.in/wp-admin/admin.php?page=wc-settings" "Mozilla/5.0 (Windows NT 10.0; Win64; x64) AppleWebKit/537.36 (KHTML, like Gecko) Chrome/137.0.0.0 Safari/537.36"
103.78.16.194 - - [18/Jun/2025:15:09:39 +0000] "GET /wp-content/plugins/woocommerce/assets/client/admin/components/style.css?ver=436fe1acf1d054f952c0 HTTP/2.0" 200 18684 "https://www.lapma.in/wp-admin/admin.php?page=wc-settings" "Mozilla/5.0 (Windows NT 10.0; Win64; x64) AppleWebKit/537.36 (KHTML, like Gecko) Chrome/137.0.0.0 Safari/537.36"
103.78.16.194 - - [18/Jun/2025:15:09:39 +0000] "GET /wp-content/plugins/woocommerce/assets/client/admin/app/style.css?ver=1671f7c41adc8b0cd23c HTTP/2.0" 200 13917 "https://www.lapma.in/wp-admin/admin.php?page=wc-settings" "Mozilla/5.0 (Windows NT 10.0; Win64; x64) AppleWebKit/537.36 (KHTML, like Gecko) Chrome/137.0.0.0 Safari/537.36"
103.78.16.194 - - [18/Jun/2025:15:09:39 +0000] "GET /wp-content/plugins/woocommerce/assets/js/admin/woocommerce_admin.min.js?ver=9.0.1 HTTP/2.0" 200 3104 "https://www.lapma.in/wp-admin/admin.php?page=wc-settings" "Mozilla/5.0 (Windows NT 10.0; Win64; x64) AppleWebKit/537.36 (KHTML, like Gecko) Chrome/137.0.0.0 Safari/537.36"
103.78.16.194 - - [18/Jun/2025:15:09:39 +0000] "GET /wp-content/plugins/everest-forms/assets/css/jquery-ui/jquery-ui.min.css?ver=3.2.2 HTTP/2.0" 200 7382 "https://www.lapma.in/wp-admin/admin.php?page=wc-settings" "Mozilla/5.0 (Windows NT 10.0; Win64; x64) AppleWebKit/537.36 (KHTML, like Gecko) Chrome/137.0.0.0 Safari/537.36"
103.78.16.194 - - [18/Jun/2025:15:09:39 +0000] "GET /wp-content/plugins/everest-forms/assets/js/jquery-tiptip/jquery.tipTip.min.js?ver=3.2.2 HTTP/2.0" 200 1085 "https://www.lapma.in/wp-admin/admin.php?page=wc-settings" "Mozilla/5.0 (Windows NT 10.0; Win64; x64) AppleWebKit/537.36 (KHTML, like Gecko) Chrome/137.0.0.0 Safari/537.36"
103.78.16.194 - - [18/Jun/2025:15:09:39 +0000] "GET /wp-content/plugins/woocommerce/assets/client/admin/experimental/style.css?ver=78fc0c5d77a14a820fd1 HTTP/2.0" 200 2416 "https://www.lapma.in/wp-admin/admin.php?page=wc-settings" "Mozilla/5.0 (Windows NT 10.0; Win64; x64) AppleWebKit/537.36 (KHTML, like Gecko) Chrome/137.0.0.0 Safari/537.36"
103.78.16.194 - - [18/Jun/2025:15:09:39 +0000] "GET /wp-content/plugins/woocommerce/assets/client/admin/admin-layout/style.css?ver=be839019477f6d143c11 HTTP/2.0" 200 195 "https://www.lapma.in/wp-admin/admin.php?page=wc-settings" "Mozilla/5.0 (Windows NT 10.0; Win64; x64) AppleWebKit/537.36 (KHTML, like Gecko) Chrome/137.0.0.0 Safari/537.36"
103.78.16.194 - - [18/Jun/2025:15:09:39 +0000] "GET /wp-content/plugins/woocommerce/assets/client/admin/customer-effort-score/style.css?ver=af29ef4416e9de24cd72 HTTP/2.0" 200 910 "https://www.lapma.in/wp-admin/admin.php?page=wc-settings" "Mozilla/5.0 (Windows NT 10.0; Win64; x64) AppleWebKit/537.36 (KHTML, like Gecko) Chrome/137.0.0.0 Safari/537.36"
103.78.16.194 - - [18/Jun/2025:15:09:39 +0000] "GET /wp-content/plugins/everest-forms/assets/js/jquery-blockui/jquery.blockUI.min.js?ver=2.70 HTTP/2.0" 200 3472 "https://www.lapma.in/wp-admin/admin.php?page=wc-settings" "Mozilla/5.0 (Windows NT 10.0; Win64; x64) AppleWebKit/537.36 (KHTML, like Gecko) Chrome/137.0.0.0 Safari/537.36"
103.78.16.194 - - [18/Jun/2025:15:09:39 +0000] "GET /wp-content/plugins/woocommerce/assets/client/admin/product-editor/style.css?ver=c58b4fd2cfd4aa83a8da HTTP/2.0" 200 13804 "https://www.lapma.in/wp-admin/admin.php?page=wc-settings" "Mozilla/5.0 (Windows NT 10.0; Win64; x64) AppleWebKit/537.36 (KHTML, like Gecko) Chrome/137.0.0.0 Safari/537.36"
103.78.16.194 - - [18/Jun/2025:15:09:39 +0000] "GET /wp-content/plugins/woocommerce/assets/js/admin/wc-enhanced-select.min.js?ver=9.0.1 HTTP/2.0" 200 1564 "https://www.lapma.in/wp-admin/admin.php?page=wc-settings" "Mozilla/5.0 (Windows NT 10.0; Win64; x64) AppleWebKit/537.36 (KHTML, like Gecko) Chrome/137.0.0.0 Safari/537.36"
103.78.16.194 - - [18/Jun/2025:15:09:39 +0000] "GET /wp-content/plugins/everest-forms/assets/js/selectWoo/selectWoo.full.min.js?ver=1.0.8 HTTP/2.0" 200 21730 "https://www.lapma.in/wp-admin/admin.php?page=wc-settings" "Mozilla/5.0 (Windows NT 10.0; Win64; x64) AppleWebKit/537.36 (KHTML, like Gecko) Chrome/137.0.0.0 Safari/537.36"
103.78.16.194 - - [18/Jun/2025:15:09:39 +0000] "GET /wp-content/plugins/woocommerce/assets/css/admin.css?ver=9.0.1 HTTP/2.0" 200 36424 "https://www.lapma.in/wp-admin/admin.php?page=wc-settings" "Mozilla/5.0 (Windows NT 10.0; Win64; x64) AppleWebKit/537.36 (KHTML, like Gecko) Chrome/137.0.0.0 Safari/537.36"
103.78.16.194 - - [18/Jun/2025:15:09:39 +0000] "GET /wp-content/plugins/woocommerce/assets/client/admin/wp-admin-scripts/woo-subscriptions-notice.js?ver=4d7996cc55f75ed796e7 HTTP/2.0" 200 491 "https://www.lapma.in/wp-admin/admin.php?page=wc-settings" "Mozilla/5.0 (Windows NT 10.0; Win64; x64) AppleWebKit/537.36 (KHTML, like Gecko) Chrome/137.0.0.0 Safari/537.36"
103.78.16.194 - - [18/Jun/2025:15:09:39 +0000] "GET /wp-includes/js/jquery/ui/draggable.min.js?ver=1.13.3 HTTP/2.0" 200 4875 "https://www.lapma.in/wp-admin/admin.php?page=wc-settings" "Mozilla/5.0 (Windows NT 10.0; Win64; x64) AppleWebKit/537.36 (KHTML, like Gecko) Chrome/137.0.0.0 Safari/537.36"
103.78.16.194 - - [18/Jun/2025:15:09:39 +0000] "GET /wp-includes/js/jquery/ui/slider.min.js?ver=1.13.3 HTTP/2.0" 200 3138 "https://www.lapma.in/wp-admin/admin.php?page=wc-settings" "Mozilla/5.0 (Windows NT 10.0; Win64; x64) AppleWebKit/537.36 (KHTML, like Gecko) Chrome/137.0.0.0 Safari/537.36"
103.78.16.194 - - [18/Jun/2025:15:09:39 +0000] "GET /wp-includes/js/jquery/jquery.ui.touch-punch.js?ver=0.2.2 HTTP/2.0" 200 585 "https://www.lapma.in/wp-admin/admin.php?page=wc-settings" "Mozilla/5.0 (Windows NT 10.0; Win64; x64) AppleWebKit/537.36 (KHTML, like Gecko) Chrome/137.0.0.0 Safari/537.36"
103.78.16.194 - - [18/Jun/2025:15:09:39 +0000] "GET /wp-content/plugins/woocommerce/assets/js/admin/settings.min.js?ver=9.0.1 HTTP/2.0" 200 1420 "https://www.lapma.in/wp-admin/admin.php?page=wc-settings" "Mozilla/5.0 (Windows NT 10.0; Win64; x64) AppleWebKit/537.36 (KHTML, like Gecko) Chrome/137.0.0.0 Safari/537.36"
103.78.16.194 - - [18/Jun/2025:15:09:39 +0000] "GET /wp-admin/js/iris.min.js?ver=1.1.1 HTTP/2.0" 200 8079 "https://www.lapma.in/wp-admin/admin.php?page=wc-settings" "Mozilla/5.0 (Windows NT 10.0; Win64; x64) AppleWebKit/537.36 (KHTML, like Gecko) Chrome/137.0.0.0 Safari/537.36"
103.78.16.194 - - [18/Jun/2025:15:09:39 +0000] "GET /wp-content/plugins/woocommerce/includes/gateways/paypal/assets/js/paypal-admin.min.js?ver=9.0.1 HTTP/2.0" 200 266 "https://www.lapma.in/wp-admin/admin.php?page=wc-settings" "Mozilla/5.0 (Windows NT 10.0; Win64; x64) AppleWebKit/537.36 (KHTML, like Gecko) Chrome/137.0.0.0 Safari/537.36"
103.78.16.194 - - [18/Jun/2025:15:09:39 +0000] "GET /wp-content/plugins/woocommerce/assets/client/admin/chunks/6290.js?ver=d2488b50e139ed1e027a HTTP/2.0" 200 7304 "https://www.lapma.in/wp-admin/admin.php?page=wc-settings" "Mozilla/5.0 (Windows NT 10.0; Win64; x64) AppleWebKit/537.36 (KHTML, like Gecko) Chrome/137.0.0.0 Safari/537.36"
103.78.16.194 - - [18/Jun/2025:15:09:39 +0000] "GET /wp-content/plugins/woocommerce/assets/client/admin/chunks/8597.style.css?ver=2ff23d774680fbc82a10 HTTP/2.0" 200 1181 "https://www.lapma.in/wp-admin/admin.php?page=wc-settings" "Mozilla/5.0 (Windows NT 10.0; Win64; x64) AppleWebKit/537.36 (KHTML, like Gecko) Chrome/137.0.0.0 Safari/537.36"
103.78.16.194 - - [18/Jun/2025:15:09:39 +0000] "GET /wp-content/plugins/woocommerce/assets/client/admin/chunks/store-alerts.js?ver=f738b9b062d064265a3d HTTP/2.0" 200 2101 "https://www.lapma.in/wp-admin/admin.php?page=wc-settings" "Mozilla/5.0 (Windows NT 10.0; Win64; x64) AppleWebKit/537.36 (KHTML, like Gecko) Chrome/137.0.0.0 Safari/537.36"
103.78.16.194 - - [18/Jun/2025:15:09:39 +0000] "GET /wp-json/wc-admin/options?options=woocommerce_coming_soon%2Cwoocommerce_store_pages_only%2Cwoocommerce_private_link%2Cwoocommerce_share_key%2Cwoocommerce_admin_transient_notices_queue%2Cwoocommerce_admin_install_timestamp&_locale=user HTTP/2.0" 404 141 "https://www.lapma.in/wp-admin/admin.php?page=wc-settings" "Mozilla/5.0 (Windows NT 10.0; Win64; x64) AppleWebKit/537.36 (KHTML, like Gecko) Chrome/137.0.0.0 Safari/537.36"
103.78.16.194 - - [18/Jun/2025:15:09:39 +0000] "GET /wp-json/wc-admin/options?options=woocommerce_allow_tracking&_locale=user HTTP/2.0" 404 55 "https://www.lapma.in/wp-admin/admin.php?page=wc-settings" "Mozilla/5.0 (Windows NT 10.0; Win64; x64) AppleWebKit/537.36 (KHTML, like Gecko) Chrome/137.0.0.0 Safari/537.36"
103.78.16.194 - - [18/Jun/2025:15:09:39 +0000] "GET /wp-json/wc-admin/onboarding/tasks?_locale=user HTTP/2.0" 404 1201 "https://www.lapma.in/wp-admin/admin.php?page=wc-settings" "Mozilla/5.0 (Windows NT 10.0; Win64; x64) AppleWebKit/537.36 (KHTML, like Gecko) Chrome/137.0.0.0 Safari/537.36"
103.78.16.194 - - [18/Jun/2025:15:09:39 +0000] "GET /wp-json/wp/v2/users/me?context=edit&_locale=user HTTP/2.0" 404 1354 "https://www.lapma.in/wp-admin/admin.php?page=wc-settings" "Mozilla/5.0 (Windows NT 10.0; Win64; x64) AppleWebKit/537.36 (KHTML, like Gecko) Chrome/137.0.0.0 Safari/537.36"
103.78.16.194 - - [18/Jun/2025:15:09:39 +0000] "GET /wp-json/wc-admin/options?options=woocommerce_ces_tracks_queue&_locale=user HTTP/2.0" 404 58 "https://www.lapma.in/wp-admin/admin.php?page=wc-settings" "Mozilla/5.0 (Windows NT 10.0; Win64; x64) AppleWebKit/537.36 (KHTML, like Gecko) Chrome/137.0.0.0 Safari/537.36"
103.78.16.194 - - [18/Jun/2025:15:09:39 +0000] "GET /wp-json/wc-analytics/admin/notes?page=1&per_page=25&type=error%2Cupdate&status=unactioned&_locale=user HTTP/2.0" 404 784 "https://www.lapma.in/wp-admin/admin.php?page=wc-settings" "Mozilla/5.0 (Windows NT 10.0; Win64; x64) AppleWebKit/537.36 (KHTML, like Gecko) Chrome/137.0.0.0 Safari/537.36"
103.78.16.194 - - [18/Jun/2025:15:09:41 +0000] "GET /wp-admin/admin.php?page=wc-settings&tab=checkout HTTP/2.0" 200 50004 "https://www.lapma.in/wp-admin/admin.php?page=wc-settings" "Mozilla/5.0 (Windows NT 10.0; Win64; x64) AppleWebKit/537.36 (KHTML, like Gecko) Chrome/137.0.0.0 Safari/537.36"
103.78.16.194 - - [18/Jun/2025:15:09:48 +0000] "GET /wp-json/wc-admin/options?options=woocommerce_allow_tracking&_locale=user HTTP/2.0" 404 55 "https://www.lapma.in/wp-admin/admin.php?page=wc-settings&tab=checkout" "Mozilla/5.0 (Windows NT 10.0; Win64; x64) AppleWebKit/537.36 (KHTML, like Gecko) Chrome/137.0.0.0 Safari/537.36"
103.78.16.194 - - [18/Jun/2025:15:09:48 +0000] "GET /wp-json/wc-admin/options?options=woocommerce_ces_tracks_queue&_locale=user HTTP/2.0" 404 58 "https://www.lapma.in/wp-admin/admin.php?page=wc-settings&tab=checkout" "Mozilla/5.0 (Windows NT 10.0; Win64; x64) AppleWebKit/537.36 (KHTML, like Gecko) Chrome/137.0.0.0 Safari/537.36"
103.78.16.194 - - [18/Jun/2025:15:09:48 +0000] "GET /wp-json/wp/v2/users/me?context=edit&_locale=user HTTP/2.0" 404 1354 "https://www.lapma.in/wp-admin/admin.php?page=wc-settings&tab=checkout" "Mozilla/5.0 (Windows NT 10.0; Win64; x64) AppleWebKit/537.36 (KHTML, like Gecko) Chrome/137.0.0.0 Safari/537.36"
103.78.16.194 - - [18/Jun/2025:15:09:48 +0000] "GET /wp-json/wc-admin/options?options=woocommerce_coming_soon%2Cwoocommerce_store_pages_only%2Cwoocommerce_private_link%2Cwoocommerce_share_key%2Cwoocommerce_admin_transient_notices_queue%2Cwoocommerce_admin_install_timestamp%2Cwoocommerce_show_marketplace_suggestions&_locale=user HTTP/2.0" 404 163 "https://www.lapma.in/wp-admin/admin.php?page=wc-settings&tab=checkout" "Mozilla/5.0 (Windows NT 10.0; Win64; x64) AppleWebKit/537.36 (KHTML, like Gecko) Chrome/137.0.0.0 Safari/537.36"
103.78.16.194 - - [18/Jun/2025:15:09:48 +0000] "GET /wp-json/wc-admin/payment-gateway-suggestions?_locale=user HTTP/2.0" 404 263 "https://www.lapma.in/wp-admin/admin.php?page=wc-settings&tab=checkout" "Mozilla/5.0 (Windows NT 10.0; Win64; x64) AppleWebKit/537.36 (KHTML, like Gecko) Chrome/137.0.0.0 Safari/537.36"
103.78.16.194 - - [18/Jun/2025:15:09:48 +0000] "GET /wp-json/wc-analytics/admin/notes?page=1&per_page=25&type=error%2Cupdate&status=unactioned&_locale=user HTTP/2.0" 404 784 "https://www.lapma.in/wp-admin/admin.php?page=wc-settings&tab=checkout" "Mozilla/5.0 (Windows NT 10.0; Win64; x64) AppleWebKit/537.36 (KHTML, like Gecko) Chrome/137.0.0.0 Safari/537.36"
103.78.16.194 - - [18/Jun/2025:15:09:48 +0000] "GET /wp-json/wc-admin/onboarding/tasks?_locale=user HTTP/2.0" 404 1201 "https://www.lapma.in/wp-admin/admin.php?page=wc-settings&tab=checkout" "Mozilla/5.0 (Windows NT 10.0; Win64; x64) AppleWebKit/537.36 (KHTML, like Gecko) Chrome/137.0.0.0 Safari/537.36"
103.78.16.194 - - [18/Jun/2025:15:09:48 +0000] "GET /wp-json/wc/v3/payment_gateways?_locale=user HTTP/2.0" 404 1886 "https://www.lapma.in/wp-admin/admin.php?page=wc-settings&tab=checkout" "Mozilla/5.0 (Windows NT 10.0; Win64; x64) AppleWebKit/537.36 (KHTML, like Gecko) Chrome/137.0.0.0 Safari/537.36"
103.78.16.194 - - [18/Jun/2025:15:09:50 +0000] "GET /wp-admin/admin.php?page=wc-settings&tab=checkout&section=razorpay HTTP/2.0" 200 50404 "https://www.lapma.in/wp-admin/admin.php?page=wc-settings&tab=checkout" "Mozilla/5.0 (Windows NT 10.0; Win64; x64) AppleWebKit/537.36 (KHTML, like Gecko) Chrome/137.0.0.0 Safari/537.36"
139.59.17.158 - - [18/Jun/2025:15:10:08 +0000] "POST /wp-cron.php?doing_wp_cron=1750259408.3426320552825927734375 HTTP/1.1" 200 - "-" "WordPress/6.8.1; https://www.lapma.in"
103.78.16.194 - - [18/Jun/2025:15:10:01 +0000] "GET /wp-json/wc-admin/options?options=woocommerce_ces_tracks_queue&_locale=user HTTP/2.0" 404 58 "https://www.lapma.in/wp-admin/admin.php?page=wc-settings&tab=checkout&section=razorpay" "Mozilla/5.0 (Windows NT 10.0; Win64; x64) AppleWebKit/537.36 (KHTML, like Gecko) Chrome/137.0.0.0 Safari/537.36"
103.78.16.194 - - [18/Jun/2025:15:10:01 +0000] "GET /wp-json/wc-analytics/admin/notes?page=1&per_page=25&type=error%2Cupdate&status=unactioned&_locale=user HTTP/2.0" 404 795 "https://www.lapma.in/wp-admin/admin.php?page=wc-settings&tab=checkout&section=razorpay" "Mozilla/5.0 (Windows NT 10.0; Win64; x64) AppleWebKit/537.36 (KHTML, like Gecko) Chrome/137.0.0.0 Safari/537.36"
103.78.16.194 - - [18/Jun/2025:15:10:01 +0000] "GET /wp-json/wc-admin/options?options=woocommerce_allow_tracking&_locale=user HTTP/2.0" 404 55 "https://www.lapma.in/wp-admin/admin.php?page=wc-settings&tab=checkout&section=razorpay" "Mozilla/5.0 (Windows NT 10.0; Win64; x64) AppleWebKit/537.36 (KHTML, like Gecko) Chrome/137.0.0.0 Safari/537.36"
103.78.16.194 - - [18/Jun/2025:15:10:01 +0000] "GET /wp-json/wc-admin/options?options=woocommerce_coming_soon%2Cwoocommerce_store_pages_only%2Cwoocommerce_private_link%2Cwoocommerce_share_key%2Cwoocommerce_admin_transient_notices_queue%2Cwoocommerce_admin_install_timestamp&_locale=user HTTP/2.0" 404 141 "https://www.lapma.in/wp-admin/admin.php?page=wc-settings&tab=checkout&section=razorpay" "Mozilla/5.0 (Windows NT 10.0; Win64; x64) AppleWebKit/537.36 (KHTML, like Gecko) Chrome/137.0.0.0 Safari/537.36"
103.78.16.194 - - [18/Jun/2025:15:10:01 +0000] "GET /wp-json/wc-admin/onboarding/tasks?_locale=user HTTP/2.0" 404 1201 "https://www.lapma.in/wp-admin/admin.php?page=wc-settings&tab=checkout&section=razorpay" "Mozilla/5.0 (Windows NT 10.0; Win64; x64) AppleWebKit/537.36 (KHTML, like Gecko) Chrome/137.0.0.0 Safari/537.36"
103.78.16.194 - - [18/Jun/2025:15:10:01 +0000] "GET /wp-json/wp/v2/users/me?context=edit&_locale=user HTTP/2.0" 404 1354 "https://www.lapma.in/wp-admin/admin.php?page=wc-settings&tab=checkout&section=razorpay" "Mozilla/5.0 (Windows NT 10.0; Win64; x64) AppleWebKit/537.36 (KHTML, like Gecko) Chrome/137.0.0.0 Safari/537.36"
103.78.16.194 - - [18/Jun/2025:15:11:01 +0000] "POST /wp-admin/admin-ajax.php HTTP/2.0" 200 67 "https://www.lapma.in/wp-admin/admin.php?page=wc-settings&tab=checkout&section=razorpay" "Mozilla/5.0 (Windows NT 10.0; Win64; x64) AppleWebKit/537.36 (KHTML, like Gecko) Chrome/137.0.0.0 Safari/537.36"
139.59.17.158 - - [18/Jun/2025:15:13:04 +0000] "POST /wp-cron.php?doing_wp_cron=1750259584.8322720527648925781250 HTTP/1.1" 200 - "-" "WordPress/6.8.1; https://www.lapma.in"
103.78.16.194 - - [18/Jun/2025:15:13:02 +0000] "POST /wp-admin/admin-ajax.php HTTP/2.0" 200 67 "https://www.lapma.in/wp-admin/admin.php?page=wc-settings&tab=checkout&section=razorpay" "Mozilla/5.0 (Windows NT 10.0; Win64; x64) AppleWebKit/537.36 (KHTML, like Gecko) Chrome/137.0.0.0 Safari/537.36"
104.210.140.138 - - [18/Jun/2025:15:13:03 +0000] "GET /robots.txt HTTP/2.0" 301 - "-" "Mozilla/5.0 (Macintosh; Intel Mac OS X 10_15_7) AppleWebKit/537.36 (KHTML, like Gecko) Chrome/131.0.0.0 Safari/537.36; compatible; OAI-SearchBot/1.0; +https://openai.com/searchbot"
104.210.140.137 - - [18/Jun/2025:15:13:06 +0000] "GET /robots.txt HTTP/2.0" 404 69 "-" "Mozilla/5.0 (Macintosh; Intel Mac OS X 10_15_7) AppleWebKit/537.36 (KHTML, like Gecko) Chrome/131.0.0.0 Safari/537.36; compatible; OAI-SearchBot/1.0; +https://openai.com/searchbot"
104.210.140.141 - - [18/Jun/2025:15:13:10 +0000] "GET /robots.txt HTTP/1.1" 301 301 "-" "Mozilla/5.0 (Macintosh; Intel Mac OS X 10_15_7) AppleWebKit/537.36 (KHTML, like Gecko) Chrome/131.0.0.0 Safari/537.36; compatible; OAI-SearchBot/1.0; +https://openai.com/searchbot"
104.210.140.138 - - [18/Jun/2025:15:13:12 +0000] "GET /robots.txt HTTP/2.0" 404 69 "-" "Mozilla/5.0 (Macintosh; Intel Mac OS X 10_15_7) AppleWebKit/537.36 (KHTML, like Gecko) Chrome/131.0.0.0 Safari/537.36; compatible; OAI-SearchBot/1.0; +https://openai.com/searchbot"
139.59.17.158 - - [18/Jun/2025:15:14:29 +0000] "POST /wp-cron.php?doing_wp_cron=1750259669.0208549499511718750000 HTTP/1.1" 200 - "-" "WordPress/6.8.1; https://www.lapma.in"
103.78.16.194 - - [18/Jun/2025:15:14:26 +0000] "GET /wp-json/lapma/v1/verify-razorpay-payment' HTTP/2.0" 404 114 "-" "WhatsApp/2.2523.1 W"
173.252.87.19 - - [18/Jun/2025:15:14:35 +0000] "GET /wp-content/uploads/woo-product-feed-pro/xml/1htiAhxiwIQYZqJoCOOpNOW7kFTApH5E.xml HTTP/1.1" 200 1463 "-" "facebookexternalhit/1.1 (+http://www.facebook.com/externalhit_uatext.php)"
103.78.16.194 - - [18/Jun/2025:15:14:42 +0000] "POST /wp-admin/admin-ajax.php HTTP/2.0" 200 67 "https://www.lapma.in/wp-admin/admin.php?page=wc-settings&tab=checkout&section=razorpay" "Mozilla/5.0 (Windows NT 10.0; Win64; x64) AppleWebKit/537.36 (KHTML, like Gecko) Chrome/137.0.0.0 Safari/537.36"
103.78.16.194 - - [18/Jun/2025:15:14:45 +0000] "GET /wp-admin/admin.php?page=wp_file_manager HTTP/2.0" 200 17894 "https://www.lapma.in/wp-admin/admin.php?page=wc-settings&tab=checkout&section=razorpay" "Mozilla/5.0 (Windows NT 10.0; Win64; x64) AppleWebKit/537.36 (KHTML, like Gecko) Chrome/137.0.0.0 Safari/537.36"
