139.59.17.158 - - [19/Jun/2025:12:23:36 +0000] "POST /wp-cron.php?doing_wp_cron=1750335816.7882330417633056640625 HTTP/1.1" 200 - "-" "WordPress/6.8.1; https://www.lapma.in"
106.222.182.130 - - [19/Jun/2025:12:23:34 +0000] "POST /wp-json/wc/v3/orders HTTP/1.1" 201 1075 "-" "Dart/3.6 (dart:io)"
106.222.182.130 - - [19/Jun/2025:12:23:42 +0000] "GET /wp-json/wc/v3/orders/1780 HTTP/1.1" 404 1075 "-" "Dart/3.6 (dart:io)"
139.59.17.158 - - [19/Jun/2025:12:26:05 +0000] "POST /wp-cron.php?doing_wp_cron=1750335965.2351338863372802734375 HTTP/1.1" 200 - "-" "WordPress/6.8.1; https://www.lapma.in"
106.222.182.130 - - [19/Jun/2025:12:26:03 +0000] "GET /wp-admin/ HTTP/2.0" 302 - "-" "Mozilla/5.0 (Windows NT 10.0; Win64; x64) AppleWebKit/537.36 (KHTML, like Gecko) Chrome/137.0.0.0 Safari/537.36"
106.222.182.130 - - [19/Jun/2025:12:26:06 +0000] "GET /wp-admin/ HTTP/2.0" 302 - "-" "Mozilla/5.0 (Windows NT 10.0; Win64; x64) AppleWebKit/537.36 (KHTML, like Gecko) Chrome/137.0.0.0 Safari/537.36"
139.59.17.158 - - [19/Jun/2025:12:26:09 +0000] "POST /wp-cron.php?doing_wp_cron=1750335969.9007909297943115234375 HTTP/1.1" 200 - "-" "WordPress/6.8.1; https://www.lapma.in"
106.222.182.130 - - [19/Jun/2025:12:26:08 +0000] "GET /wp-login.php?redirect_to=https%3A%2F%2Fwww.lapma.in%2Fwp-admin%2F&reauth=1 HTTP/2.0" 200 1926 "-" "Mozilla/5.0 (Windows NT 10.0; Win64; x64) AppleWebKit/537.36 (KHTML, like Gecko) Chrome/137.0.0.0 Safari/537.36"
139.59.17.158 - - [19/Jun/2025:12:26:05 +0000] "POST /wp-admin/admin-ajax.php?action=as_async_request_queue_runner&nonce=b8b5172c4b HTTP/1.1" 200 - "-" "WordPress/6.8.1; https://www.lapma.in"
106.222.182.130 - - [19/Jun/2025:12:26:23 +0000] "POST /wp-login.php HTTP/2.0" 302 - "https://www.lapma.in/wp-login.php?redirect_to=https%3A%2F%2Fwww.lapma.in%2Fwp-admin%2F&reauth=1" "Mozilla/5.0 (Windows NT 10.0; Win64; x64) AppleWebKit/537.36 (KHTML, like Gecko) Chrome/137.0.0.0 Safari/537.36"
106.222.182.130 - - [19/Jun/2025:12:26:26 +0000] "GET /wp-admin/ HTTP/2.0" 200 29039 "https://www.lapma.in/wp-login.php?redirect_to=https%3A%2F%2Fwww.lapma.in%2Fwp-admin%2F&reauth=1" "Mozilla/5.0 (Windows NT 10.0; Win64; x64) AppleWebKit/537.36 (KHTML, like Gecko) Chrome/137.0.0.0 Safari/537.36"
106.222.182.130 - - [19/Jun/2025:12:26:29 +0000] "POST /wp-admin/admin-ajax.php HTTP/2.0" 200 110 "https://www.lapma.in/wp-admin/" "Mozilla/5.0 (Windows NT 10.0; Win64; x64) AppleWebKit/537.36 (KHTML, like Gecko) Chrome/137.0.0.0 Safari/537.36"
106.222.182.130 - - [19/Jun/2025:12:26:38 +0000] "GET /wp-admin/admin.php?page=wc-admin&path=/wc-pay-welcome-page HTTP/2.0" 200 80490 "https://www.lapma.in/wp-admin/" "Mozilla/5.0 (Windows NT 10.0; Win64; x64) AppleWebKit/537.36 (KHTML, like Gecko) Chrome/137.0.0.0 Safari/537.36"
106.222.182.130 - - [19/Jun/2025:12:26:42 +0000] "GET /wp-content/plugins/woocommerce/assets/client/admin/chunks/9360.style.css?ver=057705ef94035317cc6b HTTP/2.0" 200 4096 "https://www.lapma.in/wp-admin/admin.php?page=wc-admin&path=%2Fwc-pay-welcome-page" "Mozilla/5.0 (Windows NT 10.0; Win64; x64) AppleWebKit/537.36 (KHTML, like Gecko) Chrome/137.0.0.0 Safari/537.36"
106.222.182.130 - - [19/Jun/2025:12:26:42 +0000] "GET /wp-content/plugins/woocommerce/assets/client/admin/chunks/wcpay-payment-welcome-page.js?ver=b2b3933247b572dcd961 HTTP/2.0" 200 6541 "https://www.lapma.in/wp-admin/admin.php?page=wc-admin&path=%2Fwc-pay-welcome-page" "Mozilla/5.0 (Windows NT 10.0; Win64; x64) AppleWebKit/537.36 (KHTML, like Gecko) Chrome/137.0.0.0 Safari/537.36"
106.222.182.130 - - [19/Jun/2025:12:26:42 +0000] "GET /wp-json/wp/v2/users/me?context=edit&_locale=user HTTP/2.0" 404 1354 "https://www.lapma.in/wp-admin/admin.php?page=wc-admin&path=%2Fwc-pay-welcome-page" "Mozilla/5.0 (Windows NT 10.0; Win64; x64) AppleWebKit/537.36 (KHTML, like Gecko) Chrome/137.0.0.0 Safari/537.36"
106.222.182.130 - - [19/Jun/2025:12:26:42 +0000] "GET /wp-json/jetpack/v4/connection?_locale=user HTTP/2.0" 404 138 "https://www.lapma.in/wp-admin/admin.php?page=wc-admin&path=%2Fwc-pay-welcome-page" "Mozilla/5.0 (Windows NT 10.0; Win64; x64) AppleWebKit/537.36 (KHTML, like Gecko) Chrome/137.0.0.0 Safari/537.36"
106.222.182.130 - - [19/Jun/2025:12:26:42 +0000] "GET /wp-json/wc-admin/plugins/active?_locale=user HTTP/2.0" 404 228 "https://www.lapma.in/wp-admin/admin.php?page=wc-admin&path=%2Fwc-pay-welcome-page" "Mozilla/5.0 (Windows NT 10.0; Win64; x64) AppleWebKit/537.36 (KHTML, like Gecko) Chrome/137.0.0.0 Safari/537.36"
106.222.182.130 - - [19/Jun/2025:12:26:42 +0000] "GET /wp-json/wc-admin/options?options=woocommerce_allow_tracking&_locale=user HTTP/2.0" 404 55 "https://www.lapma.in/wp-admin/admin.php?page=wc-admin&path=%2Fwc-pay-welcome-page" "Mozilla/5.0 (Windows NT 10.0; Win64; x64) AppleWebKit/537.36 (KHTML, like Gecko) Chrome/137.0.0.0 Safari/537.36"
106.222.182.130 - - [19/Jun/2025:12:26:42 +0000] "GET /wp-json/wc-admin/options?options=woocommerce_ces_tracks_queue&_locale=user HTTP/2.0" 404 58 "https://www.lapma.in/wp-admin/admin.php?page=wc-admin&path=%2Fwc-pay-welcome-page" "Mozilla/5.0 (Windows NT 10.0; Win64; x64) AppleWebKit/537.36 (KHTML, like Gecko) Chrome/137.0.0.0 Safari/537.36"
106.222.182.130 - - [19/Jun/2025:12:26:42 +0000] "GET /wp-json/wc-admin/plugins/installed?_locale=user HTTP/2.0" 404 264 "https://www.lapma.in/wp-admin/admin.php?page=wc-admin&path=%2Fwc-pay-welcome-page" "Mozilla/5.0 (Windows NT 10.0; Win64; x64) AppleWebKit/537.36 (KHTML, like Gecko) Chrome/137.0.0.0 Safari/537.36"
106.222.182.130 - - [19/Jun/2025:12:26:42 +0000] "GET /wp-json/wc-admin/options?options=woocommerce_coming_soon%2Cwoocommerce_store_pages_only%2Cwoocommerce_private_link%2Cwoocommerce_share_key%2Cwoocommerce_admin_transient_notices_queue%2Cwoocommerce_admin_install_timestamp&_locale=user HTTP/2.0" 404 141 "https://www.lapma.in/wp-admin/admin.php?page=wc-admin&path=%2Fwc-pay-welcome-page" "Mozilla/5.0 (Windows NT 10.0; Win64; x64) AppleWebKit/537.36 (KHTML, like Gecko) Chrome/137.0.0.0 Safari/537.36"
106.222.182.130 - - [19/Jun/2025:12:26:42 +0000] "POST /wp-json/wc-admin/options?_locale=user HTTP/2.0" 404 64 "https://www.lapma.in/wp-admin/admin.php?page=wc-admin&path=%2Fwc-pay-welcome-page" "Mozilla/5.0 (Windows NT 10.0; Win64; x64) AppleWebKit/537.36 (KHTML, like Gecko) Chrome/137.0.0.0 Safari/537.36"
106.222.182.130 - - [19/Jun/2025:12:26:42 +0000] "GET /wp-json/wc-analytics/admin/notes?page=1&per_page=25&type=error%2Cupdate&status=unactioned&_locale=user HTTP/2.0" 404 791 "https://www.lapma.in/wp-admin/admin.php?page=wc-admin&path=%2Fwc-pay-welcome-page" "Mozilla/5.0 (Windows NT 10.0; Win64; x64) AppleWebKit/537.36 (KHTML, like Gecko) Chrome/137.0.0.0 Safari/537.36"
106.222.182.130 - - [19/Jun/2025:12:26:42 +0000] "GET /wp-json/wc-admin/onboarding/tasks?_locale=user HTTP/2.0" 404 1232 "https://www.lapma.in/wp-admin/admin.php?page=wc-admin&path=%2Fwc-pay-welcome-page" "Mozilla/5.0 (Windows NT 10.0; Win64; x64) AppleWebKit/537.36 (KHTML, like Gecko) Chrome/137.0.0.0 Safari/537.36"
106.222.182.130 - - [19/Jun/2025:12:26:49 +0000] "GET /wp-content/plugins/woocommerce/assets/images/payment_methods/72x72/paypal.png HTTP/2.0" 200 1229 "https://www.lapma.in/wp-admin/admin.php?page=wc-admin&path=%2Fwc-pay-welcome-page" "Mozilla/5.0 (Windows NT 10.0; Win64; x64) AppleWebKit/537.36 (KHTML, like Gecko) Chrome/137.0.0.0 Safari/537.36"
106.222.182.130 - - [19/Jun/2025:12:26:49 +0000] "GET /wp-content/plugins/woocommerce/assets/images/payment_methods/72x72/amazonpay.png HTTP/2.0" 200 1100 "https://www.lapma.in/wp-admin/admin.php?page=wc-admin&path=%2Fwc-pay-welcome-page" "Mozilla/5.0 (Windows NT 10.0; Win64; x64) AppleWebKit/537.36 (KHTML, like Gecko) Chrome/137.0.0.0 Safari/537.36"
106.222.182.130 - - [19/Jun/2025:12:26:58 +0000] "GET /wp-admin/plugins.php HTTP/2.0" 200 69234 "https://www.lapma.in/wp-admin/admin.php?page=wc-admin&path=%2Fwc-pay-welcome-page" "Mozilla/5.0 (Windows NT 10.0; Win64; x64) AppleWebKit/537.36 (KHTML, like Gecko) Chrome/137.0.0.0 Safari/537.36"
106.222.182.130 - - [19/Jun/2025:12:27:02 +0000] "GET /wp-json/wc-admin/options?options=woocommerce_allow_tracking&_locale=user HTTP/2.0" 404 55 "https://www.lapma.in/wp-admin/plugins.php" "Mozilla/5.0 (Windows NT 10.0; Win64; x64) AppleWebKit/537.36 (KHTML, like Gecko) Chrome/137.0.0.0 Safari/537.36"
106.222.182.130 - - [19/Jun/2025:12:27:02 +0000] "GET /wp-json/wp/v2/users/me?context=edit&_locale=user HTTP/2.0" 404 1354 "https://www.lapma.in/wp-admin/plugins.php" "Mozilla/5.0 (Windows NT 10.0; Win64; x64) AppleWebKit/537.36 (KHTML, like Gecko) Chrome/137.0.0.0 Safari/537.36"
139.59.17.158 - - [19/Jun/2025:12:27:12 +0000] "POST /wp-cron.php?doing_wp_cron=1750336032.2334830760955810546875 HTTP/1.1" 200 - "-" "WordPress/6.8.1; https://www.lapma.in"
106.222.182.130 - - [19/Jun/2025:12:27:10 +0000] "GET /wp-admin/plugins.php?action=activate&plugin=lapma-razorpay-integration%2Flapma-razorpay-integration.php&plugin_status=all&paged=1&s&_wpnonce=bbf0e949a7 HTTP/2.0" 302 - "https://www.lapma.in/wp-admin/plugins.php" "Mozilla/5.0 (Windows NT 10.0; Win64; x64) AppleWebKit/537.36 (KHTML, like Gecko) Chrome/137.0.0.0 Safari/537.36"
106.222.182.130 - - [19/Jun/2025:12:27:12 +0000] "GET /wp-admin/plugins.php?error=true&plugin=lapma-razorpay-integration%2Flapma-razorpay-integration.php&_error_nonce=89b988ca34 HTTP/2.0" 200 69438 "https://www.lapma.in/wp-admin/plugins.php" "Mozilla/5.0 (Windows NT 10.0; Win64; x64) AppleWebKit/537.36 (KHTML, like Gecko) Chrome/137.0.0.0 Safari/537.36"
106.222.182.130 - - [19/Jun/2025:12:27:15 +0000] "GET /wp-json/wp/v2/users/me?context=edit&_locale=user HTTP/2.0" 404 1354 "https://www.lapma.in/wp-admin/plugins.php?plugin=lapma-razorpay-integration%2Flapma-razorpay-integration.php" "Mozilla/5.0 (Windows NT 10.0; Win64; x64) AppleWebKit/537.36 (KHTML, like Gecko) Chrome/137.0.0.0 Safari/537.36"
106.222.182.130 - - [19/Jun/2025:12:27:15 +0000] "GET /wp-json/wc-admin/options?options=woocommerce_allow_tracking&_locale=user HTTP/2.0" 404 55 "https://www.lapma.in/wp-admin/plugins.php?plugin=lapma-razorpay-integration%2Flapma-razorpay-integration.php" "Mozilla/5.0 (Windows NT 10.0; Win64; x64) AppleWebKit/537.36 (KHTML, like Gecko) Chrome/137.0.0.0 Safari/537.36"
139.59.17.158 - - [19/Jun/2025:12:28:17 +0000] "POST /wp-cron.php?doing_wp_cron=1750336097.4998381137847900390625 HTTP/1.1" 200 - "-" "WordPress/6.8.1; https://www.lapma.in"
106.222.182.130 - - [19/Jun/2025:12:28:15 +0000] "POST /wp-admin/admin-ajax.php HTTP/2.0" 200 67 "https://www.lapma.in/wp-admin/plugins.php?plugin=lapma-razorpay-integration%2Flapma-razorpay-integration.php" "Mozilla/5.0 (Windows NT 10.0; Win64; x64) AppleWebKit/537.36 (KHTML, like Gecko) Chrome/137.0.0.0 Safari/537.36"
106.222.182.130 - - [19/Jun/2025:12:28:15 +0000] "GET /wp-admin/admin.php?page=wp_file_manager HTTP/2.0" 200 18225 "https://www.lapma.in/wp-admin/plugins.php?plugin=lapma-razorpay-integration%2Flapma-razorpay-integration.php" "Mozilla/5.0 (Windows NT 10.0; Win64; x64) AppleWebKit/537.36 (KHTML, like Gecko) Chrome/137.0.0.0 Safari/537.36"
106.222.182.130 - - [19/Jun/2025:12:28:18 +0000] "GET /wp-content/plugins/wp-file-manager/js/file_manager_free_shortcode_admin.js?ver=5079 HTTP/2.0" 200 1267 "https://www.lapma.in/wp-admin/admin.php?page=wp_file_manager" "Mozilla/5.0 (Windows NT 10.0; Win64; x64) AppleWebKit/537.36 (KHTML, like Gecko) Chrome/137.0.0.0 Safari/537.36"
106.222.182.130 - - [19/Jun/2025:12:28:18 +0000] "GET /wp-admin/admin-ajax.php?action=mk_file_folder_manager&_wpnonce=fdaee29c28&networkhref=&cmd=open&target=l1_d3AtY29udGVudC9wbHVnaW5zL2xhcG1hLXJhem9ycGF5LWludGVncmF0aW9u&init=1&tree=1&_=1750336098308 HTTP/2.0" 200 979 "https://www.lapma.in/wp-admin/admin.php?page=wp_file_manager" "Mozilla/5.0 (Windows NT 10.0; Win64; x64) AppleWebKit/537.36 (KHTML, like Gecko) Chrome/137.0.0.0 Safari/537.36"
106.222.182.130 - - [19/Jun/2025:12:28:20 +0000] "GET /wp-admin/admin-ajax.php?action=mk_file_folder_manager&_wpnonce=fdaee29c28&networkhref=&cmd=parents&target=l1_d3AtY29udGVudC9wbHVnaW5zL2xhcG1hLXJhem9ycGF5LWludGVncmF0aW9u&reqid=19788295a0e3de HTTP/2.0" 200 1750 "https://www.lapma.in/wp-admin/admin.php?page=wp_file_manager" "Mozilla/5.0 (Windows NT 10.0; Win64; x64) AppleWebKit/537.36 (KHTML, like Gecko) Chrome/137.0.0.0 Safari/537.36"
106.222.182.130 - - [19/Jun/2025:12:28:25 +0000] "GET /wp-admin/admin-ajax.php?action=mk_file_folder_manager&_wpnonce=fdaee29c28&networkhref=&cmd=open&target=l1_Lw&reqid=19788296a4a361 HTTP/2.0" 200 1527 "https://www.lapma.in/wp-admin/admin.php?page=wp_file_manager" "Mozilla/5.0 (Windows NT 10.0; Win64; x64) AppleWebKit/537.36 (KHTML, like Gecko) Chrome/137.0.0.0 Safari/537.36"
139.59.17.158 - - [19/Jun/2025:12:28:38 +0000] "POST /wp-cron.php?doing_wp_cron=1750336118.8475749492645263671875 HTTP/1.1" 200 - "-" "WordPress/6.8.1; https://www.lapma.in"
106.222.182.130 - - [19/Jun/2025:12:28:37 +0000] "GET /wp-admin/admin-ajax.php?action=mk_file_folder_manager&_wpnonce=fdaee29c28&networkhref=&cmd=get&target=l1_d3AtY29uZmlnLnBocA&conv=0&_t=1750312703 HTTP/2.0" 200 1847 "https://www.lapma.in/wp-admin/admin.php?page=wp_file_manager" "Mozilla/5.0 (Windows NT 10.0; Win64; x64) AppleWebKit/537.36 (KHTML, like Gecko) Chrome/137.0.0.0 Safari/537.36"
139.59.17.158 - - [19/Jun/2025:12:29:20 +0000] "POST /wp-cron.php?doing_wp_cron=1750336160.5174310207366943359375 HTTP/1.1" 200 - "-" "WordPress/6.8.1; https://www.lapma.in"
106.222.182.130 - - [19/Jun/2025:12:29:18 +0000] "POST /wp-admin/admin-ajax.php HTTP/2.0" 200 67 "https://www.lapma.in/wp-admin/admin.php?page=wp_file_manager" "Mozilla/5.0 (Windows NT 10.0; Win64; x64) AppleWebKit/537.36 (KHTML, like Gecko) Chrome/137.0.0.0 Safari/537.36"
106.222.182.130 - - [19/Jun/2025:12:29:46 +0000] "GET /wp-admin/admin-ajax.php?action=mk_file_folder_manager&_wpnonce=fdaee29c28&networkhref=&cmd=open&target=l1_d3AtY29udGVudC9wbHVnaW5z&reqid=197882aa4dda5 HTTP/2.0" 200 1382 "https://www.lapma.in/wp-admin/admin.php?page=wp_file_manager" "Mozilla/5.0 (Windows NT 10.0; Win64; x64) AppleWebKit/537.36 (KHTML, like Gecko) Chrome/137.0.0.0 Safari/537.36"
106.222.182.130 - - [19/Jun/2025:12:29:54 +0000] "GET /wp-admin/admin-ajax.php?action=mk_file_folder_manager&_wpnonce=fdaee29c28&networkhref=&cmd=open&target=l1_d3AtY29udGVudC9wbHVnaW5zL2xhcG1hLXJhem9ycGF5LWludGVncmF0aW9u&reqid=197882ac61e8c HTTP/2.0" 200 681 "https://www.lapma.in/wp-admin/admin.php?page=wp_file_manager" "Mozilla/5.0 (Windows NT 10.0; Win64; x64) AppleWebKit/537.36 (KHTML, like Gecko) Chrome/137.0.0.0 Safari/537.36"
139.59.17.158 - - [19/Jun/2025:12:30:21 +0000] "POST /wp-cron.php?doing_wp_cron=1750336221.4428300857543945312500 HTTP/1.1" 200 - "-" "WordPress/6.8.1; https://www.lapma.in"
106.222.182.130 - - [19/Jun/2025:12:30:19 +0000] "POST /wp-admin/admin-ajax.php HTTP/2.0" 200 67 "https://www.lapma.in/wp-admin/admin.php?page=wp_file_manager" "Mozilla/5.0 (Windows NT 10.0; Win64; x64) AppleWebKit/537.36 (KHTML, like Gecko) Chrome/137.0.0.0 Safari/537.36"
139.59.17.158 - - [19/Jun/2025:12:31:11 +0000] "POST /wp-cron.php?doing_wp_cron=1750336271.1032960414886474609375 HTTP/1.1" 200 - "-" "WordPress/6.8.1; https://www.lapma.in"
106.222.182.130 - - [19/Jun/2025:12:31:09 +0000] "GET /wp-admin/admin-ajax.php?action=mk_file_folder_manager&_wpnonce=fdaee29c28&networkhref=&cmd=get&target=l1_d3AtY29udGVudC9wbHVnaW5zL2xhcG1hLXJhem9ycGF5LWludGVncmF0aW9uL2xhcG1hLXJhem9ycGF5LWludGVncmF0aW9uLnBocA&conv=0&_t=1750311673 HTTP/2.0" 200 1731 "https://www.lapma.in/wp-admin/admin.php?page=wp_file_manager" "Mozilla/5.0 (Windows NT 10.0; Win64; x64) AppleWebKit/537.36 (KHTML, like Gecko) Chrome/137.0.0.0 Safari/537.36"
106.222.182.130 - - [19/Jun/2025:12:31:20 +0000] "POST /wp-admin/admin-ajax.php HTTP/2.0" 200 67 "https://www.lapma.in/wp-admin/admin.php?page=wp_file_manager" "Mozilla/5.0 (Windows NT 10.0; Win64; x64) AppleWebKit/537.36 (KHTML, like Gecko) Chrome/137.0.0.0 Safari/537.36"
139.59.17.158 - - [19/Jun/2025:12:33:24 +0000] "POST /wp-cron.php?doing_wp_cron=1750336404.2219169139862060546875 HTTP/1.1" 200 - "-" "WordPress/6.8.1; https://www.lapma.in"
106.222.182.130 - - [19/Jun/2025:12:33:22 +0000] "POST /wp-admin/admin-ajax.php HTTP/2.0" 200 67 "https://www.lapma.in/wp-admin/admin.php?page=wp_file_manager" "Mozilla/5.0 (Windows NT 10.0; Win64; x64) AppleWebKit/537.36 (KHTML, like Gecko) Chrome/137.0.0.0 Safari/537.36"
139.59.17.158 - - [19/Jun/2025:12:35:25 +0000] "POST /wp-cron.php?doing_wp_cron=1750336525.2680900096893310546875 HTTP/1.1" 200 - "-" "WordPress/6.8.1; https://www.lapma.in"
106.222.182.130 - - [19/Jun/2025:12:35:23 +0000] "POST /wp-admin/admin-ajax.php HTTP/2.0" 200 67 "https://www.lapma.in/wp-admin/admin.php?page=wp_file_manager" "Mozilla/5.0 (Windows NT 10.0; Win64; x64) AppleWebKit/537.36 (KHTML, like Gecko) Chrome/137.0.0.0 Safari/537.36"
139.59.17.158 - - [19/Jun/2025:12:37:25 +0000] "POST /wp-cron.php?doing_wp_cron=1750336645.9040598869323730468750 HTTP/1.1" 200 - "-" "WordPress/6.8.1; https://www.lapma.in"
106.222.182.130 - - [19/Jun/2025:12:37:24 +0000] "POST /wp-admin/admin-ajax.php HTTP/2.0" 200 67 "https://www.lapma.in/wp-admin/admin.php?page=wp_file_manager" "Mozilla/5.0 (Windows NT 10.0; Win64; x64) AppleWebKit/537.36 (KHTML, like Gecko) Chrome/137.0.0.0 Safari/537.36"
139.59.17.158 - - [19/Jun/2025:12:39:25 +0000] "POST /wp-cron.php?doing_wp_cron=1750336765.0258591175079345703125 HTTP/1.1" 200 - "-" "WordPress/6.8.1; https://www.lapma.in"
106.222.182.130 - - [19/Jun/2025:12:39:23 +0000] "POST /wp-admin/admin-ajax.php HTTP/2.0" 200 67 "https://www.lapma.in/wp-admin/admin.php?page=wp_file_manager" "Mozilla/5.0 (Windows NT 10.0; Win64; x64) AppleWebKit/537.36 (KHTML, like Gecko) Chrome/137.0.0.0 Safari/537.36"
106.222.182.130 - - [19/Jun/2025:12:39:29 +0000] "POST /wp-admin/admin-ajax.php HTTP/2.0" 200 215 "https://www.lapma.in/wp-admin/admin.php?page=wp_file_manager" "Mozilla/5.0 (Windows NT 10.0; Win64; x64) AppleWebKit/537.36 (KHTML, like Gecko) Chrome/137.0.0.0 Safari/537.36"
106.222.182.130 - - [19/Jun/2025:12:39:41 +0000] "GET /wp-admin/update-core.php HTTP/2.0" 200 20076 "https://www.lapma.in/wp-admin/admin.php?page=wp_file_manager" "Mozilla/5.0 (Windows NT 10.0; Win64; x64) AppleWebKit/537.36 (KHTML, like Gecko) Chrome/137.0.0.0 Safari/537.36"
106.222.182.130 - - [19/Jun/2025:12:39:46 +0000] "GET /wp-content/plugins/updraftplus/css/updraftplus-notices-1-25-6.min.css?ver=1.25.6 HTTP/2.0" 200 541 "https://www.lapma.in/wp-admin/update-core.php" "Mozilla/5.0 (Windows NT 10.0; Win64; x64) AppleWebKit/537.36 (KHTML, like Gecko) Chrome/137.0.0.0 Safari/537.36"
106.222.182.130 - - [19/Jun/2025:12:39:46 +0000] "GET /wp-admin/load-styles.php?c=0&dir=ltr&load%5Bchunk_0%5D=dashicons,admin-bar,common,forms,admin-menu,dashboard,list-tables,edit,revisions,media,themes,about,nav-menus,wp-pointer,widgets&load%5Bchunk_1%5D=,site-icon,l10n,buttons&ver=6.8.1 HTTP/2.0" 200 101397 "https://www.lapma.in/wp-admin/update-core.php" "Mozilla/5.0 (Windows NT 10.0; Win64; x64) AppleWebKit/537.36 (KHTML, like Gecko) Chrome/137.0.0.0 Safari/537.36"
106.222.182.130 - - [19/Jun/2025:12:39:47 +0000] "GET /wp-content/themes/twentytwentyfive/screenshot.png?ver=1.0 HTTP/2.0" 200 216683 "https://www.lapma.in/wp-admin/update-core.php" "Mozilla/5.0 (Windows NT 10.0; Win64; x64) AppleWebKit/537.36 (KHTML, like Gecko) Chrome/137.0.0.0 Safari/537.36"
106.222.182.130 - - [19/Jun/2025:12:39:47 +0000] "GET /wp-content/plugins/updraftplus/images/notices/updraft_logo.png HTTP/2.0" 200 2453 "https://www.lapma.in/wp-admin/update-core.php" "Mozilla/5.0 (Windows NT 10.0; Win64; x64) AppleWebKit/537.36 (KHTML, like Gecko) Chrome/137.0.0.0 Safari/537.36"
106.222.182.130 - - [19/Jun/2025:12:39:53 +0000] "GET /wp-admin/update-core.php HTTP/2.0" 200 20076 "https://www.lapma.in/wp-admin/admin.php?page=wp_file_manager" "Mozilla/5.0 (Windows NT 10.0; Win64; x64) AppleWebKit/537.36 (KHTML, like Gecko) Chrome/137.0.0.0 Safari/537.36"
106.222.182.130 - - [19/Jun/2025:12:39:56 +0000] "GET /favicon.ico HTTP/2.0" 302 - "https://www.lapma.in/wp-admin/update-core.php" "Mozilla/5.0 (Windows NT 10.0; Win64; x64) AppleWebKit/537.36 (KHTML, like Gecko) Chrome/137.0.0.0 Safari/537.36"
106.222.182.130 - - [19/Jun/2025:12:40:01 +0000] "GET /wp-admin/admin.php?page=wp_file_manager HTTP/2.0" 200 18200 "https://www.lapma.in/wp-admin/update-core.php" "Mozilla/5.0 (Windows NT 10.0; Win64; x64) AppleWebKit/537.36 (KHTML, like Gecko) Chrome/137.0.0.0 Safari/537.36"
106.222.182.130 - - [19/Jun/2025:12:40:04 +0000] "GET /wp-content/plugins/wp-file-manager/js/file_manager_free_shortcode_admin.js?ver=4206 HTTP/2.0" 200 1267 "https://www.lapma.in/wp-admin/admin.php?page=wp_file_manager" "Mozilla/5.0 (Windows NT 10.0; Win64; x64) AppleWebKit/537.36 (KHTML, like Gecko) Chrome/137.0.0.0 Safari/537.36"
106.222.182.130 - - [19/Jun/2025:12:40:04 +0000] "GET /wp-admin/admin-ajax.php?action=mk_file_folder_manager&_wpnonce=fdaee29c28&networkhref=&cmd=open&target=l1_d3AtY29udGVudC9wbHVnaW5zL2xhcG1hLXJhem9ycGF5LWludGVncmF0aW9u&init=1&tree=1&_=1750336804565 HTTP/2.0" 200 981 "https://www.lapma.in/wp-admin/admin.php?page=wp_file_manager" "Mozilla/5.0 (Windows NT 10.0; Win64; x64) AppleWebKit/537.36 (KHTML, like Gecko) Chrome/137.0.0.0 Safari/537.36"
139.59.17.158 - - [19/Jun/2025:12:40:08 +0000] "POST /wp-cron.php?doing_wp_cron=1750336808.7810320854187011718750 HTTP/1.1" 200 - "-" "WordPress/6.8.1; https://www.lapma.in"
106.222.182.130 - - [19/Jun/2025:12:40:07 +0000] "GET /wp-admin/admin-ajax.php?action=mk_file_folder_manager&_wpnonce=fdaee29c28&networkhref=&cmd=parents&target=l1_d3AtY29udGVudC9wbHVnaW5zL2xhcG1hLXJhem9ycGF5LWludGVncmF0aW9u&reqid=197883420403a0 HTTP/2.0" 200 1750 "https://www.lapma.in/wp-admin/admin.php?page=wp_file_manager" "Mozilla/5.0 (Windows NT 10.0; Win64; x64) AppleWebKit/537.36 (KHTML, like Gecko) Chrome/137.0.0.0 Safari/537.36"
106.222.182.130 - - [19/Jun/2025:12:40:24 +0000] "GET /wp-admin/admin-ajax.php?action=mk_file_folder_manager&_wpnonce=fdaee29c28&networkhref=&cmd=open&target=l1_d3AtY29udGVudC9wbHVnaW5zL3dvby1yYXpvcnBheQ&reqid=19788346310ae HTTP/2.0" 200 1227 "https://www.lapma.in/wp-admin/admin.php?page=wp_file_manager" "Mozilla/5.0 (Windows NT 10.0; Win64; x64) AppleWebKit/537.36 (KHTML, like Gecko) Chrome/137.0.0.0 Safari/537.36"
106.222.182.130 - - [19/Jun/2025:12:40:35 +0000] "GET /wp-admin/admin-ajax.php?action=mk_file_folder_manager&_wpnonce=fdaee29c28&networkhref=&cmd=open&target=l1_d3AtY29udGVudC9wbHVnaW5zL3dvby1yYXpvcnBheS9yYXpvcnBheS1zZGs&reqid=197883490e5162 HTTP/2.0" 200 728 "https://www.lapma.in/wp-admin/admin.php?page=wp_file_manager" "Mozilla/5.0 (Windows NT 10.0; Win64; x64) AppleWebKit/537.36 (KHTML, like Gecko) Chrome/137.0.0.0 Safari/537.36"
106.222.182.130 - - [19/Jun/2025:12:40:46 +0000] "GET /wp-admin/admin-ajax.php?action=mk_file_folder_manager&_wpnonce=fdaee29c28&networkhref=&cmd=get&target=l1_d3AtY29udGVudC9wbHVnaW5zL3dvby1yYXpvcnBheS9yYXpvcnBheS1zZGsvUmF6b3JwYXkucGhw&conv=0&_t=1750255694 HTTP/2.0" 200 687 "https://www.lapma.in/wp-admin/admin.php?page=wp_file_manager" "Mozilla/5.0 (Windows NT 10.0; Win64; x64) AppleWebKit/537.36 (KHTML, like Gecko) Chrome/137.0.0.0 Safari/537.36"
139.59.17.158 - - [19/Jun/2025:12:41:07 +0000] "POST /wp-cron.php?doing_wp_cron=1750336867.9263980388641357421875 HTTP/1.1" 200 - "-" "WordPress/6.8.1; https://www.lapma.in"
106.222.182.130 - - [19/Jun/2025:12:41:05 +0000] "POST /wp-admin/admin-ajax.php HTTP/2.0" 200 67 "https://www.lapma.in/wp-admin/admin.php?page=wp_file_manager" "Mozilla/5.0 (Windows NT 10.0; Win64; x64) AppleWebKit/537.36 (KHTML, like Gecko) Chrome/137.0.0.0 Safari/537.36"
139.59.17.158 - - [19/Jun/2025:12:42:08 +0000] "POST /wp-cron.php?doing_wp_cron=1750336928.1151020526885986328125 HTTP/1.1" 200 - "-" "WordPress/6.8.1; https://www.lapma.in"
106.222.182.130 - - [19/Jun/2025:12:42:06 +0000] "POST /wp-admin/admin-ajax.php HTTP/2.0" 200 67 "https://www.lapma.in/wp-admin/admin.php?page=wp_file_manager" "Mozilla/5.0 (Windows NT 10.0; Win64; x64) AppleWebKit/537.36 (KHTML, like Gecko) Chrome/137.0.0.0 Safari/537.36"
139.59.17.158 - - [19/Jun/2025:12:43:09 +0000] "POST /wp-cron.php?doing_wp_cron=1750336989.0556209087371826171875 HTTP/1.1" 200 - "-" "WordPress/6.8.1; https://www.lapma.in"
106.222.182.130 - - [19/Jun/2025:12:43:06 +0000] "POST /wp-admin/admin-ajax.php HTTP/2.0" 200 67 "https://www.lapma.in/wp-admin/admin.php?page=wp_file_manager" "Mozilla/5.0 (Windows NT 10.0; Win64; x64) AppleWebKit/537.36 (KHTML, like Gecko) Chrome/137.0.0.0 Safari/537.36"
139.59.17.158 - - [19/Jun/2025:12:44:09 +0000] "POST /wp-cron.php?doing_wp_cron=1750337049.1094069480895996093750 HTTP/1.1" 200 - "-" "WordPress/6.8.1; https://www.lapma.in"
106.222.182.130 - - [19/Jun/2025:12:44:07 +0000] "POST /wp-admin/admin-ajax.php HTTP/2.0" 200 67 "https://www.lapma.in/wp-admin/admin.php?page=wp_file_manager" "Mozilla/5.0 (Windows NT 10.0; Win64; x64) AppleWebKit/537.36 (KHTML, like Gecko) Chrome/137.0.0.0 Safari/537.36"
106.222.182.130 - - [19/Jun/2025:12:44:14 +0000] "POST /wp-admin/admin-ajax.php HTTP/2.0" 200 203 "https://www.lapma.in/wp-admin/admin.php?page=wp_file_manager" "Mozilla/5.0 (Windows NT 10.0; Win64; x64) AppleWebKit/537.36 (KHTML, like Gecko) Chrome/137.0.0.0 Safari/537.36"
106.222.182.130 - - [19/Jun/2025:12:44:20 +0000] "POST /wp-json/wc/v3/orders HTTP/1.1" 500 224 "-" "Dart/3.6 (dart:io)"
106.222.182.130 - - [19/Jun/2025:12:44:44 +0000] "GET /wp-admin/admin-ajax.php?action=mk_file_folder_manager&_wpnonce=fdaee29c28&networkhref=&cmd=get&target=l1_d3AtY29udGVudC9wbHVnaW5zL3dvby1yYXpvcnBheS9yYXpvcnBheS1zZGsvUmF6b3JwYXkucGhw&conv=0&_t=1750337056 HTTP/2.0" 500 155 "https://www.lapma.in/wp-admin/admin.php?page=wp_file_manager" "Mozilla/5.0 (Windows NT 10.0; Win64; x64) AppleWebKit/537.36 (KHTML, like Gecko) Chrome/137.0.0.0 Safari/537.36"
106.222.182.130 - - [19/Jun/2025:12:44:45 +0000] "GET /wp-admin/admin-ajax.php?action=mk_file_folder_manager&_wpnonce=fdaee29c28&networkhref=&cmd=parents&target=l1_d3AtY29udGVudC9wbHVnaW5zL3dvby1yYXpvcnBheS9yYXpvcnBheS1zZGs&reqid=19788385f6f42 HTTP/2.0" 500 155 "https://www.lapma.in/wp-admin/admin.php?page=wp_file_manager" "Mozilla/5.0 (Windows NT 10.0; Win64; x64) AppleWebKit/537.36 (KHTML, like Gecko) Chrome/137.0.0.0 Safari/537.36"
106.222.182.130 - - [19/Jun/2025:12:44:45 +0000] "GET /wp-admin/admin-ajax.php?action=mk_file_folder_manager&_wpnonce=fdaee29c28&networkhref=&cmd=open&reload=1&target=l1_d3AtY29udGVudC9wbHVnaW5zL3dvby1yYXpvcnBheS9yYXpvcnBheS1zZGs&tree=1&compare=&reqid=19788385f6f353 HTTP/2.0" 500 - "https://www.lapma.in/wp-admin/admin.php?page=wp_file_manager" "Mozilla/5.0 (Windows NT 10.0; Win64; x64) AppleWebKit/537.36 (KHTML, like Gecko) Chrome/137.0.0.0 Safari/537.36"
106.222.182.130 - - [19/Jun/2025:12:44:46 +0000] "GET /wp-admin/admin-ajax.php?action=mk_file_folder_manager&_wpnonce=fdaee29c28&networkhref=&cmd=abort&id=19788385f6f353&reqid=197883863f1391 HTTP/2.0" 500 155 "https://www.lapma.in/wp-admin/admin.php?page=wp_file_manager" "Mozilla/5.0 (Windows NT 10.0; Win64; x64) AppleWebKit/537.36 (KHTML, like Gecko) Chrome/137.0.0.0 Safari/537.36"
106.222.182.130 - - [19/Jun/2025:12:44:46 +0000] "GET /wp-admin/admin-ajax.php?action=mk_file_folder_manager&_wpnonce=fdaee29c28&networkhref=&cmd=open&target=l1_Lw&tree=1&init=1&reqid=197883863f12da HTTP/2.0" 500 155 "https://www.lapma.in/wp-admin/admin.php?page=wp_file_manager" "Mozilla/5.0 (Windows NT 10.0; Win64; x64) AppleWebKit/537.36 (KHTML, like Gecko) Chrome/137.0.0.0 Safari/537.36"
106.222.182.130 - - [19/Jun/2025:12:44:54 +0000] "GET /wp-admin/admin-ajax.php?action=mk_file_folder_manager&_wpnonce=fdaee29c28&networkhref=&cmd=get&target=l1_d3AtY29udGVudC9wbHVnaW5zL3dvby1yYXpvcnBheS9yYXpvcnBheS1zZGsvUmF6b3JwYXkucGhw&conv=0&_t=1750337056 HTTP/2.0" 500 155 "https://www.lapma.in/wp-admin/admin.php?page=wp_file_manager" "Mozilla/5.0 (Windows NT 10.0; Win64; x64) AppleWebKit/537.36 (KHTML, like Gecko) Chrome/137.0.0.0 Safari/537.36"
106.222.182.130 - - [19/Jun/2025:12:44:55 +0000] "GET /wp-admin/admin-ajax.php?action=mk_file_folder_manager&_wpnonce=fdaee29c28&networkhref=&cmd=open&reload=1&target=l1_d3AtY29udGVudC9wbHVnaW5zL3dvby1yYXpvcnBheS9yYXpvcnBheS1zZGs&tree=1&compare=&reqid=1978838883318f HTTP/2.0" 500 155 "https://www.lapma.in/wp-admin/admin.php?page=wp_file_manager" "Mozilla/5.0 (Windows NT 10.0; Win64; x64) AppleWebKit/537.36 (KHTML, like Gecko) Chrome/137.0.0.0 Safari/537.36"
106.222.182.130 - - [19/Jun/2025:12:44:55 +0000] "GET /wp-admin/admin-ajax.php?action=mk_file_folder_manager&_wpnonce=fdaee29c28&networkhref=&cmd=parents&target=l1_d3AtY29udGVudC9wbHVnaW5zL3dvby1yYXpvcnBheS9yYXpvcnBheS1zZGs&reqid=19788388833147 HTTP/2.0" 500 155 "https://www.lapma.in/wp-admin/admin.php?page=wp_file_manager" "Mozilla/5.0 (Windows NT 10.0; Win64; x64) AppleWebKit/537.36 (KHTML, like Gecko) Chrome/137.0.0.0 Safari/537.36"
106.222.182.130 - - [19/Jun/2025:12:44:56 +0000] "GET /wp-admin/admin-ajax.php?action=mk_file_folder_manager&_wpnonce=fdaee29c28&networkhref=&cmd=abort&id=19788388833147&reqid=19788388bc93d2 HTTP/2.0" 500 155 "https://www.lapma.in/wp-admin/admin.php?page=wp_file_manager" "Mozilla/5.0 (Windows NT 10.0; Win64; x64) AppleWebKit/537.36 (KHTML, like Gecko) Chrome/137.0.0.0 Safari/537.36"
106.222.182.130 - - [19/Jun/2025:12:44:56 +0000] "GET /wp-admin/admin-ajax.php?action=mk_file_folder_manager&_wpnonce=fdaee29c28&networkhref=&cmd=open&target=l1_Lw&tree=1&init=1&reqid=19788388bc9399 HTTP/2.0" 500 155 "https://www.lapma.in/wp-admin/admin.php?page=wp_file_manager" "Mozilla/5.0 (Windows NT 10.0; Win64; x64) AppleWebKit/537.36 (KHTML, like Gecko) Chrome/137.0.0.0 Safari/537.36"
106.222.182.130 - - [19/Jun/2025:12:45:06 +0000] "POST /wp-admin/admin-ajax.php HTTP/2.0" 500 - "https://www.lapma.in/wp-admin/admin.php?page=wp_file_manager" "Mozilla/5.0 (Windows NT 10.0; Win64; x64) AppleWebKit/537.36 (KHTML, like Gecko) Chrome/137.0.0.0 Safari/537.36"
106.222.182.130 - - [19/Jun/2025:12:45:07 +0000] "GET /wp-admin/admin-ajax.php?action=mk_file_folder_manager&_wpnonce=fdaee29c28&networkhref=&cmd=get&target=l1_d3AtY29udGVudC9wbHVnaW5zL3dvby1yYXpvcnBheS9yYXpvcnBheS1zZGsvUmF6b3JwYXkucGhw&conv=0&_t=1750337056 HTTP/2.0" 500 155 "https://www.lapma.in/wp-admin/admin.php?page=wp_file_manager" "Mozilla/5.0 (Windows NT 10.0; Win64; x64) AppleWebKit/537.36 (KHTML, like Gecko) Chrome/137.0.0.0 Safari/537.36"
106.222.182.130 - - [19/Jun/2025:12:45:08 +0000] "GET /wp-admin/admin-ajax.php?action=mk_file_folder_manager&_wpnonce=fdaee29c28&networkhref=&cmd=open&reload=1&target=l1_d3AtY29udGVudC9wbHVnaW5zL3dvby1yYXpvcnBheS9yYXpvcnBheS1zZGs&tree=1&compare=&reqid=1978838b858211 HTTP/2.0" 500 155 "https://www.lapma.in/wp-admin/admin.php?page=wp_file_manager" "Mozilla/5.0 (Windows NT 10.0; Win64; x64) AppleWebKit/537.36 (KHTML, like Gecko) Chrome/137.0.0.0 Safari/537.36"
106.222.182.130 - - [19/Jun/2025:12:45:08 +0000] "GET /wp-admin/admin-ajax.php?action=mk_file_folder_manager&_wpnonce=fdaee29c28&networkhref=&cmd=parents&target=l1_d3AtY29udGVudC9wbHVnaW5zL3dvby1yYXpvcnBheS9yYXpvcnBheS1zZGs&reqid=1978838b8592c9 HTTP/2.0" 500 155 "https://www.lapma.in/wp-admin/admin.php?page=wp_file_manager" "Mozilla/5.0 (Windows NT 10.0; Win64; x64) AppleWebKit/537.36 (KHTML, like Gecko) Chrome/137.0.0.0 Safari/537.36"
106.222.182.130 - - [19/Jun/2025:12:45:08 +0000] "GET /wp-admin/admin-ajax.php?action=mk_file_folder_manager&_wpnonce=fdaee29c28&networkhref=&cmd=abort&id=1978838b8592c9&reqid=1978838bb79326 HTTP/2.0" 500 155 "https://www.lapma.in/wp-admin/admin.php?page=wp_file_manager" "Mozilla/5.0 (Windows NT 10.0; Win64; x64) AppleWebKit/537.36 (KHTML, like Gecko) Chrome/137.0.0.0 Safari/537.36"
106.222.182.130 - - [19/Jun/2025:12:45:08 +0000] "GET /wp-admin/admin-ajax.php?action=mk_file_folder_manager&_wpnonce=fdaee29c28&networkhref=&cmd=open&target=l1_Lw&tree=1&init=1&reqid=1978838bb79101 HTTP/2.0" 500 155 "https://www.lapma.in/wp-admin/admin.php?page=wp_file_manager" "Mozilla/5.0 (Windows NT 10.0; Win64; x64) AppleWebKit/537.36 (KHTML, like Gecko) Chrome/137.0.0.0 Safari/537.36"
106.222.182.130 - - [19/Jun/2025:12:45:19 +0000] "GET /wp-admin/plugins.php HTTP/2.0" 500 1209 "https://www.lapma.in/wp-admin/admin.php?page=wp_file_manager" "Mozilla/5.0 (Windows NT 10.0; Win64; x64) AppleWebKit/537.36 (KHTML, like Gecko) Chrome/137.0.0.0 Safari/537.36"
106.222.182.130 - - [19/Jun/2025:12:45:33 +0000] "GET /wp-admin/plugins.php HTTP/2.0" 500 1209 "https://www.lapma.in/wp-admin/admin.php?page=wp_file_manager" "Mozilla/5.0 (Windows NT 10.0; Win64; x64) AppleWebKit/537.36 (KHTML, like Gecko) Chrome/137.0.0.0 Safari/537.36"
106.222.182.130 - - [19/Jun/2025:12:45:34 +0000] "GET /favicon.ico HTTP/2.0" 500 1118 "https://www.lapma.in/wp-admin/plugins.php" "Mozilla/5.0 (Windows NT 10.0; Win64; x64) AppleWebKit/537.36 (KHTML, like Gecko) Chrome/137.0.0.0 Safari/537.36"
106.222.182.130 - - [19/Jun/2025:12:45:39 +0000] "GET /wp-login.php?redirect_to=https%3A%2F%2Fwww.lapma.in%2Fwp-admin%2F&reauth=1 HTTP/2.0" 500 1209 "-" "Mozilla/5.0 (Windows NT 10.0; Win64; x64) AppleWebKit/537.36 (KHTML, like Gecko) Chrome/137.0.0.0 Safari/537.36"
106.222.182.130 - - [19/Jun/2025:12:45:40 +0000] "GET /wp-login.php?redirect_to=https%3A%2F%2Fwww.lapma.in%2Fwp-admin%2F&reauth=1 HTTP/2.0" 500 1209 "-" "Mozilla/5.0 (Windows NT 10.0; Win64; x64) AppleWebKit/537.36 (KHTML, like Gecko) Chrome/137.0.0.0 Safari/537.36"
106.222.182.130 - - [19/Jun/2025:12:45:42 +0000] "GET /favicon.ico HTTP/2.0" 500 1118 "https://www.lapma.in/wp-login.php?redirect_to=https%3A%2F%2Fwww.lapma.in%2Fwp-admin%2F&reauth=1" "Mozilla/5.0 (Windows NT 10.0; Win64; x64) AppleWebKit/537.36 (KHTML, like Gecko) Chrome/137.0.0.0 Safari/537.36"
106.222.182.130 - - [19/Jun/2025:12:45:50 +0000] "GET / HTTP/2.0" 500 1118 "-" "Mozilla/5.0 (Windows NT 10.0; Win64; x64) AppleWebKit/537.36 (KHTML, like Gecko) Chrome/137.0.0.0 Safari/537.36"
106.222.182.130 - - [19/Jun/2025:12:45:52 +0000] "GET /favicon.ico HTTP/2.0" 500 1118 "https://www.lapma.in/" "Mozilla/5.0 (Windows NT 10.0; Win64; x64) AppleWebKit/537.36 (KHTML, like Gecko) Chrome/137.0.0.0 Safari/537.36"
106.222.182.130 - - [19/Jun/2025:12:47:16 +0000] "POST /wp-json/wc/v3/orders HTTP/1.1" 500 224 "-" "Dart/3.6 (dart:io)"
106.222.182.130 - - [19/Jun/2025:12:47:35 +0000] "POST /wp-json/wc/v3/orders HTTP/1.1" 500 224 "-" "Dart/3.6 (dart:io)"
106.222.182.130 - - [19/Jun/2025:12:47:44 +0000] "POST /wp-json/wc/v3/orders HTTP/1.1" 500 224 "-" "Dart/3.6 (dart:io)"
85.204.70.114 - - [19/Jun/2025:12:49:54 +0000] "GET / HTTP/1.1" 301 283 "-" "Mozilla/5.0 (Windows NT 10.0; Win64; x64) AppleWebKit/537.36 (KHTML, like Gecko) Chrome/78.0.3904.108 Safari/537.36"
85.204.70.114 - - [19/Jun/2025:12:49:55 +0000] "GET / HTTP/1.1" 500 2630 "-" "Mozilla/5.0 (Windows NT 10.0; Win64; x64) AppleWebKit/537.36 (KHTML, like Gecko) Chrome/78.0.3904.108 Safari/537.36"
85.204.70.114 - - [19/Jun/2025:12:49:57 +0000] "GET //wp-includes/wlwmanifest.xml HTTP/1.1" 500 2630 "-" "Mozilla/5.0 (Windows NT 10.0; Win64; x64) AppleWebKit/537.36 (KHTML, like Gecko) Chrome/78.0.3904.108 Safari/537.36"
85.204.70.114 - - [19/Jun/2025:12:49:59 +0000] "GET //?author=1 HTTP/1.1" 500 2630 "-" "Mozilla/5.0 (Windows NT 10.0; Win64; x64) AppleWebKit/537.36 (KHTML, like Gecko) Chrome/78.0.3904.108 Safari/537.36"
106.222.182.130 - - [19/Jun/2025:12:49:59 +0000] "GET / HTTP/2.0" 500 1118 "-" "Mozilla/5.0 (Windows NT 10.0; Win64; x64) AppleWebKit/537.36 (KHTML, like Gecko) Chrome/137.0.0.0 Safari/537.36"
106.222.182.130 - - [19/Jun/2025:12:50:01 +0000] "GET /favicon.ico HTTP/2.0" 500 1118 "https://www.lapma.in/" "Mozilla/5.0 (Windows NT 10.0; Win64; x64) AppleWebKit/537.36 (KHTML, like Gecko) Chrome/137.0.0.0 Safari/537.36"
85.204.70.114 - - [19/Jun/2025:12:50:01 +0000] "GET //?author=2 HTTP/1.1" 500 2630 "-" "Mozilla/5.0 (Windows NT 10.0; Win64; x64) AppleWebKit/537.36 (KHTML, like Gecko) Chrome/78.0.3904.108 Safari/537.36"
85.204.70.114 - - [19/Jun/2025:12:50:03 +0000] "GET //wp-json/wp/v2/users/ HTTP/1.1" 500 2630 "-" "Mozilla/5.0 (Windows NT 10.0; Win64; x64) AppleWebKit/537.36 (KHTML, like Gecko) Chrome/78.0.3904.108 Safari/537.36"
85.204.70.114 - - [19/Jun/2025:12:50:05 +0000] "GET //wp-json/oembed/1.0/embed?url=https://lapma.in/ HTTP/1.1" 500 2630 "-" "Mozilla/5.0 (Windows NT 10.0; Win64; x64) AppleWebKit/537.36 (KHTML, like Gecko) Chrome/78.0.3904.108 Safari/537.36"
85.204.70.114 - - [19/Jun/2025:12:50:07 +0000] "POST //xmlrpc.php HTTP/1.1" 500 - "-" "Mozilla/5.0 (Windows NT 10.0; Win64; x64) AppleWebKit/537.36 (KHTML, like Gecko) Chrome/78.0.3904.108 Safari/537.36"
106.222.182.130 - - [19/Jun/2025:12:50:26 +0000] "GET / HTTP/2.0" 500 1118 "-" "Mozilla/5.0 (Windows NT 10.0; Win64; x64) AppleWebKit/537.36 (KHTML, like Gecko) Chrome/137.0.0.0 Safari/537.36"
106.222.182.130 - - [19/Jun/2025:12:50:28 +0000] "GET /favicon.ico HTTP/2.0" 500 1118 "https://www.lapma.in/" "Mozilla/5.0 (Windows NT 10.0; Win64; x64) AppleWebKit/537.36 (KHTML, like Gecko) Chrome/137.0.0.0 Safari/537.36"
103.78.16.194 - - [19/Jun/2025:12:52:49 +0000] "GET / HTTP/2.0" 500 1118 "android-app://com.google.android.googlequicksearchbox/" "Mozilla/5.0 (Linux; Android 10; K) AppleWebKit/537.36 (KHTML, like Gecko) Chrome/137.0.0.0 Mobile Safari/537.36"
103.78.16.194 - - [19/Jun/2025:12:52:51 +0000] "GET /favicon.ico HTTP/2.0" 500 1118 "https://www.lapma.in/" "Mozilla/5.0 (Linux; Android 10; K) AppleWebKit/537.36 (KHTML, like Gecko) Chrome/137.0.0.0 Mobile Safari/537.36"
103.78.16.194 - - [19/Jun/2025:12:52:52 +0000] "GET / HTTP/2.0" 500 1118 "android-app://com.google.android.googlequicksearchbox/" "Mozilla/5.0 (Linux; Android 10; K) AppleWebKit/537.36 (KHTML, like Gecko) Chrome/137.0.0.0 Mobile Safari/537.36"
103.78.16.194 - - [19/Jun/2025:12:52:54 +0000] "GET /favicon.ico HTTP/2.0" 500 1118 "https://www.lapma.in/" "Mozilla/5.0 (Linux; Android 10; K) AppleWebKit/537.36 (KHTML, like Gecko) Chrome/137.0.0.0 Mobile Safari/537.36"
103.78.16.194 - - [19/Jun/2025:12:52:55 +0000] "GET / HTTP/2.0" 500 1118 "android-app://com.google.android.googlequicksearchbox/" "Mozilla/5.0 (Linux; Android 10; K) AppleWebKit/537.36 (KHTML, like Gecko) Chrome/137.0.0.0 Mobile Safari/537.36"
103.78.16.194 - - [19/Jun/2025:12:52:57 +0000] "GET /favicon.ico HTTP/2.0" 500 1118 "https://www.lapma.in/" "Mozilla/5.0 (Linux; Android 10; K) AppleWebKit/537.36 (KHTML, like Gecko) Chrome/137.0.0.0 Mobile Safari/537.36"
103.78.16.194 - - [19/Jun/2025:12:52:58 +0000] "GET / HTTP/2.0" 500 - "android-app://com.google.android.googlequicksearchbox/" "Mozilla/5.0 (Linux; Android 10; K) AppleWebKit/537.36 (KHTML, like Gecko) Chrome/137.0.0.0 Mobile Safari/537.36"
103.78.16.194 - - [19/Jun/2025:12:53:01 +0000] "GET / HTTP/2.0" 500 1118 "android-app://com.google.android.googlequicksearchbox/" "Mozilla/5.0 (Linux; Android 10; K) AppleWebKit/537.36 (KHTML, like Gecko) Chrome/137.0.0.0 Mobile Safari/537.36"
103.78.16.194 - - [19/Jun/2025:12:53:02 +0000] "GET /favicon.ico HTTP/2.0" 500 1118 "https://www.lapma.in/" "Mozilla/5.0 (Linux; Android 10; K) AppleWebKit/537.36 (KHTML, like Gecko) Chrome/137.0.0.0 Mobile Safari/537.36"
156.146.36.70 - - [19/Jun/2025:12:59:31 +0000] "GET / HTTP/1.1" 301 283 "-" "Mozilla/5.0 (Windows NT 10.0; Win64; x64) AppleWebKit/537.36 (KHTML, like Gecko) Chrome/58.0.3029.110 Safari/537.3"
156.146.36.70 - - [19/Jun/2025:12:59:32 +0000] "GET / HTTP/1.1" 500 1118 "-" "Mozilla/5.0 (Windows NT 10.0; Win64; x64) AppleWebKit/537.36 (KHTML, like Gecko) Chrome/58.0.3029.110 Safari/537.3"
45.227.253.15 - - [19/Jun/2025:12:59:58 +0000] "GET /index.php/jk HTTP/1.1" 200 59 "-" "Mozilla/5.0 (iPhone; CPU iPhone OS 12_3 like Mac OS X) AppleWebKit/605.1.15 (KHTML, like Gecko) Version/12.0.4 Mobile/15E148 Safari/604.1"
103.78.16.194 - - [19/Jun/2025:13:14:14 +0000] "GET / HTTP/2.0" 500 1118 "android-app://com.google.android.googlequicksearchbox/" "Mozilla/5.0 (Linux; Android 10; K) AppleWebKit/537.36 (KHTML, like Gecko) Chrome/137.0.0.0 Mobile Safari/537.36"
103.78.16.194 - - [19/Jun/2025:13:14:15 +0000] "GET /favicon.ico HTTP/2.0" 500 1118 "https://www.lapma.in/" "Mozilla/5.0 (Linux; Android 10; K) AppleWebKit/537.36 (KHTML, like Gecko) Chrome/137.0.0.0 Mobile Safari/537.36"
173.252.83.23 - - [19/Jun/2025:13:14:48 +0000] "GET /wp-content/uploads/woo-product-feed-pro/xml/1htiAhxiwIQYZqJoCOOpNOW7kFTApH5E.xml HTTP/1.1" 200 1463 "-" "facebookexternalhit/1.1 (+http://www.facebook.com/externalhit_uatext.php)"
106.205.166.223 - - [19/Jun/2025:13:19:33 +0000] "GET / HTTP/2.0" 500 1118 "android-app://com.google.android.googlequicksearchbox/" "Mozilla/5.0 (Linux; Android 10; K) AppleWebKit/537.36 (KHTML, like Gecko) Chrome/137.0.0.0 Mobile Safari/537.36"
106.205.166.223 - - [19/Jun/2025:13:19:34 +0000] "GET /favicon.ico HTTP/2.0" 500 1118 "https://www.lapma.in/" "Mozilla/5.0 (Linux; Android 10; K) AppleWebKit/537.36 (KHTML, like Gecko) Chrome/137.0.0.0 Mobile Safari/537.36"
106.205.166.223 - - [19/Jun/2025:13:52:22 +0000] "GET /wp-admin/ HTTP/2.0" 500 1209 "-" "Mozilla/5.0 (Windows NT 10.0; Win64; x64) AppleWebKit/537.36 (KHTML, like Gecko) Chrome/137.0.0.0 Safari/537.36"
106.205.166.223 - - [19/Jun/2025:13:52:23 +0000] "GET /wp-admin/ HTTP/2.0" 500 1209 "-" "Mozilla/5.0 (Windows NT 10.0; Win64; x64) AppleWebKit/537.36 (KHTML, like Gecko) Chrome/137.0.0.0 Safari/537.36"
106.205.166.223 - - [19/Jun/2025:13:52:24 +0000] "GET /favicon.ico HTTP/2.0" 500 1118 "https://www.lapma.in/wp-admin/" "Mozilla/5.0 (Windows NT 10.0; Win64; x64) AppleWebKit/537.36 (KHTML, like Gecko) Chrome/137.0.0.0 Safari/537.36"
106.205.166.223 - - [19/Jun/2025:14:08:50 +0000] "GET /wp-admin/ HTTP/2.0" 500 1209 "-" "Mozilla/5.0 (Windows NT 10.0; Win64; x64) AppleWebKit/537.36 (KHTML, like Gecko) Chrome/137.0.0.0 Safari/537.36"
106.205.166.223 - - [19/Jun/2025:14:08:51 +0000] "GET /favicon.ico HTTP/2.0" 500 1118 "https://www.lapma.in/wp-admin/" "Mozilla/5.0 (Windows NT 10.0; Win64; x64) AppleWebKit/537.36 (KHTML, like Gecko) Chrome/137.0.0.0 Safari/537.36"
103.78.16.194 - - [19/Jun/2025:14:10:36 +0000] "GET /wp-admin/ HTTP/2.0" 500 1209 "-" "Mozilla/5.0 (Windows NT 10.0; Win64; x64) AppleWebKit/537.36 (KHTML, like Gecko) Chrome/137.0.0.0 Safari/537.36"
103.78.16.194 - - [19/Jun/2025:14:10:37 +0000] "GET /wp-admin/ HTTP/2.0" 500 1209 "-" "Mozilla/5.0 (Windows NT 10.0; Win64; x64) AppleWebKit/537.36 (KHTML, like Gecko) Chrome/137.0.0.0 Safari/537.36"
103.78.16.194 - - [19/Jun/2025:14:10:38 +0000] "GET /favicon.ico HTTP/2.0" 500 1118 "https://www.lapma.in/wp-admin/" "Mozilla/5.0 (Windows NT 10.0; Win64; x64) AppleWebKit/537.36 (KHTML, like Gecko) Chrome/137.0.0.0 Safari/537.36"
173.252.79.116 - - [19/Jun/2025:14:14:33 +0000] "GET /wp-content/uploads/woo-product-feed-pro/xml/1htiAhxiwIQYZqJoCOOpNOW7kFTApH5E.xml HTTP/1.1" 200 1463 "-" "facebookexternalhit/1.1 (+http://www.facebook.com/externalhit_uatext.php)"
45.157.54.25 - - [19/Jun/2025:14:27:13 +0000] "GET /wp-content/plugins/wp-marketing-automations/assets/css/bwfan-public.css HTTP/2.0" 500 2630 "-" "Mozilla/5.0 (Windows NT 10.0; Win64; x64) AppleWebKit/537.36 (KHTML, like Gecko) Chrome/127.0.0.0 Safari/537.36"
106.205.166.223 - - [19/Jun/2025:14:55:43 +0000] "GET /wp-admin/ HTTP/2.0" 500 1209 "-" "Mozilla/5.0 (Windows NT 10.0; Win64; x64) AppleWebKit/537.36 (KHTML, like Gecko) Chrome/137.0.0.0 Safari/537.36"
106.205.166.223 - - [19/Jun/2025:14:55:44 +0000] "GET /wp-admin/ HTTP/2.0" 500 1209 "-" "Mozilla/5.0 (Windows NT 10.0; Win64; x64) AppleWebKit/537.36 (KHTML, like Gecko) Chrome/137.0.0.0 Safari/537.36"
106.205.166.223 - - [19/Jun/2025:14:55:45 +0000] "GET /favicon.ico HTTP/2.0" 500 1118 "https://www.lapma.in/wp-admin/" "Mozilla/5.0 (Windows NT 10.0; Win64; x64) AppleWebKit/537.36 (KHTML, like Gecko) Chrome/137.0.0.0 Safari/537.36"
69.171.249.116 - - [19/Jun/2025:15:15:33 +0000] "GET /wp-content/uploads/woo-product-feed-pro/xml/1htiAhxiwIQYZqJoCOOpNOW7kFTApH5E.xml HTTP/1.1" 200 1463 "-" "facebookexternalhit/1.1 (+http://www.facebook.com/externalhit_uatext.php)"
103.78.16.142 - - [19/Jun/2025:15:28:22 +0000] "GET /wp-admin/ HTTP/2.0" 500 - "-" "Mozilla/5.0 (Windows NT 10.0; Win64; x64) AppleWebKit/537.36 (KHTML, like Gecko) Chrome/137.0.0.0 Safari/537.36"
103.78.16.142 - - [19/Jun/2025:15:28:22 +0000] "GET /wp-admin/ HTTP/2.0" 500 1209 "-" "Mozilla/5.0 (Windows NT 10.0; Win64; x64) AppleWebKit/537.36 (KHTML, like Gecko) Chrome/137.0.0.0 Safari/537.36"
103.78.16.142 - - [19/Jun/2025:15:28:23 +0000] "GET /favicon.ico HTTP/2.0" 500 1118 "https://www.lapma.in/wp-admin/" "Mozilla/5.0 (Windows NT 10.0; Win64; x64) AppleWebKit/537.36 (KHTML, like Gecko) Chrome/137.0.0.0 Safari/537.36"
173.252.95.15 - - [19/Jun/2025:16:14:47 +0000] "GET /wp-content/uploads/woo-product-feed-pro/xml/1htiAhxiwIQYZqJoCOOpNOW7kFTApH5E.xml HTTP/1.1" 200 1463 "-" "facebookexternalhit/1.1 (+http://www.facebook.com/externalhit_uatext.php)"
47.82.60.169 - - [19/Jun/2025:16:20:44 +0000] "GET / HTTP/1.1" 301 283 "http://lapma.in" "Mozilla/5.0 (Windows NT 10.0; Win64; x64) AppleWebKit/537.36 (KHTML, like Gecko) Chrome/114.0.0.0 Safari/537.36 Edg/114.0.1823.43"
47.82.60.169 - - [19/Jun/2025:16:20:44 +0000] "GET / HTTP/1.1" 500 1118 "http://lapma.in" "Mozilla/5.0 (Windows NT 10.0; Win64; x64) AppleWebKit/537.36 (KHTML, like Gecko) Chrome/114.0.0.0 Safari/537.36 Edg/114.0.1823.43"
45.227.253.15 - - [19/Jun/2025:17:05:54 +0000] "GET /index.php/jk HTTP/1.1" 200 59 "-" "Mozilla/5.0 (iPhone; CPU iPhone OS 12_3 like Mac OS X) AppleWebKit/605.1.15 (KHTML, like Gecko) Version/12.0.4 Mobile/15E148 Safari/604.1"
173.252.79.8 - - [19/Jun/2025:17:15:46 +0000] "GET /wp-content/uploads/woo-product-feed-pro/xml/1htiAhxiwIQYZqJoCOOpNOW7kFTApH5E.xml HTTP/1.1" 200 1463 "-" "facebookexternalhit/1.1 (+http://www.facebook.com/externalhit_uatext.php)"
47.82.60.115 - - [19/Jun/2025:17:17:29 +0000] "GET / HTTP/1.1" 301 291 "http://www.lapma.in" "Mozilla/5.0 (Windows NT 10.0; Win64; x64) AppleWebKit/537.36 (KHTML, like Gecko) Chrome/114.0.0.0 Safari/537.36 Edg/114.0.1823.43"
47.82.60.115 - - [19/Jun/2025:17:17:30 +0000] "GET / HTTP/1.1" 500 1118 "http://www.lapma.in" "Mozilla/5.0 (Windows NT 10.0; Win64; x64) AppleWebKit/537.36 (KHTML, like Gecko) Chrome/114.0.0.0 Safari/537.36 Edg/114.0.1823.43"
198.98.58.46 - - [19/Jun/2025:17:21:22 +0000] "GET /wp-login.php HTTP/1.1" 500 2806 "-" "Mozilla/5.0 (compatible; MSIE 9.0; Windows NT 6.1; WOW64; Trident/5.0)"
173.252.95.13 - - [19/Jun/2025:18:15:06 +0000] "GET /wp-content/uploads/woo-product-feed-pro/xml/1htiAhxiwIQYZqJoCOOpNOW7kFTApH5E.xml HTTP/1.1" 200 1463 "-" "facebookexternalhit/1.1 (+http://www.facebook.com/externalhit_uatext.php)"
45.227.253.15 - - [19/Jun/2025:18:29:08 +0000] "GET /phpMyAdmin/vendor/thecodingmachine/safe/deprecated/Exceptions/Exceptions/index.php?ARRAY=7o2230223n313735303336313434312p2231223n22687474703n5p2s5p2s3230342r31322r3233382r37345p2s3s6p633q7068705s636s64655s6n6326743q313735303335373834312q3663316134383537663436396462636636303965396534663334363434313363222p2232223n223031393535333637616137316337303661633962316532393561623737313230222p2233223n226630633834306462643437326464376133373338326237636638383235333233222p2262696r675s70617373223n2231392q34372q35382q36322q38302q38362q3232227q HTTP/1.1" 200 289 "-" "Mozilla/5.0 (Windows NT 10.0; Win64; x64) AppleWebKit/537.36 (KHTML, like Gecko) Chrome/78.0.3790 Safari/537.36 Edg/78.0.142.6"
45.227.253.15 - - [19/Jun/2025:18:58:46 +0000] "GET /index.php/jk HTTP/1.1" 200 59 "-" "Mozilla/5.0 (Macintosh; Intel Mac OS X 10.15; rv:82.0) Gecko/20100101 Firefox/82.0"
173.252.95.10 - - [19/Jun/2025:19:15:56 +0000] "GET /wp-content/uploads/woo-product-feed-pro/xml/1htiAhxiwIQYZqJoCOOpNOW7kFTApH5E.xml HTTP/1.1" 200 1463 "-" "facebookexternalhit/1.1 (+http://www.facebook.com/externalhit_uatext.php)"
4.227.36.87 - - [19/Jun/2025:19:48:33 +0000] "GET /robots.txt HTTP/2.0" 500 1118 "-" "Mozilla/5.0 AppleWebKit/537.36 (KHTML, like Gecko; compatible; GPTBot/1.2; +https://openai.com/gptbot)"
66.220.149.16 - - [19/Jun/2025:20:14:45 +0000] "GET /wp-content/uploads/woo-product-feed-pro/xml/1htiAhxiwIQYZqJoCOOpNOW7kFTApH5E.xml HTTP/1.1" 200 1463 "-" "facebookexternalhit/1.1 (+http://www.facebook.com/externalhit_uatext.php)"
4.227.36.8 - - [19/Jun/2025:20:45:42 +0000] "GET /robots.txt HTTP/2.0" 500 1118 "-" "Mozilla/5.0 AppleWebKit/537.36 (KHTML, like Gecko; compatible; GPTBot/1.2; +https://openai.com/gptbot)"
147.185.132.186 - - [19/Jun/2025:21:14:00 +0000] "GET / HTTP/1.1" 500 2630 "-" "Expanse, a Palo Alto Networks company, searches across the global IPv4 space multiple times per day to identify customers' presences on the Internet. If you would like to be excluded from our scans, please send IP addresses/domains to: [email protected]"
173.252.79.8 - - [19/Jun/2025:21:14:10 +0000] "GET /wp-content/uploads/woo-product-feed-pro/xml/1htiAhxiwIQYZqJoCOOpNOW7kFTApH5E.xml HTTP/1.1" 200 1463 "-" "facebookexternalhit/1.1 (+http://www.facebook.com/externalhit_uatext.php)"
173.252.95.11 - - [19/Jun/2025:22:14:59 +0000] "GET /wp-content/uploads/woo-product-feed-pro/xml/1htiAhxiwIQYZqJoCOOpNOW7kFTApH5E.xml HTTP/1.1" 200 1463 "-" "facebookexternalhit/1.1 (+http://www.facebook.com/externalhit_uatext.php)"
42.236.17.125 - - [19/Jun/2025:22:20:25 +0000] "GET / HTTP/1.1" 301 291 "http://www.lapma.in/" "Mozilla/5.0 (Windows NT 6.1; WOW64) AppleWebKit/537.36 (KHTML, like Gecko) Chrome/50.0.2661.102 Safari/537.36; 360Spider"
42.236.17.125 - - [19/Jun/2025:22:21:01 +0000] "GET / HTTP/2.0" 500 1118 "https://www.lapma.in/" "Mozilla/5.0 (Windows NT 6.1; WOW64) AppleWebKit/537.36 (KHTML, like Gecko) Chrome/50.0.2661.102 Safari/537.36; 360Spider"
198.98.53.3 - - [19/Jun/2025:22:31:55 +0000] "GET /wp-login.php HTTP/1.1" 500 2806 "-" "Mozilla/5.0 (Macintosh; Intel Mac OS X 10_8_5) AppleWebKit/537.77.4 (KHTML, like Gecko) Version/6.1.5 Safari/537.77.4"
42.236.101.217 - - [19/Jun/2025:22:56:49 +0000] "GET / HTTP/2.0" 500 1118 "https://www.lapma.in/" "Mozilla/5.0 (Windows NT 6.1; WOW64) AppleWebKit/537.36 (KHTML, like Gecko) Chrome/50.0.2661.102 Safari/537.36; 360Spider"
