129.146.4.238 - - [27/Jun/2025:13:24:31 +0000] "POST //wp-login.php HTTP/1.1" 200 6516 "https://www.lapma.in//wp-login.php" "Mozilla/5.0 (Windows NT 10.0; Win64; x64) AppleWebKit/537.36 (KHTML, like Gecko) Chrome/131.0.0.0 Safari/537.36"
129.146.4.238 - - [27/Jun/2025:13:24:35 +0000] "POST //wp-login.php HTTP/1.1" 200 6516 "https://www.lapma.in//wp-login.php" "Mozilla/5.0 (Windows NT 10.0; Win64; x64) AppleWebKit/537.36 (KHTML, like Gecko) Chrome/131.0.0.0 Safari/537.36"
129.146.4.238 - - [27/Jun/2025:13:24:38 +0000] "POST //wp-login.php HTTP/1.1" 200 6516 "https://www.lapma.in//wp-login.php" "Mozilla/5.0 (Windows NT 10.0; Win64; x64) AppleWebKit/537.36 (KHTML, like Gecko) Chrome/131.0.0.0 Safari/537.36"
129.146.4.238 - - [27/Jun/2025:13:24:42 +0000] "POST //wp-login.php HTTP/1.1" 200 6516 "https://www.lapma.in//wp-login.php" "Mozilla/5.0 (Windows NT 10.0; Win64; x64) AppleWebKit/537.36 (KHTML, like Gecko) Chrome/131.0.0.0 Safari/537.36"
129.146.4.238 - - [27/Jun/2025:13:24:46 +0000] "POST //wp-login.php HTTP/1.1" 200 6516 "https://www.lapma.in//wp-login.php" "Mozilla/5.0 (Windows NT 10.0; Win64; x64) AppleWebKit/537.36 (KHTML, like Gecko) Chrome/131.0.0.0 Safari/537.36"
129.146.4.238 - - [27/Jun/2025:13:24:49 +0000] "POST //wp-login.php HTTP/1.1" 200 6516 "https://www.lapma.in//wp-login.php" "Mozilla/5.0 (Windows NT 10.0; Win64; x64) AppleWebKit/537.36 (KHTML, like Gecko) Chrome/131.0.0.0 Safari/537.36"
129.146.4.238 - - [27/Jun/2025:13:24:52 +0000] "POST //wp-login.php HTTP/1.1" 200 6516 "https://www.lapma.in//wp-login.php" "Mozilla/5.0 (Windows NT 10.0; Win64; x64) AppleWebKit/537.36 (KHTML, like Gecko) Chrome/131.0.0.0 Safari/537.36"
129.146.4.238 - - [27/Jun/2025:13:24:55 +0000] "POST //wp-login.php HTTP/1.1" 200 6516 "https://www.lapma.in//wp-login.php" "Mozilla/5.0 (Windows NT 10.0; Win64; x64) AppleWebKit/537.36 (KHTML, like Gecko) Chrome/131.0.0.0 Safari/537.36"
129.146.4.238 - - [27/Jun/2025:13:24:58 +0000] "POST //wp-login.php HTTP/1.1" 200 6516 "https://www.lapma.in//wp-login.php" "Mozilla/5.0 (Windows NT 10.0; Win64; x64) AppleWebKit/537.36 (KHTML, like Gecko) Chrome/131.0.0.0 Safari/537.36"
129.146.4.238 - - [27/Jun/2025:13:25:01 +0000] "POST //wp-login.php HTTP/1.1" 200 6516 "https://www.lapma.in//wp-login.php" "Mozilla/5.0 (Windows NT 10.0; Win64; x64) AppleWebKit/537.36 (KHTML, like Gecko) Chrome/131.0.0.0 Safari/537.36"
129.146.4.238 - - [27/Jun/2025:13:25:04 +0000] "POST //wp-login.php HTTP/1.1" 200 6516 "https://www.lapma.in//wp-login.php" "Mozilla/5.0 (Windows NT 10.0; Win64; x64) AppleWebKit/537.36 (KHTML, like Gecko) Chrome/131.0.0.0 Safari/537.36"
139.59.17.158 - - [27/Jun/2025:13:25:09 +0000] "POST /wp-cron.php?doing_wp_cron=1751030709.9468240737915039062500 HTTP/1.1" 200 - "-" "WordPress/6.8.1; https://www.lapma.in"
129.146.4.238 - - [27/Jun/2025:13:25:07 +0000] "POST //wp-login.php HTTP/1.1" 200 6516 "https://www.lapma.in//wp-login.php" "Mozilla/5.0 (Windows NT 10.0; Win64; x64) AppleWebKit/537.36 (KHTML, like Gecko) Chrome/131.0.0.0 Safari/537.36"
129.146.4.238 - - [27/Jun/2025:13:25:11 +0000] "POST //wp-login.php HTTP/1.1" 200 6516 "https://www.lapma.in//wp-login.php" "Mozilla/5.0 (Windows NT 10.0; Win64; x64) AppleWebKit/537.36 (KHTML, like Gecko) Chrome/131.0.0.0 Safari/537.36"
129.146.4.238 - - [27/Jun/2025:13:25:14 +0000] "POST //wp-login.php HTTP/1.1" 200 6516 "https://www.lapma.in//wp-login.php" "Mozilla/5.0 (Windows NT 10.0; Win64; x64) AppleWebKit/537.36 (KHTML, like Gecko) Chrome/131.0.0.0 Safari/537.36"
129.146.4.238 - - [27/Jun/2025:13:25:17 +0000] "POST //wp-login.php HTTP/1.1" 200 6516 "https://www.lapma.in//wp-login.php" "Mozilla/5.0 (Windows NT 10.0; Win64; x64) AppleWebKit/537.36 (KHTML, like Gecko) Chrome/131.0.0.0 Safari/537.36"
129.146.4.238 - - [27/Jun/2025:13:25:21 +0000] "POST //wp-login.php HTTP/1.1" 200 6516 "https://www.lapma.in//wp-login.php" "Mozilla/5.0 (Windows NT 10.0; Win64; x64) AppleWebKit/537.36 (KHTML, like Gecko) Chrome/131.0.0.0 Safari/537.36"
129.146.4.238 - - [27/Jun/2025:13:25:24 +0000] "POST //wp-login.php HTTP/1.1" 200 6516 "https://www.lapma.in//wp-login.php" "Mozilla/5.0 (Windows NT 10.0; Win64; x64) AppleWebKit/537.36 (KHTML, like Gecko) Chrome/131.0.0.0 Safari/537.36"
129.146.4.238 - - [27/Jun/2025:13:25:27 +0000] "POST //wp-login.php HTTP/1.1" 200 6516 "https://www.lapma.in//wp-login.php" "Mozilla/5.0 (Windows NT 10.0; Win64; x64) AppleWebKit/537.36 (KHTML, like Gecko) Chrome/131.0.0.0 Safari/537.36"
129.146.4.238 - - [27/Jun/2025:13:25:30 +0000] "POST //wp-login.php HTTP/1.1" 200 6516 "https://www.lapma.in//wp-login.php" "Mozilla/5.0 (Windows NT 10.0; Win64; x64) AppleWebKit/537.36 (KHTML, like Gecko) Chrome/131.0.0.0 Safari/537.36"
129.146.4.238 - - [27/Jun/2025:13:25:33 +0000] "POST //wp-login.php HTTP/1.1" 200 6516 "https://www.lapma.in//wp-login.php" "Mozilla/5.0 (Windows NT 10.0; Win64; x64) AppleWebKit/537.36 (KHTML, like Gecko) Chrome/131.0.0.0 Safari/537.36"
129.146.4.238 - - [27/Jun/2025:13:25:36 +0000] "POST //wp-login.php HTTP/1.1" 200 6516 "https://www.lapma.in//wp-login.php" "Mozilla/5.0 (Windows NT 10.0; Win64; x64) AppleWebKit/537.36 (KHTML, like Gecko) Chrome/131.0.0.0 Safari/537.36"
129.146.4.238 - - [27/Jun/2025:13:25:39 +0000] "POST //wp-login.php HTTP/1.1" 200 6516 "https://www.lapma.in//wp-login.php" "Mozilla/5.0 (Windows NT 10.0; Win64; x64) AppleWebKit/537.36 (KHTML, like Gecko) Chrome/131.0.0.0 Safari/537.36"
129.146.4.238 - - [27/Jun/2025:13:25:42 +0000] "POST //wp-login.php HTTP/1.1" 200 6516 "https://www.lapma.in//wp-login.php" "Mozilla/5.0 (Windows NT 10.0; Win64; x64) AppleWebKit/537.36 (KHTML, like Gecko) Chrome/131.0.0.0 Safari/537.36"
129.146.4.238 - - [27/Jun/2025:13:25:45 +0000] "POST //wp-login.php HTTP/1.1" 200 6516 "https://www.lapma.in//wp-login.php" "Mozilla/5.0 (Windows NT 10.0; Win64; x64) AppleWebKit/537.36 (KHTML, like Gecko) Chrome/131.0.0.0 Safari/537.36"
129.146.4.238 - - [27/Jun/2025:13:25:48 +0000] "POST //wp-login.php HTTP/1.1" 200 6516 "https://www.lapma.in//wp-login.php" "Mozilla/5.0 (Windows NT 10.0; Win64; x64) AppleWebKit/537.36 (KHTML, like Gecko) Chrome/131.0.0.0 Safari/537.36"
129.146.4.238 - - [27/Jun/2025:13:25:51 +0000] "POST //wp-login.php HTTP/1.1" 200 6516 "https://www.lapma.in//wp-login.php" "Mozilla/5.0 (Windows NT 10.0; Win64; x64) AppleWebKit/537.36 (KHTML, like Gecko) Chrome/131.0.0.0 Safari/537.36"
129.146.4.238 - - [27/Jun/2025:13:25:54 +0000] "POST //wp-login.php HTTP/1.1" 200 6516 "https://www.lapma.in//wp-login.php" "Mozilla/5.0 (Windows NT 10.0; Win64; x64) AppleWebKit/537.36 (KHTML, like Gecko) Chrome/131.0.0.0 Safari/537.36"
129.146.4.238 - - [27/Jun/2025:13:25:57 +0000] "POST //wp-login.php HTTP/1.1" 200 6516 "https://www.lapma.in//wp-login.php" "Mozilla/5.0 (Windows NT 10.0; Win64; x64) AppleWebKit/537.36 (KHTML, like Gecko) Chrome/131.0.0.0 Safari/537.36"
129.146.4.238 - - [27/Jun/2025:13:26:00 +0000] "POST //wp-login.php HTTP/1.1" 200 6516 "https://www.lapma.in//wp-login.php" "Mozilla/5.0 (Windows NT 10.0; Win64; x64) AppleWebKit/537.36 (KHTML, like Gecko) Chrome/131.0.0.0 Safari/537.36"
129.146.4.238 - - [27/Jun/2025:13:26:03 +0000] "POST //wp-login.php HTTP/1.1" 200 6516 "https://www.lapma.in//wp-login.php" "Mozilla/5.0 (Windows NT 10.0; Win64; x64) AppleWebKit/537.36 (KHTML, like Gecko) Chrome/131.0.0.0 Safari/537.36"
139.59.17.158 - - [27/Jun/2025:13:26:08 +0000] "POST /wp-cron.php?doing_wp_cron=1751030768.3156681060791015625000 HTTP/1.1" 200 - "-" "WordPress/6.8.1; https://www.lapma.in"
129.146.4.238 - - [27/Jun/2025:13:26:06 +0000] "POST //wp-login.php HTTP/1.1" 200 6516 "https://www.lapma.in//wp-login.php" "Mozilla/5.0 (Windows NT 10.0; Win64; x64) AppleWebKit/537.36 (KHTML, like Gecko) Chrome/131.0.0.0 Safari/537.36"
129.146.4.238 - - [27/Jun/2025:13:26:09 +0000] "POST //wp-login.php HTTP/1.1" 200 6516 "https://www.lapma.in//wp-login.php" "Mozilla/5.0 (Windows NT 10.0; Win64; x64) AppleWebKit/537.36 (KHTML, like Gecko) Chrome/131.0.0.0 Safari/537.36"
129.146.4.238 - - [27/Jun/2025:13:26:12 +0000] "POST //wp-login.php HTTP/1.1" 200 6516 "https://www.lapma.in//wp-login.php" "Mozilla/5.0 (Windows NT 10.0; Win64; x64) AppleWebKit/537.36 (KHTML, like Gecko) Chrome/131.0.0.0 Safari/537.36"
129.146.4.238 - - [27/Jun/2025:13:26:15 +0000] "POST //wp-login.php HTTP/1.1" 200 6516 "https://www.lapma.in//wp-login.php" "Mozilla/5.0 (Windows NT 10.0; Win64; x64) AppleWebKit/537.36 (KHTML, like Gecko) Chrome/131.0.0.0 Safari/537.36"
129.146.4.238 - - [27/Jun/2025:13:26:18 +0000] "POST //wp-login.php HTTP/1.1" 200 6516 "https://www.lapma.in//wp-login.php" "Mozilla/5.0 (Windows NT 10.0; Win64; x64) AppleWebKit/537.36 (KHTML, like Gecko) Chrome/131.0.0.0 Safari/537.36"
129.146.4.238 - - [27/Jun/2025:13:26:21 +0000] "POST //wp-login.php HTTP/1.1" 200 6516 "https://www.lapma.in//wp-login.php" "Mozilla/5.0 (Windows NT 10.0; Win64; x64) AppleWebKit/537.36 (KHTML, like Gecko) Chrome/131.0.0.0 Safari/537.36"
129.146.4.238 - - [27/Jun/2025:13:26:24 +0000] "POST //wp-login.php HTTP/1.1" 200 6516 "https://www.lapma.in//wp-login.php" "Mozilla/5.0 (Windows NT 10.0; Win64; x64) AppleWebKit/537.36 (KHTML, like Gecko) Chrome/131.0.0.0 Safari/537.36"
129.146.4.238 - - [27/Jun/2025:13:26:27 +0000] "POST //wp-login.php HTTP/1.1" 200 6516 "https://www.lapma.in//wp-login.php" "Mozilla/5.0 (Windows NT 10.0; Win64; x64) AppleWebKit/537.36 (KHTML, like Gecko) Chrome/131.0.0.0 Safari/537.36"
129.146.4.238 - - [27/Jun/2025:13:26:30 +0000] "POST //wp-login.php HTTP/1.1" 200 6516 "https://www.lapma.in//wp-login.php" "Mozilla/5.0 (Windows NT 10.0; Win64; x64) AppleWebKit/537.36 (KHTML, like Gecko) Chrome/131.0.0.0 Safari/537.36"
129.146.4.238 - - [27/Jun/2025:13:26:33 +0000] "POST //wp-login.php HTTP/1.1" 200 6516 "https://www.lapma.in//wp-login.php" "Mozilla/5.0 (Windows NT 10.0; Win64; x64) AppleWebKit/537.36 (KHTML, like Gecko) Chrome/131.0.0.0 Safari/537.36"
129.146.4.238 - - [27/Jun/2025:13:26:36 +0000] "POST //wp-login.php HTTP/1.1" 200 6516 "https://www.lapma.in//wp-login.php" "Mozilla/5.0 (Windows NT 10.0; Win64; x64) AppleWebKit/537.36 (KHTML, like Gecko) Chrome/131.0.0.0 Safari/537.36"
129.146.4.238 - - [27/Jun/2025:13:26:39 +0000] "POST //wp-login.php HTTP/1.1" 200 6516 "https://www.lapma.in//wp-login.php" "Mozilla/5.0 (Windows NT 10.0; Win64; x64) AppleWebKit/537.36 (KHTML, like Gecko) Chrome/131.0.0.0 Safari/537.36"
129.146.4.238 - - [27/Jun/2025:13:26:42 +0000] "POST //wp-login.php HTTP/1.1" 200 6516 "https://www.lapma.in//wp-login.php" "Mozilla/5.0 (Windows NT 10.0; Win64; x64) AppleWebKit/537.36 (KHTML, like Gecko) Chrome/131.0.0.0 Safari/537.36"
129.146.4.238 - - [27/Jun/2025:13:26:45 +0000] "POST //wp-login.php HTTP/1.1" 200 6516 "https://www.lapma.in//wp-login.php" "Mozilla/5.0 (Windows NT 10.0; Win64; x64) AppleWebKit/537.36 (KHTML, like Gecko) Chrome/131.0.0.0 Safari/537.36"
129.146.4.238 - - [27/Jun/2025:13:26:49 +0000] "POST //wp-login.php HTTP/1.1" 200 6516 "https://www.lapma.in//wp-login.php" "Mozilla/5.0 (Windows NT 10.0; Win64; x64) AppleWebKit/537.36 (KHTML, like Gecko) Chrome/131.0.0.0 Safari/537.36"
129.146.4.238 - - [27/Jun/2025:13:26:52 +0000] "POST //wp-login.php HTTP/1.1" 200 6516 "https://www.lapma.in//wp-login.php" "Mozilla/5.0 (Windows NT 10.0; Win64; x64) AppleWebKit/537.36 (KHTML, like Gecko) Chrome/131.0.0.0 Safari/537.36"
129.146.4.238 - - [27/Jun/2025:13:26:55 +0000] "POST //wp-login.php HTTP/1.1" 200 6516 "https://www.lapma.in//wp-login.php" "Mozilla/5.0 (Windows NT 10.0; Win64; x64) AppleWebKit/537.36 (KHTML, like Gecko) Chrome/131.0.0.0 Safari/537.36"
129.146.4.238 - - [27/Jun/2025:13:26:58 +0000] "POST //wp-login.php HTTP/1.1" 200 6516 "https://www.lapma.in//wp-login.php" "Mozilla/5.0 (Windows NT 10.0; Win64; x64) AppleWebKit/537.36 (KHTML, like Gecko) Chrome/131.0.0.0 Safari/537.36"
103.78.16.215 - - [27/Jun/2025:13:27:00 +0000] "GET /wp-json/custom/v1/wc-nonce HTTP/1.1" 404 68 "-" "Dart/3.6 (dart:io)"
129.146.4.238 - - [27/Jun/2025:13:27:01 +0000] "POST //wp-login.php HTTP/1.1" 200 6516 "https://www.lapma.in//wp-login.php" "Mozilla/5.0 (Windows NT 10.0; Win64; x64) AppleWebKit/537.36 (KHTML, like Gecko) Chrome/131.0.0.0 Safari/537.36"
129.146.4.238 - - [27/Jun/2025:13:27:04 +0000] "POST //wp-login.php HTTP/1.1" 200 6516 "https://www.lapma.in//wp-login.php" "Mozilla/5.0 (Windows NT 10.0; Win64; x64) AppleWebKit/537.36 (KHTML, like Gecko) Chrome/131.0.0.0 Safari/537.36"
103.78.16.215 - - [27/Jun/2025:13:27:03 +0000] "GET /wp-json/wc/v3/orders?customer=38 HTTP/1.1" 404 2018 "-" "Dart/3.6 (dart:io)"
139.59.17.158 - - [27/Jun/2025:13:27:09 +0000] "POST /wp-cron.php?doing_wp_cron=1751030829.7546091079711914062500 HTTP/1.1" 200 - "-" "WordPress/6.8.1; https://www.lapma.in"
129.146.4.238 - - [27/Jun/2025:13:27:07 +0000] "POST //wp-login.php HTTP/1.1" 200 6516 "https://www.lapma.in//wp-login.php" "Mozilla/5.0 (Windows NT 10.0; Win64; x64) AppleWebKit/537.36 (KHTML, like Gecko) Chrome/131.0.0.0 Safari/537.36"
129.146.4.238 - - [27/Jun/2025:13:27:11 +0000] "POST //wp-login.php HTTP/1.1" 200 6516 "https://www.lapma.in//wp-login.php" "Mozilla/5.0 (Windows NT 10.0; Win64; x64) AppleWebKit/537.36 (KHTML, like Gecko) Chrome/131.0.0.0 Safari/537.36"
129.146.4.238 - - [27/Jun/2025:13:27:14 +0000] "POST //wp-login.php HTTP/1.1" 200 6516 "https://www.lapma.in//wp-login.php" "Mozilla/5.0 (Windows NT 10.0; Win64; x64) AppleWebKit/537.36 (KHTML, like Gecko) Chrome/131.0.0.0 Safari/537.36"
129.146.4.238 - - [27/Jun/2025:13:27:18 +0000] "POST //wp-login.php HTTP/1.1" 200 6516 "https://www.lapma.in//wp-login.php" "Mozilla/5.0 (Windows NT 10.0; Win64; x64) AppleWebKit/537.36 (KHTML, like Gecko) Chrome/131.0.0.0 Safari/537.36"
129.146.4.238 - - [27/Jun/2025:13:27:21 +0000] "POST //wp-login.php HTTP/1.1" 200 6516 "https://www.lapma.in//wp-login.php" "Mozilla/5.0 (Windows NT 10.0; Win64; x64) AppleWebKit/537.36 (KHTML, like Gecko) Chrome/131.0.0.0 Safari/537.36"
129.146.4.238 - - [27/Jun/2025:13:27:24 +0000] "POST //wp-login.php HTTP/1.1" 200 6516 "https://www.lapma.in//wp-login.php" "Mozilla/5.0 (Windows NT 10.0; Win64; x64) AppleWebKit/537.36 (KHTML, like Gecko) Chrome/131.0.0.0 Safari/537.36"
129.146.4.238 - - [27/Jun/2025:13:27:28 +0000] "POST //wp-login.php HTTP/1.1" 200 6516 "https://www.lapma.in//wp-login.php" "Mozilla/5.0 (Windows NT 10.0; Win64; x64) AppleWebKit/537.36 (KHTML, like Gecko) Chrome/131.0.0.0 Safari/537.36"
129.146.4.238 - - [27/Jun/2025:13:27:31 +0000] "POST //wp-login.php HTTP/1.1" 200 6516 "https://www.lapma.in//wp-login.php" "Mozilla/5.0 (Windows NT 10.0; Win64; x64) AppleWebKit/537.36 (KHTML, like Gecko) Chrome/131.0.0.0 Safari/537.36"
129.146.4.238 - - [27/Jun/2025:13:27:34 +0000] "POST //wp-login.php HTTP/1.1" 200 6516 "https://www.lapma.in//wp-login.php" "Mozilla/5.0 (Windows NT 10.0; Win64; x64) AppleWebKit/537.36 (KHTML, like Gecko) Chrome/131.0.0.0 Safari/537.36"
103.78.16.215 - - [27/Jun/2025:13:27:34 +0000] "POST /wp-json/jwt-auth/v1/token HTTP/1.1" 404 314 "-" "Dart/3.6 (dart:io)"
129.146.4.238 - - [27/Jun/2025:13:27:39 +0000] "POST //wp-login.php HTTP/1.1" 200 6516 "https://www.lapma.in//wp-login.php" "Mozilla/5.0 (Windows NT 10.0; Win64; x64) AppleWebKit/537.36 (KHTML, like Gecko) Chrome/131.0.0.0 Safari/537.36"
103.78.16.215 - - [27/Jun/2025:13:27:39 +0000] "GET /wp-json/wc/v3/products/categories?consumer_key=ck_0f34dd898cafb797b88cbfdf555d0bee59043410&consumer_secret=cs_352434f91cd6d44fec82238e32c205a2949fd29f&page=1&per_page=10 HTTP/1.1" 404 775 "-" "Dart/3.6 (dart:io)"
103.78.16.215 - - [27/Jun/2025:13:27:39 +0000] "GET /wp-json/wc/v3/products?consumer_key=ck_0f34dd898cafb797b88cbfdf555d0bee59043410&consumer_secret=cs_352434f91cd6d44fec82238e32c205a2949fd29f&page=1&per_page=50 HTTP/1.1" 404 4351 "-" "Dart/3.6 (dart:io)"
103.78.16.215 - - [27/Jun/2025:13:27:39 +0000] "GET /wp-json/wc/v3/products?consumer_key=ck_0f34dd898cafb797b88cbfdf555d0bee59043410&consumer_secret=cs_352434f91cd6d44fec82238e32c205a2949fd29f&page=1&per_page=10 HTTP/1.1" 404 3816 "-" "Dart/3.6 (dart:io)"
129.146.4.238 - - [27/Jun/2025:13:27:43 +0000] "POST //wp-login.php HTTP/1.1" 200 6516 "https://www.lapma.in//wp-login.php" "Mozilla/5.0 (Windows NT 10.0; Win64; x64) AppleWebKit/537.36 (KHTML, like Gecko) Chrome/131.0.0.0 Safari/537.36"
103.78.16.215 - - [27/Jun/2025:13:27:45 +0000] "GET /wp-json/wc/v3/products/54?consumer_key=ck_0f34dd898cafb797b88cbfdf555d0bee59043410&consumer_secret=cs_352434f91cd6d44fec82238e32c205a2949fd29f HTTP/1.1" 404 1373 "-" "Dart/3.6 (dart:io)"
129.146.4.238 - - [27/Jun/2025:13:27:48 +0000] "POST //wp-login.php HTTP/1.1" 200 6516 "https://www.lapma.in//wp-login.php" "Mozilla/5.0 (Windows NT 10.0; Win64; x64) AppleWebKit/537.36 (KHTML, like Gecko) Chrome/131.0.0.0 Safari/537.36"
129.146.4.238 - - [27/Jun/2025:13:27:51 +0000] "POST //wp-login.php HTTP/1.1" 200 6516 "https://www.lapma.in//wp-login.php" "Mozilla/5.0 (Windows NT 10.0; Win64; x64) AppleWebKit/537.36 (KHTML, like Gecko) Chrome/131.0.0.0 Safari/537.36"
129.146.4.238 - - [27/Jun/2025:13:27:54 +0000] "POST //wp-login.php HTTP/1.1" 200 6516 "https://www.lapma.in//wp-login.php" "Mozilla/5.0 (Windows NT 10.0; Win64; x64) AppleWebKit/537.36 (KHTML, like Gecko) Chrome/131.0.0.0 Safari/537.36"
103.78.16.215 - - [27/Jun/2025:13:27:56 +0000] "GET /wp-content/uploads/2024/04/category-img7.png HTTP/1.1" 200 40393 "-" "Dart/3.6 (dart:io)"
103.78.16.215 - - [27/Jun/2025:13:27:56 +0000] "GET /wp-content/uploads/2024/04/category-img2.png HTTP/1.1" 200 34785 "-" "Dart/3.6 (dart:io)"
103.78.16.215 - - [27/Jun/2025:13:27:56 +0000] "GET /wp-content/uploads/2024/04/category-img5.png HTTP/1.1" 200 36368 "-" "Dart/3.6 (dart:io)"
103.78.16.215 - - [27/Jun/2025:13:27:56 +0000] "GET /wp-content/uploads/2024/04/category-img4.png HTTP/1.1" 200 40550 "-" "Dart/3.6 (dart:io)"
103.78.16.215 - - [27/Jun/2025:13:27:56 +0000] "GET /wp-content/uploads/2024/05/product-img11.jpg HTTP/1.1" 200 39451 "-" "Dart/3.6 (dart:io)"
103.78.16.215 - - [27/Jun/2025:13:27:56 +0000] "GET /wp-content/uploads/2024/04/category-img6.png HTTP/1.1" 200 41121 "-" "Dart/3.6 (dart:io)"
103.78.16.215 - - [27/Jun/2025:13:27:56 +0000] "GET /wp-content/uploads/2024/05/product-img20.jpg HTTP/1.1" 200 81791 "-" "Dart/3.6 (dart:io)"
103.78.16.215 - - [27/Jun/2025:13:27:56 +0000] "GET /wp-content/uploads/2024/05/product-img17.jpg HTTP/1.1" 200 65481 "-" "Dart/3.6 (dart:io)"
103.78.16.215 - - [27/Jun/2025:13:27:56 +0000] "GET /wp-content/uploads/2024/11/51755558-75e9-42f4-969c-733e84c041b0.jpg HTTP/1.1" 200 59876 "-" "Dart/3.6 (dart:io)"
129.146.4.238 - - [27/Jun/2025:13:27:57 +0000] "POST //wp-login.php HTTP/1.1" 200 6516 "https://www.lapma.in//wp-login.php" "Mozilla/5.0 (Windows NT 10.0; Win64; x64) AppleWebKit/537.36 (KHTML, like Gecko) Chrome/131.0.0.0 Safari/537.36"
103.78.16.215 - - [27/Jun/2025:13:28:02 +0000] "GET /wp-content/uploads/2024/05/product-img20.jpg HTTP/1.1" 304 - "-" "Dart/3.6 (dart:io)"
129.146.4.238 - - [27/Jun/2025:13:28:00 +0000] "POST //wp-login.php HTTP/1.1" 200 6516 "https://www.lapma.in//wp-login.php" "Mozilla/5.0 (Windows NT 10.0; Win64; x64) AppleWebKit/537.36 (KHTML, like Gecko) Chrome/131.0.0.0 Safari/537.36"
103.78.16.215 - - [27/Jun/2025:13:28:01 +0000] "GET /wp-json/wc/v3/products/reviews?product=209&consumer_key=ck_0f34dd898cafb797b88cbfdf555d0bee59043410&consumer_secret=cs_352434f91cd6d44fec82238e32c205a2949fd29f HTTP/1.1" 404 22 "-" "Dart/3.6 (dart:io)"
103.78.16.215 - - [27/Jun/2025:13:28:01 +0000] "GET /wp-json/wc/v3/products/209?consumer_key=ck_0f34dd898cafb797b88cbfdf555d0bee59043410&consumer_secret=cs_352434f91cd6d44fec82238e32c205a2949fd29f HTTP/1.1" 404 1210 "-" "Dart/3.6 (dart:io)"
139.59.17.158 - - [27/Jun/2025:13:28:08 +0000] "POST /wp-cron.php?doing_wp_cron=1751030888.1959590911865234375000 HTTP/1.1" 200 - "-" "WordPress/6.8.1; https://www.lapma.in"
129.146.4.238 - - [27/Jun/2025:13:28:04 +0000] "POST //wp-login.php HTTP/1.1" 200 6516 "https://www.lapma.in//wp-login.php" "Mozilla/5.0 (Windows NT 10.0; Win64; x64) AppleWebKit/537.36 (KHTML, like Gecko) Chrome/131.0.0.0 Safari/537.36"
103.78.16.215 - - [27/Jun/2025:13:28:02 +0000] "GET /wp-json/wp/v2/districtlist HTTP/1.1" 404 609 "-" "Dart/3.6 (dart:io)"
103.78.16.215 - - [27/Jun/2025:13:28:08 +0000] "GET /wp-json/wc/v3/products?category=21&consumer_key=ck_0f34dd898cafb797b88cbfdf555d0bee59043410&consumer_secret=cs_352434f91cd6d44fec82238e32c205a2949fd29f HTTP/1.1" 404 1211 "-" "Dart/3.6 (dart:io)"
129.146.4.238 - - [27/Jun/2025:13:28:10 +0000] "POST //wp-login.php HTTP/1.1" 200 6516 "https://www.lapma.in//wp-login.php" "Mozilla/5.0 (Windows NT 10.0; Win64; x64) AppleWebKit/537.36 (KHTML, like Gecko) Chrome/131.0.0.0 Safari/537.36"
129.146.4.238 - - [27/Jun/2025:13:28:15 +0000] "POST //wp-login.php HTTP/1.1" 200 6516 "https://www.lapma.in//wp-login.php" "Mozilla/5.0 (Windows NT 10.0; Win64; x64) AppleWebKit/537.36 (KHTML, like Gecko) Chrome/131.0.0.0 Safari/537.36"
129.146.4.238 - - [27/Jun/2025:13:28:18 +0000] "POST //wp-login.php HTTP/1.1" 200 6516 "https://www.lapma.in//wp-login.php" "Mozilla/5.0 (Windows NT 10.0; Win64; x64) AppleWebKit/537.36 (KHTML, like Gecko) Chrome/131.0.0.0 Safari/537.36"
103.78.16.215 - - [27/Jun/2025:13:28:24 +0000] "GET /wp-content/uploads/2024/05/product-img16.jpg HTTP/1.1" 200 56076 "-" "Dart/3.6 (dart:io)"
103.78.16.215 - - [27/Jun/2025:13:28:25 +0000] "GET /wp-content/uploads/2024/05/product-img5.jpg HTTP/1.1" 200 53454 "-" "Dart/3.6 (dart:io)"
103.78.16.215 - - [27/Jun/2025:13:28:25 +0000] "GET /wp-content/uploads/2024/05/product-img3.jpg HTTP/1.1" 200 90914 "-" "Dart/3.6 (dart:io)"
129.146.4.238 - - [27/Jun/2025:13:28:22 +0000] "POST //wp-login.php HTTP/1.1" 200 6516 "https://www.lapma.in//wp-login.php" "Mozilla/5.0 (Windows NT 10.0; Win64; x64) AppleWebKit/537.36 (KHTML, like Gecko) Chrome/131.0.0.0 Safari/537.36"
103.78.16.215 - - [27/Jun/2025:13:28:26 +0000] "GET /wp-content/uploads/2024/04/product-img1.jpg HTTP/1.1" 200 15663 "-" "Dart/3.6 (dart:io)"
103.78.16.215 - - [27/Jun/2025:13:28:21 +0000] "GET /wp-json/wc/v3/products/reviews?product=209&consumer_key=ck_0f34dd898cafb797b88cbfdf555d0bee59043410&consumer_secret=cs_352434f91cd6d44fec82238e32c205a2949fd29f HTTP/1.1" 404 22 "-" "Dart/3.6 (dart:io)"
103.78.16.215 - - [27/Jun/2025:13:28:21 +0000] "GET /wp-json/wc/v3/products/209?consumer_key=ck_0f34dd898cafb797b88cbfdf555d0bee59043410&consumer_secret=cs_352434f91cd6d44fec82238e32c205a2949fd29f HTTP/1.1" 404 1210 "-" "Dart/3.6 (dart:io)"
129.146.4.238 - - [27/Jun/2025:13:28:27 +0000] "POST //wp-login.php HTTP/1.1" 200 6516 "https://www.lapma.in//wp-login.php" "Mozilla/5.0 (Windows NT 10.0; Win64; x64) AppleWebKit/537.36 (KHTML, like Gecko) Chrome/131.0.0.0 Safari/537.36"
103.78.16.215 - - [27/Jun/2025:13:28:26 +0000] "GET /wp-json/wc/v3/products?consumer_key=ck_0f34dd898cafb797b88cbfdf555d0bee59043410&consumer_secret=cs_352434f91cd6d44fec82238e32c205a2949fd29f&page=1&per_page=20 HTTP/1.1" 404 4356 "-" "Dart/3.6 (dart:io)"
103.78.16.215 - - [27/Jun/2025:13:28:28 +0000] "GET /wp-json/wc/v3/products?category=21&consumer_key=ck_0f34dd898cafb797b88cbfdf555d0bee59043410&consumer_secret=cs_352434f91cd6d44fec82238e32c205a2949fd29f HTTP/1.1" 404 1211 "-" "Dart/3.6 (dart:io)"
129.146.4.238 - - [27/Jun/2025:13:28:31 +0000] "POST //wp-login.php HTTP/1.1" 200 6516 "https://www.lapma.in//wp-login.php" "Mozilla/5.0 (Windows NT 10.0; Win64; x64) AppleWebKit/537.36 (KHTML, like Gecko) Chrome/131.0.0.0 Safari/537.36"
129.146.4.238 - - [27/Jun/2025:13:28:35 +0000] "POST //wp-login.php HTTP/1.1" 200 6516 "https://www.lapma.in//wp-login.php" "Mozilla/5.0 (Windows NT 10.0; Win64; x64) AppleWebKit/537.36 (KHTML, like Gecko) Chrome/131.0.0.0 Safari/537.36"
129.146.4.238 - - [27/Jun/2025:13:28:38 +0000] "POST //wp-login.php HTTP/1.1" 200 6516 "https://www.lapma.in//wp-login.php" "Mozilla/5.0 (Windows NT 10.0; Win64; x64) AppleWebKit/537.36 (KHTML, like Gecko) Chrome/131.0.0.0 Safari/537.36"
129.146.4.238 - - [27/Jun/2025:13:28:41 +0000] "POST //wp-login.php HTTP/1.1" 200 6516 "https://www.lapma.in//wp-login.php" "Mozilla/5.0 (Windows NT 10.0; Win64; x64) AppleWebKit/537.36 (KHTML, like Gecko) Chrome/131.0.0.0 Safari/537.36"
129.146.4.238 - - [27/Jun/2025:13:28:44 +0000] "POST //wp-login.php HTTP/1.1" 200 6516 "https://www.lapma.in//wp-login.php" "Mozilla/5.0 (Windows NT 10.0; Win64; x64) AppleWebKit/537.36 (KHTML, like Gecko) Chrome/131.0.0.0 Safari/537.36"
129.146.4.238 - - [27/Jun/2025:13:28:47 +0000] "POST //wp-login.php HTTP/1.1" 200 6516 "https://www.lapma.in//wp-login.php" "Mozilla/5.0 (Windows NT 10.0; Win64; x64) AppleWebKit/537.36 (KHTML, like Gecko) Chrome/131.0.0.0 Safari/537.36"
103.78.16.215 - - [27/Jun/2025:13:28:47 +0000] "GET /wp-json/wc/v3/products/reviews?product=50&consumer_key=ck_0f34dd898cafb797b88cbfdf555d0bee59043410&consumer_secret=cs_352434f91cd6d44fec82238e32c205a2949fd29f HTTP/1.1" 404 22 "-" "Dart/3.6 (dart:io)"
103.78.16.215 - - [27/Jun/2025:13:28:47 +0000] "GET /wp-json/wc/v3/products/50?consumer_key=ck_0f34dd898cafb797b88cbfdf555d0bee59043410&consumer_secret=cs_352434f91cd6d44fec82238e32c205a2949fd29f HTTP/1.1" 404 1701 "-" "Dart/3.6 (dart:io)"
103.78.16.215 - - [27/Jun/2025:13:28:49 +0000] "GET /wp-json/wc/v3/products/reviews?product=54&consumer_key=ck_0f34dd898cafb797b88cbfdf555d0bee59043410&consumer_secret=cs_352434f91cd6d44fec82238e32c205a2949fd29f HTTP/1.1" 404 22 "-" "Dart/3.6 (dart:io)"
103.78.16.215 - - [27/Jun/2025:13:28:49 +0000] "GET /wp-json/wc/v3/products/54?consumer_key=ck_0f34dd898cafb797b88cbfdf555d0bee59043410&consumer_secret=cs_352434f91cd6d44fec82238e32c205a2949fd29f HTTP/1.1" 404 1373 "-" "Dart/3.6 (dart:io)"
129.146.4.238 - - [27/Jun/2025:13:28:53 +0000] "POST //wp-login.php HTTP/1.1" 200 6516 "https://www.lapma.in//wp-login.php" "Mozilla/5.0 (Windows NT 10.0; Win64; x64) AppleWebKit/537.36 (KHTML, like Gecko) Chrome/131.0.0.0 Safari/537.36"
103.78.16.215 - - [27/Jun/2025:13:28:55 +0000] "GET /wp-json/wc/v3/products/200?consumer_key=ck_0f34dd898cafb797b88cbfdf555d0bee59043410&consumer_secret=cs_352434f91cd6d44fec82238e32c205a2949fd29f HTTP/1.1" 404 1095 "-" "Dart/3.6 (dart:io)"
103.78.16.215 - - [27/Jun/2025:13:28:57 +0000] "GET /wp-json/wc/v3/products/50?consumer_key=ck_0f34dd898cafb797b88cbfdf555d0bee59043410&consumer_secret=cs_352434f91cd6d44fec82238e32c205a2949fd29f HTTP/1.1" 404 1701 "-" "Dart/3.6 (dart:io)"
129.146.4.238 - - [27/Jun/2025:13:28:59 +0000] "POST //wp-login.php HTTP/1.1" 200 6516 "https://www.lapma.in//wp-login.php" "Mozilla/5.0 (Windows NT 10.0; Win64; x64) AppleWebKit/537.36 (KHTML, like Gecko) Chrome/131.0.0.0 Safari/537.36"
103.78.16.215 - - [27/Jun/2025:13:28:58 +0000] "POST /wp-json/jwt-auth/v1/token HTTP/1.1" 404 312 "-" "Dart/3.6 (dart:io)"
139.59.17.158 - - [27/Jun/2025:13:29:09 +0000] "POST /wp-cron.php?doing_wp_cron=1751030949.2308919429779052734375 HTTP/1.1" 200 - "-" "WordPress/6.8.1; https://www.lapma.in"
103.78.16.215 - - [27/Jun/2025:13:29:03 +0000] "GET /wp-json/wc/v3/products/198?consumer_key=ck_0f34dd898cafb797b88cbfdf555d0bee59043410&consumer_secret=cs_352434f91cd6d44fec82238e32c205a2949fd29f HTTP/1.1" 404 1129 "-" "Dart/3.6 (dart:io)"
129.146.4.238 - - [27/Jun/2025:13:29:07 +0000] "POST //wp-login.php HTTP/1.1" 200 6516 "https://www.lapma.in//wp-login.php" "Mozilla/5.0 (Windows NT 10.0; Win64; x64) AppleWebKit/537.36 (KHTML, like Gecko) Chrome/131.0.0.0 Safari/537.36"
103.78.16.215 - - [27/Jun/2025:13:29:06 +0000] "GET /wp-json/wc/v3/products/198?consumer_key=ck_0f34dd898cafb797b88cbfdf555d0bee59043410&consumer_secret=cs_352434f91cd6d44fec82238e32c205a2949fd29f HTTP/1.1" 404 1129 "-" "Dart/3.6 (dart:io)"
103.78.16.215 - - [27/Jun/2025:13:29:08 +0000] "GET /wp-json/wc/v3/products?consumer_key=ck_0f34dd898cafb797b88cbfdf555d0bee59043410&consumer_secret=cs_352434f91cd6d44fec82238e32c205a2949fd29f&page=1&per_page=50 HTTP/1.1" 404 4356 "-" "Dart/3.6 (dart:io)"
103.78.16.215 - - [27/Jun/2025:13:29:08 +0000] "GET /wp-json/wc/v3/products/categories?consumer_key=ck_0f34dd898cafb797b88cbfdf555d0bee59043410&consumer_secret=cs_352434f91cd6d44fec82238e32c205a2949fd29f&page=1&per_page=10 HTTP/1.1" 404 775 "-" "Dart/3.6 (dart:io)"
103.78.16.215 - - [27/Jun/2025:13:29:08 +0000] "GET /wp-json/wc/v3/products?consumer_key=ck_0f34dd898cafb797b88cbfdf555d0bee59043410&consumer_secret=cs_352434f91cd6d44fec82238e32c205a2949fd29f&page=1&per_page=10 HTTP/1.1" 404 3811 "-" "Dart/3.6 (dart:io)"
103.78.16.215 - - [27/Jun/2025:13:29:12 +0000] "GET /wp-json/wc/v3/products/54?consumer_key=ck_0f34dd898cafb797b88cbfdf555d0bee59043410&consumer_secret=cs_352434f91cd6d44fec82238e32c205a2949fd29f HTTP/1.1" 404 1373 "-" "Dart/3.6 (dart:io)"
129.146.4.238 - - [27/Jun/2025:13:29:17 +0000] "POST //wp-login.php HTTP/1.1" 200 6516 "https://www.lapma.in//wp-login.php" "Mozilla/5.0 (Windows NT 10.0; Win64; x64) AppleWebKit/537.36 (KHTML, like Gecko) Chrome/131.0.0.0 Safari/537.36"
103.78.16.215 - - [27/Jun/2025:13:29:18 +0000] "GET /wp-json/wc/v3/products/54?consumer_key=ck_0f34dd898cafb797b88cbfdf555d0bee59043410&consumer_secret=cs_352434f91cd6d44fec82238e32c205a2949fd29f HTTP/1.1" 404 1373 "-" "Dart/3.6 (dart:io)"
103.78.16.215 - - [27/Jun/2025:13:29:17 +0000] "GET /wp-json/wc/v3/products/200?consumer_key=ck_0f34dd898cafb797b88cbfdf555d0bee59043410&consumer_secret=cs_352434f91cd6d44fec82238e32c205a2949fd29f HTTP/1.1" 404 1095 "-" "Dart/3.6 (dart:io)"
129.146.4.238 - - [27/Jun/2025:13:29:24 +0000] "POST //wp-login.php HTTP/1.1" 200 6516 "https://www.lapma.in//wp-login.php" "Mozilla/5.0 (Windows NT 10.0; Win64; x64) AppleWebKit/537.36 (KHTML, like Gecko) Chrome/131.0.0.0 Safari/537.36"
103.78.16.215 - - [27/Jun/2025:13:29:24 +0000] "GET /wp-json/wc/v3/products/209?consumer_key=ck_0f34dd898cafb797b88cbfdf555d0bee59043410&consumer_secret=cs_352434f91cd6d44fec82238e32c205a2949fd29f HTTP/1.1" 404 1210 "-" "Dart/3.6 (dart:io)"
129.146.4.238 - - [27/Jun/2025:13:29:27 +0000] "POST //wp-login.php HTTP/1.1" 200 6516 "https://www.lapma.in//wp-login.php" "Mozilla/5.0 (Windows NT 10.0; Win64; x64) AppleWebKit/537.36 (KHTML, like Gecko) Chrome/131.0.0.0 Safari/537.36"
129.146.4.238 - - [27/Jun/2025:13:29:30 +0000] "POST //wp-login.php HTTP/1.1" 200 6516 "https://www.lapma.in//wp-login.php" "Mozilla/5.0 (Windows NT 10.0; Win64; x64) AppleWebKit/537.36 (KHTML, like Gecko) Chrome/131.0.0.0 Safari/537.36"
129.146.4.238 - - [27/Jun/2025:13:29:33 +0000] "POST //wp-login.php HTTP/1.1" 200 6516 "https://www.lapma.in//wp-login.php" "Mozilla/5.0 (Windows NT 10.0; Win64; x64) AppleWebKit/537.36 (KHTML, like Gecko) Chrome/131.0.0.0 Safari/537.36"
129.146.4.238 - - [27/Jun/2025:13:29:37 +0000] "POST //wp-login.php HTTP/1.1" 200 6516 "https://www.lapma.in//wp-login.php" "Mozilla/5.0 (Windows NT 10.0; Win64; x64) AppleWebKit/537.36 (KHTML, like Gecko) Chrome/131.0.0.0 Safari/537.36"
103.78.16.215 - - [27/Jun/2025:13:29:38 +0000] "POST /wp-json/jwt-auth/v1/token HTTP/1.1" 404 313 "-" "Dart/3.6 (dart:io)"
129.146.4.238 - - [27/Jun/2025:13:29:40 +0000] "POST //wp-login.php HTTP/1.1" 200 6516 "https://www.lapma.in//wp-login.php" "Mozilla/5.0 (Windows NT 10.0; Win64; x64) AppleWebKit/537.36 (KHTML, like Gecko) Chrome/131.0.0.0 Safari/537.36"
103.78.16.215 - - [27/Jun/2025:13:29:41 +0000] "GET /wp-json/wc/v3/products/categories?consumer_key=ck_0f34dd898cafb797b88cbfdf555d0bee59043410&consumer_secret=cs_352434f91cd6d44fec82238e32c205a2949fd29f&page=1&per_page=10 HTTP/1.1" 404 775 "-" "Dart/3.6 (dart:io)"
129.146.4.238 - - [27/Jun/2025:13:29:43 +0000] "POST //wp-login.php HTTP/1.1" 200 6516 "https://www.lapma.in//wp-login.php" "Mozilla/5.0 (Windows NT 10.0; Win64; x64) AppleWebKit/537.36 (KHTML, like Gecko) Chrome/131.0.0.0 Safari/537.36"
103.78.16.215 - - [27/Jun/2025:13:29:41 +0000] "GET /wp-json/wc/v3/products?consumer_key=ck_0f34dd898cafb797b88cbfdf555d0bee59043410&consumer_secret=cs_352434f91cd6d44fec82238e32c205a2949fd29f&page=1&per_page=50 HTTP/1.1" 404 4350 "-" "Dart/3.6 (dart:io)"
103.78.16.215 - - [27/Jun/2025:13:29:41 +0000] "GET /wp-json/wc/v3/products?consumer_key=ck_0f34dd898cafb797b88cbfdf555d0bee59043410&consumer_secret=cs_352434f91cd6d44fec82238e32c205a2949fd29f&page=1&per_page=10 HTTP/1.1" 404 3813 "-" "Dart/3.6 (dart:io)"
129.146.4.238 - - [27/Jun/2025:13:29:48 +0000] "POST //wp-login.php HTTP/1.1" 200 6516 "https://www.lapma.in//wp-login.php" "Mozilla/5.0 (Windows NT 10.0; Win64; x64) AppleWebKit/537.36 (KHTML, like Gecko) Chrome/131.0.0.0 Safari/537.36"
103.78.16.215 - - [27/Jun/2025:13:29:49 +0000] "GET /wp-json/wc/v3/products/54?consumer_key=ck_0f34dd898cafb797b88cbfdf555d0bee59043410&consumer_secret=cs_352434f91cd6d44fec82238e32c205a2949fd29f HTTP/1.1" 404 1373 "-" "Dart/3.6 (dart:io)"
129.146.4.238 - - [27/Jun/2025:13:29:53 +0000] "POST //wp-login.php HTTP/1.1" 200 6516 "https://www.lapma.in//wp-login.php" "Mozilla/5.0 (Windows NT 10.0; Win64; x64) AppleWebKit/537.36 (KHTML, like Gecko) Chrome/131.0.0.0 Safari/537.36"
129.146.4.238 - - [27/Jun/2025:13:29:58 +0000] "POST //wp-login.php HTTP/1.1" 200 6516 "https://www.lapma.in//wp-login.php" "Mozilla/5.0 (Windows NT 10.0; Win64; x64) AppleWebKit/537.36 (KHTML, like Gecko) Chrome/131.0.0.0 Safari/537.36"
129.146.4.238 - - [27/Jun/2025:13:30:01 +0000] "POST //wp-login.php HTTP/1.1" 200 6516 "https://www.lapma.in//wp-login.php" "Mozilla/5.0 (Windows NT 10.0; Win64; x64) AppleWebKit/537.36 (KHTML, like Gecko) Chrome/131.0.0.0 Safari/537.36"
139.59.17.158 - - [27/Jun/2025:13:30:07 +0000] "POST /wp-cron.php?doing_wp_cron=1751031007.0690300464630126953125 HTTP/1.1" 200 - "-" "WordPress/6.8.1; https://www.lapma.in"
129.146.4.238 - - [27/Jun/2025:13:30:04 +0000] "POST //wp-login.php HTTP/1.1" 200 6516 "https://www.lapma.in//wp-login.php" "Mozilla/5.0 (Windows NT 10.0; Win64; x64) AppleWebKit/537.36 (KHTML, like Gecko) Chrome/131.0.0.0 Safari/537.36"
129.146.4.238 - - [27/Jun/2025:13:30:08 +0000] "POST //wp-login.php HTTP/1.1" 200 6516 "https://www.lapma.in//wp-login.php" "Mozilla/5.0 (Windows NT 10.0; Win64; x64) AppleWebKit/537.36 (KHTML, like Gecko) Chrome/131.0.0.0 Safari/537.36"
129.146.4.238 - - [27/Jun/2025:13:30:11 +0000] "POST //wp-login.php HTTP/1.1" 200 6516 "https://www.lapma.in//wp-login.php" "Mozilla/5.0 (Windows NT 10.0; Win64; x64) AppleWebKit/537.36 (KHTML, like Gecko) Chrome/131.0.0.0 Safari/537.36"
129.146.4.238 - - [27/Jun/2025:13:30:15 +0000] "POST //wp-login.php HTTP/1.1" 200 6516 "https://www.lapma.in//wp-login.php" "Mozilla/5.0 (Windows NT 10.0; Win64; x64) AppleWebKit/537.36 (KHTML, like Gecko) Chrome/131.0.0.0 Safari/537.36"
129.146.4.238 - - [27/Jun/2025:13:30:18 +0000] "POST //wp-login.php HTTP/1.1" 200 6516 "https://www.lapma.in//wp-login.php" "Mozilla/5.0 (Windows NT 10.0; Win64; x64) AppleWebKit/537.36 (KHTML, like Gecko) Chrome/131.0.0.0 Safari/537.36"
129.146.4.238 - - [27/Jun/2025:13:30:21 +0000] "POST //wp-login.php HTTP/1.1" 200 6516 "https://www.lapma.in//wp-login.php" "Mozilla/5.0 (Windows NT 10.0; Win64; x64) AppleWebKit/537.36 (KHTML, like Gecko) Chrome/131.0.0.0 Safari/537.36"
129.146.4.238 - - [27/Jun/2025:13:30:24 +0000] "POST //wp-login.php HTTP/1.1" 200 6516 "https://www.lapma.in//wp-login.php" "Mozilla/5.0 (Windows NT 10.0; Win64; x64) AppleWebKit/537.36 (KHTML, like Gecko) Chrome/131.0.0.0 Safari/537.36"
129.146.4.238 - - [27/Jun/2025:13:30:27 +0000] "POST //wp-login.php HTTP/1.1" 200 6516 "https://www.lapma.in//wp-login.php" "Mozilla/5.0 (Windows NT 10.0; Win64; x64) AppleWebKit/537.36 (KHTML, like Gecko) Chrome/131.0.0.0 Safari/537.36"
129.146.4.238 - - [27/Jun/2025:13:30:30 +0000] "POST //wp-login.php HTTP/1.1" 200 6516 "https://www.lapma.in//wp-login.php" "Mozilla/5.0 (Windows NT 10.0; Win64; x64) AppleWebKit/537.36 (KHTML, like Gecko) Chrome/131.0.0.0 Safari/537.36"
129.146.4.238 - - [27/Jun/2025:13:30:33 +0000] "POST //wp-login.php HTTP/1.1" 200 6516 "https://www.lapma.in//wp-login.php" "Mozilla/5.0 (Windows NT 10.0; Win64; x64) AppleWebKit/537.36 (KHTML, like Gecko) Chrome/131.0.0.0 Safari/537.36"
129.146.4.238 - - [27/Jun/2025:13:30:37 +0000] "POST //wp-login.php HTTP/1.1" 200 6516 "https://www.lapma.in//wp-login.php" "Mozilla/5.0 (Windows NT 10.0; Win64; x64) AppleWebKit/537.36 (KHTML, like Gecko) Chrome/131.0.0.0 Safari/537.36"
129.146.4.238 - - [27/Jun/2025:13:30:40 +0000] "POST //wp-login.php HTTP/1.1" 200 6516 "https://www.lapma.in//wp-login.php" "Mozilla/5.0 (Windows NT 10.0; Win64; x64) AppleWebKit/537.36 (KHTML, like Gecko) Chrome/131.0.0.0 Safari/537.36"
129.146.4.238 - - [27/Jun/2025:13:30:44 +0000] "POST //wp-login.php HTTP/1.1" 200 6516 "https://www.lapma.in//wp-login.php" "Mozilla/5.0 (Windows NT 10.0; Win64; x64) AppleWebKit/537.36 (KHTML, like Gecko) Chrome/131.0.0.0 Safari/537.36"
129.146.4.238 - - [27/Jun/2025:13:30:47 +0000] "POST //wp-login.php HTTP/1.1" 200 6516 "https://www.lapma.in//wp-login.php" "Mozilla/5.0 (Windows NT 10.0; Win64; x64) AppleWebKit/537.36 (KHTML, like Gecko) Chrome/131.0.0.0 Safari/537.36"
129.146.4.238 - - [27/Jun/2025:13:30:50 +0000] "POST //wp-login.php HTTP/1.1" 200 6516 "https://www.lapma.in//wp-login.php" "Mozilla/5.0 (Windows NT 10.0; Win64; x64) AppleWebKit/537.36 (KHTML, like Gecko) Chrome/131.0.0.0 Safari/537.36"
129.146.4.238 - - [27/Jun/2025:13:30:53 +0000] "POST //wp-login.php HTTP/1.1" 200 6516 "https://www.lapma.in//wp-login.php" "Mozilla/5.0 (Windows NT 10.0; Win64; x64) AppleWebKit/537.36 (KHTML, like Gecko) Chrome/131.0.0.0 Safari/537.36"
129.146.4.238 - - [27/Jun/2025:13:30:56 +0000] "POST //wp-login.php HTTP/1.1" 200 6516 "https://www.lapma.in//wp-login.php" "Mozilla/5.0 (Windows NT 10.0; Win64; x64) AppleWebKit/537.36 (KHTML, like Gecko) Chrome/131.0.0.0 Safari/537.36"
129.146.4.238 - - [27/Jun/2025:13:31:00 +0000] "POST //wp-login.php HTTP/1.1" 200 6516 "https://www.lapma.in//wp-login.php" "Mozilla/5.0 (Windows NT 10.0; Win64; x64) AppleWebKit/537.36 (KHTML, like Gecko) Chrome/131.0.0.0 Safari/537.36"
129.146.4.238 - - [27/Jun/2025:13:31:04 +0000] "POST //wp-login.php HTTP/1.1" 200 6516 "https://www.lapma.in//wp-login.php" "Mozilla/5.0 (Windows NT 10.0; Win64; x64) AppleWebKit/537.36 (KHTML, like Gecko) Chrome/131.0.0.0 Safari/537.36"
139.59.17.158 - - [27/Jun/2025:13:31:08 +0000] "POST /wp-cron.php?doing_wp_cron=1751031068.9022159576416015625000 HTTP/1.1" 200 - "-" "WordPress/6.8.1; https://www.lapma.in"
129.146.4.238 - - [27/Jun/2025:13:31:07 +0000] "POST //wp-login.php HTTP/1.1" 200 6516 "https://www.lapma.in//wp-login.php" "Mozilla/5.0 (Windows NT 10.0; Win64; x64) AppleWebKit/537.36 (KHTML, like Gecko) Chrome/131.0.0.0 Safari/537.36"
129.146.4.238 - - [27/Jun/2025:13:31:10 +0000] "POST //wp-login.php HTTP/1.1" 200 6516 "https://www.lapma.in//wp-login.php" "Mozilla/5.0 (Windows NT 10.0; Win64; x64) AppleWebKit/537.36 (KHTML, like Gecko) Chrome/131.0.0.0 Safari/537.36"
129.146.4.238 - - [27/Jun/2025:13:31:13 +0000] "POST //wp-login.php HTTP/1.1" 200 6516 "https://www.lapma.in//wp-login.php" "Mozilla/5.0 (Windows NT 10.0; Win64; x64) AppleWebKit/537.36 (KHTML, like Gecko) Chrome/131.0.0.0 Safari/537.36"
129.146.4.238 - - [27/Jun/2025:13:31:16 +0000] "POST //wp-login.php HTTP/1.1" 200 6516 "https://www.lapma.in//wp-login.php" "Mozilla/5.0 (Windows NT 10.0; Win64; x64) AppleWebKit/537.36 (KHTML, like Gecko) Chrome/131.0.0.0 Safari/537.36"
129.146.4.238 - - [27/Jun/2025:13:31:20 +0000] "POST //wp-login.php HTTP/1.1" 200 6516 "https://www.lapma.in//wp-login.php" "Mozilla/5.0 (Windows NT 10.0; Win64; x64) AppleWebKit/537.36 (KHTML, like Gecko) Chrome/131.0.0.0 Safari/537.36"
129.146.4.238 - - [27/Jun/2025:13:31:23 +0000] "POST //wp-login.php HTTP/1.1" 200 6516 "https://www.lapma.in//wp-login.php" "Mozilla/5.0 (Windows NT 10.0; Win64; x64) AppleWebKit/537.36 (KHTML, like Gecko) Chrome/131.0.0.0 Safari/537.36"
129.146.4.238 - - [27/Jun/2025:13:31:26 +0000] "POST //wp-login.php HTTP/1.1" 200 6516 "https://www.lapma.in//wp-login.php" "Mozilla/5.0 (Windows NT 10.0; Win64; x64) AppleWebKit/537.36 (KHTML, like Gecko) Chrome/131.0.0.0 Safari/537.36"
129.146.4.238 - - [27/Jun/2025:13:31:29 +0000] "POST //wp-login.php HTTP/1.1" 200 6516 "https://www.lapma.in//wp-login.php" "Mozilla/5.0 (Windows NT 10.0; Win64; x64) AppleWebKit/537.36 (KHTML, like Gecko) Chrome/131.0.0.0 Safari/537.36"
129.146.4.238 - - [27/Jun/2025:13:31:32 +0000] "POST //wp-login.php HTTP/1.1" 200 6516 "https://www.lapma.in//wp-login.php" "Mozilla/5.0 (Windows NT 10.0; Win64; x64) AppleWebKit/537.36 (KHTML, like Gecko) Chrome/131.0.0.0 Safari/537.36"
129.146.4.238 - - [27/Jun/2025:13:31:35 +0000] "POST //wp-login.php HTTP/1.1" 200 6516 "https://www.lapma.in//wp-login.php" "Mozilla/5.0 (Windows NT 10.0; Win64; x64) AppleWebKit/537.36 (KHTML, like Gecko) Chrome/131.0.0.0 Safari/537.36"
129.146.4.238 - - [27/Jun/2025:13:31:38 +0000] "POST //wp-login.php HTTP/1.1" 200 6516 "https://www.lapma.in//wp-login.php" "Mozilla/5.0 (Windows NT 10.0; Win64; x64) AppleWebKit/537.36 (KHTML, like Gecko) Chrome/131.0.0.0 Safari/537.36"
129.146.4.238 - - [27/Jun/2025:13:31:41 +0000] "POST //wp-login.php HTTP/1.1" 200 6516 "https://www.lapma.in//wp-login.php" "Mozilla/5.0 (Windows NT 10.0; Win64; x64) AppleWebKit/537.36 (KHTML, like Gecko) Chrome/131.0.0.0 Safari/537.36"
129.146.4.238 - - [27/Jun/2025:13:31:44 +0000] "POST //wp-login.php HTTP/1.1" 200 6516 "https://www.lapma.in//wp-login.php" "Mozilla/5.0 (Windows NT 10.0; Win64; x64) AppleWebKit/537.36 (KHTML, like Gecko) Chrome/131.0.0.0 Safari/537.36"
129.146.4.238 - - [27/Jun/2025:13:31:47 +0000] "POST //wp-login.php HTTP/1.1" 200 6516 "https://www.lapma.in//wp-login.php" "Mozilla/5.0 (Windows NT 10.0; Win64; x64) AppleWebKit/537.36 (KHTML, like Gecko) Chrome/131.0.0.0 Safari/537.36"
129.146.4.238 - - [27/Jun/2025:13:31:51 +0000] "POST //wp-login.php HTTP/1.1" 200 6516 "https://www.lapma.in//wp-login.php" "Mozilla/5.0 (Windows NT 10.0; Win64; x64) AppleWebKit/537.36 (KHTML, like Gecko) Chrome/131.0.0.0 Safari/537.36"
129.146.4.238 - - [27/Jun/2025:13:31:53 +0000] "POST //wp-login.php HTTP/1.1" 200 6516 "https://www.lapma.in//wp-login.php" "Mozilla/5.0 (Windows NT 10.0; Win64; x64) AppleWebKit/537.36 (KHTML, like Gecko) Chrome/131.0.0.0 Safari/537.36"
129.146.4.238 - - [27/Jun/2025:13:31:56 +0000] "POST //wp-login.php HTTP/1.1" 200 6516 "https://www.lapma.in//wp-login.php" "Mozilla/5.0 (Windows NT 10.0; Win64; x64) AppleWebKit/537.36 (KHTML, like Gecko) Chrome/131.0.0.0 Safari/537.36"
129.146.4.238 - - [27/Jun/2025:13:32:00 +0000] "POST //wp-login.php HTTP/1.1" 200 6516 "https://www.lapma.in//wp-login.php" "Mozilla/5.0 (Windows NT 10.0; Win64; x64) AppleWebKit/537.36 (KHTML, like Gecko) Chrome/131.0.0.0 Safari/537.36"
129.146.4.238 - - [27/Jun/2025:13:32:04 +0000] "POST //wp-login.php HTTP/1.1" 200 6516 "https://www.lapma.in//wp-login.php" "Mozilla/5.0 (Windows NT 10.0; Win64; x64) AppleWebKit/537.36 (KHTML, like Gecko) Chrome/131.0.0.0 Safari/537.36"
139.59.17.158 - - [27/Jun/2025:13:32:09 +0000] "POST /wp-cron.php?doing_wp_cron=1751031129.0113449096679687500000 HTTP/1.1" 200 - "-" "WordPress/6.8.1; https://www.lapma.in"
129.146.4.238 - - [27/Jun/2025:13:32:07 +0000] "POST //wp-login.php HTTP/1.1" 200 6516 "https://www.lapma.in//wp-login.php" "Mozilla/5.0 (Windows NT 10.0; Win64; x64) AppleWebKit/537.36 (KHTML, like Gecko) Chrome/131.0.0.0 Safari/537.36"
129.146.4.238 - - [27/Jun/2025:13:32:10 +0000] "POST //wp-login.php HTTP/1.1" 200 6516 "https://www.lapma.in//wp-login.php" "Mozilla/5.0 (Windows NT 10.0; Win64; x64) AppleWebKit/537.36 (KHTML, like Gecko) Chrome/131.0.0.0 Safari/537.36"
129.146.4.238 - - [27/Jun/2025:13:32:13 +0000] "POST //wp-login.php HTTP/1.1" 200 6516 "https://www.lapma.in//wp-login.php" "Mozilla/5.0 (Windows NT 10.0; Win64; x64) AppleWebKit/537.36 (KHTML, like Gecko) Chrome/131.0.0.0 Safari/537.36"
129.146.4.238 - - [27/Jun/2025:13:32:17 +0000] "POST //wp-login.php HTTP/1.1" 200 6516 "https://www.lapma.in//wp-login.php" "Mozilla/5.0 (Windows NT 10.0; Win64; x64) AppleWebKit/537.36 (KHTML, like Gecko) Chrome/131.0.0.0 Safari/537.36"
129.146.4.238 - - [27/Jun/2025:13:32:20 +0000] "POST //wp-login.php HTTP/1.1" 200 6516 "https://www.lapma.in//wp-login.php" "Mozilla/5.0 (Windows NT 10.0; Win64; x64) AppleWebKit/537.36 (KHTML, like Gecko) Chrome/131.0.0.0 Safari/537.36"
129.146.4.238 - - [27/Jun/2025:13:32:24 +0000] "POST //wp-login.php HTTP/1.1" 200 6516 "https://www.lapma.in//wp-login.php" "Mozilla/5.0 (Windows NT 10.0; Win64; x64) AppleWebKit/537.36 (KHTML, like Gecko) Chrome/131.0.0.0 Safari/537.36"
129.146.4.238 - - [27/Jun/2025:13:32:28 +0000] "POST //wp-login.php HTTP/1.1" 200 6516 "https://www.lapma.in//wp-login.php" "Mozilla/5.0 (Windows NT 10.0; Win64; x64) AppleWebKit/537.36 (KHTML, like Gecko) Chrome/131.0.0.0 Safari/537.36"
129.146.4.238 - - [27/Jun/2025:13:32:31 +0000] "POST //wp-login.php HTTP/1.1" 200 6516 "https://www.lapma.in//wp-login.php" "Mozilla/5.0 (Windows NT 10.0; Win64; x64) AppleWebKit/537.36 (KHTML, like Gecko) Chrome/131.0.0.0 Safari/537.36"
129.146.4.238 - - [27/Jun/2025:13:32:35 +0000] "POST //wp-login.php HTTP/1.1" 200 6516 "https://www.lapma.in//wp-login.php" "Mozilla/5.0 (Windows NT 10.0; Win64; x64) AppleWebKit/537.36 (KHTML, like Gecko) Chrome/131.0.0.0 Safari/537.36"
129.146.4.238 - - [27/Jun/2025:13:32:39 +0000] "POST //wp-login.php HTTP/1.1" 200 6516 "https://www.lapma.in//wp-login.php" "Mozilla/5.0 (Windows NT 10.0; Win64; x64) AppleWebKit/537.36 (KHTML, like Gecko) Chrome/131.0.0.0 Safari/537.36"
129.146.4.238 - - [27/Jun/2025:13:32:42 +0000] "POST //wp-login.php HTTP/1.1" 200 6516 "https://www.lapma.in//wp-login.php" "Mozilla/5.0 (Windows NT 10.0; Win64; x64) AppleWebKit/537.36 (KHTML, like Gecko) Chrome/131.0.0.0 Safari/537.36"
129.146.4.238 - - [27/Jun/2025:13:32:45 +0000] "POST //wp-login.php HTTP/1.1" 200 6516 "https://www.lapma.in//wp-login.php" "Mozilla/5.0 (Windows NT 10.0; Win64; x64) AppleWebKit/537.36 (KHTML, like Gecko) Chrome/131.0.0.0 Safari/537.36"
129.146.4.238 - - [27/Jun/2025:13:32:48 +0000] "POST //wp-login.php HTTP/1.1" 200 6516 "https://www.lapma.in//wp-login.php" "Mozilla/5.0 (Windows NT 10.0; Win64; x64) AppleWebKit/537.36 (KHTML, like Gecko) Chrome/131.0.0.0 Safari/537.36"
129.146.4.238 - - [27/Jun/2025:13:32:52 +0000] "POST //wp-login.php HTTP/1.1" 200 6516 "https://www.lapma.in//wp-login.php" "Mozilla/5.0 (Windows NT 10.0; Win64; x64) AppleWebKit/537.36 (KHTML, like Gecko) Chrome/131.0.0.0 Safari/537.36"
129.146.4.238 - - [27/Jun/2025:13:32:55 +0000] "POST //wp-login.php HTTP/1.1" 200 6516 "https://www.lapma.in//wp-login.php" "Mozilla/5.0 (Windows NT 10.0; Win64; x64) AppleWebKit/537.36 (KHTML, like Gecko) Chrome/131.0.0.0 Safari/537.36"
129.146.4.238 - - [27/Jun/2025:13:32:58 +0000] "POST //wp-login.php HTTP/1.1" 200 6516 "https://www.lapma.in//wp-login.php" "Mozilla/5.0 (Windows NT 10.0; Win64; x64) AppleWebKit/537.36 (KHTML, like Gecko) Chrome/131.0.0.0 Safari/537.36"
129.146.4.238 - - [27/Jun/2025:13:33:01 +0000] "POST //wp-login.php HTTP/1.1" 200 6516 "https://www.lapma.in//wp-login.php" "Mozilla/5.0 (Windows NT 10.0; Win64; x64) AppleWebKit/537.36 (KHTML, like Gecko) Chrome/131.0.0.0 Safari/537.36"
139.59.17.158 - - [27/Jun/2025:13:33:08 +0000] "POST /wp-cron.php?doing_wp_cron=1751031188.2681500911712646484375 HTTP/1.1" 200 - "-" "WordPress/6.8.1; https://www.lapma.in"
129.146.4.238 - - [27/Jun/2025:13:33:05 +0000] "POST //wp-login.php HTTP/1.1" 200 6516 "https://www.lapma.in//wp-login.php" "Mozilla/5.0 (Windows NT 10.0; Win64; x64) AppleWebKit/537.36 (KHTML, like Gecko) Chrome/131.0.0.0 Safari/537.36"
129.146.4.238 - - [27/Jun/2025:13:33:09 +0000] "POST //wp-login.php HTTP/1.1" 200 6516 "https://www.lapma.in//wp-login.php" "Mozilla/5.0 (Windows NT 10.0; Win64; x64) AppleWebKit/537.36 (KHTML, like Gecko) Chrome/131.0.0.0 Safari/537.36"
129.146.4.238 - - [27/Jun/2025:13:33:12 +0000] "POST //wp-login.php HTTP/1.1" 200 6516 "https://www.lapma.in//wp-login.php" "Mozilla/5.0 (Windows NT 10.0; Win64; x64) AppleWebKit/537.36 (KHTML, like Gecko) Chrome/131.0.0.0 Safari/537.36"
129.146.4.238 - - [27/Jun/2025:13:33:15 +0000] "POST //wp-login.php HTTP/1.1" 200 6516 "https://www.lapma.in//wp-login.php" "Mozilla/5.0 (Windows NT 10.0; Win64; x64) AppleWebKit/537.36 (KHTML, like Gecko) Chrome/131.0.0.0 Safari/537.36"
129.146.4.238 - - [27/Jun/2025:13:33:18 +0000] "POST //wp-login.php HTTP/1.1" 200 6516 "https://www.lapma.in//wp-login.php" "Mozilla/5.0 (Windows NT 10.0; Win64; x64) AppleWebKit/537.36 (KHTML, like Gecko) Chrome/131.0.0.0 Safari/537.36"
129.146.4.238 - - [27/Jun/2025:13:33:22 +0000] "POST //wp-login.php HTTP/1.1" 200 6516 "https://www.lapma.in//wp-login.php" "Mozilla/5.0 (Windows NT 10.0; Win64; x64) AppleWebKit/537.36 (KHTML, like Gecko) Chrome/131.0.0.0 Safari/537.36"
129.146.4.238 - - [27/Jun/2025:13:33:25 +0000] "POST //wp-login.php HTTP/1.1" 200 6516 "https://www.lapma.in//wp-login.php" "Mozilla/5.0 (Windows NT 10.0; Win64; x64) AppleWebKit/537.36 (KHTML, like Gecko) Chrome/131.0.0.0 Safari/537.36"
129.146.4.238 - - [27/Jun/2025:13:33:28 +0000] "POST //wp-login.php HTTP/1.1" 200 6516 "https://www.lapma.in//wp-login.php" "Mozilla/5.0 (Windows NT 10.0; Win64; x64) AppleWebKit/537.36 (KHTML, like Gecko) Chrome/131.0.0.0 Safari/537.36"
129.146.4.238 - - [27/Jun/2025:13:33:31 +0000] "POST //wp-login.php HTTP/1.1" 200 6516 "https://www.lapma.in//wp-login.php" "Mozilla/5.0 (Windows NT 10.0; Win64; x64) AppleWebKit/537.36 (KHTML, like Gecko) Chrome/131.0.0.0 Safari/537.36"
129.146.4.238 - - [27/Jun/2025:13:33:34 +0000] "POST //wp-login.php HTTP/1.1" 200 6516 "https://www.lapma.in//wp-login.php" "Mozilla/5.0 (Windows NT 10.0; Win64; x64) AppleWebKit/537.36 (KHTML, like Gecko) Chrome/131.0.0.0 Safari/537.36"
129.146.4.238 - - [27/Jun/2025:13:33:37 +0000] "POST //wp-login.php HTTP/1.1" 200 6516 "https://www.lapma.in//wp-login.php" "Mozilla/5.0 (Windows NT 10.0; Win64; x64) AppleWebKit/537.36 (KHTML, like Gecko) Chrome/131.0.0.0 Safari/537.36"
129.146.4.238 - - [27/Jun/2025:13:33:40 +0000] "POST //wp-login.php HTTP/1.1" 200 6516 "https://www.lapma.in//wp-login.php" "Mozilla/5.0 (Windows NT 10.0; Win64; x64) AppleWebKit/537.36 (KHTML, like Gecko) Chrome/131.0.0.0 Safari/537.36"
