185.251.19.152 - - [27/Jun/2025:07:15:26 +0000] "GET /.env HTTP/1.1" 500 1118 "-" "Mozilla/5.0 (Macintosh; Intel Mac OS X 10.15; rv:77.0) Gecko/20100101 Firefox/77.0"
185.251.19.139 - - [27/Jun/2025:07:15:29 +0000] "GET /wp-content/ HTTP/1.1" 301 294 "-" "Mozilla/5.0 (Macintosh; Intel Mac OS X 10.15; rv:77.0) Gecko/20100101 Firefox/77.0"
185.251.19.156 - - [27/Jun/2025:07:15:30 +0000] "GET /wp-content/ HTTP/1.1" 200 - "-" "Mozilla/5.0 (Macintosh; Intel Mac OS X 10.15; rv:77.0) Gecko/20100101 Firefox/77.0"
47.82.60.24 - - [27/Jun/2025:07:21:10 +0000] "GET / HTTP/1.1" 301 291 "http://www.lapma.in" "Mozilla/5.0 (Windows NT 10.0; Win64; x64) AppleWebKit/537.36 (KHTML, like Gecko) Chrome/114.0.0.0 Safari/537.36 Edg/114.0.1823.43"
47.82.60.24 - - [27/Jun/2025:07:21:11 +0000] "GET / HTTP/1.1" 500 1118 "http://www.lapma.in" "Mozilla/5.0 (Windows NT 10.0; Win64; x64) AppleWebKit/537.36 (KHTML, like Gecko) Chrome/114.0.0.0 Safari/537.36 Edg/114.0.1823.43"
104.210.140.130 - - [27/Jun/2025:07:24:41 +0000] "GET /robots.txt HTTP/2.0" 500 1118 "-" "Mozilla/5.0 (Macintosh; Intel Mac OS X 10_15_7) AppleWebKit/537.36 (KHTML, like Gecko) Chrome/131.0.0.0 Safari/537.36; compatible; OAI-SearchBot/1.0; +https://openai.com/searchbot"
202.164.133.191 - - [27/Jun/2025:07:32:33 +0000] "GET / HTTP/2.0" 500 1118 "-" "Mozilla/5.0 (Windows NT 10.0; Win64; x64) AppleWebKit/537.36 (KHTML, like Gecko) Chrome/137.0.0.0 Safari/537.36"
202.164.133.191 - - [27/Jun/2025:07:32:34 +0000] "GET /favicon.ico HTTP/2.0" 500 1118 "https://lapma.in/" "Mozilla/5.0 (Windows NT 10.0; Win64; x64) AppleWebKit/537.36 (KHTML, like Gecko) Chrome/137.0.0.0 Safari/537.36"
139.59.17.158 - - [27/Jun/2025:07:33:17 +0000] "POST /wp-cron.php?doing_wp_cron=1751009597.8943819999694824218750 HTTP/1.1" 200 - "-" "WordPress/6.8.1; https://www.lapma.in"
202.164.133.191 - - [27/Jun/2025:07:33:14 +0000] "GET / HTTP/2.0" 301 - "-" "Mozilla/5.0 (Windows NT 10.0; Win64; x64) AppleWebKit/537.36 (KHTML, like Gecko) Chrome/137.0.0.0 Safari/537.36"
202.164.133.191 - - [27/Jun/2025:07:33:18 +0000] "GET / HTTP/2.0" 404 9909 "-" "Mozilla/5.0 (Windows NT 10.0; Win64; x64) AppleWebKit/537.36 (KHTML, like Gecko) Chrome/137.0.0.0 Safari/537.36"
202.164.133.191 - - [27/Jun/2025:07:33:21 +0000] "GET /wp-content/themes/lapma/assets/css/bootstrap.min.css HTTP/2.0" 200 27518 "https://www.lapma.in/" "Mozilla/5.0 (Windows NT 10.0; Win64; x64) AppleWebKit/537.36 (KHTML, like Gecko) Chrome/137.0.0.0 Safari/537.36"
202.164.133.191 - - [27/Jun/2025:07:33:21 +0000] "GET /wp-content/themes/lapma/assets/css/fonts.css HTTP/2.0" 200 275 "https://www.lapma.in/" "Mozilla/5.0 (Windows NT 10.0; Win64; x64) AppleWebKit/537.36 (KHTML, like Gecko) Chrome/137.0.0.0 Safari/537.36"
202.164.133.191 - - [27/Jun/2025:07:33:21 +0000] "GET /wp-content/themes/lapma/assets/css/slick.css HTTP/2.0" 200 569 "https://www.lapma.in/" "Mozilla/5.0 (Windows NT 10.0; Win64; x64) AppleWebKit/537.36 (KHTML, like Gecko) Chrome/137.0.0.0 Safari/537.36"
202.164.133.191 - - [27/Jun/2025:07:33:21 +0000] "GET /wp-content/themes/lapma/assets/css/font-awesome.min.css HTTP/2.0" 200 6666 "https://www.lapma.in/" "Mozilla/5.0 (Windows NT 10.0; Win64; x64) AppleWebKit/537.36 (KHTML, like Gecko) Chrome/137.0.0.0 Safari/537.36"
202.164.133.191 - - [27/Jun/2025:07:33:21 +0000] "GET /wp-content/themes/lapma/assets/css/slick-theme.css HTTP/2.0" 200 866 "https://www.lapma.in/" "Mozilla/5.0 (Windows NT 10.0; Win64; x64) AppleWebKit/537.36 (KHTML, like Gecko) Chrome/137.0.0.0 Safari/537.36"
202.164.133.191 - - [27/Jun/2025:07:33:21 +0000] "GET /wp-includes/css/dist/block-library/style.min.css?ver=6.8.1 HTTP/2.0" 200 15323 "https://www.lapma.in/" "Mozilla/5.0 (Windows NT 10.0; Win64; x64) AppleWebKit/537.36 (KHTML, like Gecko) Chrome/137.0.0.0 Safari/537.36"
202.164.133.191 - - [27/Jun/2025:07:33:21 +0000] "GET /wp-includes/js/jquery/jquery-migrate.min.js?ver=3.4.1 HTTP/2.0" 200 4872 "https://www.lapma.in/" "Mozilla/5.0 (Windows NT 10.0; Win64; x64) AppleWebKit/537.36 (KHTML, like Gecko) Chrome/137.0.0.0 Safari/537.36"
202.164.133.191 - - [27/Jun/2025:07:33:21 +0000] "GET /wp-content/plugins/everest-forms/assets/css/everest-forms.css?ver=3.2.2 HTTP/2.0" 200 11241 "https://www.lapma.in/" "Mozilla/5.0 (Windows NT 10.0; Win64; x64) AppleWebKit/537.36 (KHTML, like Gecko) Chrome/137.0.0.0 Safari/537.36"
202.164.133.191 - - [27/Jun/2025:07:33:21 +0000] "GET /wp-content/plugins/woocommerce/assets/css/woocommerce-layout.css?ver=9.0.1 HTTP/2.0" 200 2573 "https://www.lapma.in/" "Mozilla/5.0 (Windows NT 10.0; Win64; x64) AppleWebKit/537.36 (KHTML, like Gecko) Chrome/137.0.0.0 Safari/537.36"
202.164.133.191 - - [27/Jun/2025:07:33:21 +0000] "GET /wp-content/plugins/woocommerce/assets/css/woocommerce.css?ver=9.0.1 HTTP/2.0" 200 9937 "https://www.lapma.in/" "Mozilla/5.0 (Windows NT 10.0; Win64; x64) AppleWebKit/537.36 (KHTML, like Gecko) Chrome/137.0.0.0 Safari/537.36"
202.164.133.191 - - [27/Jun/2025:07:33:21 +0000] "GET /wp-content/themes/lapma/assets/css/style.css?v=1751009600 HTTP/2.0" 200 15534 "https://www.lapma.in/" "Mozilla/5.0 (Windows NT 10.0; Win64; x64) AppleWebKit/537.36 (KHTML, like Gecko) Chrome/137.0.0.0 Safari/537.36"
202.164.133.191 - - [27/Jun/2025:07:33:21 +0000] "GET /wp-includes/css/dashicons.min.css?ver=6.8.1 HTTP/2.0" 200 35730 "https://www.lapma.in/" "Mozilla/5.0 (Windows NT 10.0; Win64; x64) AppleWebKit/537.36 (KHTML, like Gecko) Chrome/137.0.0.0 Safari/537.36"
202.164.133.191 - - [27/Jun/2025:07:33:21 +0000] "GET /wp-content/plugins/everest-forms/assets/css/intlTelInput.css?ver=3.2.2 HTTP/2.0" 200 4882 "https://www.lapma.in/" "Mozilla/5.0 (Windows NT 10.0; Win64; x64) AppleWebKit/537.36 (KHTML, like Gecko) Chrome/137.0.0.0 Safari/537.36"
202.164.133.191 - - [27/Jun/2025:07:33:21 +0000] "GET /wp-includes/js/jquery/jquery.min.js?ver=3.7.1 HTTP/2.0" 200 30368 "https://www.lapma.in/" "Mozilla/5.0 (Windows NT 10.0; Win64; x64) AppleWebKit/537.36 (KHTML, like Gecko) Chrome/137.0.0.0 Safari/537.36"
202.164.133.191 - - [27/Jun/2025:07:33:21 +0000] "GET /wp-content/themes/lapma/assets/images/user-icon.svg HTTP/2.0" 200 215 "https://www.lapma.in/" "Mozilla/5.0 (Windows NT 10.0; Win64; x64) AppleWebKit/537.36 (KHTML, like Gecko) Chrome/137.0.0.0 Safari/537.36"
202.164.133.191 - - [27/Jun/2025:07:33:21 +0000] "GET /wp-content/uploads/2024/04/logo.svg HTTP/2.0" 200 7986 "https://www.lapma.in/" "Mozilla/5.0 (Windows NT 10.0; Win64; x64) AppleWebKit/537.36 (KHTML, like Gecko) Chrome/137.0.0.0 Safari/537.36"
202.164.133.191 - - [27/Jun/2025:07:33:21 +0000] "GET /wp-content/themes/lapma/assets/images/cart-icon.svg HTTP/2.0" 200 1116 "https://www.lapma.in/" "Mozilla/5.0 (Windows NT 10.0; Win64; x64) AppleWebKit/537.36 (KHTML, like Gecko) Chrome/137.0.0.0 Safari/537.36"
202.164.133.191 - - [27/Jun/2025:07:33:21 +0000] "GET /wp-content/themes/lapma/assets/js/bootstrap.min.js HTTP/2.0" 200 16138 "https://www.lapma.in/" "Mozilla/5.0 (Windows NT 10.0; Win64; x64) AppleWebKit/537.36 (KHTML, like Gecko) Chrome/137.0.0.0 Safari/537.36"
202.164.133.191 - - [27/Jun/2025:07:33:21 +0000] "GET /wp-content/themes/lapma/assets/js/popper.min.js HTTP/2.0" 200 7154 "https://www.lapma.in/" "Mozilla/5.0 (Windows NT 10.0; Win64; x64) AppleWebKit/537.36 (KHTML, like Gecko) Chrome/137.0.0.0 Safari/537.36"
202.164.133.191 - - [27/Jun/2025:07:33:21 +0000] "GET /wp-content/themes/lapma/assets/js/slick.js HTTP/2.0" 200 15071 "https://www.lapma.in/" "Mozilla/5.0 (Windows NT 10.0; Win64; x64) AppleWebKit/537.36 (KHTML, like Gecko) Chrome/137.0.0.0 Safari/537.36"
202.164.133.191 - - [27/Jun/2025:07:33:21 +0000] "GET /wp-content/themes/lapma/assets/js/custom.js?v=1751009600 HTTP/2.0" 200 1314 "https://www.lapma.in/" "Mozilla/5.0 (Windows NT 10.0; Win64; x64) AppleWebKit/537.36 (KHTML, like Gecko) Chrome/137.0.0.0 Safari/537.36"
202.164.133.191 - - [27/Jun/2025:07:33:21 +0000] "GET /wp-content/themes/lapma/assets/js/jquery-3.7.0.min.js HTTP/2.0" 200 30337 "https://www.lapma.in/" "Mozilla/5.0 (Windows NT 10.0; Win64; x64) AppleWebKit/537.36 (KHTML, like Gecko) Chrome/137.0.0.0 Safari/537.36"
202.164.133.191 - - [27/Jun/2025:07:33:21 +0000] "GET /wp-content/plugins/woocommerce/assets/client/blocks/wc-blocks.css?ver=wc-9.0.1 HTTP/2.0" 200 2556 "https://www.lapma.in/" "Mozilla/5.0 (Windows NT 10.0; Win64; x64) AppleWebKit/537.36 (KHTML, like Gecko) Chrome/137.0.0.0 Safari/537.36"
202.164.133.191 - - [27/Jun/2025:07:33:21 +0000] "GET /wp-content/plugins/woocommerce/assets/js/frontend/order-attribution.min.js?ver=9.0.1 HTTP/2.0" 200 1137 "https://www.lapma.in/" "Mozilla/5.0 (Windows NT 10.0; Win64; x64) AppleWebKit/537.36 (KHTML, like Gecko) Chrome/137.0.0.0 Safari/537.36"
202.164.133.191 - - [27/Jun/2025:07:33:21 +0000] "GET /wp-content/plugins/woocommerce/assets/js/sourcebuster/sourcebuster.min.js?ver=9.0.1 HTTP/2.0" 200 4807 "https://www.lapma.in/" "Mozilla/5.0 (Windows NT 10.0; Win64; x64) AppleWebKit/537.36 (KHTML, like Gecko) Chrome/137.0.0.0 Safari/537.36"
202.164.133.191 - - [27/Jun/2025:07:33:21 +0000] "GET /wp-content/plugins/woocommerce/assets/js/jquery-blockui/jquery.blockUI.min.js?ver=2.7.0-wc.9.0.1 HTTP/2.0" 200 3537 "https://www.lapma.in/" "Mozilla/5.0 (Windows NT 10.0; Win64; x64) AppleWebKit/537.36 (KHTML, like Gecko) Chrome/137.0.0.0 Safari/537.36"
202.164.133.191 - - [27/Jun/2025:07:33:21 +0000] "GET /wp-content/plugins/woocommerce/assets/js/frontend/add-to-cart.min.js?ver=9.0.1 HTTP/2.0" 200 1107 "https://www.lapma.in/" "Mozilla/5.0 (Windows NT 10.0; Win64; x64) AppleWebKit/537.36 (KHTML, like Gecko) Chrome/137.0.0.0 Safari/537.36"
202.164.133.191 - - [27/Jun/2025:07:33:21 +0000] "GET /wp-content/plugins/woocommerce/assets/js/js-cookie/js.cookie.min.js?ver=2.1.4-wc.9.0.1 HTTP/2.0" 200 833 "https://www.lapma.in/" "Mozilla/5.0 (Windows NT 10.0; Win64; x64) AppleWebKit/537.36 (KHTML, like Gecko) Chrome/137.0.0.0 Safari/537.36"
202.164.133.191 - - [27/Jun/2025:07:33:21 +0000] "GET /wp-content/plugins/woocommerce/assets/js/frontend/woocommerce.min.js?ver=9.0.1 HTTP/2.0" 200 948 "https://www.lapma.in/" "Mozilla/5.0 (Windows NT 10.0; Win64; x64) AppleWebKit/537.36 (KHTML, like Gecko) Chrome/137.0.0.0 Safari/537.36"
202.164.133.191 - - [27/Jun/2025:07:33:21 +0000] "GET /wp-content/uploads/2024/04/banner-img1.jpg HTTP/2.0" 200 703605 "https://www.lapma.in/" "Mozilla/5.0 (Windows NT 10.0; Win64; x64) AppleWebKit/537.36 (KHTML, like Gecko) Chrome/137.0.0.0 Safari/537.36"
202.164.133.191 - - [27/Jun/2025:07:33:21 +0000] "GET /wp-content/uploads/2024/05/fodder-product-bg.png HTTP/2.0" 200 83948 "https://www.lapma.in/" "Mozilla/5.0 (Windows NT 10.0; Win64; x64) AppleWebKit/537.36 (KHTML, like Gecko) Chrome/137.0.0.0 Safari/537.36"
202.164.133.191 - - [27/Jun/2025:07:33:21 +0000] "GET /wp-content/uploads/2024/05/milk-produt-bg.png HTTP/2.0" 200 108088 "https://www.lapma.in/" "Mozilla/5.0 (Windows NT 10.0; Win64; x64) AppleWebKit/537.36 (KHTML, like Gecko) Chrome/137.0.0.0 Safari/537.36"
202.164.133.191 - - [27/Jun/2025:07:33:21 +0000] "GET /wp-content/themes/lapma/assets/images/search-icon.svg HTTP/2.0" 200 674 "https://www.lapma.in/wp-content/themes/lapma/assets/css/style.css?v=1751009600" "Mozilla/5.0 (Windows NT 10.0; Win64; x64) AppleWebKit/537.36 (KHTML, like Gecko) Chrome/137.0.0.0 Safari/537.36"
202.164.133.191 - - [27/Jun/2025:07:33:21 +0000] "GET /wp-content/uploads/2024/05/egg-product-bg.png HTTP/2.0" 200 70090 "https://www.lapma.in/" "Mozilla/5.0 (Windows NT 10.0; Win64; x64) AppleWebKit/537.36 (KHTML, like Gecko) Chrome/137.0.0.0 Safari/537.36"
202.164.133.191 - - [27/Jun/2025:07:33:21 +0000] "GET /wp-content/uploads/2024/05/live-stock-bg.png HTTP/2.0" 200 159783 "https://www.lapma.in/" "Mozilla/5.0 (Windows NT 10.0; Win64; x64) AppleWebKit/537.36 (KHTML, like Gecko) Chrome/137.0.0.0 Safari/537.36"
202.164.133.191 - - [27/Jun/2025:07:33:21 +0000] "GET /wp-content/themes/lapma/assets/fonts/SailecLight.woff2 HTTP/2.0" 200 28683 "https://www.lapma.in/wp-content/themes/lapma/assets/css/fonts.css" "Mozilla/5.0 (Windows NT 10.0; Win64; x64) AppleWebKit/537.36 (KHTML, like Gecko) Chrome/137.0.0.0 Safari/537.36"
202.164.133.191 - - [27/Jun/2025:07:33:21 +0000] "GET /wp-content/themes/lapma/assets/fonts/SailecBold.woff2 HTTP/2.0" 200 28963 "https://www.lapma.in/wp-content/themes/lapma/assets/css/fonts.css" "Mozilla/5.0 (Windows NT 10.0; Win64; x64) AppleWebKit/537.36 (KHTML, like Gecko) Chrome/137.0.0.0 Safari/537.36"
202.164.133.191 - - [27/Jun/2025:07:33:21 +0000] "GET /wp-content/themes/lapma/assets/fonts/SailecMedium.woff2 HTTP/2.0" 200 28639 "https://www.lapma.in/wp-content/themes/lapma/assets/css/fonts.css" "Mozilla/5.0 (Windows NT 10.0; Win64; x64) AppleWebKit/537.36 (KHTML, like Gecko) Chrome/137.0.0.0 Safari/537.36"
202.164.133.191 - - [27/Jun/2025:07:33:21 +0000] "GET /wp-content/uploads/2024/04/category-img1.png HTTP/2.0" 200 28277 "https://www.lapma.in/" "Mozilla/5.0 (Windows NT 10.0; Win64; x64) AppleWebKit/537.36 (KHTML, like Gecko) Chrome/137.0.0.0 Safari/537.36"
202.164.133.191 - - [27/Jun/2025:07:33:21 +0000] "GET /wp-content/uploads/2024/04/category-img2.png HTTP/2.0" 200 34785 "https://www.lapma.in/" "Mozilla/5.0 (Windows NT 10.0; Win64; x64) AppleWebKit/537.36 (KHTML, like Gecko) Chrome/137.0.0.0 Safari/537.36"
202.164.133.191 - - [27/Jun/2025:07:33:21 +0000] "GET /wp-content/uploads/2024/04/category-img3.png HTTP/2.0" 200 34416 "https://www.lapma.in/" "Mozilla/5.0 (Windows NT 10.0; Win64; x64) AppleWebKit/537.36 (KHTML, like Gecko) Chrome/137.0.0.0 Safari/537.36"
202.164.133.191 - - [27/Jun/2025:07:33:21 +0000] "GET /wp-content/uploads/2024/04/category-img4.png HTTP/2.0" 200 40550 "https://www.lapma.in/" "Mozilla/5.0 (Windows NT 10.0; Win64; x64) AppleWebKit/537.36 (KHTML, like Gecko) Chrome/137.0.0.0 Safari/537.36"
202.164.133.191 - - [27/Jun/2025:07:33:21 +0000] "GET /wp-content/uploads/2024/04/category-img6.png HTTP/2.0" 200 41121 "https://www.lapma.in/" "Mozilla/5.0 (Windows NT 10.0; Win64; x64) AppleWebKit/537.36 (KHTML, like Gecko) Chrome/137.0.0.0 Safari/537.36"
202.164.133.191 - - [27/Jun/2025:07:33:21 +0000] "GET /wp-content/uploads/2024/04/category-img5.png HTTP/2.0" 200 36368 "https://www.lapma.in/" "Mozilla/5.0 (Windows NT 10.0; Win64; x64) AppleWebKit/537.36 (KHTML, like Gecko) Chrome/137.0.0.0 Safari/537.36"
202.164.133.191 - - [27/Jun/2025:07:33:21 +0000] "GET /wp-content/uploads/2024/04/category-img7.png HTTP/2.0" 200 40393 "https://www.lapma.in/" "Mozilla/5.0 (Windows NT 10.0; Win64; x64) AppleWebKit/537.36 (KHTML, like Gecko) Chrome/137.0.0.0 Safari/537.36"
202.164.133.191 - - [27/Jun/2025:07:33:21 +0000] "GET /wp-content/themes/lapma/assets/images/category-img-noimage.png HTTP/2.0" 200 5020 "https://www.lapma.in/" "Mozilla/5.0 (Windows NT 10.0; Win64; x64) AppleWebKit/537.36 (KHTML, like Gecko) Chrome/137.0.0.0 Safari/537.36"
202.164.133.191 - - [27/Jun/2025:07:33:21 +0000] "GET /wp-content/uploads/2024/11/51755558-75e9-42f4-969c-733e84c041b0.jpg HTTP/2.0" 200 59876 "https://www.lapma.in/" "Mozilla/5.0 (Windows NT 10.0; Win64; x64) AppleWebKit/537.36 (KHTML, like Gecko) Chrome/137.0.0.0 Safari/537.36"
202.164.133.191 - - [27/Jun/2025:07:33:21 +0000] "GET /wp-content/uploads/2024/04/product-img1.jpg HTTP/2.0" 200 15663 "https://www.lapma.in/" "Mozilla/5.0 (Windows NT 10.0; Win64; x64) AppleWebKit/537.36 (KHTML, like Gecko) Chrome/137.0.0.0 Safari/537.36"
202.164.133.191 - - [27/Jun/2025:07:33:21 +0000] "GET /wp-content/themes/lapma/assets/images/product-img-noimage.jpg HTTP/2.0" 200 10742 "https://www.lapma.in/" "Mozilla/5.0 (Windows NT 10.0; Win64; x64) AppleWebKit/537.36 (KHTML, like Gecko) Chrome/137.0.0.0 Safari/537.36"
202.164.133.191 - - [27/Jun/2025:07:33:21 +0000] "GET /wp-content/uploads/2024/05/product-img3.jpg HTTP/2.0" 200 90914 "https://www.lapma.in/" "Mozilla/5.0 (Windows NT 10.0; Win64; x64) AppleWebKit/537.36 (KHTML, like Gecko) Chrome/137.0.0.0 Safari/537.36"
202.164.133.191 - - [27/Jun/2025:07:33:21 +0000] "GET /wp-content/uploads/2024/05/product-img5.jpg HTTP/2.0" 200 53454 "https://www.lapma.in/" "Mozilla/5.0 (Windows NT 10.0; Win64; x64) AppleWebKit/537.36 (KHTML, like Gecko) Chrome/137.0.0.0 Safari/537.36"
202.164.133.191 - - [27/Jun/2025:07:33:21 +0000] "GET /wp-content/uploads/2024/05/product-img11.jpg HTTP/2.0" 200 39451 "https://www.lapma.in/" "Mozilla/5.0 (Windows NT 10.0; Win64; x64) AppleWebKit/537.36 (KHTML, like Gecko) Chrome/137.0.0.0 Safari/537.36"
202.164.133.191 - - [27/Jun/2025:07:33:21 +0000] "GET /wp-content/uploads/2024/05/product-img17.jpg HTTP/2.0" 200 65481 "https://www.lapma.in/" "Mozilla/5.0 (Windows NT 10.0; Win64; x64) AppleWebKit/537.36 (KHTML, like Gecko) Chrome/137.0.0.0 Safari/537.36"
202.164.133.191 - - [27/Jun/2025:07:33:21 +0000] "GET /wp-content/uploads/2024/05/product-img20.jpg HTTP/2.0" 200 81791 "https://www.lapma.in/" "Mozilla/5.0 (Windows NT 10.0; Win64; x64) AppleWebKit/537.36 (KHTML, like Gecko) Chrome/137.0.0.0 Safari/537.36"
202.164.133.191 - - [27/Jun/2025:07:33:21 +0000] "GET /wp-content/uploads/2024/05/product-img16.jpg HTTP/2.0" 200 56076 "https://www.lapma.in/" "Mozilla/5.0 (Windows NT 10.0; Win64; x64) AppleWebKit/537.36 (KHTML, like Gecko) Chrome/137.0.0.0 Safari/537.36"
202.164.133.191 - - [27/Jun/2025:07:33:21 +0000] "GET /wp-content/uploads/2024/05/delivery-icon.svg HTTP/2.0" 200 10444 "https://www.lapma.in/" "Mozilla/5.0 (Windows NT 10.0; Win64; x64) AppleWebKit/537.36 (KHTML, like Gecko) Chrome/137.0.0.0 Safari/537.36"
202.164.133.191 - - [27/Jun/2025:07:33:21 +0000] "GET /wp-content/uploads/2024/05/quality-icon.svg HTTP/2.0" 200 23045 "https://www.lapma.in/" "Mozilla/5.0 (Windows NT 10.0; Win64; x64) AppleWebKit/537.36 (KHTML, like Gecko) Chrome/137.0.0.0 Safari/537.36"
202.164.133.191 - - [27/Jun/2025:07:33:21 +0000] "GET /wp-content/uploads/2024/05/offers-icon.svg HTTP/2.0" 200 24185 "https://www.lapma.in/" "Mozilla/5.0 (Windows NT 10.0; Win64; x64) AppleWebKit/537.36 (KHTML, like Gecko) Chrome/137.0.0.0 Safari/537.36"
202.164.133.191 - - [27/Jun/2025:07:33:21 +0000] "GET /wp-content/themes/lapma/assets/images/facebook-icon.svg HTTP/2.0" 200 238 "https://www.lapma.in/" "Mozilla/5.0 (Windows NT 10.0; Win64; x64) AppleWebKit/537.36 (KHTML, like Gecko) Chrome/137.0.0.0 Safari/537.36"
202.164.133.191 - - [27/Jun/2025:07:33:21 +0000] "GET /wp-content/themes/lapma/assets/images/instagram-icon.svg HTTP/2.0" 200 1292 "https://www.lapma.in/" "Mozilla/5.0 (Windows NT 10.0; Win64; x64) AppleWebKit/537.36 (KHTML, like Gecko) Chrome/137.0.0.0 Safari/537.36"
202.164.133.191 - - [27/Jun/2025:07:33:21 +0000] "GET /wp-content/themes/lapma/assets/images/x-icon.svg HTTP/2.0" 200 261 "https://www.lapma.in/" "Mozilla/5.0 (Windows NT 10.0; Win64; x64) AppleWebKit/537.36 (KHTML, like Gecko) Chrome/137.0.0.0 Safari/537.36"
202.164.133.191 - - [27/Jun/2025:07:33:21 +0000] "GET /wp-includes/js/wp-emoji-release.min.js?ver=6.8.1 HTTP/2.0" 200 5166 "https://www.lapma.in/" "Mozilla/5.0 (Windows NT 10.0; Win64; x64) AppleWebKit/537.36 (KHTML, like Gecko) Chrome/137.0.0.0 Safari/537.36"
202.164.133.191 - - [27/Jun/2025:07:33:21 +0000] "GET /wp-content/plugins/woocommerce/assets/css/woocommerce-smallscreen.css?ver=9.0.1 HTTP/2.0" 200 1181 "https://www.lapma.in/" "Mozilla/5.0 (Windows NT 10.0; Win64; x64) AppleWebKit/537.36 (KHTML, like Gecko) Chrome/137.0.0.0 Safari/537.36"
202.164.133.191 - - [27/Jun/2025:07:33:21 +0000] "GET /wp-content/themes/lapma/assets/css/ajax-loader.gif HTTP/2.0" 404 7869 "https://www.lapma.in/wp-content/themes/lapma/assets/css/slick-theme.css" "Mozilla/5.0 (Windows NT 10.0; Win64; x64) AppleWebKit/537.36 (KHTML, like Gecko) Chrome/137.0.0.0 Safari/537.36"
202.164.133.191 - - [27/Jun/2025:07:33:21 +0000] "GET /wp-content/themes/lapma/assets/css/fonts/slick.woff HTTP/2.0" 404 7869 "https://www.lapma.in/wp-content/themes/lapma/assets/css/slick-theme.css" "Mozilla/5.0 (Windows NT 10.0; Win64; x64) AppleWebKit/537.36 (KHTML, like Gecko) Chrome/137.0.0.0 Safari/537.36"
202.164.133.191 - - [27/Jun/2025:07:33:24 +0000] "GET /wp-content/themes/lapma/assets/css/fonts/slick.ttf HTTP/2.0" 404 7867 "https://www.lapma.in/wp-content/themes/lapma/assets/css/slick-theme.css" "Mozilla/5.0 (Windows NT 10.0; Win64; x64) AppleWebKit/537.36 (KHTML, like Gecko) Chrome/137.0.0.0 Safari/537.36"
139.59.17.158 - - [27/Jun/2025:07:33:26 +0000] "POST /wp-admin/admin-ajax.php?action=wp_1_wc_privacy_cleanup&nonce=05f5a0ea38 HTTP/1.1" 200 - "-" "WordPress/6.8.1; https://www.lapma.in"
202.164.133.191 - - [27/Jun/2025:07:33:26 +0000] "GET /assets/images/fav.ico HTTP/2.0" 404 7867 "https://www.lapma.in/" "Mozilla/5.0 (Windows NT 10.0; Win64; x64) AppleWebKit/537.36 (KHTML, like Gecko) Chrome/137.0.0.0 Safari/537.36"
139.59.17.158 - - [27/Jun/2025:07:33:31 +0000] "POST /wp-cron.php HTTP/1.1" 200 - "-" "WordPress/6.8.1; https://www.lapma.in"
202.164.133.191 - - [27/Jun/2025:07:33:30 +0000] "GET / HTTP/2.0" 500 1118 "-" "Mozilla/5.0 (Windows NT 10.0; Win64; x64) AppleWebKit/537.36 (KHTML, like Gecko) Chrome/137.0.0.0 Safari/537.36"
139.59.17.158 - - [27/Jun/2025:07:33:31 +0000] "GET / HTTP/1.1" 500 1118 "-" "WordPress/6.8.1; https://www.lapma.in"
202.164.133.191 - - [27/Jun/2025:07:33:32 +0000] "GET /favicon.ico HTTP/2.0" 500 1118 "https://www.lapma.in/" "Mozilla/5.0 (Windows NT 10.0; Win64; x64) AppleWebKit/537.36 (KHTML, like Gecko) Chrome/137.0.0.0 Safari/537.36"
202.164.133.191 - - [27/Jun/2025:07:33:32 +0000] "GET / HTTP/2.0" 500 1118 "https://www.lapma.in/" "Mozilla/5.0 (Windows NT 10.0; Win64; x64) AppleWebKit/537.36 (KHTML, like Gecko) Chrome/137.0.0.0 Safari/537.36"
139.59.17.158 - - [27/Jun/2025:07:33:33 +0000] "GET / HTTP/1.1" 500 1118 "-" "WordPress/6.8.1; https://www.lapma.in"
202.164.133.191 - - [27/Jun/2025:07:33:34 +0000] "GET /favicon.ico HTTP/2.0" 500 1118 "https://www.lapma.in/" "Mozilla/5.0 (Windows NT 10.0; Win64; x64) AppleWebKit/537.36 (KHTML, like Gecko) Chrome/137.0.0.0 Safari/537.36"
139.59.17.158 - - [27/Jun/2025:07:33:48 +0000] "POST /wp-cron.php?doing_wp_cron=1751009628.1046280860900878906250 HTTP/1.1" 200 - "-" "WordPress/6.8.1; https://www.lapma.in"
202.164.133.191 - - [27/Jun/2025:07:33:45 +0000] "GET / HTTP/2.0" 404 9910 "https://www.lapma.in/" "Mozilla/5.0 (Windows NT 10.0; Win64; x64) AppleWebKit/537.36 (KHTML, like Gecko) Chrome/137.0.0.0 Safari/537.36"
202.164.133.191 - - [27/Jun/2025:07:33:48 +0000] "GET /wp-content/themes/lapma/assets/css/style.css?v=1751009628 HTTP/2.0" 200 15534 "https://www.lapma.in/" "Mozilla/5.0 (Windows NT 10.0; Win64; x64) AppleWebKit/537.36 (KHTML, like Gecko) Chrome/137.0.0.0 Safari/537.36"
202.164.133.191 - - [27/Jun/2025:07:33:48 +0000] "GET /wp-content/themes/lapma/assets/js/custom.js?v=1751009628 HTTP/2.0" 200 1314 "https://www.lapma.in/" "Mozilla/5.0 (Windows NT 10.0; Win64; x64) AppleWebKit/537.36 (KHTML, like Gecko) Chrome/137.0.0.0 Safari/537.36"
202.164.133.191 - - [27/Jun/2025:07:33:48 +0000] "GET /wp-content/themes/lapma/assets/css/ajax-loader.gif HTTP/2.0" 404 7868 "https://www.lapma.in/wp-content/themes/lapma/assets/css/slick-theme.css" "Mozilla/5.0 (Windows NT 10.0; Win64; x64) AppleWebKit/537.36 (KHTML, like Gecko) Chrome/137.0.0.0 Safari/537.36"
202.164.133.191 - - [27/Jun/2025:07:33:48 +0000] "GET /wp-content/themes/lapma/assets/css/fonts/slick.woff HTTP/2.0" 404 7868 "https://www.lapma.in/wp-content/themes/lapma/assets/css/slick-theme.css" "Mozilla/5.0 (Windows NT 10.0; Win64; x64) AppleWebKit/537.36 (KHTML, like Gecko) Chrome/137.0.0.0 Safari/537.36"
202.164.133.191 - - [27/Jun/2025:07:33:50 +0000] "GET /shop/ HTTP/2.0" 404 21226 "https://www.lapma.in/" "Mozilla/5.0 (Windows NT 10.0; Win64; x64) AppleWebKit/537.36 (KHTML, like Gecko) Chrome/137.0.0.0 Safari/537.36"
202.164.133.191 - - [27/Jun/2025:07:33:54 +0000] "GET /wp-content/uploads/2024/11/51755558-75e9-42f4-969c-733e84c041b0-300x300.jpg HTTP/2.0" 200 13631 "https://www.lapma.in/shop/" "Mozilla/5.0 (Windows NT 10.0; Win64; x64) AppleWebKit/537.36 (KHTML, like Gecko) Chrome/137.0.0.0 Safari/537.36"
202.164.133.191 - - [27/Jun/2025:07:33:54 +0000] "GET /wp-content/themes/lapma/assets/css/style.css?v=1751009634 HTTP/2.0" 200 15534 "https://www.lapma.in/shop/" "Mozilla/5.0 (Windows NT 10.0; Win64; x64) AppleWebKit/537.36 (KHTML, like Gecko) Chrome/137.0.0.0 Safari/537.36"
202.164.133.191 - - [27/Jun/2025:07:33:54 +0000] "GET /wp-content/themes/lapma/assets/css/jquery-editable-select.min.css HTTP/2.0" 200 635 "https://www.lapma.in/shop/" "Mozilla/5.0 (Windows NT 10.0; Win64; x64) AppleWebKit/537.36 (KHTML, like Gecko) Chrome/137.0.0.0 Safari/537.36"
202.164.133.191 - - [27/Jun/2025:07:33:54 +0000] "GET /wp-content/themes/lapma/assets/js/jquery-editable-select.min.js HTTP/2.0" 200 1843 "https://www.lapma.in/shop/" "Mozilla/5.0 (Windows NT 10.0; Win64; x64) AppleWebKit/537.36 (KHTML, like Gecko) Chrome/137.0.0.0 Safari/537.36"
202.164.133.191 - - [27/Jun/2025:07:33:54 +0000] "GET /wp-content/themes/lapma/assets/js/custom.js?v=1751009634 HTTP/2.0" 200 1314 "https://www.lapma.in/shop/" "Mozilla/5.0 (Windows NT 10.0; Win64; x64) AppleWebKit/537.36 (KHTML, like Gecko) Chrome/137.0.0.0 Safari/537.36"
202.164.133.191 - - [27/Jun/2025:07:33:54 +0000] "GET /wp-content/uploads/woocommerce-placeholder-300x300.png HTTP/2.0" 200 12475 "https://www.lapma.in/shop/" "Mozilla/5.0 (Windows NT 10.0; Win64; x64) AppleWebKit/537.36 (KHTML, like Gecko) Chrome/137.0.0.0 Safari/537.36"
202.164.133.191 - - [27/Jun/2025:07:33:54 +0000] "GET /wp-content/themes/lapma/assets/images/chevron-down-solid.svg HTTP/2.0" 200 268 "https://www.lapma.in/wp-content/themes/lapma/assets/css/style.css?v=1751009634" "Mozilla/5.0 (Windows NT 10.0; Win64; x64) AppleWebKit/537.36 (KHTML, like Gecko) Chrome/137.0.0.0 Safari/537.36"
202.164.133.191 - - [27/Jun/2025:07:33:54 +0000] "GET /wp-content/themes/lapma/assets/images/dropdown-icon.svg HTTP/2.0" 200 643 "https://www.lapma.in/wp-content/themes/lapma/assets/css/style.css?v=1751009634" "Mozilla/5.0 (Windows NT 10.0; Win64; x64) AppleWebKit/537.36 (KHTML, like Gecko) Chrome/137.0.0.0 Safari/537.36"
202.164.133.191 - - [27/Jun/2025:07:33:52 +0000] "GET /wp-content/themes/lapma/assets/css/fonts/slick.ttf HTTP/2.0" 404 7868 "https://www.lapma.in/wp-content/themes/lapma/assets/css/slick-theme.css" "Mozilla/5.0 (Windows NT 10.0; Win64; x64) AppleWebKit/537.36 (KHTML, like Gecko) Chrome/137.0.0.0 Safari/537.36"
202.164.133.191 - - [27/Jun/2025:07:33:57 +0000] "GET /shop/assets/images/fav.ico HTTP/2.0" 404 7868 "https://www.lapma.in/shop/" "Mozilla/5.0 (Windows NT 10.0; Win64; x64) AppleWebKit/537.36 (KHTML, like Gecko) Chrome/137.0.0.0 Safari/537.36"
66.249.73.129 - - [27/Jun/2025:07:34:01 +0000] "GET /robots.txt HTTP/1.1" 404 69 "-" "Mozilla/5.0 (compatible; Googlebot/2.1; +http://www.google.com/bot.html)"
66.249.73.129 - - [27/Jun/2025:07:34:04 +0000] "GET /shop/ HTTP/1.1" 404 21226 "-" "Mozilla/5.0 (Linux; Android 6.0.1; Nexus 5X Build/MMB29P) AppleWebKit/537.36 (KHTML, like Gecko) Chrome/99.0.4844.84 Mobile Safari/537.36 (compatible; Googlebot/2.1; +http://www.google.com/bot.html)"
66.249.73.130 - - [27/Jun/2025:07:34:05 +0000] "GET /shop/ HTTP/1.1" 404 21226 "-" "Mozilla/5.0 (compatible; Googlebot/2.1; +http://www.google.com/bot.html)"
66.249.73.128 - - [27/Jun/2025:07:34:09 +0000] "GET /wp-content/plugins/woocommerce/assets/css/woocommerce.css?ver=9.0.1 HTTP/1.1" 200 9937 "https://www.lapma.in/shop/" "Mozilla/5.0 AppleWebKit/537.36 (KHTML, like Gecko; compatible; Googlebot/2.1; +http://www.google.com/bot.html) Chrome/137.0.7151.68 Safari/537.36"
66.249.73.128 - - [27/Jun/2025:07:34:09 +0000] "GET /wp-includes/css/dist/block-library/style.min.css?ver=6.8.1 HTTP/1.1" 200 15323 "https://www.lapma.in/shop/" "Mozilla/5.0 AppleWebKit/537.36 (KHTML, like Gecko; compatible; Googlebot/2.1; +http://www.google.com/bot.html) Chrome/137.0.7151.68 Safari/537.36"
66.249.73.128 - - [27/Jun/2025:07:34:09 +0000] "GET /wp-content/themes/lapma/assets/css/slick-theme.css HTTP/1.1" 200 866 "https://www.lapma.in/shop/" "Mozilla/5.0 AppleWebKit/537.36 (KHTML, like Gecko; compatible; Googlebot/2.1; +http://www.google.com/bot.html) Chrome/137.0.7151.68 Safari/537.36"
66.249.73.129 - - [27/Jun/2025:07:34:10 +0000] "GET /wp-content/themes/lapma/assets/css/fonts.css HTTP/1.1" 200 275 "https://www.lapma.in/shop/" "Mozilla/5.0 (Linux; Android 6.0.1; Nexus 5X Build/MMB29P) AppleWebKit/537.36 (KHTML, like Gecko) Chrome/137.0.7151.68 Mobile Safari/537.36 (compatible; Googlebot/2.1; +http://www.google.com/bot.html)"
66.249.73.129 - - [27/Jun/2025:07:34:10 +0000] "GET /wp-content/themes/lapma/assets/css/fonts.css HTTP/1.1" 200 275 "https://www.lapma.in/shop/" "Mozilla/5.0 AppleWebKit/537.36 (KHTML, like Gecko; compatible; Googlebot/2.1; +http://www.google.com/bot.html) Chrome/137.0.7151.68 Safari/537.36"
66.249.73.129 - - [27/Jun/2025:07:34:11 +0000] "GET /wp-content/plugins/everest-forms/assets/css/everest-forms.css?ver=3.2.2 HTTP/1.1" 200 11241 "https://www.lapma.in/shop/" "Mozilla/5.0 AppleWebKit/537.36 (KHTML, like Gecko; compatible; Googlebot/2.1; +http://www.google.com/bot.html) Chrome/137.0.7151.68 Safari/537.36"
66.249.73.128 - - [27/Jun/2025:07:34:13 +0000] "GET /wp-includes/js/jquery/jquery.min.js?ver=3.7.1 HTTP/1.1" 200 30368 "https://www.lapma.in/shop/" "Mozilla/5.0 AppleWebKit/537.36 (KHTML, like Gecko; compatible; Googlebot/2.1; +http://www.google.com/bot.html) Chrome/137.0.7151.68 Safari/537.36"
66.249.73.128 - - [27/Jun/2025:07:34:14 +0000] "GET /wp-includes/css/dashicons.min.css?ver=6.8.1 HTTP/1.1" 200 35730 "https://www.lapma.in/shop/" "Mozilla/5.0 AppleWebKit/537.36 (KHTML, like Gecko; compatible; Googlebot/2.1; +http://www.google.com/bot.html) Chrome/137.0.7151.68 Safari/537.36"
66.249.73.128 - - [27/Jun/2025:07:34:15 +0000] "GET /wp-content/plugins/woocommerce/assets/css/woocommerce-layout.css?ver=9.0.1 HTTP/1.1" 200 2573 "https://www.lapma.in/shop/" "Mozilla/5.0 AppleWebKit/537.36 (KHTML, like Gecko; compatible; Googlebot/2.1; +http://www.google.com/bot.html) Chrome/137.0.7151.68 Safari/537.36"
66.249.73.128 - - [27/Jun/2025:07:34:16 +0000] "GET /wp-content/themes/lapma/assets/images/user-icon.svg HTTP/1.1" 200 215 "https://www.lapma.in/shop/" "Mozilla/5.0 (Linux; Android 6.0.1; Nexus 5X Build/MMB29P) AppleWebKit/537.36 (KHTML, like Gecko) Chrome/137.0.7151.68 Mobile Safari/537.36 (compatible; Googlebot/2.1; +http://www.google.com/bot.html)"
66.249.73.128 - - [27/Jun/2025:07:34:18 +0000] "GET /wp-content/themes/lapma/assets/css/slick-theme.css HTTP/1.1" 200 866 "https://www.lapma.in/shop/" "Mozilla/5.0 (Linux; Android 6.0.1; Nexus 5X Build/MMB29P) AppleWebKit/537.36 (KHTML, like Gecko) Chrome/137.0.7151.68 Mobile Safari/537.36 (compatible; Googlebot/2.1; +http://www.google.com/bot.html)"
66.249.73.128 - - [27/Jun/2025:07:34:19 +0000] "GET /wp-content/themes/lapma/assets/css/font-awesome.min.css HTTP/1.1" 200 6666 "https://www.lapma.in/shop/" "Mozilla/5.0 AppleWebKit/537.36 (KHTML, like Gecko; compatible; Googlebot/2.1; +http://www.google.com/bot.html) Chrome/137.0.7151.68 Safari/537.36"
66.249.73.128 - - [27/Jun/2025:07:34:21 +0000] "GET /wp-content/plugins/woocommerce/assets/css/woocommerce-layout.css?ver=9.0.1 HTTP/1.1" 200 2573 "https://www.lapma.in/shop/" "Mozilla/5.0 (Linux; Android 6.0.1; Nexus 5X Build/MMB29P) AppleWebKit/537.36 (KHTML, like Gecko) Chrome/137.0.7151.68 Mobile Safari/537.36 (compatible; Googlebot/2.1; +http://www.google.com/bot.html)"
66.249.73.128 - - [27/Jun/2025:07:34:22 +0000] "GET /wp-content/themes/lapma/assets/images/cart-icon.svg HTTP/1.1" 200 1116 "https://www.lapma.in/shop/" "Mozilla/5.0 (Linux; Android 6.0.1; Nexus 5X Build/MMB29P) AppleWebKit/537.36 (KHTML, like Gecko) Chrome/137.0.7151.68 Mobile Safari/537.36 (compatible; Googlebot/2.1; +http://www.google.com/bot.html)"
66.249.73.128 - - [27/Jun/2025:07:34:23 +0000] "GET /wp-content/themes/lapma/assets/images/cart-icon.svg HTTP/1.1" 200 1116 "https://www.lapma.in/shop/" "Mozilla/5.0 AppleWebKit/537.36 (KHTML, like Gecko; compatible; Googlebot/2.1; +http://www.google.com/bot.html) Chrome/137.0.7151.68 Safari/537.36"
66.249.73.128 - - [27/Jun/2025:07:34:24 +0000] "GET /wp-content/themes/lapma/assets/css/jquery-editable-select.min.css HTTP/1.1" 200 635 "https://www.lapma.in/shop/" "Mozilla/5.0 AppleWebKit/537.36 (KHTML, like Gecko; compatible; Googlebot/2.1; +http://www.google.com/bot.html) Chrome/137.0.7151.68 Safari/537.36"
66.249.73.128 - - [27/Jun/2025:07:34:25 +0000] "GET /wp-content/plugins/woocommerce/assets/css/woocommerce-smallscreen.css?ver=9.0.1 HTTP/1.1" 200 1181 "https://www.lapma.in/shop/" "Mozilla/5.0 AppleWebKit/537.36 (KHTML, like Gecko; compatible; Googlebot/2.1; +http://www.google.com/bot.html) Chrome/137.0.7151.68 Safari/537.36"
66.249.73.128 - - [27/Jun/2025:07:34:26 +0000] "GET /wp-content/themes/lapma/assets/images/facebook-icon.svg HTTP/1.1" 200 238 "https://www.lapma.in/shop/" "Mozilla/5.0 AppleWebKit/537.36 (KHTML, like Gecko; compatible; Googlebot/2.1; +http://www.google.com/bot.html) Chrome/137.0.7151.68 Safari/537.36"
66.249.73.128 - - [27/Jun/2025:07:34:27 +0000] "GET /wp-content/themes/lapma/assets/js/popper.min.js HTTP/1.1" 200 7154 "https://www.lapma.in/shop/" "Mozilla/5.0 AppleWebKit/537.36 (KHTML, like Gecko; compatible; Googlebot/2.1; +http://www.google.com/bot.html) Chrome/137.0.7151.68 Safari/537.36"
66.249.73.128 - - [27/Jun/2025:07:34:28 +0000] "GET /wp-content/themes/lapma/assets/js/jquery-3.7.0.min.js HTTP/1.1" 200 30337 "https://www.lapma.in/shop/" "Mozilla/5.0 (Linux; Android 6.0.1; Nexus 5X Build/MMB29P) AppleWebKit/537.36 (KHTML, like Gecko) Chrome/137.0.7151.68 Mobile Safari/537.36 (compatible; Googlebot/2.1; +http://www.google.com/bot.html)"
202.164.133.191 - - [27/Jun/2025:07:34:26 +0000] "GET /product/ghee-2/ HTTP/2.0" 404 13105 "https://www.lapma.in/shop/" "Mozilla/5.0 (Windows NT 10.0; Win64; x64) AppleWebKit/537.36 (KHTML, like Gecko) Chrome/137.0.0.0 Safari/537.36"
66.249.73.128 - - [27/Jun/2025:07:34:30 +0000] "GET /wp-content/uploads/2024/05/quality-icon.svg HTTP/1.1" 200 23045 "https://www.lapma.in/shop/" "Mozilla/5.0 AppleWebKit/537.36 (KHTML, like Gecko; compatible; Googlebot/2.1; +http://www.google.com/bot.html) Chrome/137.0.7151.68 Safari/537.36"
66.249.79.5 - - [27/Jun/2025:07:34:31 +0000] "GET /wp-content/themes/lapma/assets/js/jquery-3.7.0.min.js HTTP/1.1" 200 30337 "https://www.lapma.in/shop/" "Mozilla/5.0 AppleWebKit/537.36 (KHTML, like Gecko; compatible; Googlebot/2.1; +http://www.google.com/bot.html) Chrome/137.0.7151.68 Safari/537.36"
202.164.133.191 - - [27/Jun/2025:07:34:29 +0000] "GET /product/ghee-2/ HTTP/2.0" 404 13105 "https://www.lapma.in/shop/" "Mozilla/5.0 (Windows NT 10.0; Win64; x64) AppleWebKit/537.36 (KHTML, like Gecko) Chrome/137.0.0.0 Safari/537.36"
202.164.133.191 - - [27/Jun/2025:07:34:31 +0000] "GET /wp-content/themes/lapma/assets/css/style.css?v=1751009671 HTTP/2.0" 200 15534 "https://www.lapma.in/product/ghee-2/" "Mozilla/5.0 (Windows NT 10.0; Win64; x64) AppleWebKit/537.36 (KHTML, like Gecko) Chrome/137.0.0.0 Safari/537.36"
202.164.133.191 - - [27/Jun/2025:07:34:31 +0000] "GET /wp-content/uploads/2024/11/51755558-75e9-42f4-969c-733e84c041b0-600x1067.jpg HTTP/2.0" 200 56979 "https://www.lapma.in/product/ghee-2/" "Mozilla/5.0 (Windows NT 10.0; Win64; x64) AppleWebKit/537.36 (KHTML, like Gecko) Chrome/137.0.0.0 Safari/537.36"
202.164.133.191 - - [27/Jun/2025:07:34:31 +0000] "GET /wp-content/plugins/woocommerce/assets/css/photoswipe/photoswipe.min.css?ver=9.0.1 HTTP/2.0" 200 997 "https://www.lapma.in/product/ghee-2/" "Mozilla/5.0 (Windows NT 10.0; Win64; x64) AppleWebKit/537.36 (KHTML, like Gecko) Chrome/137.0.0.0 Safari/537.36"
202.164.133.191 - - [27/Jun/2025:07:34:31 +0000] "GET /wp-content/plugins/woocommerce/assets/css/photoswipe/default-skin/default-skin.min.css?ver=9.0.1 HTTP/2.0" 200 1915 "https://www.lapma.in/product/ghee-2/" "Mozilla/5.0 (Windows NT 10.0; Win64; x64) AppleWebKit/537.36 (KHTML, like Gecko) Chrome/137.0.0.0 Safari/537.36"
202.164.133.191 - - [27/Jun/2025:07:34:32 +0000] "GET /wp-content/themes/lapma/assets/js/custom.js?v=1751009671 HTTP/2.0" 200 1314 "https://www.lapma.in/product/ghee-2/" "Mozilla/5.0 (Windows NT 10.0; Win64; x64) AppleWebKit/537.36 (KHTML, like Gecko) Chrome/137.0.0.0 Safari/537.36"
202.164.133.191 - - [27/Jun/2025:07:34:32 +0000] "GET /wp-content/uploads/2024/11/adf4b5f6-fb7f-455c-8d45-416ff8773ee5-600x468.jpg HTTP/2.0" 200 59518 "https://www.lapma.in/product/ghee-2/" "Mozilla/5.0 (Windows NT 10.0; Win64; x64) AppleWebKit/537.36 (KHTML, like Gecko) Chrome/137.0.0.0 Safari/537.36"
202.164.133.191 - - [27/Jun/2025:07:34:32 +0000] "GET /wp-content/plugins/woocommerce/assets/js/zoom/jquery.zoom.min.js?ver=1.7.21-wc.9.0.1 HTTP/2.0" 200 1192 "https://www.lapma.in/product/ghee-2/" "Mozilla/5.0 (Windows NT 10.0; Win64; x64) AppleWebKit/537.36 (KHTML, like Gecko) Chrome/137.0.0.0 Safari/537.36"
202.164.133.191 - - [27/Jun/2025:07:34:32 +0000] "GET /wp-content/plugins/woocommerce/assets/js/flexslider/jquery.flexslider.min.js?ver=2.7.2-wc.9.0.1 HTTP/2.0" 200 6242 "https://www.lapma.in/product/ghee-2/" "Mozilla/5.0 (Windows NT 10.0; Win64; x64) AppleWebKit/537.36 (KHTML, like Gecko) Chrome/137.0.0.0 Safari/537.36"
202.164.133.191 - - [27/Jun/2025:07:34:32 +0000] "GET /wp-content/plugins/woocommerce/assets/js/frontend/single-product.min.js?ver=9.0.1 HTTP/2.0" 200 1902 "https://www.lapma.in/product/ghee-2/" "Mozilla/5.0 (Windows NT 10.0; Win64; x64) AppleWebKit/537.36 (KHTML, like Gecko) Chrome/137.0.0.0 Safari/537.36"
202.164.133.191 - - [27/Jun/2025:07:34:32 +0000] "GET /wp-content/plugins/woocommerce/assets/js/photoswipe/photoswipe-ui-default.min.js?ver=4.1.1-wc.9.0.1 HTTP/2.0" 200 3674 "https://www.lapma.in/product/ghee-2/" "Mozilla/5.0 (Windows NT 10.0; Win64; x64) AppleWebKit/537.36 (KHTML, like Gecko) Chrome/137.0.0.0 Safari/537.36"
202.164.133.191 - - [27/Jun/2025:07:34:32 +0000] "GET /wp-content/plugins/woocommerce/assets/js/photoswipe/photoswipe.min.js?ver=4.1.1-wc.9.0.1 HTTP/2.0" 200 12042 "https://www.lapma.in/product/ghee-2/" "Mozilla/5.0 (Windows NT 10.0; Win64; x64) AppleWebKit/537.36 (KHTML, like Gecko) Chrome/137.0.0.0 Safari/537.36"
202.164.133.191 - - [27/Jun/2025:07:34:32 +0000] "GET /wp-content/themes/lapma/assets/images/plus-icon.svg HTTP/2.0" 200 382 "https://www.lapma.in/wp-content/themes/lapma/assets/css/style.css?v=1751009671" "Mozilla/5.0 (Windows NT 10.0; Win64; x64) AppleWebKit/537.36 (KHTML, like Gecko) Chrome/137.0.0.0 Safari/537.36"
202.164.133.191 - - [27/Jun/2025:07:34:32 +0000] "GET /wp-content/uploads/2024/11/51755558-75e9-42f4-969c-733e84c041b0-100x100.jpg HTTP/2.0" 200 3306 "https://www.lapma.in/product/ghee-2/" "Mozilla/5.0 (Windows NT 10.0; Win64; x64) AppleWebKit/537.36 (KHTML, like Gecko) Chrome/137.0.0.0 Safari/537.36"
202.164.133.191 - - [27/Jun/2025:07:34:32 +0000] "GET /wp-content/uploads/2024/11/adf4b5f6-fb7f-455c-8d45-416ff8773ee5-100x100.jpg HTTP/2.0" 200 4998 "https://www.lapma.in/product/ghee-2/" "Mozilla/5.0 (Windows NT 10.0; Win64; x64) AppleWebKit/537.36 (KHTML, like Gecko) Chrome/137.0.0.0 Safari/537.36"
66.249.73.128 - - [27/Jun/2025:07:34:32 +0000] "GET /wp-content/themes/lapma/assets/images/x-icon.svg HTTP/1.1" 200 261 "https://www.lapma.in/shop/" "Mozilla/5.0 AppleWebKit/537.36 (KHTML, like Gecko; compatible; Googlebot/2.1; +http://www.google.com/bot.html) Chrome/137.0.7151.68 Safari/537.36"
66.249.73.128 - - [27/Jun/2025:07:34:33 +0000] "GET /wp-includes/js/wp-emoji-release.min.js?ver=6.8.1 HTTP/1.1" 200 5166 "https://www.lapma.in/shop/" "Mozilla/5.0 AppleWebKit/537.36 (KHTML, like Gecko; compatible; Googlebot/2.1; +http://www.google.com/bot.html) Chrome/137.0.7151.68 Safari/537.36"
202.164.133.191 - - [27/Jun/2025:07:34:32 +0000] "GET /wp-content/themes/lapma/assets/images/accordion-img2.png HTTP/2.0" 404 7868 "https://www.lapma.in/product/ghee-2/" "Mozilla/5.0 (Windows NT 10.0; Win64; x64) AppleWebKit/537.36 (KHTML, like Gecko) Chrome/137.0.0.0 Safari/537.36"
66.249.73.128 - - [27/Jun/2025:07:34:34 +0000] "GET /wp-includes/js/wp-emoji-release.min.js?ver=6.8.1 HTTP/1.1" 200 5166 "https://www.lapma.in/shop/" "Mozilla/5.0 (Linux; Android 6.0.1; Nexus 5X Build/MMB29P) AppleWebKit/537.36 (KHTML, like Gecko) Chrome/137.0.7151.68 Mobile Safari/537.36 (compatible; Googlebot/2.1; +http://www.google.com/bot.html)"
202.164.133.191 - - [27/Jun/2025:07:34:33 +0000] "GET /product/ghee-2/assets/images/fav.ico HTTP/2.0" 404 7868 "https://www.lapma.in/product/ghee-2/" "Mozilla/5.0 (Windows NT 10.0; Win64; x64) AppleWebKit/537.36 (KHTML, like Gecko) Chrome/137.0.0.0 Safari/537.36"
66.249.73.128 - - [27/Jun/2025:07:34:36 +0000] "GET /shop/assets/images/fav.ico HTTP/1.1" 404 7867 "-" "Googlebot-Image/1.0"
66.249.73.128 - - [27/Jun/2025:07:34:36 +0000] "GET /favicon.ico HTTP/1.1" 302 - "-" "Googlebot-Image/1.0"
66.249.73.128 - - [27/Jun/2025:07:34:39 +0000] "GET /wp-includes/images/w-logo-blue-white-bg.png HTTP/1.1" 200 4119 "-" "Googlebot-Image/1.0"
202.164.133.191 - - [27/Jun/2025:07:34:41 +0000] "GET / HTTP/2.0" 404 9911 "-" "Mozilla/5.0 (Windows NT 10.0; Win64; x64) AppleWebKit/537.36 (KHTML, like Gecko) Chrome/137.0.0.0 Safari/537.36"
202.164.133.191 - - [27/Jun/2025:07:34:44 +0000] "GET /wp-content/themes/lapma/assets/css/style.css?v=1751009684 HTTP/2.0" 200 15534 "https://www.lapma.in/" "Mozilla/5.0 (Windows NT 10.0; Win64; x64) AppleWebKit/537.36 (KHTML, like Gecko) Chrome/137.0.0.0 Safari/537.36"
202.164.133.191 - - [27/Jun/2025:07:34:44 +0000] "GET /wp-content/themes/lapma/assets/js/custom.js?v=1751009684 HTTP/2.0" 200 1314 "https://www.lapma.in/" "Mozilla/5.0 (Windows NT 10.0; Win64; x64) AppleWebKit/537.36 (KHTML, like Gecko) Chrome/137.0.0.0 Safari/537.36"
66.249.73.128 - - [27/Jun/2025:07:34:41 +0000] "GET /product/ghee-2/ HTTP/1.1" 404 13103 "-" "Mozilla/5.0 (Linux; Android 6.0.1; Nexus 5X Build/MMB29P) AppleWebKit/537.36 (KHTML, like Gecko) Chrome/99.0.4844.84 Mobile Safari/537.36 (compatible; Googlebot/2.1; +http://www.google.com/bot.html)"
66.249.73.128 - - [27/Jun/2025:07:34:41 +0000] "GET /product/ghee-2/ HTTP/1.1" 404 13102 "-" "Mozilla/5.0 (compatible; Googlebot/2.1; +http://www.google.com/bot.html)"
66.249.73.128 - - [27/Jun/2025:07:34:45 +0000] "GET /wp-content/themes/lapma/assets/css/style.css?v=1749600000 HTTP/1.1" 200 15534 "https://www.lapma.in/product/ghee-2/" "Mozilla/5.0 (Linux; Android 6.0.1; Nexus 5X Build/MMB29P) AppleWebKit/537.36 (KHTML, like Gecko) Chrome/137.0.7151.68 Mobile Safari/537.36 (compatible; Googlebot/2.1; +http://www.google.com/bot.html)"
66.249.73.128 - - [27/Jun/2025:07:34:46 +0000] "GET /wp-content/themes/lapma/assets/css/bootstrap.min.css HTTP/1.1" 200 27518 "https://www.lapma.in/product/ghee-2/" "Mozilla/5.0 (Linux; Android 6.0.1; Nexus 5X Build/MMB29P) AppleWebKit/537.36 (KHTML, like Gecko) Chrome/137.0.7151.68 Mobile Safari/537.36 (compatible; Googlebot/2.1; +http://www.google.com/bot.html)"
202.164.133.191 - - [27/Jun/2025:07:34:44 +0000] "GET /wp-content/themes/lapma/assets/css/ajax-loader.gif HTTP/2.0" 404 7868 "https://www.lapma.in/wp-content/themes/lapma/assets/css/slick-theme.css" "Mozilla/5.0 (Windows NT 10.0; Win64; x64) AppleWebKit/537.36 (KHTML, like Gecko) Chrome/137.0.0.0 Safari/537.36"
202.164.133.191 - - [27/Jun/2025:07:34:44 +0000] "GET /wp-content/themes/lapma/assets/css/fonts/slick.woff HTTP/2.0" 404 7868 "https://www.lapma.in/wp-content/themes/lapma/assets/css/slick-theme.css" "Mozilla/5.0 (Windows NT 10.0; Win64; x64) AppleWebKit/537.36 (KHTML, like Gecko) Chrome/137.0.0.0 Safari/537.36"
66.249.73.128 - - [27/Jun/2025:07:34:47 +0000] "GET /wp-content/plugins/everest-forms/assets/css/intlTelInput.css?ver=3.2.2 HTTP/1.1" 200 4882 "https://www.lapma.in/product/ghee-2/" "Mozilla/5.0 (Linux; Android 6.0.1; Nexus 5X Build/MMB29P) AppleWebKit/537.36 (KHTML, like Gecko) Chrome/137.0.7151.68 Mobile Safari/537.36 (compatible; Googlebot/2.1; +http://www.google.com/bot.html)"
66.249.73.128 - - [27/Jun/2025:07:34:47 +0000] "GET /wp-content/uploads/2024/04/logo.svg HTTP/1.1" 200 7986 "https://www.lapma.in/product/ghee-2/" "Mozilla/5.0 (Linux; Android 6.0.1; Nexus 5X Build/MMB29P) AppleWebKit/537.36 (KHTML, like Gecko) Chrome/137.0.7151.68 Mobile Safari/537.36 (compatible; Googlebot/2.1; +http://www.google.com/bot.html)"
66.249.73.128 - - [27/Jun/2025:07:34:47 +0000] "GET /wp-content/themes/lapma/assets/css/bootstrap.min.css HTTP/1.1" 200 27518 "https://www.lapma.in/product/ghee-2/" "Mozilla/5.0 AppleWebKit/537.36 (KHTML, like Gecko; compatible; Googlebot/2.1; +http://www.google.com/bot.html) Chrome/137.0.7151.68 Safari/537.36"
66.249.73.128 - - [27/Jun/2025:07:34:48 +0000] "GET /wp-content/plugins/woocommerce/assets/css/photoswipe/photoswipe.min.css?ver=9.0.1 HTTP/1.1" 200 997 "https://www.lapma.in/product/ghee-2/" "Mozilla/5.0 (Linux; Android 6.0.1; Nexus 5X Build/MMB29P) AppleWebKit/537.36 (KHTML, like Gecko) Chrome/137.0.7151.68 Mobile Safari/537.36 (compatible; Googlebot/2.1; +http://www.google.com/bot.html)"
202.164.133.191 - - [27/Jun/2025:07:34:48 +0000] "GET /wp-admin HTTP/2.0" 301 301 "-" "Mozilla/5.0 (Windows NT 10.0; Win64; x64) AppleWebKit/537.36 (KHTML, like Gecko) Chrome/137.0.0.0 Safari/537.36"
66.249.73.128 - - [27/Jun/2025:07:34:49 +0000] "GET /wp-content/plugins/woocommerce/assets/css/photoswipe/photoswipe.min.css?ver=9.0.1 HTTP/1.1" 200 997 "https://www.lapma.in/product/ghee-2/" "Mozilla/5.0 AppleWebKit/537.36 (KHTML, like Gecko; compatible; Googlebot/2.1; +http://www.google.com/bot.html) Chrome/137.0.7151.68 Safari/537.36"
139.59.17.158 - - [27/Jun/2025:07:34:49 +0000] "POST /wp-cron.php?doing_wp_cron=1751009689.7423379421234130859375 HTTP/1.1" 200 - "-" "WordPress/6.8.1; https://www.lapma.in"
202.164.133.191 - - [27/Jun/2025:07:34:47 +0000] "GET /wp-content/themes/lapma/assets/css/fonts/slick.ttf HTTP/2.0" 404 7868 "https://www.lapma.in/wp-content/themes/lapma/assets/css/slick-theme.css" "Mozilla/5.0 (Windows NT 10.0; Win64; x64) AppleWebKit/537.36 (KHTML, like Gecko) Chrome/137.0.0.0 Safari/537.36"
139.59.17.158 - - [27/Jun/2025:07:34:50 +0000] "POST /wp-cron.php?doing_wp_cron=1751009690.2604300975799560546875 HTTP/1.1" 200 - "-" "WordPress/6.8.1; https://www.lapma.in"
202.164.133.191 - - [27/Jun/2025:07:34:48 +0000] "GET /wp-admin/ HTTP/2.0" 302 - "-" "Mozilla/5.0 (Windows NT 10.0; Win64; x64) AppleWebKit/537.36 (KHTML, like Gecko) Chrome/137.0.0.0 Safari/537.36"
66.249.73.128 - - [27/Jun/2025:07:34:50 +0000] "GET /wp-includes/js/jquery/jquery-migrate.min.js?ver=3.4.1 HTTP/1.1" 200 4872 "https://www.lapma.in/product/ghee-2/" "Mozilla/5.0 AppleWebKit/537.36 (KHTML, like Gecko; compatible; Googlebot/2.1; +http://www.google.com/bot.html) Chrome/137.0.7151.68 Safari/537.36"
66.249.73.128 - - [27/Jun/2025:07:34:51 +0000] "GET /wp-content/themes/lapma/assets/css/style.css?v=1749600000 HTTP/1.1" 200 15534 "https://www.lapma.in/product/ghee-2/" "Mozilla/5.0 AppleWebKit/537.36 (KHTML, like Gecko; compatible; Googlebot/2.1; +http://www.google.com/bot.html) Chrome/137.0.7151.68 Safari/537.36"
202.164.133.191 - - [27/Jun/2025:07:34:50 +0000] "GET /wp-login.php?redirect_to=https%3A%2F%2Fwww.lapma.in%2Fwp-admin%2F&reauth=1 HTTP/2.0" 200 1928 "-" "Mozilla/5.0 (Windows NT 10.0; Win64; x64) AppleWebKit/537.36 (KHTML, like Gecko) Chrome/137.0.0.0 Safari/537.36"
202.164.133.191 - - [27/Jun/2025:07:34:52 +0000] "GET /wp-includes/css/buttons.min.css?ver=6.8.1 HTTP/2.0" 200 1470 "https://www.lapma.in/wp-login.php?redirect_to=https%3A%2F%2Fwww.lapma.in%2Fwp-admin%2F&reauth=1" "Mozilla/5.0 (Windows NT 10.0; Win64; x64) AppleWebKit/537.36 (KHTML, like Gecko) Chrome/137.0.0.0 Safari/537.36"
202.164.133.191 - - [27/Jun/2025:07:34:52 +0000] "GET /wp-admin/css/l10n.min.css?ver=6.8.1 HTTP/2.0" 200 767 "https://www.lapma.in/wp-login.php?redirect_to=https%3A%2F%2Fwww.lapma.in%2Fwp-admin%2F&reauth=1" "Mozilla/5.0 (Windows NT 10.0; Win64; x64) AppleWebKit/537.36 (KHTML, like Gecko) Chrome/137.0.0.0 Safari/537.36"
202.164.133.191 - - [27/Jun/2025:07:34:52 +0000] "GET /wp-admin/css/login.min.css?ver=6.8.1 HTTP/2.0" 200 2171 "https://www.lapma.in/wp-login.php?redirect_to=https%3A%2F%2Fwww.lapma.in%2Fwp-admin%2F&reauth=1" "Mozilla/5.0 (Windows NT 10.0; Win64; x64) AppleWebKit/537.36 (KHTML, like Gecko) Chrome/137.0.0.0 Safari/537.36"
202.164.133.191 - - [27/Jun/2025:07:34:52 +0000] "GET /wp-includes/js/clipboard.min.js?ver=2.0.11 HTTP/2.0" 200 3150 "https://www.lapma.in/wp-login.php?redirect_to=https%3A%2F%2Fwww.lapma.in%2Fwp-admin%2F&reauth=1" "Mozilla/5.0 (Windows NT 10.0; Win64; x64) AppleWebKit/537.36 (KHTML, like Gecko) Chrome/137.0.0.0 Safari/537.36"
202.164.133.191 - - [27/Jun/2025:07:34:52 +0000] "GET /wp-includes/js/zxcvbn-async.min.js?ver=1.0 HTTP/2.0" 200 256 "https://www.lapma.in/wp-login.php?redirect_to=https%3A%2F%2Fwww.lapma.in%2Fwp-admin%2F&reauth=1" "Mozilla/5.0 (Windows NT 10.0; Win64; x64) AppleWebKit/537.36 (KHTML, like Gecko) Chrome/137.0.0.0 Safari/537.36"
202.164.133.191 - - [27/Jun/2025:07:34:52 +0000] "GET /wp-admin/css/forms.min.css?ver=6.8.1 HTTP/2.0" 200 6694 "https://www.lapma.in/wp-login.php?redirect_to=https%3A%2F%2Fwww.lapma.in%2Fwp-admin%2F&reauth=1" "Mozilla/5.0 (Windows NT 10.0; Win64; x64) AppleWebKit/537.36 (KHTML, like Gecko) Chrome/137.0.0.0 Safari/537.36"
202.164.133.191 - - [27/Jun/2025:07:34:52 +0000] "GET /wp-includes/js/dist/hooks.min.js?ver=4d63a3d491d11ffd8ac6 HTTP/2.0" 200 1648 "https://www.lapma.in/wp-login.php?redirect_to=https%3A%2F%2Fwww.lapma.in%2Fwp-admin%2F&reauth=1" "Mozilla/5.0 (Windows NT 10.0; Win64; x64) AppleWebKit/537.36 (KHTML, like Gecko) Chrome/137.0.0.0 Safari/537.36"
202.164.133.191 - - [27/Jun/2025:07:34:52 +0000] "GET /wp-includes/js/dist/i18n.min.js?ver=5e580eb46a90c2b997e6 HTTP/2.0" 200 3667 "https://www.lapma.in/wp-login.php?redirect_to=https%3A%2F%2Fwww.lapma.in%2Fwp-admin%2F&reauth=1" "Mozilla/5.0 (Windows NT 10.0; Win64; x64) AppleWebKit/537.36 (KHTML, like Gecko) Chrome/137.0.0.0 Safari/537.36"
