117.206.26.220 - - [28/Jun/2025:07:15:55 +0000] "GET /wp-content/uploads/2024/04/category-img5.png HTTP/1.1" 200 36368 "-" "Dart/3.6 (dart:io)"
117.206.26.220 - - [28/Jun/2025:07:15:55 +0000] "GET /wp-content/uploads/2024/04/category-img7.png HTTP/1.1" 200 40393 "-" "Dart/3.6 (dart:io)"
117.206.26.220 - - [28/Jun/2025:07:15:55 +0000] "GET /wp-content/uploads/2024/11/51755558-75e9-42f4-969c-733e84c041b0.jpg HTTP/1.1" 200 59876 "-" "Dart/3.6 (dart:io)"
117.206.26.220 - - [28/Jun/2025:07:15:55 +0000] "GET /wp-content/uploads/2024/05/product-img20.jpg HTTP/1.1" 200 81791 "-" "Dart/3.6 (dart:io)"
117.206.26.220 - - [28/Jun/2025:07:15:55 +0000] "GET /wp-content/uploads/2024/04/category-img4.png HTTP/1.1" 200 40550 "-" "Dart/3.6 (dart:io)"
117.206.26.220 - - [28/Jun/2025:07:15:55 +0000] "GET /wp-content/uploads/2024/05/product-img17.jpg HTTP/1.1" 200 65481 "-" "Dart/3.6 (dart:io)"
117.206.26.220 - - [28/Jun/2025:07:15:55 +0000] "GET /wp-content/uploads/2024/05/product-img11.jpg HTTP/1.1" 200 39451 "-" "Dart/3.6 (dart:io)"
117.206.26.220 - - [28/Jun/2025:07:16:00 +0000] "GET /wp-json/wp/v2/districtlist HTTP/1.1" 404 609 "-" "Dart/3.6 (dart:io)"
117.206.26.220 - - [28/Jun/2025:07:16:00 +0000] "GET /wp-json/wc/v3/products/reviews?product=1616&consumer_key=ck_0f34dd898cafb797b88cbfdf555d0bee59043410&consumer_secret=cs_352434f91cd6d44fec82238e32c205a2949fd29f HTTP/1.1" 404 22 "-" "Dart/3.6 (dart:io)"
117.206.26.220 - - [28/Jun/2025:07:16:00 +0000] "GET /wp-json/wc/v3/products/1616?consumer_key=ck_0f34dd898cafb797b88cbfdf555d0bee59043410&consumer_secret=cs_352434f91cd6d44fec82238e32c205a2949fd29f HTTP/1.1" 404 1285 "-" "Dart/3.6 (dart:io)"
139.59.17.158 - - [28/Jun/2025:07:16:07 +0000] "POST /wp-cron.php?doing_wp_cron=1751094967.6955111026763916015625 HTTP/1.1" 200 - "-" "WordPress/6.8.1; https://www.lapma.in"
111.92.121.25 - - [28/Jun/2025:07:16:02 +0000] "GET /shop/ HTTP/2.0" 404 21547 "-" "Mozilla/5.0 (Windows NT 10.0; Win64; x64) AppleWebKit/537.36 (KHTML, like Gecko) Chrome/137.0.0.0 Safari/537.36"
111.92.121.25 - - [28/Jun/2025:07:16:08 +0000] "GET /wp-content/themes/lapma/assets/css/style.css?v=1751094967 HTTP/2.0" 200 15534 "https://www.lapma.in/shop/" "Mozilla/5.0 (Windows NT 10.0; Win64; x64) AppleWebKit/537.36 (KHTML, like Gecko) Chrome/137.0.0.0 Safari/537.36"
111.92.121.25 - - [28/Jun/2025:07:16:08 +0000] "GET /wp-content/themes/lapma/assets/js/custom.js?v=1751094968 HTTP/2.0" 200 1314 "https://www.lapma.in/shop/" "Mozilla/5.0 (Windows NT 10.0; Win64; x64) AppleWebKit/537.36 (KHTML, like Gecko) Chrome/137.0.0.0 Safari/537.36"
117.206.26.220 - - [28/Jun/2025:07:16:04 +0000] "GET /wp-json/custom/v1/wc-nonce HTTP/1.1" 401 106 "-" "Dart/3.6 (dart:io)"
117.206.26.220 - - [28/Jun/2025:07:16:07 +0000] "GET /wp-json/wc/v3/products/364?consumer_key=ck_0f34dd898cafb797b88cbfdf555d0bee59043410&consumer_secret=cs_352434f91cd6d44fec82238e32c205a2949fd29f HTTP/1.1" 404 1571 "-" "Dart/3.6 (dart:io)"
111.92.121.25 - - [28/Jun/2025:07:16:12 +0000] "GET /favicon.ico HTTP/2.0" 302 - "https://www.lapma.in/shop/" "Mozilla/5.0 (Windows NT 10.0; Win64; x64) AppleWebKit/537.36 (KHTML, like Gecko) Chrome/137.0.0.0 Safari/537.36"
111.92.121.25 - - [28/Jun/2025:07:16:17 +0000] "GET /wp-includes/images/w-logo-blue-white-bg.png HTTP/2.0" 200 4119 "https://www.lapma.in/shop/" "Mozilla/5.0 (Windows NT 10.0; Win64; x64) AppleWebKit/537.36 (KHTML, like Gecko) Chrome/137.0.0.0 Safari/537.36"
117.206.26.220 - - [28/Jun/2025:07:16:13 +0000] "GET /wp-json/wc/store/v1/cart HTTP/1.1" 404 382 "-" "Dart/3.6 (dart:io)"
117.206.26.220 - - [28/Jun/2025:07:16:31 +0000] "GET /wp-admin/ HTTP/2.0" 302 - "-" "Mozilla/5.0 (Windows NT 10.0; Win64; x64) AppleWebKit/537.36 (KHTML, like Gecko) Chrome/137.0.0.0 Safari/537.36"
117.206.26.220 - - [28/Jun/2025:07:16:32 +0000] "GET /wp-admin/ HTTP/2.0" 302 - "-" "Mozilla/5.0 (Windows NT 10.0; Win64; x64) AppleWebKit/537.36 (KHTML, like Gecko) Chrome/137.0.0.0 Safari/537.36"
117.206.26.220 - - [28/Jun/2025:07:16:34 +0000] "GET /wp-login.php?redirect_to=https%3A%2F%2Fwww.lapma.in%2Fwp-admin%2F&reauth=1 HTTP/2.0" 200 1928 "-" "Mozilla/5.0 (Windows NT 10.0; Win64; x64) AppleWebKit/537.36 (KHTML, like Gecko) Chrome/137.0.0.0 Safari/537.36"
117.206.26.220 - - [28/Jun/2025:07:16:39 +0000] "POST /wp-login.php HTTP/2.0" 302 - "https://www.lapma.in/wp-login.php?redirect_to=https%3A%2F%2Fwww.lapma.in%2Fwp-admin%2F&reauth=1" "Mozilla/5.0 (Windows NT 10.0; Win64; x64) AppleWebKit/537.36 (KHTML, like Gecko) Chrome/137.0.0.0 Safari/537.36"
117.206.26.220 - - [28/Jun/2025:07:16:42 +0000] "GET /wp-admin/ HTTP/2.0" 200 31160 "https://www.lapma.in/wp-login.php?redirect_to=https%3A%2F%2Fwww.lapma.in%2Fwp-admin%2F&reauth=1" "Mozilla/5.0 (Windows NT 10.0; Win64; x64) AppleWebKit/537.36 (KHTML, like Gecko) Chrome/137.0.0.0 Safari/537.36"
117.206.26.220 - - [28/Jun/2025:07:16:49 +0000] "GET /wp-admin/theme-editor.php HTTP/2.0" 200 22316 "https://www.lapma.in/wp-admin/" "Mozilla/5.0 (Windows NT 10.0; Win64; x64) AppleWebKit/537.36 (KHTML, like Gecko) Chrome/137.0.0.0 Safari/537.36"
117.206.26.220 - - [28/Jun/2025:07:16:55 +0000] "GET /wp-admin/theme-editor.php?file=functions.php&theme=lapma HTTP/2.0" 200 45865 "https://www.lapma.in/wp-admin/theme-editor.php" "Mozilla/5.0 (Windows NT 10.0; Win64; x64) AppleWebKit/537.36 (KHTML, like Gecko) Chrome/137.0.0.0 Safari/537.36"
139.59.17.158 - - [28/Jun/2025:07:18:00 +0000] "POST /wp-cron.php?doing_wp_cron=1751095080.3348999023437500000000 HTTP/1.1" 200 - "-" "WordPress/6.8.1; https://www.lapma.in"
117.206.26.220 - - [28/Jun/2025:07:17:58 +0000] "POST /wp-admin/admin-ajax.php HTTP/2.0" 200 67 "https://www.lapma.in/wp-admin/theme-editor.php?file=functions.php&theme=lapma" "Mozilla/5.0 (Windows NT 10.0; Win64; x64) AppleWebKit/537.36 (KHTML, like Gecko) Chrome/137.0.0.0 Safari/537.36"
139.59.17.158 - - [28/Jun/2025:07:18:32 +0000] "POST /wp-cron.php?doing_wp_cron=1751095112.4295060634613037109375 HTTP/1.1" 200 - "-" "WordPress/6.8.1; https://www.lapma.in"
117.206.26.220 - - [28/Jun/2025:07:18:28 +0000] "GET /wp-json/wc/v3/products/categories?consumer_key=ck_0f34dd898cafb797b88cbfdf555d0bee59043410&consumer_secret=cs_352434f91cd6d44fec82238e32c205a2949fd29f&page=1&per_page=10 HTTP/1.1" 404 775 "-" "Dart/3.6 (dart:io)"
117.206.26.220 - - [28/Jun/2025:07:18:28 +0000] "GET /wp-json/wc/v3/products?consumer_key=ck_0f34dd898cafb797b88cbfdf555d0bee59043410&consumer_secret=cs_352434f91cd6d44fec82238e32c205a2949fd29f&page=1&per_page=10 HTTP/1.1" 404 3814 "-" "Dart/3.6 (dart:io)"
117.206.26.220 - - [28/Jun/2025:07:18:35 +0000] "GET /wp-content/uploads/2024/04/category-img7.png HTTP/1.1" 200 40393 "-" "Dart/3.6 (dart:io)"
117.206.26.220 - - [28/Jun/2025:07:18:35 +0000] "GET /wp-content/uploads/2024/04/category-img6.png HTTP/1.1" 200 41121 "-" "Dart/3.6 (dart:io)"
117.206.26.220 - - [28/Jun/2025:07:18:35 +0000] "GET /wp-content/uploads/2024/04/category-img2.png HTTP/1.1" 200 34785 "-" "Dart/3.6 (dart:io)"
117.206.26.220 - - [28/Jun/2025:07:18:35 +0000] "GET /wp-content/uploads/2024/11/51755558-75e9-42f4-969c-733e84c041b0.jpg HTTP/1.1" 200 59876 "-" "Dart/3.6 (dart:io)"
117.206.26.220 - - [28/Jun/2025:07:18:35 +0000] "GET /wp-content/uploads/2024/04/category-img5.png HTTP/1.1" 200 36368 "-" "Dart/3.6 (dart:io)"
117.206.26.220 - - [28/Jun/2025:07:18:35 +0000] "GET /wp-content/uploads/2024/04/category-img4.png HTTP/1.1" 200 40550 "-" "Dart/3.6 (dart:io)"
117.206.26.220 - - [28/Jun/2025:07:18:35 +0000] "GET /wp-content/uploads/2024/05/product-img20.jpg HTTP/1.1" 200 81791 "-" "Dart/3.6 (dart:io)"
117.206.26.220 - - [28/Jun/2025:07:18:28 +0000] "GET /wp-json/wc/v3/products?consumer_key=ck_0f34dd898cafb797b88cbfdf555d0bee59043410&consumer_secret=cs_352434f91cd6d44fec82238e32c205a2949fd29f&page=1&per_page=50 HTTP/1.1" 404 4354 "-" "Dart/3.6 (dart:io)"
117.206.26.220 - - [28/Jun/2025:07:18:35 +0000] "GET /wp-content/uploads/2024/05/product-img11.jpg HTTP/1.1" 200 39451 "-" "Dart/3.6 (dart:io)"
117.206.26.220 - - [28/Jun/2025:07:18:35 +0000] "GET /wp-content/uploads/2024/05/product-img17.jpg HTTP/1.1" 200 65481 "-" "Dart/3.6 (dart:io)"
117.206.26.220 - - [28/Jun/2025:07:18:40 +0000] "GET /wp-json/custom/v1/wc-nonce HTTP/1.1" 401 106 "-" "Dart/3.6 (dart:io)"
117.206.26.220 - - [28/Jun/2025:07:18:43 +0000] "GET /wp-json/wc/store/v1/cart HTTP/1.1" 404 382 "-" "Dart/3.6 (dart:io)"
139.59.17.158 - - [28/Jun/2025:07:19:50 +0000] "POST /wp-cron.php?doing_wp_cron=1751095190.4727189540863037109375 HTTP/1.1" 200 - "-" "WordPress/6.8.1; https://www.lapma.in"
117.206.26.220 - - [28/Jun/2025:07:19:48 +0000] "POST /wp-json/jwt-auth/v1/token HTTP/1.1" 404 311 "-" "Dart/3.6 (dart:io)"
117.206.26.220 - - [28/Jun/2025:07:19:51 +0000] "GET /wp-json/wc/v3/products/categories?consumer_key=ck_0f34dd898cafb797b88cbfdf555d0bee59043410&consumer_secret=cs_352434f91cd6d44fec82238e32c205a2949fd29f&page=1&per_page=10 HTTP/1.1" 404 775 "-" "Dart/3.6 (dart:io)"
117.206.26.220 - - [28/Jun/2025:07:19:55 +0000] "GET /wp-content/uploads/2024/04/category-img7.png HTTP/1.1" 200 40393 "-" "Dart/3.6 (dart:io)"
117.206.26.220 - - [28/Jun/2025:07:19:55 +0000] "GET /wp-content/uploads/2024/04/category-img4.png HTTP/1.1" 200 40550 "-" "Dart/3.6 (dart:io)"
117.206.26.220 - - [28/Jun/2025:07:19:55 +0000] "GET /wp-content/uploads/2024/04/category-img5.png HTTP/1.1" 200 36368 "-" "Dart/3.6 (dart:io)"
117.206.26.220 - - [28/Jun/2025:07:19:55 +0000] "GET /wp-content/uploads/2024/04/category-img2.png HTTP/1.1" 200 34785 "-" "Dart/3.6 (dart:io)"
117.206.26.220 - - [28/Jun/2025:07:19:55 +0000] "GET /wp-content/uploads/2024/04/category-img6.png HTTP/1.1" 200 41121 "-" "Dart/3.6 (dart:io)"
117.206.26.220 - - [28/Jun/2025:07:19:51 +0000] "GET /wp-json/wc/v3/products?consumer_key=ck_0f34dd898cafb797b88cbfdf555d0bee59043410&consumer_secret=cs_352434f91cd6d44fec82238e32c205a2949fd29f&page=1&per_page=10 HTTP/1.1" 404 3817 "-" "Dart/3.6 (dart:io)"
117.206.26.220 - - [28/Jun/2025:07:19:51 +0000] "GET /wp-json/wc/v3/products?consumer_key=ck_0f34dd898cafb797b88cbfdf555d0bee59043410&consumer_secret=cs_352434f91cd6d44fec82238e32c205a2949fd29f&page=1&per_page=50 HTTP/1.1" 404 4356 "-" "Dart/3.6 (dart:io)"
117.206.26.220 - - [28/Jun/2025:07:19:55 +0000] "GET /wp-content/uploads/2024/11/51755558-75e9-42f4-969c-733e84c041b0.jpg HTTP/1.1" 200 59876 "-" "Dart/3.6 (dart:io)"
117.206.26.220 - - [28/Jun/2025:07:19:55 +0000] "GET /wp-content/uploads/2024/05/product-img20.jpg HTTP/1.1" 200 81791 "-" "Dart/3.6 (dart:io)"
117.206.26.220 - - [28/Jun/2025:07:19:55 +0000] "GET /wp-content/uploads/2024/05/product-img17.jpg HTTP/1.1" 200 65481 "-" "Dart/3.6 (dart:io)"
117.206.26.220 - - [28/Jun/2025:07:19:55 +0000] "GET /wp-content/uploads/2024/05/product-img11.jpg HTTP/1.1" 200 39451 "-" "Dart/3.6 (dart:io)"
117.206.26.220 - - [28/Jun/2025:07:19:58 +0000] "GET /wp-json/custom/v1/wc-nonce HTTP/1.1" 401 106 "-" "Dart/3.6 (dart:io)"
117.206.26.220 - - [28/Jun/2025:07:20:02 +0000] "GET /wp-json/wc/store/v1/cart HTTP/1.1" 404 382 "-" "Dart/3.6 (dart:io)"
139.59.17.158 - - [28/Jun/2025:07:21:47 +0000] "POST /wp-cron.php?doing_wp_cron=1751095307.5039379596710205078125 HTTP/1.1" 200 - "-" "WordPress/6.8.1; https://www.lapma.in"
117.206.26.220 - - [28/Jun/2025:07:21:44 +0000] "GET /wp-json/wc/v3/products?consumer_key=ck_0f34dd898cafb797b88cbfdf555d0bee59043410&consumer_secret=cs_352434f91cd6d44fec82238e32c205a2949fd29f&page=1&per_page=50 HTTP/1.1" 404 4350 "-" "Dart/3.6 (dart:io)"
117.206.26.220 - - [28/Jun/2025:07:21:44 +0000] "GET /wp-json/wc/v3/products/categories?consumer_key=ck_0f34dd898cafb797b88cbfdf555d0bee59043410&consumer_secret=cs_352434f91cd6d44fec82238e32c205a2949fd29f&page=1&per_page=10 HTTP/1.1" 404 775 "-" "Dart/3.6 (dart:io)"
117.206.26.220 - - [28/Jun/2025:07:21:50 +0000] "GET /wp-content/uploads/2024/05/product-img11.jpg HTTP/1.1" 200 39451 "-" "Dart/3.6 (dart:io)"
117.206.26.220 - - [28/Jun/2025:07:21:50 +0000] "GET /wp-content/uploads/2024/05/product-img17.jpg HTTP/1.1" 200 65481 "-" "Dart/3.6 (dart:io)"
117.206.26.220 - - [28/Jun/2025:07:21:50 +0000] "GET /wp-content/uploads/2024/05/product-img20.jpg HTTP/1.1" 200 81791 "-" "Dart/3.6 (dart:io)"
117.206.26.220 - - [28/Jun/2025:07:21:50 +0000] "GET /wp-content/uploads/2024/11/51755558-75e9-42f4-969c-733e84c041b0.jpg HTTP/1.1" 200 59876 "-" "Dart/3.6 (dart:io)"
117.206.26.220 - - [28/Jun/2025:07:21:50 +0000] "GET /wp-content/uploads/2024/04/category-img4.png HTTP/1.1" 200 40550 "-" "Dart/3.6 (dart:io)"
117.206.26.220 - - [28/Jun/2025:07:21:50 +0000] "GET /wp-content/uploads/2024/04/category-img6.png HTTP/1.1" 200 41121 "-" "Dart/3.6 (dart:io)"
117.206.26.220 - - [28/Jun/2025:07:21:50 +0000] "GET /wp-content/uploads/2024/04/category-img7.png HTTP/1.1" 200 40393 "-" "Dart/3.6 (dart:io)"
117.206.26.220 - - [28/Jun/2025:07:21:50 +0000] "GET /wp-content/uploads/2024/04/category-img5.png HTTP/1.1" 200 36368 "-" "Dart/3.6 (dart:io)"
117.206.26.220 - - [28/Jun/2025:07:21:50 +0000] "GET /wp-content/uploads/2024/04/category-img2.png HTTP/1.1" 200 34785 "-" "Dart/3.6 (dart:io)"
117.206.26.220 - - [28/Jun/2025:07:21:44 +0000] "GET /wp-json/wc/v3/products?consumer_key=ck_0f34dd898cafb797b88cbfdf555d0bee59043410&consumer_secret=cs_352434f91cd6d44fec82238e32c205a2949fd29f&page=1&per_page=10 HTTP/1.1" 404 3813 "-" "Dart/3.6 (dart:io)"
117.206.26.220 - - [28/Jun/2025:07:21:52 +0000] "GET /wp-json/wc/v3/products/1616?consumer_key=ck_0f34dd898cafb797b88cbfdf555d0bee59043410&consumer_secret=cs_352434f91cd6d44fec82238e32c205a2949fd29f HTTP/1.1" 404 1285 "-" "Dart/3.6 (dart:io)"
117.206.26.220 - - [28/Jun/2025:07:21:52 +0000] "GET /wp-json/wc/v3/products/reviews?product=1616&consumer_key=ck_0f34dd898cafb797b88cbfdf555d0bee59043410&consumer_secret=cs_352434f91cd6d44fec82238e32c205a2949fd29f HTTP/1.1" 404 22 "-" "Dart/3.6 (dart:io)"
117.206.26.220 - - [28/Jun/2025:07:21:52 +0000] "GET /wp-json/wp/v2/districtlist HTTP/1.1" 404 609 "-" "Dart/3.6 (dart:io)"
117.206.26.220 - - [28/Jun/2025:07:21:57 +0000] "GET /wp-json/wc/v3/products/364?consumer_key=ck_0f34dd898cafb797b88cbfdf555d0bee59043410&consumer_secret=cs_352434f91cd6d44fec82238e32c205a2949fd29f HTTP/1.1" 404 1571 "-" "Dart/3.6 (dart:io)"
117.206.26.220 - - [28/Jun/2025:07:21:59 +0000] "GET /wp-json/custom/v1/wc-nonce HTTP/1.1" 401 106 "-" "Dart/3.6 (dart:io)"
117.206.26.220 - - [28/Jun/2025:07:22:02 +0000] "GET /wp-json/wc/store/v1/cart HTTP/1.1" 404 382 "-" "Dart/3.6 (dart:io)"
139.59.17.158 - - [28/Jun/2025:07:22:58 +0000] "POST /wp-cron.php?doing_wp_cron=1751095378.4932301044464111328125 HTTP/1.1" 200 - "-" "WordPress/6.8.1; https://www.lapma.in"
117.206.26.220 - - [28/Jun/2025:07:22:56 +0000] "GET / HTTP/2.0" 404 10005 "-" "Mozilla/5.0 (Macintosh; Intel Mac OS X 10_15_7) AppleWebKit/537.36 (KHTML, like Gecko) Chrome/136.0.0.0 Safari/537.36"
117.206.26.220 - - [28/Jun/2025:07:22:59 +0000] "GET /wp-content/themes/lapma/assets/css/style.css?v=1751095378 HTTP/2.0" 200 15534 "https://www.lapma.in/" "Mozilla/5.0 (Macintosh; Intel Mac OS X 10_15_7) AppleWebKit/537.36 (KHTML, like Gecko) Chrome/136.0.0.0 Safari/537.36"
117.206.26.220 - - [28/Jun/2025:07:22:59 +0000] "GET /wp-content/themes/lapma/assets/js/custom.js?v=1751095378 HTTP/2.0" 200 1314 "https://www.lapma.in/" "Mozilla/5.0 (Macintosh; Intel Mac OS X 10_15_7) AppleWebKit/537.36 (KHTML, like Gecko) Chrome/136.0.0.0 Safari/537.36"
117.206.26.220 - - [28/Jun/2025:07:22:59 +0000] "GET /wp-content/themes/lapma/assets/css/ajax-loader.gif HTTP/2.0" 404 7963 "https://www.lapma.in/wp-content/themes/lapma/assets/css/slick-theme.css" "Mozilla/5.0 (Macintosh; Intel Mac OS X 10_15_7) AppleWebKit/537.36 (KHTML, like Gecko) Chrome/136.0.0.0 Safari/537.36"
117.206.26.220 - - [28/Jun/2025:07:22:59 +0000] "GET /wp-content/themes/lapma/assets/css/fonts/slick.woff HTTP/2.0" 404 7963 "https://www.lapma.in/wp-content/themes/lapma/assets/css/slick-theme.css" "Mozilla/5.0 (Macintosh; Intel Mac OS X 10_15_7) AppleWebKit/537.36 (KHTML, like Gecko) Chrome/136.0.0.0 Safari/537.36"
139.59.17.158 - - [28/Jun/2025:07:23:07 +0000] "POST /wp-cron.php?doing_wp_cron=1751095387.3025310039520263671875 HTTP/1.1" 200 - "-" "WordPress/6.8.1; https://www.lapma.in"
117.206.26.220 - - [28/Jun/2025:07:23:03 +0000] "GET /wp-content/themes/lapma/assets/css/fonts/slick.ttf HTTP/2.0" 404 7964 "https://www.lapma.in/wp-content/themes/lapma/assets/css/slick-theme.css" "Mozilla/5.0 (Macintosh; Intel Mac OS X 10_15_7) AppleWebKit/537.36 (KHTML, like Gecko) Chrome/136.0.0.0 Safari/537.36"
117.206.26.220 - - [28/Jun/2025:07:23:05 +0000] "POST /wp-json/jwt-auth/v1/token HTTP/1.1" 404 313 "-" "Dart/3.6 (dart:io)"
117.206.26.220 - - [28/Jun/2025:07:23:09 +0000] "GET /wp-json/wc/v3/products?consumer_key=ck_0f34dd898cafb797b88cbfdf555d0bee59043410&consumer_secret=cs_352434f91cd6d44fec82238e32c205a2949fd29f&page=1&per_page=10 HTTP/1.1" 404 3811 "-" "Dart/3.6 (dart:io)"
117.206.26.220 - - [28/Jun/2025:07:23:09 +0000] "GET /wp-json/wc/v3/products/categories?consumer_key=ck_0f34dd898cafb797b88cbfdf555d0bee59043410&consumer_secret=cs_352434f91cd6d44fec82238e32c205a2949fd29f&page=1&per_page=10 HTTP/1.1" 404 775 "-" "Dart/3.6 (dart:io)"
117.206.26.220 - - [28/Jun/2025:07:23:13 +0000] "GET /wp-content/uploads/2024/11/51755558-75e9-42f4-969c-733e84c041b0.jpg HTTP/1.1" 200 59876 "-" "Dart/3.6 (dart:io)"
117.206.26.220 - - [28/Jun/2025:07:23:13 +0000] "GET /wp-content/uploads/2024/05/product-img20.jpg HTTP/1.1" 200 81791 "-" "Dart/3.6 (dart:io)"
117.206.26.220 - - [28/Jun/2025:07:23:13 +0000] "GET /wp-content/uploads/2024/04/category-img7.png HTTP/1.1" 200 40393 "-" "Dart/3.6 (dart:io)"
117.206.26.220 - - [28/Jun/2025:07:23:14 +0000] "GET /wp-content/uploads/2024/04/category-img6.png HTTP/1.1" 200 41121 "-" "Dart/3.6 (dart:io)"
117.206.26.220 - - [28/Jun/2025:07:23:14 +0000] "GET /wp-content/uploads/2024/04/category-img2.png HTTP/1.1" 200 34785 "-" "Dart/3.6 (dart:io)"
117.206.26.220 - - [28/Jun/2025:07:23:09 +0000] "GET /wp-json/wc/v3/products?consumer_key=ck_0f34dd898cafb797b88cbfdf555d0bee59043410&consumer_secret=cs_352434f91cd6d44fec82238e32c205a2949fd29f&page=1&per_page=50 HTTP/1.1" 404 4354 "-" "Dart/3.6 (dart:io)"
117.206.26.220 - - [28/Jun/2025:07:23:14 +0000] "GET /wp-content/uploads/2024/04/category-img5.png HTTP/1.1" 200 36368 "-" "Dart/3.6 (dart:io)"
117.206.26.220 - - [28/Jun/2025:07:23:14 +0000] "GET /wp-content/uploads/2024/04/category-img4.png HTTP/1.1" 200 40550 "-" "Dart/3.6 (dart:io)"
117.206.26.220 - - [28/Jun/2025:07:23:14 +0000] "GET /wp-content/uploads/2024/05/product-img17.jpg HTTP/1.1" 200 65481 "-" "Dart/3.6 (dart:io)"
117.206.26.220 - - [28/Jun/2025:07:23:14 +0000] "GET /wp-content/uploads/2024/05/product-img11.jpg HTTP/1.1" 200 39451 "-" "Dart/3.6 (dart:io)"
117.206.26.220 - - [28/Jun/2025:07:23:14 +0000] "GET /wp-json/custom/v1/wc-nonce HTTP/1.1" 401 106 "-" "Dart/3.6 (dart:io)"
117.206.26.220 - - [28/Jun/2025:07:23:17 +0000] "GET /wp-json/wc/store/v1/cart HTTP/1.1" 404 382 "-" "Dart/3.6 (dart:io)"
139.59.17.158 - - [28/Jun/2025:07:24:18 +0000] "POST /wp-cron.php?doing_wp_cron=1751095458.8104319572448730468750 HTTP/1.1" 200 - "-" "WordPress/6.8.1; https://www.lapma.in"
117.206.26.220 - - [28/Jun/2025:07:24:17 +0000] "GET /wp-login.php?redirect_to=https%3A%2F%2Fwww.lapma.in%2Fwp-admin%2F&reauth=1 HTTP/2.0" 200 1928 "-" "Mozilla/5.0 (Windows NT 10.0; Win64; x64) AppleWebKit/537.36 (KHTML, like Gecko) Chrome/137.0.0.0 Safari/537.36"
139.59.17.158 - - [28/Jun/2025:07:25:20 +0000] "POST /wp-cron.php?doing_wp_cron=1751095520.6359701156616210937500 HTTP/1.1" 200 - "-" "WordPress/6.8.1; https://www.lapma.in"
117.206.26.220 - - [28/Jun/2025:07:25:18 +0000] "GET /wp-login.php?redirect_to=https%3A%2F%2Fwww.lapma.in%2Fwp-admin%2F&reauth=1 HTTP/2.0" 200 1928 "-" "Mozilla/5.0 (Windows NT 10.0; Win64; x64) AppleWebKit/537.36 (KHTML, like Gecko) Chrome/137.0.0.0 Safari/537.36"
117.206.26.220 - - [28/Jun/2025:07:25:24 +0000] "POST /wp-login.php HTTP/2.0" 302 - "https://www.lapma.in/wp-login.php?redirect_to=https%3A%2F%2Fwww.lapma.in%2Fwp-admin%2F&reauth=1" "Mozilla/5.0 (Windows NT 10.0; Win64; x64) AppleWebKit/537.36 (KHTML, like Gecko) Chrome/137.0.0.0 Safari/537.36"
117.206.26.220 - - [28/Jun/2025:07:25:26 +0000] "GET /wp-admin/ HTTP/2.0" 200 31162 "https://www.lapma.in/wp-login.php?redirect_to=https%3A%2F%2Fwww.lapma.in%2Fwp-admin%2F&reauth=1" "Mozilla/5.0 (Windows NT 10.0; Win64; x64) AppleWebKit/537.36 (KHTML, like Gecko) Chrome/137.0.0.0 Safari/537.36"
117.206.26.220 - - [28/Jun/2025:07:25:32 +0000] "GET /wp-admin/theme-editor.php HTTP/2.0" 200 22317 "https://www.lapma.in/wp-admin/" "Mozilla/5.0 (Windows NT 10.0; Win64; x64) AppleWebKit/537.36 (KHTML, like Gecko) Chrome/137.0.0.0 Safari/537.36"
117.206.26.220 - - [28/Jun/2025:07:25:38 +0000] "GET /wp-admin/theme-editor.php?file=functions.php&theme=lapma HTTP/2.0" 200 45865 "https://www.lapma.in/wp-admin/theme-editor.php" "Mozilla/5.0 (Windows NT 10.0; Win64; x64) AppleWebKit/537.36 (KHTML, like Gecko) Chrome/137.0.0.0 Safari/537.36"
117.206.26.220 - - [28/Jun/2025:07:25:40 +0000] "GET /wp-json/custom/v1/wc-nonce HTTP/1.1" 401 106 "-" "Dart/3.6 (dart:io)"
117.206.26.220 - - [28/Jun/2025:07:25:44 +0000] "GET /wp-json/wc/store/v1/cart HTTP/1.1" 404 382 "-" "Dart/3.6 (dart:io)"
117.206.26.220 - - [28/Jun/2025:07:25:52 +0000] "GET /wp-json/wc/v3/products/reviews?product=364&consumer_key=ck_0f34dd898cafb797b88cbfdf555d0bee59043410&consumer_secret=cs_352434f91cd6d44fec82238e32c205a2949fd29f HTTP/1.1" 404 22 "-" "Dart/3.6 (dart:io)"
117.206.26.220 - - [28/Jun/2025:07:25:52 +0000] "GET /wp-json/wp/v2/districtlist HTTP/1.1" 404 609 "-" "Dart/3.6 (dart:io)"
117.206.26.220 - - [28/Jun/2025:07:25:52 +0000] "GET /wp-json/wc/v3/products/364?consumer_key=ck_0f34dd898cafb797b88cbfdf555d0bee59043410&consumer_secret=cs_352434f91cd6d44fec82238e32c205a2949fd29f HTTP/1.1" 404 1571 "-" "Dart/3.6 (dart:io)"
117.206.26.220 - - [28/Jun/2025:07:25:56 +0000] "GET /wp-json/wc/v3/products/1616?consumer_key=ck_0f34dd898cafb797b88cbfdf555d0bee59043410&consumer_secret=cs_352434f91cd6d44fec82238e32c205a2949fd29f HTTP/1.1" 404 1285 "-" "Dart/3.6 (dart:io)"
139.59.17.158 - - [28/Jun/2025:07:26:44 +0000] "POST /wp-cron.php?doing_wp_cron=1751095604.1972150802612304687500 HTTP/1.1" 200 - "-" "WordPress/6.8.1; https://www.lapma.in"
117.206.26.220 - - [28/Jun/2025:07:26:42 +0000] "POST /wp-admin/admin-ajax.php HTTP/2.0" 200 67 "https://www.lapma.in/wp-admin/theme-editor.php?file=functions.php&theme=lapma" "Mozilla/5.0 (Windows NT 10.0; Win64; x64) AppleWebKit/537.36 (KHTML, like Gecko) Chrome/137.0.0.0 Safari/537.36"
117.206.26.220 - - [28/Jun/2025:07:26:45 +0000] "GET / HTTP/2.0" 404 10005 "-" "Mozilla/5.0 (Macintosh; Intel Mac OS X 10_15_7) AppleWebKit/537.36 (KHTML, like Gecko) Chrome/136.0.0.0 Safari/537.36"
117.206.26.220 - - [28/Jun/2025:07:26:48 +0000] "GET /wp-content/themes/lapma/assets/css/style.css?v=1751095608 HTTP/2.0" 200 15534 "https://www.lapma.in/" "Mozilla/5.0 (Macintosh; Intel Mac OS X 10_15_7) AppleWebKit/537.36 (KHTML, like Gecko) Chrome/136.0.0.0 Safari/537.36"
117.206.26.220 - - [28/Jun/2025:07:26:48 +0000] "GET /wp-content/themes/lapma/assets/js/custom.js?v=1751095608 HTTP/2.0" 200 1314 "https://www.lapma.in/" "Mozilla/5.0 (Macintosh; Intel Mac OS X 10_15_7) AppleWebKit/537.36 (KHTML, like Gecko) Chrome/136.0.0.0 Safari/537.36"
117.206.26.220 - - [28/Jun/2025:07:26:46 +0000] "GET /wp-json/custom/v1/wc-nonce HTTP/1.1" 401 106 "-" "Dart/3.6 (dart:io)"
117.206.26.220 - - [28/Jun/2025:07:26:48 +0000] "GET /wp-content/themes/lapma/assets/css/ajax-loader.gif HTTP/2.0" 404 7962 "https://www.lapma.in/wp-content/themes/lapma/assets/css/slick-theme.css" "Mozilla/5.0 (Macintosh; Intel Mac OS X 10_15_7) AppleWebKit/537.36 (KHTML, like Gecko) Chrome/136.0.0.0 Safari/537.36"
117.206.26.220 - - [28/Jun/2025:07:26:48 +0000] "GET /wp-content/themes/lapma/assets/css/fonts/slick.woff HTTP/2.0" 404 7963 "https://www.lapma.in/wp-content/themes/lapma/assets/css/slick-theme.css" "Mozilla/5.0 (Macintosh; Intel Mac OS X 10_15_7) AppleWebKit/537.36 (KHTML, like Gecko) Chrome/136.0.0.0 Safari/537.36"
117.206.26.220 - - [28/Jun/2025:07:26:49 +0000] "GET /wp-json/wc/store/v1/cart HTTP/1.1" 404 382 "-" "Dart/3.6 (dart:io)"
117.206.26.220 - - [28/Jun/2025:07:26:51 +0000] "GET /wp-content/themes/lapma/assets/css/fonts/slick.ttf HTTP/2.0" 404 7963 "https://www.lapma.in/wp-content/themes/lapma/assets/css/slick-theme.css" "Mozilla/5.0 (Macintosh; Intel Mac OS X 10_15_7) AppleWebKit/537.36 (KHTML, like Gecko) Chrome/136.0.0.0 Safari/537.36"
117.206.26.220 - - [28/Jun/2025:07:26:59 +0000] "GET / HTTP/2.0" 404 10006 "https://www.lapma.in/" "Mozilla/5.0 (Macintosh; Intel Mac OS X 10_15_7) AppleWebKit/537.36 (KHTML, like Gecko) Chrome/136.0.0.0 Safari/537.36"
117.206.26.220 - - [28/Jun/2025:07:27:01 +0000] "GET / HTTP/2.0" 404 - "https://www.lapma.in/" "Mozilla/5.0 (Macintosh; Intel Mac OS X 10_15_7) AppleWebKit/537.36 (KHTML, like Gecko) Chrome/136.0.0.0 Safari/537.36"
117.206.26.220 - - [28/Jun/2025:07:27:04 +0000] "GET / HTTP/2.0" 404 - "https://www.lapma.in/" "Mozilla/5.0 (Macintosh; Intel Mac OS X 10_15_7) AppleWebKit/537.36 (KHTML, like Gecko) Chrome/136.0.0.0 Safari/537.36"
139.59.17.158 - - [28/Jun/2025:07:27:07 +0000] "POST /wp-cron.php?doing_wp_cron=1751095627.6008789539337158203125 HTTP/1.1" 200 - "-" "WordPress/6.8.1; https://www.lapma.in"
117.206.26.220 - - [28/Jun/2025:07:27:04 +0000] "GET / HTTP/2.0" 404 - "https://www.lapma.in/" "Mozilla/5.0 (Macintosh; Intel Mac OS X 10_15_7) AppleWebKit/537.36 (KHTML, like Gecko) Chrome/136.0.0.0 Safari/537.36"
117.206.26.220 - - [28/Jun/2025:07:27:06 +0000] "GET / HTTP/2.0" 404 10006 "https://www.lapma.in/" "Mozilla/5.0 (Macintosh; Intel Mac OS X 10_15_7) AppleWebKit/537.36 (KHTML, like Gecko) Chrome/136.0.0.0 Safari/537.36"
117.206.26.220 - - [28/Jun/2025:07:27:09 +0000] "GET /wp-content/themes/lapma/assets/css/style.css?v=1751095629 HTTP/2.0" 200 15534 "https://www.lapma.in/" "Mozilla/5.0 (Macintosh; Intel Mac OS X 10_15_7) AppleWebKit/537.36 (KHTML, like Gecko) Chrome/136.0.0.0 Safari/537.36"
117.206.26.220 - - [28/Jun/2025:07:27:09 +0000] "GET /wp-content/themes/lapma/assets/js/custom.js?v=1751095629 HTTP/2.0" 200 1314 "https://www.lapma.in/" "Mozilla/5.0 (Macintosh; Intel Mac OS X 10_15_7) AppleWebKit/537.36 (KHTML, like Gecko) Chrome/136.0.0.0 Safari/537.36"
117.206.26.220 - - [28/Jun/2025:07:27:09 +0000] "GET /wp-content/themes/lapma/assets/css/ajax-loader.gif HTTP/2.0" 404 7964 "https://www.lapma.in/wp-content/themes/lapma/assets/css/slick-theme.css" "Mozilla/5.0 (Macintosh; Intel Mac OS X 10_15_7) AppleWebKit/537.36 (KHTML, like Gecko) Chrome/136.0.0.0 Safari/537.36"
117.206.26.220 - - [28/Jun/2025:07:27:09 +0000] "GET /wp-content/themes/lapma/assets/css/fonts/slick.woff HTTP/2.0" 404 7963 "https://www.lapma.in/wp-content/themes/lapma/assets/css/slick-theme.css" "Mozilla/5.0 (Macintosh; Intel Mac OS X 10_15_7) AppleWebKit/537.36 (KHTML, like Gecko) Chrome/136.0.0.0 Safari/537.36"
117.206.26.220 - - [28/Jun/2025:07:27:10 +0000] "GET / HTTP/2.0" 404 10006 "https://www.lapma.in/" "Mozilla/5.0 (Macintosh; Intel Mac OS X 10_15_7) AppleWebKit/537.36 (KHTML, like Gecko) Chrome/136.0.0.0 Safari/537.36"
117.206.26.220 - - [28/Jun/2025:07:27:12 +0000] "GET /wp-content/themes/lapma/assets/css/fonts/slick.ttf HTTP/2.0" 404 7963 "https://www.lapma.in/wp-content/themes/lapma/assets/css/slick-theme.css" "Mozilla/5.0 (Macintosh; Intel Mac OS X 10_15_7) AppleWebKit/537.36 (KHTML, like Gecko) Chrome/136.0.0.0 Safari/537.36"
117.206.26.220 - - [28/Jun/2025:07:27:13 +0000] "GET / HTTP/2.0" 404 10006 "https://www.lapma.in/" "Mozilla/5.0 (Macintosh; Intel Mac OS X 10_15_7) AppleWebKit/537.36 (KHTML, like Gecko) Chrome/136.0.0.0 Safari/537.36"
117.206.26.220 - - [28/Jun/2025:07:27:16 +0000] "GET /wp-content/themes/lapma/assets/js/custom.js?v=1751095636 HTTP/2.0" 200 1314 "https://www.lapma.in/" "Mozilla/5.0 (Macintosh; Intel Mac OS X 10_15_7) AppleWebKit/537.36 (KHTML, like Gecko) Chrome/136.0.0.0 Safari/537.36"
117.206.26.220 - - [28/Jun/2025:07:27:16 +0000] "GET /wp-content/themes/lapma/assets/css/style.css?v=1751095635 HTTP/2.0" 200 15534 "https://www.lapma.in/" "Mozilla/5.0 (Macintosh; Intel Mac OS X 10_15_7) AppleWebKit/537.36 (KHTML, like Gecko) Chrome/136.0.0.0 Safari/537.36"
117.206.26.220 - - [28/Jun/2025:07:27:16 +0000] "GET /wp-content/themes/lapma/assets/css/ajax-loader.gif HTTP/2.0" 404 7963 "https://www.lapma.in/wp-content/themes/lapma/assets/css/slick-theme.css" "Mozilla/5.0 (Macintosh; Intel Mac OS X 10_15_7) AppleWebKit/537.36 (KHTML, like Gecko) Chrome/136.0.0.0 Safari/537.36"
117.206.26.220 - - [28/Jun/2025:07:27:16 +0000] "GET /wp-content/themes/lapma/assets/css/fonts/slick.woff HTTP/2.0" 404 7964 "https://www.lapma.in/wp-content/themes/lapma/assets/css/slick-theme.css" "Mozilla/5.0 (Macintosh; Intel Mac OS X 10_15_7) AppleWebKit/537.36 (KHTML, like Gecko) Chrome/136.0.0.0 Safari/537.36"
117.206.26.220 - - [28/Jun/2025:07:27:19 +0000] "GET /wp-content/themes/lapma/assets/css/fonts/slick.ttf HTTP/2.0" 404 7963 "https://www.lapma.in/wp-content/themes/lapma/assets/css/slick-theme.css" "Mozilla/5.0 (Macintosh; Intel Mac OS X 10_15_7) AppleWebKit/537.36 (KHTML, like Gecko) Chrome/136.0.0.0 Safari/537.36"
139.59.17.158 - - [28/Jun/2025:07:28:36 +0000] "POST /wp-cron.php?doing_wp_cron=1751095716.5160861015319824218750 HTTP/1.1" 200 - "-" "WordPress/6.8.1; https://www.lapma.in"
117.206.26.220 - - [28/Jun/2025:07:28:33 +0000] "GET /wp-json/wp/v2/panchyathdata?districtlist=40 HTTP/1.1" 404 1045 "-" "Dart/3.6 (dart:io)"
117.206.26.220 - - [28/Jun/2025:07:28:42 +0000] "POST /wp-admin/admin-ajax.php HTTP/2.0" 200 67 "https://www.lapma.in/wp-admin/theme-editor.php?file=functions.php&theme=lapma" "Mozilla/5.0 (Windows NT 10.0; Win64; x64) AppleWebKit/537.36 (KHTML, like Gecko) Chrome/137.0.0.0 Safari/537.36"
139.59.17.158 - - [28/Jun/2025:07:30:45 +0000] "POST /wp-cron.php?doing_wp_cron=1751095845.1203410625457763671875 HTTP/1.1" 200 - "-" "WordPress/6.8.1; https://www.lapma.in"
117.206.26.220 - - [28/Jun/2025:07:30:43 +0000] "POST /wp-admin/admin-ajax.php HTTP/2.0" 200 67 "https://www.lapma.in/wp-admin/theme-editor.php?file=functions.php&theme=lapma" "Mozilla/5.0 (Windows NT 10.0; Win64; x64) AppleWebKit/537.36 (KHTML, like Gecko) Chrome/137.0.0.0 Safari/537.36"
117.206.26.220 - - [28/Jun/2025:07:31:00 +0000] "GET / HTTP/2.0" 404 10006 "-" "Mozilla/5.0 (Windows NT 10.0; Win64; x64) AppleWebKit/537.36 (KHTML, like Gecko) Chrome/135.0.0.0 Safari/537.36"
139.59.17.158 - - [28/Jun/2025:07:31:07 +0000] "POST /wp-cron.php?doing_wp_cron=1751095867.2944118976593017578125 HTTP/1.1" 200 - "-" "WordPress/6.8.1; https://www.lapma.in"
117.206.26.220 - - [28/Jun/2025:07:31:04 +0000] "GET / HTTP/2.0" 404 10006 "-" "Mozilla/5.0 (Windows NT 10.0; Win64; x64) AppleWebKit/537.36 (KHTML, like Gecko) Chrome/135.0.0.0 Safari/537.36"
117.206.26.220 - - [28/Jun/2025:07:31:07 +0000] "GET /wp-content/themes/lapma/assets/css/fonts.css HTTP/2.0" 200 275 "https://www.lapma.in/" "Mozilla/5.0 (Windows NT 10.0; Win64; x64) AppleWebKit/537.36 (KHTML, like Gecko) Chrome/135.0.0.0 Safari/537.36"
117.206.26.220 - - [28/Jun/2025:07:31:07 +0000] "GET /wp-content/themes/lapma/assets/css/font-awesome.min.css HTTP/2.0" 200 6666 "https://www.lapma.in/" "Mozilla/5.0 (Windows NT 10.0; Win64; x64) AppleWebKit/537.36 (KHTML, like Gecko) Chrome/135.0.0.0 Safari/537.36"
117.206.26.220 - - [28/Jun/2025:07:31:07 +0000] "GET /wp-content/themes/lapma/assets/css/slick.css HTTP/2.0" 200 569 "https://www.lapma.in/" "Mozilla/5.0 (Windows NT 10.0; Win64; x64) AppleWebKit/537.36 (KHTML, like Gecko) Chrome/135.0.0.0 Safari/537.36"
117.206.26.220 - - [28/Jun/2025:07:31:07 +0000] "GET /wp-includes/css/dashicons.min.css?ver=6.8.1 HTTP/2.0" 200 35730 "https://www.lapma.in/" "Mozilla/5.0 (Windows NT 10.0; Win64; x64) AppleWebKit/537.36 (KHTML, like Gecko) Chrome/135.0.0.0 Safari/537.36"
117.206.26.220 - - [28/Jun/2025:07:31:07 +0000] "GET /wp-content/themes/lapma/assets/css/slick-theme.css HTTP/2.0" 200 866 "https://www.lapma.in/" "Mozilla/5.0 (Windows NT 10.0; Win64; x64) AppleWebKit/537.36 (KHTML, like Gecko) Chrome/135.0.0.0 Safari/537.36"
117.206.26.220 - - [28/Jun/2025:07:31:07 +0000] "GET /wp-content/themes/lapma/assets/css/style.css?v=1751095867 HTTP/2.0" 200 15534 "https://www.lapma.in/" "Mozilla/5.0 (Windows NT 10.0; Win64; x64) AppleWebKit/537.36 (KHTML, like Gecko) Chrome/135.0.0.0 Safari/537.36"
117.206.26.220 - - [28/Jun/2025:07:31:07 +0000] "GET /wp-includes/css/dist/block-library/style.min.css?ver=6.8.1 HTTP/2.0" 200 15323 "https://www.lapma.in/" "Mozilla/5.0 (Windows NT 10.0; Win64; x64) AppleWebKit/537.36 (KHTML, like Gecko) Chrome/135.0.0.0 Safari/537.36"
117.206.26.220 - - [28/Jun/2025:07:31:07 +0000] "GET /wp-content/themes/lapma/assets/css/bootstrap.min.css HTTP/2.0" 200 27518 "https://www.lapma.in/" "Mozilla/5.0 (Windows NT 10.0; Win64; x64) AppleWebKit/537.36 (KHTML, like Gecko) Chrome/135.0.0.0 Safari/537.36"
117.206.26.220 - - [28/Jun/2025:07:31:07 +0000] "GET /wp-content/plugins/everest-forms/assets/css/everest-forms.css?ver=3.2.2 HTTP/2.0" 200 11241 "https://www.lapma.in/" "Mozilla/5.0 (Windows NT 10.0; Win64; x64) AppleWebKit/537.36 (KHTML, like Gecko) Chrome/135.0.0.0 Safari/537.36"
117.206.26.220 - - [28/Jun/2025:07:31:07 +0000] "GET /wp-content/plugins/everest-forms/assets/css/intlTelInput.css?ver=3.2.2 HTTP/2.0" 200 4882 "https://www.lapma.in/" "Mozilla/5.0 (Windows NT 10.0; Win64; x64) AppleWebKit/537.36 (KHTML, like Gecko) Chrome/135.0.0.0 Safari/537.36"
117.206.26.220 - - [28/Jun/2025:07:31:07 +0000] "GET /wp-content/plugins/woocommerce/assets/css/woocommerce-layout.css?ver=9.0.1 HTTP/2.0" 200 2573 "https://www.lapma.in/" "Mozilla/5.0 (Windows NT 10.0; Win64; x64) AppleWebKit/537.36 (KHTML, like Gecko) Chrome/135.0.0.0 Safari/537.36"
117.206.26.220 - - [28/Jun/2025:07:31:07 +0000] "GET /wp-content/plugins/woocommerce/assets/css/woocommerce.css?ver=9.0.1 HTTP/2.0" 200 9937 "https://www.lapma.in/" "Mozilla/5.0 (Windows NT 10.0; Win64; x64) AppleWebKit/537.36 (KHTML, like Gecko) Chrome/135.0.0.0 Safari/537.36"
117.206.26.220 - - [28/Jun/2025:07:31:07 +0000] "GET /wp-includes/js/jquery/jquery.min.js?ver=3.7.1 HTTP/2.0" 200 30368 "https://www.lapma.in/" "Mozilla/5.0 (Windows NT 10.0; Win64; x64) AppleWebKit/537.36 (KHTML, like Gecko) Chrome/135.0.0.0 Safari/537.36"
117.206.26.220 - - [28/Jun/2025:07:31:07 +0000] "GET /wp-includes/js/jquery/jquery-migrate.min.js?ver=3.4.1 HTTP/2.0" 200 4872 "https://www.lapma.in/" "Mozilla/5.0 (Windows NT 10.0; Win64; x64) AppleWebKit/537.36 (KHTML, like Gecko) Chrome/135.0.0.0 Safari/537.36"
117.206.26.220 - - [28/Jun/2025:07:31:07 +0000] "GET /wp-content/uploads/2024/04/logo.svg HTTP/2.0" 200 7986 "https://www.lapma.in/" "Mozilla/5.0 (Windows NT 10.0; Win64; x64) AppleWebKit/537.36 (KHTML, like Gecko) Chrome/135.0.0.0 Safari/537.36"
117.206.26.220 - - [28/Jun/2025:07:31:07 +0000] "GET /wp-content/themes/lapma/assets/images/user-icon.svg HTTP/2.0" 200 215 "https://www.lapma.in/" "Mozilla/5.0 (Windows NT 10.0; Win64; x64) AppleWebKit/537.36 (KHTML, like Gecko) Chrome/135.0.0.0 Safari/537.36"
117.206.26.220 - - [28/Jun/2025:07:31:08 +0000] "GET /wp-content/themes/lapma/assets/images/cart-icon.svg HTTP/2.0" 200 1116 "https://www.lapma.in/" "Mozilla/5.0 (Windows NT 10.0; Win64; x64) AppleWebKit/537.36 (KHTML, like Gecko) Chrome/135.0.0.0 Safari/537.36"
117.206.26.220 - - [28/Jun/2025:07:31:08 +0000] "GET /wp-content/themes/lapma/assets/js/bootstrap.min.js HTTP/2.0" 200 16138 "https://www.lapma.in/" "Mozilla/5.0 (Windows NT 10.0; Win64; x64) AppleWebKit/537.36 (KHTML, like Gecko) Chrome/135.0.0.0 Safari/537.36"
117.206.26.220 - - [28/Jun/2025:07:31:08 +0000] "GET /wp-content/themes/lapma/assets/js/jquery-3.7.0.min.js HTTP/2.0" 200 30337 "https://www.lapma.in/" "Mozilla/5.0 (Windows NT 10.0; Win64; x64) AppleWebKit/537.36 (KHTML, like Gecko) Chrome/135.0.0.0 Safari/537.36"
117.206.26.220 - - [28/Jun/2025:07:31:08 +0000] "GET /wp-content/uploads/2024/04/banner-img1.jpg HTTP/2.0" 200 703605 "https://www.lapma.in/" "Mozilla/5.0 (Windows NT 10.0; Win64; x64) AppleWebKit/537.36 (KHTML, like Gecko) Chrome/135.0.0.0 Safari/537.36"
117.206.26.220 - - [28/Jun/2025:07:31:08 +0000] "GET /wp-content/themes/lapma/assets/js/popper.min.js HTTP/2.0" 200 7154 "https://www.lapma.in/" "Mozilla/5.0 (Windows NT 10.0; Win64; x64) AppleWebKit/537.36 (KHTML, like Gecko) Chrome/135.0.0.0 Safari/537.36"
117.206.26.220 - - [28/Jun/2025:07:31:08 +0000] "GET /wp-content/themes/lapma/assets/js/slick.js HTTP/2.0" 200 15071 "https://www.lapma.in/" "Mozilla/5.0 (Windows NT 10.0; Win64; x64) AppleWebKit/537.36 (KHTML, like Gecko) Chrome/135.0.0.0 Safari/537.36"
117.206.26.220 - - [28/Jun/2025:07:31:08 +0000] "GET /wp-content/themes/lapma/assets/js/custom.js?v=1751095867 HTTP/2.0" 200 1314 "https://www.lapma.in/" "Mozilla/5.0 (Windows NT 10.0; Win64; x64) AppleWebKit/537.36 (KHTML, like Gecko) Chrome/135.0.0.0 Safari/537.36"
117.206.26.220 - - [28/Jun/2025:07:31:08 +0000] "GET /wp-content/plugins/woocommerce/assets/js/sourcebuster/sourcebuster.min.js?ver=9.0.1 HTTP/2.0" 200 4807 "https://www.lapma.in/" "Mozilla/5.0 (Windows NT 10.0; Win64; x64) AppleWebKit/537.36 (KHTML, like Gecko) Chrome/135.0.0.0 Safari/537.36"
117.206.26.220 - - [28/Jun/2025:07:31:08 +0000] "GET /wp-content/plugins/woocommerce/assets/js/frontend/order-attribution.min.js?ver=9.0.1 HTTP/2.0" 200 1137 "https://www.lapma.in/" "Mozilla/5.0 (Windows NT 10.0; Win64; x64) AppleWebKit/537.36 (KHTML, like Gecko) Chrome/135.0.0.0 Safari/537.36"
117.206.26.220 - - [28/Jun/2025:07:31:08 +0000] "GET /wp-content/plugins/woocommerce/assets/js/jquery-blockui/jquery.blockUI.min.js?ver=2.7.0-wc.9.0.1 HTTP/2.0" 200 3537 "https://www.lapma.in/" "Mozilla/5.0 (Windows NT 10.0; Win64; x64) AppleWebKit/537.36 (KHTML, like Gecko) Chrome/135.0.0.0 Safari/537.36"
117.206.26.220 - - [28/Jun/2025:07:31:08 +0000] "GET /wp-content/plugins/woocommerce/assets/js/frontend/add-to-cart.min.js?ver=9.0.1 HTTP/2.0" 200 1107 "https://www.lapma.in/" "Mozilla/5.0 (Windows NT 10.0; Win64; x64) AppleWebKit/537.36 (KHTML, like Gecko) Chrome/135.0.0.0 Safari/537.36"
117.206.26.220 - - [28/Jun/2025:07:31:08 +0000] "GET /wp-content/plugins/woocommerce/assets/js/js-cookie/js.cookie.min.js?ver=2.1.4-wc.9.0.1 HTTP/2.0" 200 833 "https://www.lapma.in/" "Mozilla/5.0 (Windows NT 10.0; Win64; x64) AppleWebKit/537.36 (KHTML, like Gecko) Chrome/135.0.0.0 Safari/537.36"
117.206.26.220 - - [28/Jun/2025:07:31:08 +0000] "GET /wp-content/plugins/woocommerce/assets/js/frontend/woocommerce.min.js?ver=9.0.1 HTTP/2.0" 200 948 "https://www.lapma.in/" "Mozilla/5.0 (Windows NT 10.0; Win64; x64) AppleWebKit/537.36 (KHTML, like Gecko) Chrome/135.0.0.0 Safari/537.36"
117.206.26.220 - - [28/Jun/2025:07:31:08 +0000] "GET /wp-content/uploads/2024/05/milk-produt-bg.png HTTP/2.0" 200 108088 "https://www.lapma.in/" "Mozilla/5.0 (Windows NT 10.0; Win64; x64) AppleWebKit/537.36 (KHTML, like Gecko) Chrome/135.0.0.0 Safari/537.36"
117.206.26.220 - - [28/Jun/2025:07:31:08 +0000] "GET /wp-content/uploads/2024/05/live-stock-bg.png HTTP/2.0" 200 159783 "https://www.lapma.in/" "Mozilla/5.0 (Windows NT 10.0; Win64; x64) AppleWebKit/537.36 (KHTML, like Gecko) Chrome/135.0.0.0 Safari/537.36"
117.206.26.220 - - [28/Jun/2025:07:31:08 +0000] "GET /wp-content/uploads/2024/05/egg-product-bg.png HTTP/2.0" 200 70090 "https://www.lapma.in/" "Mozilla/5.0 (Windows NT 10.0; Win64; x64) AppleWebKit/537.36 (KHTML, like Gecko) Chrome/135.0.0.0 Safari/537.36"
117.206.26.220 - - [28/Jun/2025:07:31:08 +0000] "GET /wp-content/uploads/2024/05/fodder-product-bg.png HTTP/2.0" 200 83948 "https://www.lapma.in/" "Mozilla/5.0 (Windows NT 10.0; Win64; x64) AppleWebKit/537.36 (KHTML, like Gecko) Chrome/135.0.0.0 Safari/537.36"
117.206.26.220 - - [28/Jun/2025:07:31:08 +0000] "GET /wp-content/uploads/2024/04/category-img3.png HTTP/2.0" 200 34416 "https://www.lapma.in/" "Mozilla/5.0 (Windows NT 10.0; Win64; x64) AppleWebKit/537.36 (KHTML, like Gecko) Chrome/135.0.0.0 Safari/537.36"
117.206.26.220 - - [28/Jun/2025:07:31:08 +0000] "GET /wp-content/uploads/2024/04/category-img4.png HTTP/2.0" 200 40550 "https://www.lapma.in/" "Mozilla/5.0 (Windows NT 10.0; Win64; x64) AppleWebKit/537.36 (KHTML, like Gecko) Chrome/135.0.0.0 Safari/537.36"
117.206.26.220 - - [28/Jun/2025:07:31:08 +0000] "GET /wp-content/uploads/2024/04/category-img6.png HTTP/2.0" 200 41121 "https://www.lapma.in/" "Mozilla/5.0 (Windows NT 10.0; Win64; x64) AppleWebKit/537.36 (KHTML, like Gecko) Chrome/135.0.0.0 Safari/537.36"
117.206.26.220 - - [28/Jun/2025:07:31:08 +0000] "GET /wp-content/uploads/2024/04/category-img5.png HTTP/2.0" 200 36368 "https://www.lapma.in/" "Mozilla/5.0 (Windows NT 10.0; Win64; x64) AppleWebKit/537.36 (KHTML, like Gecko) Chrome/135.0.0.0 Safari/537.36"
117.206.26.220 - - [28/Jun/2025:07:31:08 +0000] "GET /wp-content/uploads/2024/04/category-img7.png HTTP/2.0" 200 40393 "https://www.lapma.in/" "Mozilla/5.0 (Windows NT 10.0; Win64; x64) AppleWebKit/537.36 (KHTML, like Gecko) Chrome/135.0.0.0 Safari/537.36"
117.206.26.220 - - [28/Jun/2025:07:31:08 +0000] "GET /wp-content/plugins/woocommerce/assets/client/blocks/wc-blocks.css?ver=wc-9.0.1 HTTP/2.0" 200 2556 "https://www.lapma.in/" "Mozilla/5.0 (Windows NT 10.0; Win64; x64) AppleWebKit/537.36 (KHTML, like Gecko) Chrome/135.0.0.0 Safari/537.36"
117.206.26.220 - - [28/Jun/2025:07:31:08 +0000] "GET /wp-content/uploads/2024/04/category-img1.png HTTP/2.0" 200 28277 "https://www.lapma.in/" "Mozilla/5.0 (Windows NT 10.0; Win64; x64) AppleWebKit/537.36 (KHTML, like Gecko) Chrome/135.0.0.0 Safari/537.36"
117.206.26.220 - - [28/Jun/2025:07:31:08 +0000] "GET /wp-content/uploads/2024/04/category-img2.png HTTP/2.0" 200 34785 "https://www.lapma.in/" "Mozilla/5.0 (Windows NT 10.0; Win64; x64) AppleWebKit/537.36 (KHTML, like Gecko) Chrome/135.0.0.0 Safari/537.36"
117.206.26.220 - - [28/Jun/2025:07:31:08 +0000] "GET /wp-content/themes/lapma/assets/images/category-img-noimage.png HTTP/2.0" 200 5020 "https://www.lapma.in/" "Mozilla/5.0 (Windows NT 10.0; Win64; x64) AppleWebKit/537.36 (KHTML, like Gecko) Chrome/135.0.0.0 Safari/537.36"
117.206.26.220 - - [28/Jun/2025:07:31:08 +0000] "GET /wp-content/uploads/2024/11/51755558-75e9-42f4-969c-733e84c041b0.jpg HTTP/2.0" 200 59876 "https://www.lapma.in/" "Mozilla/5.0 (Windows NT 10.0; Win64; x64) AppleWebKit/537.36 (KHTML, like Gecko) Chrome/135.0.0.0 Safari/537.36"
117.206.26.220 - - [28/Jun/2025:07:31:08 +0000] "GET /wp-content/themes/lapma/assets/images/product-img-noimage.jpg HTTP/2.0" 200 10742 "https://www.lapma.in/" "Mozilla/5.0 (Windows NT 10.0; Win64; x64) AppleWebKit/537.36 (KHTML, like Gecko) Chrome/135.0.0.0 Safari/537.36"
117.206.26.220 - - [28/Jun/2025:07:31:08 +0000] "GET /wp-content/uploads/2024/04/product-img1.jpg HTTP/2.0" 200 15663 "https://www.lapma.in/" "Mozilla/5.0 (Windows NT 10.0; Win64; x64) AppleWebKit/537.36 (KHTML, like Gecko) Chrome/135.0.0.0 Safari/537.36"
117.206.26.220 - - [28/Jun/2025:07:31:08 +0000] "GET /wp-content/uploads/2024/05/product-img3.jpg HTTP/2.0" 200 90914 "https://www.lapma.in/" "Mozilla/5.0 (Windows NT 10.0; Win64; x64) AppleWebKit/537.36 (KHTML, like Gecko) Chrome/135.0.0.0 Safari/537.36"
117.206.26.220 - - [28/Jun/2025:07:31:08 +0000] "GET /wp-content/uploads/2024/05/product-img5.jpg HTTP/2.0" 200 53454 "https://www.lapma.in/" "Mozilla/5.0 (Windows NT 10.0; Win64; x64) AppleWebKit/537.36 (KHTML, like Gecko) Chrome/135.0.0.0 Safari/537.36"
117.206.26.220 - - [28/Jun/2025:07:31:08 +0000] "GET /wp-content/uploads/2024/05/product-img17.jpg HTTP/2.0" 200 65481 "https://www.lapma.in/" "Mozilla/5.0 (Windows NT 10.0; Win64; x64) AppleWebKit/537.36 (KHTML, like Gecko) Chrome/135.0.0.0 Safari/537.36"
117.206.26.220 - - [28/Jun/2025:07:31:08 +0000] "GET /wp-content/uploads/2024/05/product-img20.jpg HTTP/2.0" 200 81791 "https://www.lapma.in/" "Mozilla/5.0 (Windows NT 10.0; Win64; x64) AppleWebKit/537.36 (KHTML, like Gecko) Chrome/135.0.0.0 Safari/537.36"
117.206.26.220 - - [28/Jun/2025:07:31:08 +0000] "GET /wp-content/uploads/2024/05/product-img11.jpg HTTP/2.0" 200 39451 "https://www.lapma.in/" "Mozilla/5.0 (Windows NT 10.0; Win64; x64) AppleWebKit/537.36 (KHTML, like Gecko) Chrome/135.0.0.0 Safari/537.36"
117.206.26.220 - - [28/Jun/2025:07:31:08 +0000] "GET /wp-content/uploads/2024/05/product-img16.jpg HTTP/2.0" 200 56076 "https://www.lapma.in/" "Mozilla/5.0 (Windows NT 10.0; Win64; x64) AppleWebKit/537.36 (KHTML, like Gecko) Chrome/135.0.0.0 Safari/537.36"
117.206.26.220 - - [28/Jun/2025:07:31:08 +0000] "GET /wp-content/themes/lapma/assets/images/facebook-icon.svg HTTP/2.0" 200 238 "https://www.lapma.in/" "Mozilla/5.0 (Windows NT 10.0; Win64; x64) AppleWebKit/537.36 (KHTML, like Gecko) Chrome/135.0.0.0 Safari/537.36"
117.206.26.220 - - [28/Jun/2025:07:31:08 +0000] "GET /wp-content/uploads/2024/05/delivery-icon.svg HTTP/2.0" 200 10444 "https://www.lapma.in/" "Mozilla/5.0 (Windows NT 10.0; Win64; x64) AppleWebKit/537.36 (KHTML, like Gecko) Chrome/135.0.0.0 Safari/537.36"
117.206.26.220 - - [28/Jun/2025:07:31:08 +0000] "GET /wp-content/uploads/2024/05/offers-icon.svg HTTP/2.0" 200 24185 "https://www.lapma.in/" "Mozilla/5.0 (Windows NT 10.0; Win64; x64) AppleWebKit/537.36 (KHTML, like Gecko) Chrome/135.0.0.0 Safari/537.36"
117.206.26.220 - - [28/Jun/2025:07:31:08 +0000] "GET /wp-content/themes/lapma/assets/images/instagram-icon.svg HTTP/2.0" 200 1292 "https://www.lapma.in/" "Mozilla/5.0 (Windows NT 10.0; Win64; x64) AppleWebKit/537.36 (KHTML, like Gecko) Chrome/135.0.0.0 Safari/537.36"
117.206.26.220 - - [28/Jun/2025:07:31:08 +0000] "GET /wp-content/themes/lapma/assets/images/x-icon.svg HTTP/2.0" 200 261 "https://www.lapma.in/" "Mozilla/5.0 (Windows NT 10.0; Win64; x64) AppleWebKit/537.36 (KHTML, like Gecko) Chrome/135.0.0.0 Safari/537.36"
117.206.26.220 - - [28/Jun/2025:07:31:08 +0000] "GET /wp-content/themes/lapma/assets/images/search-icon.svg HTTP/2.0" 200 674 "https://www.lapma.in/wp-content/themes/lapma/assets/css/style.css?v=1751095867" "Mozilla/5.0 (Windows NT 10.0; Win64; x64) AppleWebKit/537.36 (KHTML, like Gecko) Chrome/135.0.0.0 Safari/537.36"
117.206.26.220 - - [28/Jun/2025:07:31:08 +0000] "GET /wp-content/plugins/woocommerce/assets/css/woocommerce-smallscreen.css?ver=9.0.1 HTTP/2.0" 200 1181 "https://www.lapma.in/" "Mozilla/5.0 (Windows NT 10.0; Win64; x64) AppleWebKit/537.36 (KHTML, like Gecko) Chrome/135.0.0.0 Safari/537.36"
117.206.26.220 - - [28/Jun/2025:07:31:08 +0000] "GET /wp-content/uploads/2024/05/quality-icon.svg HTTP/2.0" 200 23045 "https://www.lapma.in/" "Mozilla/5.0 (Windows NT 10.0; Win64; x64) AppleWebKit/537.36 (KHTML, like Gecko) Chrome/135.0.0.0 Safari/537.36"
117.206.26.220 - - [28/Jun/2025:07:31:08 +0000] "GET /wp-content/themes/lapma/assets/fonts/SailecLight.woff2 HTTP/2.0" 200 28683 "https://www.lapma.in/wp-content/themes/lapma/assets/css/fonts.css" "Mozilla/5.0 (Windows NT 10.0; Win64; x64) AppleWebKit/537.36 (KHTML, like Gecko) Chrome/135.0.0.0 Safari/537.36"
117.206.26.220 - - [28/Jun/2025:07:31:08 +0000] "GET /wp-content/themes/lapma/assets/fonts/SailecBold.woff2 HTTP/2.0" 200 28963 "https://www.lapma.in/wp-content/themes/lapma/assets/css/fonts.css" "Mozilla/5.0 (Windows NT 10.0; Win64; x64) AppleWebKit/537.36 (KHTML, like Gecko) Chrome/135.0.0.0 Safari/537.36"
117.206.26.220 - - [28/Jun/2025:07:31:08 +0000] "GET /wp-content/themes/lapma/assets/fonts/SailecMedium.woff2 HTTP/2.0" 200 28639 "https://www.lapma.in/wp-content/themes/lapma/assets/css/fonts.css" "Mozilla/5.0 (Windows NT 10.0; Win64; x64) AppleWebKit/537.36 (KHTML, like Gecko) Chrome/135.0.0.0 Safari/537.36"
117.206.26.220 - - [28/Jun/2025:07:31:08 +0000] "GET /wp-includes/js/wp-emoji-release.min.js?ver=6.8.1 HTTP/2.0" 200 5166 "https://www.lapma.in/" "Mozilla/5.0 (Windows NT 10.0; Win64; x64) AppleWebKit/537.36 (KHTML, like Gecko) Chrome/135.0.0.0 Safari/537.36"
117.206.26.220 - - [28/Jun/2025:07:31:08 +0000] "GET /wp-content/themes/lapma/assets/css/ajax-loader.gif HTTP/2.0" 404 7964 "https://www.lapma.in/wp-content/themes/lapma/assets/css/slick-theme.css" "Mozilla/5.0 (Windows NT 10.0; Win64; x64) AppleWebKit/537.36 (KHTML, like Gecko) Chrome/135.0.0.0 Safari/537.36"
117.206.26.220 - - [28/Jun/2025:07:31:08 +0000] "GET /wp-content/themes/lapma/assets/css/fonts/slick.woff HTTP/2.0" 404 7962 "https://www.lapma.in/wp-content/themes/lapma/assets/css/slick-theme.css" "Mozilla/5.0 (Windows NT 10.0; Win64; x64) AppleWebKit/537.36 (KHTML, like Gecko) Chrome/135.0.0.0 Safari/537.36"
117.206.26.220 - - [28/Jun/2025:07:31:10 +0000] "GET /wp-content/themes/lapma/assets/css/fonts/slick.ttf HTTP/2.0" 404 7963 "https://www.lapma.in/wp-content/themes/lapma/assets/css/slick-theme.css" "Mozilla/5.0 (Windows NT 10.0; Win64; x64) AppleWebKit/537.36 (KHTML, like Gecko) Chrome/135.0.0.0 Safari/537.36"
117.206.26.220 - - [28/Jun/2025:07:31:13 +0000] "GET /assets/images/fav.ico HTTP/2.0" 404 7963 "https://www.lapma.in/" "Mozilla/5.0 (Windows NT 10.0; Win64; x64) AppleWebKit/537.36 (KHTML, like Gecko) Chrome/135.0.0.0 Safari/537.36"
117.206.26.220 - - [28/Jun/2025:07:31:19 +0000] "GET /agent-login/ HTTP/2.0" 404 9016 "https://www.lapma.in/" "Mozilla/5.0 (Windows NT 10.0; Win64; x64) AppleWebKit/537.36 (KHTML, like Gecko) Chrome/135.0.0.0 Safari/537.36"
117.206.26.220 - - [28/Jun/2025:07:31:21 +0000] "GET /agent-login/ HTTP/2.0" 404 9016 "https://www.lapma.in/" "Mozilla/5.0 (Windows NT 10.0; Win64; x64) AppleWebKit/537.36 (KHTML, like Gecko) Chrome/135.0.0.0 Safari/537.36"
117.206.26.220 - - [28/Jun/2025:07:31:24 +0000] "GET /wp-content/themes/lapma/assets/js/custom.js?v=1751095884 HTTP/2.0" 200 1314 "https://www.lapma.in/agent-login/" "Mozilla/5.0 (Windows NT 10.0; Win64; x64) AppleWebKit/537.36 (KHTML, like Gecko) Chrome/135.0.0.0 Safari/537.36"
117.206.26.220 - - [28/Jun/2025:07:31:24 +0000] "GET /wp-content/themes/lapma/assets/css/style.css?v=1751095884 HTTP/2.0" 200 15534 "https://www.lapma.in/agent-login/" "Mozilla/5.0 (Windows NT 10.0; Win64; x64) AppleWebKit/537.36 (KHTML, like Gecko) Chrome/135.0.0.0 Safari/537.36"
