103.78.16.194 - - [18/Jun/2025:15:14:47 +0000] "GET /wp-content/plugins/wp-file-manager/js/file_manager_free_shortcode_admin.js?ver=4987 HTTP/2.0" 200 1267 "https://www.lapma.in/wp-admin/admin.php?page=wp_file_manager" "Mozilla/5.0 (Windows NT 10.0; Win64; x64) AppleWebKit/537.36 (KHTML, like Gecko) Chrome/137.0.0.0 Safari/537.36"
103.78.16.194 - - [18/Jun/2025:15:14:47 +0000] "GET /wp-admin/admin-ajax.php?action=mk_file_folder_manager&_wpnonce=83762e27d6&networkhref=&cmd=open&target=l1_d3AtY29udGVudC9wbHVnaW5z&init=1&tree=1&_=1750259686753 HTTP/2.0" 200 1643 "https://www.lapma.in/wp-admin/admin.php?page=wp_file_manager" "Mozilla/5.0 (Windows NT 10.0; Win64; x64) AppleWebKit/537.36 (KHTML, like Gecko) Chrome/137.0.0.0 Safari/537.36"
103.78.16.194 - - [18/Jun/2025:15:14:54 +0000] "GET /wp-admin/admin-ajax.php?action=mk_file_folder_manager&_wpnonce=83762e27d6&networkhref=&cmd=parents&target=l1_d3AtY29udGVudC9wbHVnaW5z&reqid=197839b782bbc HTTP/2.0" 200 1022 "https://www.lapma.in/wp-admin/admin.php?page=wp_file_manager" "Mozilla/5.0 (Windows NT 10.0; Win64; x64) AppleWebKit/537.36 (KHTML, like Gecko) Chrome/137.0.0.0 Safari/537.36"
139.59.17.158 - - [18/Jun/2025:15:18:45 +0000] "POST /wp-cron.php?doing_wp_cron=1750259925.1295909881591796875000 HTTP/1.1" 200 - "-" "WordPress/6.8.1; https://www.lapma.in"
45.124.54.124 - - [18/Jun/2025:15:18:43 +0000] "POST /xmlrpc.php HTTP/1.1" 200 225 "-" "Mozilla/5.0 (X11; Ubuntu; Linux x86_64; rv:85.0) Gecko/20100101 Firefox/91.0"
139.59.17.158 - - [18/Jun/2025:15:53:40 +0000] "POST /wp-cron.php?doing_wp_cron=1750262020.8345830440521240234375 HTTP/1.1" 200 - "-" "WordPress/6.8.1; https://www.lapma.in"
205.185.121.21 - - [18/Jun/2025:15:53:38 +0000] "GET /wp-login.php HTTP/1.1" 200 6067 "-" "Mozilla/5.0 (X11; Ubuntu; Linux i686; rv:31.0) Gecko/20100101 Firefox/31.0"
205.185.121.21 - - [18/Jun/2025:15:53:47 +0000] "POST /wp-login.php HTTP/1.1" 200 6530 "-" "Mozilla/5.0 (X11; Ubuntu; Linux i686; rv:31.0) Gecko/20100101 Firefox/31.0"
139.59.17.158 - - [18/Jun/2025:16:06:26 +0000] "POST /wp-cron.php?doing_wp_cron=1750262786.8117239475250244140625 HTTP/1.1" 200 - "-" "WordPress/6.8.1; https://www.lapma.in"
47.82.60.255 - - [18/Jun/2025:16:06:23 +0000] "GET /product/vigova-broiler-duck/ HTTP/1.1" 404 12584 "https://www.lapma.in/product/vigova-broiler-duck/" "Mozilla/5.0 (Windows NT 10.0; Win64; x64) AppleWebKit/537.36 (KHTML, like Gecko) Chrome/114.0.0.0 Safari/537.36 Edg/114.0.1823.43"
47.82.60.255 - - [18/Jun/2025:16:06:27 +0000] "GET /product/vigova-broiler-duck/ HTTP/1.1" 404 12583 "https://www.lapma.in/product/vigova-broiler-duck/" "Mozilla/5.0 (Windows NT 10.0; Win64; x64) AppleWebKit/537.36 (KHTML, like Gecko) Chrome/114.0.0.0 Safari/537.36 Edg/114.0.1823.43"
47.82.60.255 - - [18/Jun/2025:16:06:30 +0000] "GET /product/vigova-broiler-duck/ HTTP/1.1" 404 12583 "https://www.lapma.in/product/vigova-broiler-duck/" "Mozilla/5.0 (Windows NT 10.0; Win64; x64) AppleWebKit/537.36 (KHTML, like Gecko) Chrome/114.0.0.0 Safari/537.36 Edg/114.0.1823.43"
45.61.187.246 - - [18/Jun/2025:16:07:02 +0000] "GET /wp-login.php HTTP/1.1" 200 6067 "-" "Mozilla/5.0 (Macintosh; Intel Mac OS X 10_10) AppleWebKit/600.1.3 (KHTML, like Gecko) Version/8.0 Safari/600.1.3"
139.59.17.158 - - [18/Jun/2025:16:07:47 +0000] "POST /wp-cron.php?doing_wp_cron=1750262867.7408089637756347656250 HTTP/1.1" 200 - "-" "WordPress/6.8.1; https://www.lapma.in"
45.61.187.246 - - [18/Jun/2025:16:07:45 +0000] "POST /wp-login.php HTTP/1.1" 200 6530 "-" "Mozilla/5.0 (Macintosh; Intel Mac OS X 10_10) AppleWebKit/600.1.3 (KHTML, like Gecko) Version/8.0 Safari/600.1.3"
139.59.17.158 - - [18/Jun/2025:16:08:53 +0000] "POST /wp-cron.php?doing_wp_cron=1750262933.2373828887939453125000 HTTP/1.1" 200 - "-" "WordPress/6.8.1; https://www.lapma.in"
49.164.99.68 - - [18/Jun/2025:16:08:51 +0000] "POST /xmlrpc.php HTTP/1.1" 200 225 "-" "Mozilla/5.0 (X11; Ubuntu; Linux x86_64; rv:85.0) Gecko/20100101 Firefox/91.0"
173.252.107.1 - - [18/Jun/2025:16:15:13 +0000] "GET /wp-content/uploads/woo-product-feed-pro/xml/1htiAhxiwIQYZqJoCOOpNOW7kFTApH5E.xml HTTP/1.1" 200 1463 "-" "facebookexternalhit/1.1 (+http://www.facebook.com/externalhit_uatext.php)"
139.59.17.158 - - [18/Jun/2025:16:58:31 +0000] "POST /wp-cron.php?doing_wp_cron=1750265911.5081629753112792968750 HTTP/1.1" 200 - "-" "WordPress/6.8.1; https://www.lapma.in"
192.250.235.158 - - [18/Jun/2025:16:58:29 +0000] "POST /xmlrpc.php HTTP/1.1" 200 225 "-" "Mozilla/5.0 (X11; Ubuntu; Linux x86_64; rv:85.0) Gecko/20100101 Firefox/91.0"
31.13.115.5 - - [18/Jun/2025:17:14:20 +0000] "GET /wp-content/uploads/woo-product-feed-pro/xml/1htiAhxiwIQYZqJoCOOpNOW7kFTApH5E.xml HTTP/1.1" 200 1463 "-" "facebookexternalhit/1.1 (+http://www.facebook.com/externalhit_uatext.php)"
45.227.253.15 - - [18/Jun/2025:17:16:54 +0000] "GET /index.php/jk HTTP/1.1" 200 59 "-" "Mozilla/5.0 (Windows NT 10.0; Win64; x64) AppleWebKit/537.36 (KHTML, like Gecko) Chrome/82.0.3292.140 Safari/537.36 Edge/18.18761"
139.59.17.158 - - [18/Jun/2025:17:45:14 +0000] "POST /wp-cron.php?doing_wp_cron=1750268714.0847790241241455078125 HTTP/1.1" 200 - "-" "WordPress/6.8.1; https://www.lapma.in"
103.173.66.134 - - [18/Jun/2025:17:45:12 +0000] "POST /xmlrpc.php HTTP/1.1" 200 225 "-" "Mozilla/5.0 (X11; Ubuntu; Linux x86_64; rv:85.0) Gecko/20100101 Firefox/91.0"
173.252.95.4 - - [18/Jun/2025:18:15:07 +0000] "GET /wp-content/uploads/woo-product-feed-pro/xml/1htiAhxiwIQYZqJoCOOpNOW7kFTApH5E.xml HTTP/1.1" 200 1463 "-" "facebookexternalhit/1.1 (+http://www.facebook.com/externalhit_uatext.php)"
139.59.17.158 - - [18/Jun/2025:18:28:28 +0000] "POST /wp-cron.php?doing_wp_cron=1750271308.7260949611663818359375 HTTP/1.1" 200 - "-" "WordPress/6.8.1; https://www.lapma.in"
178.33.137.255 - - [18/Jun/2025:18:28:26 +0000] "POST /xmlrpc.php HTTP/1.1" 200 225 "-" "Mozilla/5.0 (X11; Ubuntu; Linux x86_64; rv:85.0) Gecko/20100101 Firefox/91.0"
139.59.17.158 - - [18/Jun/2025:18:32:35 +0000] "POST /wp-cron.php?doing_wp_cron=1750271555.0091249942779541015625 HTTP/1.1" 200 - "-" "WordPress/6.8.1; https://www.lapma.in"
138.246.253.24 - - [18/Jun/2025:18:32:32 +0000] "GET /robots.txt HTTP/1.1" 301 - "-" "Mozilla/5.0 (Windows NT 10.0; Win64; x64) AppleWebKit/537.36 (KHTML, like Gecko) Chrome/103.0.5060.134 Safari/537.36"
139.59.17.158 - - [18/Jun/2025:18:41:04 +0000] "POST /wp-cron.php?doing_wp_cron=1750272064.5857870578765869140625 HTTP/1.1" 200 - "-" "WordPress/6.8.1; https://www.lapma.in"
141.95.4.134 - - [18/Jun/2025:18:41:01 +0000] "GET /wp-json/custom/v1/ HTTP/2.0" 404 1190 "-" "Mozilla/5.0 (Windows NT 10.0; Win64; x64) AppleWebKit/537.36 (KHTML, like Gecko) Chrome/127.0.0.0 Safari/537.36"
139.59.17.158 - - [18/Jun/2025:18:41:16 +0000] "POST /wp-cron.php?doing_wp_cron=1750272076.5686910152435302734375 HTTP/1.1" 200 - "-" "WordPress/6.8.1; https://www.lapma.in"
141.95.4.134 - - [18/Jun/2025:18:41:14 +0000] "GET /wp-content/plugins/wp-marketing-automations/assets/css/bwfan-public.css HTTP/2.0" 301 - "-" "Mozilla/5.0 (Windows NT 10.0; Win64; x64) AppleWebKit/537.36 (KHTML, like Gecko) Chrome/127.0.0.0 Safari/537.36"
141.95.4.134 - - [18/Jun/2025:18:41:17 +0000] "GET /wp-content/plugins/wp-marketing-automations/assets/css/bwfan-public.css HTTP/2.0" 404 38903 "-" "Mozilla/5.0 (Windows NT 10.0; Win64; x64) AppleWebKit/537.36 (KHTML, like Gecko) Chrome/127.0.0.0 Safari/537.36"
139.59.17.158 - - [18/Jun/2025:18:47:52 +0000] "POST /wp-cron.php?doing_wp_cron=1750272472.8828160762786865234375 HTTP/1.1" 200 - "-" "WordPress/6.8.1; https://www.lapma.in"
45.61.187.191 - - [18/Jun/2025:18:47:51 +0000] "GET /wp-login.php HTTP/1.1" 200 6067 "-" "Mozilla/5.0 (X11; Linux x86_64) AppleWebKit/537.36 (KHTML, like Gecko) Ubuntu Chromium/36.0.1985.125 Chrome/36.0.1985.125 Safari/537.36"
139.59.17.158 - - [18/Jun/2025:18:48:30 +0000] "POST /wp-cron.php?doing_wp_cron=1750272510.6580231189727783203125 HTTP/1.1" 200 - "-" "WordPress/6.8.1; https://www.lapma.in"
45.61.187.191 - - [18/Jun/2025:18:48:28 +0000] "POST /wp-login.php HTTP/1.1" 200 6530 "-" "Mozilla/5.0 (X11; Linux x86_64) AppleWebKit/537.36 (KHTML, like Gecko) Ubuntu Chromium/36.0.1985.125 Chrome/36.0.1985.125 Safari/537.36"
139.59.17.158 - - [18/Jun/2025:19:10:21 +0000] "POST /wp-cron.php?doing_wp_cron=1750273820.9983429908752441406250 HTTP/1.1" 200 - "-" "WordPress/6.8.1; https://www.lapma.in"
68.183.106.79 - - [18/Jun/2025:19:10:19 +0000] "POST /xmlrpc.php HTTP/1.1" 200 225 "-" "Mozilla/5.0 (X11; Ubuntu; Linux x86_64; rv:85.0) Gecko/20100101 Firefox/91.0"
47.82.61.46 - - [18/Jun/2025:19:13:06 +0000] "GET / HTTP/1.1" 301 283 "http://lapma.in" "Mozilla/5.0 (Windows NT 10.0; Win64; x64) AppleWebKit/537.36 (KHTML, like Gecko) Chrome/114.0.0.0 Safari/537.36 Edg/114.0.1823.43"
139.59.17.158 - - [18/Jun/2025:19:13:08 +0000] "POST /wp-cron.php?doing_wp_cron=1750273988.8969790935516357421875 HTTP/1.1" 200 - "-" "WordPress/6.8.1; https://www.lapma.in"
47.82.61.46 - - [18/Jun/2025:19:13:06 +0000] "GET / HTTP/1.1" 301 - "http://lapma.in" "Mozilla/5.0 (Windows NT 10.0; Win64; x64) AppleWebKit/537.36 (KHTML, like Gecko) Chrome/114.0.0.0 Safari/537.36 Edg/114.0.1823.43"
47.82.61.46 - - [18/Jun/2025:19:13:09 +0000] "GET / HTTP/1.1" 301 283 "http://lapma.in" "Mozilla/5.0 (Windows NT 10.0; Win64; x64) AppleWebKit/537.36 (KHTML, like Gecko) Chrome/114.0.0.0 Safari/537.36 Edg/114.0.1823.43"
47.82.61.46 - - [18/Jun/2025:19:13:09 +0000] "GET / HTTP/1.1" 301 - "http://lapma.in" "Mozilla/5.0 (Windows NT 10.0; Win64; x64) AppleWebKit/537.36 (KHTML, like Gecko) Chrome/114.0.0.0 Safari/537.36 Edg/114.0.1823.43"
47.82.61.46 - - [18/Jun/2025:19:13:11 +0000] "GET / HTTP/1.1" 301 283 "http://lapma.in" "Mozilla/5.0 (Windows NT 10.0; Win64; x64) AppleWebKit/537.36 (KHTML, like Gecko) Chrome/114.0.0.0 Safari/537.36 Edg/114.0.1823.43"
47.82.61.46 - - [18/Jun/2025:19:13:11 +0000] "GET / HTTP/1.1" 301 - "http://lapma.in" "Mozilla/5.0 (Windows NT 10.0; Win64; x64) AppleWebKit/537.36 (KHTML, like Gecko) Chrome/114.0.0.0 Safari/537.36 Edg/114.0.1823.43"
31.13.103.5 - - [18/Jun/2025:19:14:36 +0000] "GET /wp-content/uploads/woo-product-feed-pro/xml/1htiAhxiwIQYZqJoCOOpNOW7kFTApH5E.xml HTTP/1.1" 200 1463 "-" "facebookexternalhit/1.1 (+http://www.facebook.com/externalhit_uatext.php)"
139.59.17.158 - - [18/Jun/2025:19:57:33 +0000] "POST /wp-cron.php?doing_wp_cron=1750276653.7547500133514404296875 HTTP/1.1" 200 - "-" "WordPress/6.8.1; https://www.lapma.in"
66.249.79.7 - - [18/Jun/2025:19:57:30 +0000] "GET /robots.txt HTTP/1.1" 404 69 "-" "Mozilla/5.0 (compatible; Googlebot/2.1; +http://www.google.com/bot.html)"
66.249.79.5 - - [18/Jun/2025:19:57:34 +0000] "GET /wp-content/uploads/2024/05/product-img3.jpg HTTP/1.1" 200 90914 "-" "Googlebot-Image/1.0"
139.59.17.158 - - [18/Jun/2025:19:58:28 +0000] "POST /wp-cron.php?doing_wp_cron=1750276708.6803610324859619140625 HTTP/1.1" 200 - "-" "WordPress/6.8.1; https://www.lapma.in"
103.97.126.116 - - [18/Jun/2025:19:58:26 +0000] "POST /xmlrpc.php HTTP/1.1" 200 225 "-" "Mozilla/5.0 (X11; Ubuntu; Linux x86_64; rv:85.0) Gecko/20100101 Firefox/91.0"
45.227.253.15 - - [18/Jun/2025:19:59:15 +0000] "GET /324921/324921/index.php?ARRAY=7o2230223n313735303238303434382p2231223n22687474703n5p2s5p2s3230342r31322r3233382r37345p2s3s6p633q7068705s636s64655s6n6326743q313735303237363834382q6661663763313832383732363039666465336431656332656531636261646365222p2232223n226632363635306563383537633837396563633133373337393464396362623537222p2233223n226638613531633563383166656138353739393038393634373032363437643264222p2262696r675s70617373223n2232392q34392q35312q36362q37332q38332q3135227q HTTP/1.1" 200 259 "-" "Mozilla/5.0 (iPhone; CPU iPhone OS 10_3 like Mac OS X) AppleWebKit/605.1.15 (KHTML, like Gecko) Version/10.0.4 Mobile/15E148 Safari/604.1"
139.59.17.158 - - [18/Jun/2025:20:07:33 +0000] "POST /wp-cron.php?doing_wp_cron=1750277253.6358919143676757812500 HTTP/1.1" 200 - "-" "WordPress/6.8.1; https://www.lapma.in"
159.203.78.188 - - [18/Jun/2025:20:07:31 +0000] "GET / HTTP/2.0" 404 10006 "-" "Mozilla/5.0 (Macintosh; Intel Mac OS X 10_15_7) AppleWebKit/537.36 (KHTML, like Gecko) Chrome/136.0.0.0 Safari/537.36"
69.171.231.10 - - [18/Jun/2025:20:15:12 +0000] "GET /wp-content/uploads/woo-product-feed-pro/xml/1htiAhxiwIQYZqJoCOOpNOW7kFTApH5E.xml HTTP/1.1" 200 1463 "-" "facebookexternalhit/1.1 (+http://www.facebook.com/externalhit_uatext.php)"
66.249.79.5 - - [18/Jun/2025:20:35:24 +0000] "GET /wp-content/uploads/2024/05/product-img16.jpg HTTP/1.1" 200 56076 "-" "Googlebot-Image/1.0"
139.59.17.158 - - [18/Jun/2025:20:51:01 +0000] "POST /wp-cron.php?doing_wp_cron=1750279861.8691329956054687500000 HTTP/1.1" 200 - "-" "WordPress/6.8.1; https://www.lapma.in"
5.161.193.187 - - [18/Jun/2025:20:50:58 +0000] "POST /xmlrpc.php HTTP/1.1" 200 225 "-" "Mozilla/5.0 (X11; Ubuntu; Linux x86_64; rv:85.0) Gecko/20100101 Firefox/91.0"
66.249.79.6 - - [18/Jun/2025:20:57:30 +0000] "GET /wp-content/uploads/2024/05/product-img11.jpg HTTP/1.1" 200 39451 "-" "Googlebot-Image/1.0"
31.13.115.6 - - [18/Jun/2025:21:14:34 +0000] "GET /wp-content/uploads/woo-product-feed-pro/xml/1htiAhxiwIQYZqJoCOOpNOW7kFTApH5E.xml HTTP/1.1" 200 1463 "-" "facebookexternalhit/1.1 (+http://www.facebook.com/externalhit_uatext.php)"
45.227.253.15 - - [18/Jun/2025:21:43:42 +0000] "GET /index.php/jk HTTP/1.1" 200 59 "-" "Mozilla/5.0 (Macintosh; Intel Mac OS X 10.15; rv:103.0) Gecko/20100101 Firefox/101.0"
139.59.17.158 - - [18/Jun/2025:21:48:28 +0000] "POST /wp-cron.php?doing_wp_cron=1750283308.7564818859100341796875 HTTP/1.1" 200 - "-" "WordPress/6.8.1; https://www.lapma.in"
104.236.228.28 - - [18/Jun/2025:21:48:26 +0000] "POST /xmlrpc.php HTTP/1.1" 200 225 "-" "Mozilla/5.0 (X11; Ubuntu; Linux x86_64; rv:85.0) Gecko/20100101 Firefox/91.0"
173.252.83.23 - - [18/Jun/2025:22:15:55 +0000] "GET /wp-content/uploads/woo-product-feed-pro/xml/1htiAhxiwIQYZqJoCOOpNOW7kFTApH5E.xml HTTP/1.1" 200 1463 "-" "facebookexternalhit/1.1 (+http://www.facebook.com/externalhit_uatext.php)"
139.59.17.158 - - [18/Jun/2025:22:51:55 +0000] "POST /wp-cron.php?doing_wp_cron=1750287115.2641470432281494140625 HTTP/1.1" 200 - "-" "WordPress/6.8.1; https://www.lapma.in"
13.41.189.160 - - [18/Jun/2025:22:51:53 +0000] "POST /xmlrpc.php HTTP/1.1" 200 225 "-" "Mozilla/5.0 (X11; Ubuntu; Linux x86_64; rv:85.0) Gecko/20100101 Firefox/91.0"
69.171.249.10 - - [18/Jun/2025:23:15:36 +0000] "GET /wp-content/uploads/woo-product-feed-pro/xml/1htiAhxiwIQYZqJoCOOpNOW7kFTApH5E.xml HTTP/1.1" 200 1463 "-" "facebookexternalhit/1.1 (+http://www.facebook.com/externalhit_uatext.php)"
47.82.61.25 - - [18/Jun/2025:23:18:32 +0000] "GET / HTTP/1.1" 301 291 "http://www.lapma.in" "Mozilla/5.0 (Windows NT 10.0; Win64; x64) AppleWebKit/537.36 (KHTML, like Gecko) Chrome/114.0.0.0 Safari/537.36 Edg/114.0.1823.43"
139.59.17.158 - - [18/Jun/2025:23:18:34 +0000] "POST /wp-cron.php?doing_wp_cron=1750288714.5653190612792968750000 HTTP/1.1" 200 - "-" "WordPress/6.8.1; https://www.lapma.in"
47.82.61.25 - - [18/Jun/2025:23:18:32 +0000] "GET / HTTP/1.1" 404 10006 "http://www.lapma.in" "Mozilla/5.0 (Windows NT 10.0; Win64; x64) AppleWebKit/537.36 (KHTML, like Gecko) Chrome/114.0.0.0 Safari/537.36 Edg/114.0.1823.43"
47.82.61.25 - - [18/Jun/2025:23:18:34 +0000] "GET / HTTP/1.1" 301 291 "http://www.lapma.in" "Mozilla/5.0 (Windows NT 10.0; Win64; x64) AppleWebKit/537.36 (KHTML, like Gecko) Chrome/114.0.0.0 Safari/537.36 Edg/114.0.1823.43"
47.82.61.25 - - [18/Jun/2025:23:18:35 +0000] "GET / HTTP/1.1" 404 10006 "http://www.lapma.in" "Mozilla/5.0 (Windows NT 10.0; Win64; x64) AppleWebKit/537.36 (KHTML, like Gecko) Chrome/114.0.0.0 Safari/537.36 Edg/114.0.1823.43"
47.82.61.25 - - [18/Jun/2025:23:18:37 +0000] "GET / HTTP/1.1" 301 291 "http://www.lapma.in" "Mozilla/5.0 (Windows NT 10.0; Win64; x64) AppleWebKit/537.36 (KHTML, like Gecko) Chrome/114.0.0.0 Safari/537.36 Edg/114.0.1823.43"
47.82.61.25 - - [18/Jun/2025:23:18:37 +0000] "GET / HTTP/1.1" 404 10006 "http://www.lapma.in" "Mozilla/5.0 (Windows NT 10.0; Win64; x64) AppleWebKit/537.36 (KHTML, like Gecko) Chrome/114.0.0.0 Safari/537.36 Edg/114.0.1823.43"
66.249.79.5 - - [18/Jun/2025:23:27:30 +0000] "GET /wp-content/uploads/2024/04/product-img2.jpg HTTP/1.1" 200 44779 "-" "Googlebot-Image/1.0"
139.59.17.158 - - [18/Jun/2025:23:58:06 +0000] "POST /wp-cron.php?doing_wp_cron=1750291086.7560629844665527343750 HTTP/1.1" 200 - "-" "WordPress/6.8.1; https://www.lapma.in"
205.185.127.84 - - [18/Jun/2025:23:58:05 +0000] "GET /wp-login.php HTTP/1.1" 200 6067 "-" "Mozilla/5.0 (X11; Linux x86_64) AppleWebKit/537.36 (KHTML, like Gecko) Chrome/35.0.1916.153 Safari/537.36"
139.59.17.158 - - [18/Jun/2025:23:58:47 +0000] "POST /wp-cron.php?doing_wp_cron=1750291127.6496629714965820312500 HTTP/1.1" 200 - "-" "WordPress/6.8.1; https://www.lapma.in"
205.185.127.84 - - [18/Jun/2025:23:58:46 +0000] "POST /wp-login.php HTTP/1.1" 200 6530 "-" "Mozilla/5.0 (X11; Linux x86_64) AppleWebKit/537.36 (KHTML, like Gecko) Chrome/35.0.1916.153 Safari/537.36"
139.59.17.158 - - [19/Jun/2025:00:03:12 +0000] "POST /wp-cron.php?doing_wp_cron=1750291392.7658760547637939453125 HTTP/1.1" 200 - "-" "WordPress/6.8.1; https://www.lapma.in"
104.236.228.28 - - [19/Jun/2025:00:03:10 +0000] "POST /xmlrpc.php HTTP/1.1" 200 225 "-" "Mozilla/5.0 (X11; Ubuntu; Linux x86_64; rv:85.0) Gecko/20100101 Firefox/91.0"
45.227.253.15 - - [19/Jun/2025:00:13:19 +0000] "GET /index.php/jk HTTP/1.1" 200 59 "-" "Mozilla/5.0 (iPad; U; CPU OS 4_1_3 like Mac OS X; ja) AppleWebKit/533.17.9 (KHTML, like Gecko) Version/5.0.2 Mobile/8J2 Safari/6533.18.5"
173.252.95.112 - - [19/Jun/2025:00:14:03 +0000] "GET /wp-content/uploads/woo-product-feed-pro/xml/1htiAhxiwIQYZqJoCOOpNOW7kFTApH5E.xml HTTP/1.1" 200 1463 "-" "facebookexternalhit/1.1 (+http://www.facebook.com/externalhit_uatext.php)"
139.59.17.158 - - [19/Jun/2025:00:15:44 +0000] "POST /wp-cron.php?doing_wp_cron=1750292144.0612559318542480468750 HTTP/1.1" 200 - "-" "WordPress/6.8.1; https://www.lapma.in"
154.205.155.39 - - [19/Jun/2025:00:15:41 +0000] "GET / HTTP/1.1" 404 10005 "-" "Mozilla/5.0 (Windows NT 10.0; Win64; x64) AppleWebKit/537.36 (KHTML, like Gecko) Chrome/137.0.0.0 Safari/537.36 Edg/137.0.0.0"
154.205.155.39 - - [19/Jun/2025:00:15:43 +0000] "POST /?connector=bridge HTTP/1.1" 404 10005 "-" "Mozilla/5.0 (Macintosh; Intel Mac OS X 10_15_7) AppleWebKit/605.1.15 (KHTML, like Gecko) Version/16.2 Mobile/15E148 Safari/604.1"
154.205.155.39 - - [19/Jun/2025:00:15:45 +0000] "GET /wp-content/uploads/2025/06/hweywc.php HTTP/1.1" 404 7963 "-" "Mozilla/5.0 (Windows NT 10.0; Win64; x64) AppleWebKit/537.36 (KHTML, like Gecko) Chrome/137.0.0.0 Safari/537.36 Edg/137.0.0.0"
154.205.155.39 - - [19/Jun/2025:00:15:46 +0000] "GET /RjZthb.php HTTP/1.1" 404 7962 "-" "Mozilla/5.0 (Ubuntu; Linux i686; rv:121.0) Gecko/20100101 Firefox/121.0"
17.241.75.203 - - [19/Jun/2025:00:22:03 +0000] "GET /robots.txt HTTP/1.1" 301 293 "-" "Mozilla/5.0 (Macintosh; Intel Mac OS X 10_15_7) AppleWebKit/605.1.15 (KHTML, like Gecko) Version/17.4 Safari/605.1.15 (Applebot/0.1; +http://www.apple.com/go/applebot)"
139.59.17.158 - - [19/Jun/2025:00:22:07 +0000] "POST /wp-cron.php?doing_wp_cron=1750292527.3679430484771728515625 HTTP/1.1" 200 - "-" "WordPress/6.8.1; https://www.lapma.in"
17.241.219.252 - - [19/Jun/2025:00:22:05 +0000] "GET /robots.txt HTTP/1.1" 301 - "-" "Mozilla/5.0 (Macintosh; Intel Mac OS X 10_15_7) AppleWebKit/605.1.15 (KHTML, like Gecko) Version/17.4 Safari/605.1.15 (Applebot/0.1; +http://www.apple.com/go/applebot)"
17.241.227.50 - - [19/Jun/2025:00:22:08 +0000] "GET /robots.txt HTTP/1.1" 404 69 "-" "Mozilla/5.0 (Macintosh; Intel Mac OS X 10_15_7) AppleWebKit/605.1.15 (KHTML, like Gecko) Version/17.4 Safari/605.1.15 (Applebot/0.1; +http://www.apple.com/go/applebot)"
17.241.227.246 - - [19/Jun/2025:00:22:12 +0000] "GET / HTTP/1.1" 301 283 "-" "Mozilla/5.0 (Macintosh; Intel Mac OS X 10_15_7) AppleWebKit/605.1.15 (KHTML, like Gecko) Version/17.4 Safari/605.1.15 (Applebot/0.1; +http://www.apple.com/go/applebot)"
17.241.75.89 - - [19/Jun/2025:00:22:13 +0000] "GET / HTTP/1.1" 301 - "-" "Mozilla/5.0 (Macintosh; Intel Mac OS X 10_15_7) AppleWebKit/605.1.15 (KHTML, like Gecko) Version/17.4 Safari/605.1.15 (Applebot/0.1; +http://www.apple.com/go/applebot)"
17.241.219.192 - - [19/Jun/2025:00:22:17 +0000] "GET / HTTP/1.1" 404 10006 "-" "Mozilla/5.0 (Macintosh; Intel Mac OS X 10_15_7) AppleWebKit/605.1.15 (KHTML, like Gecko) Version/17.4 Safari/605.1.15 (Applebot/0.1; +http://www.apple.com/go/applebot)"
31.13.115.2 - - [19/Jun/2025:01:14:22 +0000] "GET /wp-content/uploads/woo-product-feed-pro/xml/1htiAhxiwIQYZqJoCOOpNOW7kFTApH5E.xml HTTP/1.1" 200 1463 "-" "facebookexternalhit/1.1 (+http://www.facebook.com/externalhit_uatext.php)"
139.59.17.158 - - [19/Jun/2025:01:22:36 +0000] "POST /wp-cron.php?doing_wp_cron=1750296156.7679181098937988281250 HTTP/1.1" 200 - "-" "WordPress/6.8.1; https://www.lapma.in"
50.30.32.22 - - [19/Jun/2025:01:22:34 +0000] "POST /xmlrpc.php HTTP/1.1" 200 225 "-" "Mozilla/5.0 (X11; Ubuntu; Linux x86_64; rv:85.0) Gecko/20100101 Firefox/91.0"
139.59.17.158 - - [19/Jun/2025:01:32:46 +0000] "POST /wp-cron.php?doing_wp_cron=1750296766.2348918914794921875000 HTTP/1.1" 200 - "-" "WordPress/6.8.1; https://www.lapma.in"
205.185.120.167 - - [19/Jun/2025:01:32:44 +0000] "GET /wp-login.php HTTP/1.1" 200 6067 "-" "Mozilla/5.0 (X11; Linux i686) AppleWebKit/537.36 (KHTML, like Gecko) Chrome/36.0.1985.125 Safari/537.36"
139.59.17.158 - - [19/Jun/2025:01:33:19 +0000] "POST /wp-cron.php?doing_wp_cron=1750296799.4345870018005371093750 HTTP/1.1" 200 - "-" "WordPress/6.8.1; https://www.lapma.in"
205.185.120.167 - - [19/Jun/2025:01:33:17 +0000] "POST /wp-login.php HTTP/1.1" 200 6530 "-" "Mozilla/5.0 (X11; Linux i686) AppleWebKit/537.36 (KHTML, like Gecko) Chrome/36.0.1985.125 Safari/537.36"
17.241.75.20 - - [19/Jun/2025:01:41:44 +0000] "GET /robots.txt HTTP/1.1" 301 301 "-" "Mozilla/5.0 (Macintosh; Intel Mac OS X 10_15_7) AppleWebKit/605.1.15 (KHTML, like Gecko) Version/17.4 Safari/605.1.15 (Applebot/0.1; +http://www.apple.com/go/applebot)"
17.241.75.244 - - [19/Jun/2025:01:41:45 +0000] "GET / HTTP/1.1" 301 291 "-" "Mozilla/5.0 (Macintosh; Intel Mac OS X 10_15_7) AppleWebKit/605.1.15 (KHTML, like Gecko) Version/17.4 Safari/605.1.15 (Applebot/0.1; +http://www.apple.com/go/applebot)"
31.13.127.11 - - [19/Jun/2025:02:14:05 +0000] "GET /wp-content/uploads/woo-product-feed-pro/xml/1htiAhxiwIQYZqJoCOOpNOW7kFTApH5E.xml HTTP/1.1" 200 1463 "-" "facebookexternalhit/1.1 (+http://www.facebook.com/externalhit_uatext.php)"
45.227.253.15 - - [19/Jun/2025:02:55:23 +0000] "GET /phpMyAdmin/vendor/thecodingmachine/safe/deprecated/Exceptions/Exceptions/index.php?ARRAY=7o2230223n313735303330353431362p2231223n22687474703n5p2s5p2s3230342r31322r3233382r37345p2s3s6p633q7068705s636s64655s6n6326743q313735303330313831362q6235633631643363323764633733616530363232653631313938313439623832222p2232223n223031393535333637616137316337303661633962316532393561623737313230222p2233223n226630633834306462643437326464376133373338326237636638383235333233222p2262696r675s70617373223n2231392q34372q35382q36322q38302q38362q3232227q HTTP/1.1" 200 289 "-" "Mozilla/5.0 (Windows NT 10.0; Win64; x64) AppleWebKit/537.36 (KHTML, like Gecko) Chrome/77.0.3760. Safari/537.36 Edg/77.0.141.7"
139.59.17.158 - - [19/Jun/2025:02:55:49 +0000] "POST /wp-cron.php?doing_wp_cron=1750301749.2525091171264648437500 HTTP/1.1" 200 - "-" "WordPress/6.8.1; https://www.lapma.in"
62.169.20.37 - - [19/Jun/2025:02:55:47 +0000] "POST /xmlrpc.php HTTP/1.1" 200 225 "-" "Mozilla/5.0 (X11; Ubuntu; Linux x86_64; rv:85.0) Gecko/20100101 Firefox/91.0"
31.13.127.114 - - [19/Jun/2025:03:14:03 +0000] "GET /wp-content/uploads/woo-product-feed-pro/xml/1htiAhxiwIQYZqJoCOOpNOW7kFTApH5E.xml HTTP/1.1" 200 1463 "-" "facebookexternalhit/1.1 (+http://www.facebook.com/externalhit_uatext.php)"
45.227.253.15 - - [19/Jun/2025:04:03:53 +0000] "GET /index.php/jk HTTP/1.1" 200 59 "-" "Mozilla/5.0 (iPad; U; CPU OS 4_2_1 like Mac OS X; ja) AppleWebKit/533.17.9 (KHTML, like Gecko) Version/5.0.2 Mobile/8C148 Safari/6533.18.5"
173.252.83.5 - - [19/Jun/2025:04:15:10 +0000] "GET /wp-content/uploads/woo-product-feed-pro/xml/1htiAhxiwIQYZqJoCOOpNOW7kFTApH5E.xml HTTP/1.1" 200 1463 "-" "facebookexternalhit/1.1 (+http://www.facebook.com/externalhit_uatext.php)"
139.59.17.158 - - [19/Jun/2025:04:31:43 +0000] "POST /wp-cron.php?doing_wp_cron=1750307503.5749979019165039062500 HTTP/1.1" 200 - "-" "WordPress/6.8.1; https://www.lapma.in"
52.112.125.9 - - [19/Jun/2025:04:31:21 +0000] "GET / HTTP/1.1" 200 10002 "-" "Mozilla/5.0 (Windows NT 6.1; WOW64) SkypeUriPreview Preview/0.5 [email protected]"
52.112.125.9 - - [19/Jun/2025:04:31:24 +0000] "GET /thank-you HTTP/1.1" 301 - "-" "Mozilla/5.0 (Windows NT 6.1; WOW64) SkypeUriPreview Preview/0.5 [email protected]"
52.112.125.9 - - [19/Jun/2025:04:31:44 +0000] "GET /wp-json/oembed/1.0/embed?url=https%3A%2F%2Fwww.lapma.in%2F HTTP/1.1" 200 1063 "-" "Mozilla/5.0 (Windows NT 6.1; WOW64) SkypeUriPreview Preview/0.5 [email protected]"
139.59.17.158 - - [19/Jun/2025:04:32:09 +0000] "POST /wp-cron.php?doing_wp_cron=1750307529.8271770477294921875000 HTTP/1.1" 200 - "-" "WordPress/6.8.1; https://www.lapma.in"
52.112.125.9 - - [19/Jun/2025:04:31:47 +0000] "GET /thank-you/ HTTP/1.1" 200 7944 "-" "Mozilla/5.0 (Windows NT 6.1; WOW64) SkypeUriPreview Preview/0.5 [email protected]"
139.59.17.158 - - [19/Jun/2025:04:33:42 +0000] "POST /wp-cron.php?doing_wp_cron=1750307622.1614329814910888671875 HTTP/1.1" 200 - "-" "WordPress/6.8.1; https://www.lapma.in"
117.206.66.99 - - [19/Jun/2025:04:33:19 +0000] "POST /wp-json/jwt-auth/v1/token HTTP/1.1" 200 309 "-" "Dart/3.6 (dart:io)"
117.206.66.99 - - [19/Jun/2025:04:33:43 +0000] "GET / HTTP/2.0" 200 - "-" "Mozilla/5.0 (Windows NT 10.0; Win64; x64) AppleWebKit/537.36 (KHTML, like Gecko) Chrome/137.0.0.0 Safari/537.36"
139.59.17.158 - - [19/Jun/2025:04:34:07 +0000] "POST /wp-cron.php?doing_wp_cron=1750307647.1449038982391357421875 HTTP/1.1" 200 - "-" "WordPress/6.8.1; https://www.lapma.in"
117.206.66.99 - - [19/Jun/2025:04:33:43 +0000] "GET /wp-json/wc/v3/products?consumer_key=ck_0f34dd898cafb797b88cbfdf555d0bee59043410&consumer_secret=cs_352434f91cd6d44fec82238e32c205a2949fd29f&page=1&per_page=10 HTTP/1.1" 200 3811 "-" "Dart/3.6 (dart:io)"
117.206.66.99 - - [19/Jun/2025:04:34:08 +0000] "GET /wp-content/uploads/2024/05/product-img20.jpg HTTP/1.1" 200 81791 "-" "Dart/3.6 (dart:io)"
117.206.66.99 - - [19/Jun/2025:04:34:08 +0000] "GET /wp-content/uploads/2024/11/51755558-75e9-42f4-969c-733e84c041b0.jpg HTTP/1.1" 200 59876 "-" "Dart/3.6 (dart:io)"
117.206.66.99 - - [19/Jun/2025:04:33:43 +0000] "GET /wp-json/wc/v3/products/categories?consumer_key=ck_0f34dd898cafb797b88cbfdf555d0bee59043410&consumer_secret=cs_352434f91cd6d44fec82238e32c205a2949fd29f&page=1&per_page=10 HTTP/1.1" 200 775 "-" "Dart/3.6 (dart:io)"
117.206.66.99 - - [19/Jun/2025:04:34:08 +0000] "GET /wp-content/uploads/2024/04/category-img7.png HTTP/1.1" 200 40393 "-" "Dart/3.6 (dart:io)"
117.206.66.99 - - [19/Jun/2025:04:34:08 +0000] "GET /wp-content/uploads/2024/04/category-img2.png HTTP/1.1" 200 34785 "-" "Dart/3.6 (dart:io)"
117.206.66.99 - - [19/Jun/2025:04:34:08 +0000] "GET /wp-content/uploads/2024/04/category-img6.png HTTP/1.1" 200 41121 "-" "Dart/3.6 (dart:io)"
117.206.66.99 - - [19/Jun/2025:04:34:08 +0000] "GET /wp-content/uploads/2024/04/category-img5.png HTTP/1.1" 200 36368 "-" "Dart/3.6 (dart:io)"
117.206.66.99 - - [19/Jun/2025:04:34:08 +0000] "GET /wp-content/uploads/2024/04/category-img4.png HTTP/1.1" 200 40550 "-" "Dart/3.6 (dart:io)"
117.206.66.99 - - [19/Jun/2025:04:33:43 +0000] "GET /wp-json/wc/v3/products?consumer_key=ck_0f34dd898cafb797b88cbfdf555d0bee59043410&consumer_secret=cs_352434f91cd6d44fec82238e32c205a2949fd29f&page=1&per_page=50 HTTP/1.1" 200 4350 "-" "Dart/3.6 (dart:io)"
117.206.66.99 - - [19/Jun/2025:04:34:09 +0000] "GET /wp-content/uploads/2024/05/product-img11.jpg HTTP/1.1" 200 39451 "-" "Dart/3.6 (dart:io)"
117.206.66.99 - - [19/Jun/2025:04:34:09 +0000] "GET /wp-content/uploads/2024/05/product-img17.jpg HTTP/1.1" 200 65481 "-" "Dart/3.6 (dart:io)"
117.206.66.99 - - [19/Jun/2025:04:34:08 +0000] "GET /wp-admin/ HTTP/2.0" 302 - "-" "Mozilla/5.0 (Windows NT 10.0; Win64; x64) AppleWebKit/537.36 (KHTML, like Gecko) Chrome/137.0.0.0 Safari/537.36"
117.206.66.99 - - [19/Jun/2025:04:34:11 +0000] "GET /wp-login.php?redirect_to=https%3A%2F%2Fwww.lapma.in%2Fwp-admin%2F&reauth=1 HTTP/2.0" 200 - "-" "Mozilla/5.0 (Windows NT 10.0; Win64; x64) AppleWebKit/537.36 (KHTML, like Gecko) Chrome/137.0.0.0 Safari/537.36"
117.206.66.99 - - [19/Jun/2025:04:34:12 +0000] "GET /wp-admin/ HTTP/2.0" 302 - "-" "Mozilla/5.0 (Windows NT 10.0; Win64; x64) AppleWebKit/537.36 (KHTML, like Gecko) Chrome/137.0.0.0 Safari/537.36"
117.206.66.99 - - [19/Jun/2025:04:34:14 +0000] "GET /wp-login.php?redirect_to=https%3A%2F%2Fwww.lapma.in%2Fwp-admin%2F&reauth=1 HTTP/2.0" 200 1928 "-" "Mozilla/5.0 (Windows NT 10.0; Win64; x64) AppleWebKit/537.36 (KHTML, like Gecko) Chrome/137.0.0.0 Safari/537.36"
117.206.66.99 - - [19/Jun/2025:04:34:17 +0000] "GET /wp-json/custom/v1/wc-nonce HTTP/1.1" 200 68 "-" "Dart/3.6 (dart:io)"
117.206.66.99 - - [19/Jun/2025:04:34:40 +0000] "GET /wp-json/wc/store/v1/cart HTTP/1.1" 200 1600 "-" "Dart/3.6 (dart:io)"
117.206.66.99 - - [19/Jun/2025:04:35:09 +0000] "GET /wp-content/uploads/2024/04/product-img1.jpg HTTP/1.1" 200 15663 "-" "Dart/3.6 (dart:io)"
139.59.17.158 - - [19/Jun/2025:04:35:31 +0000] "POST /wp-cron.php?doing_wp_cron=1750307731.2215800285339355468750 HTTP/1.1" 200 - "-" "WordPress/6.8.1; https://www.lapma.in"
117.206.66.99 - - [19/Jun/2025:04:35:09 +0000] "GET /wp-json/wp/v2/districtlist HTTP/1.1" 200 609 "-" "Dart/3.6 (dart:io)"
117.206.66.99 - - [19/Jun/2025:04:35:32 +0000] "GET /wp-json/wp/v2/panchyathdata?districtlist=40 HTTP/1.1" 200 1045 "-" "Dart/3.6 (dart:io)"
139.59.17.158 - - [19/Jun/2025:04:36:47 +0000] "POST /wp-cron.php?doing_wp_cron=1750307807.1720581054687500000000 HTTP/1.1" 200 - "-" "WordPress/6.8.1; https://www.lapma.in"
117.206.66.99 - - [19/Jun/2025:04:36:25 +0000] "POST /wp-json/wc/v3/orders HTTP/1.1" 201 1079 "-" "Dart/3.6 (dart:io)"
139.59.17.158 - - [19/Jun/2025:04:37:15 +0000] "POST /wp-cron.php?doing_wp_cron=1750307835.3025081157684326171875 HTTP/1.1" 200 - "-" "WordPress/6.8.1; https://www.lapma.in"
117.206.66.99 - - [19/Jun/2025:04:36:53 +0000] "GET /wp-json/wc/v3/orders/1769 HTTP/1.1" 200 1079 "-" "Dart/3.6 (dart:io)"
117.206.66.99 - - [19/Jun/2025:04:37:36 +0000] "POST /wp-json/wc/v3/orders HTTP/1.1" 201 1077 "-" "Dart/3.6 (dart:io)"
139.59.17.158 - - [19/Jun/2025:04:38:25 +0000] "POST /wp-cron.php?doing_wp_cron=1750307905.4694490432739257812500 HTTP/1.1" 200 - "-" "WordPress/6.8.1; https://www.lapma.in"
117.206.66.99 - - [19/Jun/2025:04:38:03 +0000] "GET /wp-json/wc/v3/orders/1770 HTTP/1.1" 200 1077 "-" "Dart/3.6 (dart:io)"
139.59.17.158 - - [19/Jun/2025:04:38:46 +0000] "POST /wp-cron.php?doing_wp_cron=1750307926.1305899620056152343750 HTTP/1.1" 200 - "-" "WordPress/6.8.1; https://www.lapma.in"
117.206.66.99 - - [19/Jun/2025:04:38:26 +0000] "POST /api/verify-razorpay-payment HTTP/1.1" 404 7868 "-" "Dart/3.6 (dart:io)"
117.206.66.99 - - [19/Jun/2025:04:38:24 +0000] "POST /wp-json/wc/v3/orders HTTP/1.1" 201 1082 "-" "Dart/3.6 (dart:io)"
139.59.17.158 - - [19/Jun/2025:04:39:14 +0000] "POST /wp-cron.php?doing_wp_cron=1750307954.1770489215850830078125 HTTP/1.1" 200 - "-" "WordPress/6.8.1; https://www.lapma.in"
117.206.66.99 - - [19/Jun/2025:04:38:52 +0000] "GET /wp-json/wc/v3/orders/1771 HTTP/1.1" 200 1082 "-" "Dart/3.6 (dart:io)"
139.59.17.158 - - [19/Jun/2025:04:40:39 +0000] "POST /wp-cron.php?doing_wp_cron=1750308039.1618189811706542968750 HTTP/1.1" 200 - "-" "WordPress/6.8.1; https://www.lapma.in"
117.206.66.99 - - [19/Jun/2025:04:40:36 +0000] "POST /wp-json/wc/v3/orders HTTP/1.1" 201 1076 "-" "Dart/3.6 (dart:io)"
117.206.66.99 - - [19/Jun/2025:04:40:44 +0000] "GET /wp-json/wc/v3/orders/1772 HTTP/1.1" 404 1076 "-" "Dart/3.6 (dart:io)"
117.206.66.99 - - [19/Jun/2025:04:40:48 +0000] "POST /wp-json/lapma/v1/create-razorpay-order HTTP/1.1" 404 117 "-" "Dart/3.6 (dart:io)"
139.59.17.158 - - [19/Jun/2025:04:43:12 +0000] "POST /wp-cron.php?doing_wp_cron=1750308192.8208479881286621093750 HTTP/1.1" 200 - "-" "WordPress/6.8.1; https://www.lapma.in"
194.233.93.24 - - [19/Jun/2025:04:43:10 +0000] "POST /xmlrpc.php HTTP/1.1" 200 225 "-" "Mozilla/5.0 (X11; Ubuntu; Linux x86_64; rv:85.0) Gecko/20100101 Firefox/91.0"
139.59.17.158 - - [19/Jun/2025:04:44:03 +0000] "POST /wp-cron.php?doing_wp_cron=1750308243.2237980365753173828125 HTTP/1.1" 200 - "-" "WordPress/6.8.1; https://www.lapma.in"
117.206.66.99 - - [19/Jun/2025:04:44:01 +0000] "GET /wp-login.php?redirect_to=https%3A%2F%2Fwww.lapma.in%2Fwp-admin%2F&reauth=1 HTTP/2.0" 200 1928 "-" "Mozilla/5.0 (Windows NT 10.0; Win64; x64) AppleWebKit/537.36 (KHTML, like Gecko) Chrome/137.0.0.0 Safari/537.36"
139.59.17.158 - - [19/Jun/2025:04:44:08 +0000] "POST /wp-cron.php?doing_wp_cron=1750308248.1411740779876708984375 HTTP/1.1" 200 - "-" "WordPress/6.8.1; https://www.lapma.in"
117.206.66.99 - - [19/Jun/2025:04:44:06 +0000] "POST /wp-login.php HTTP/2.0" 302 - "https://www.lapma.in/wp-login.php?redirect_to=https%3A%2F%2Fwww.lapma.in%2Fwp-admin%2F&reauth=1" "Mozilla/5.0 (Windows NT 10.0; Win64; x64) AppleWebKit/537.36 (KHTML, like Gecko) Chrome/137.0.0.0 Safari/537.36"
117.206.66.99 - - [19/Jun/2025:04:44:08 +0000] "GET /wp-admin/ HTTP/2.0" 200 28644 "https://www.lapma.in/wp-login.php?redirect_to=https%3A%2F%2Fwww.lapma.in%2Fwp-admin%2F&reauth=1" "Mozilla/5.0 (Windows NT 10.0; Win64; x64) AppleWebKit/537.36 (KHTML, like Gecko) Chrome/137.0.0.0 Safari/537.36"
117.206.66.99 - - [19/Jun/2025:04:44:11 +0000] "GET /wp-admin/js/common.min.js?ver=6.8.1 HTTP/2.0" 200 7803 "https://www.lapma.in/wp-admin/" "Mozilla/5.0 (Windows NT 10.0; Win64; x64) AppleWebKit/537.36 (KHTML, like Gecko) Chrome/137.0.0.0 Safari/537.36"
117.206.66.99 - - [19/Jun/2025:04:44:11 +0000] "POST /wp-admin/admin-ajax.php HTTP/2.0" 200 109 "https://www.lapma.in/wp-admin/" "Mozilla/5.0 (Windows NT 10.0; Win64; x64) AppleWebKit/537.36 (KHTML, like Gecko) Chrome/137.0.0.0 Safari/537.36"
117.206.66.99 - - [19/Jun/2025:04:44:11 +0000] "GET /wp-admin/admin-ajax.php?action=dashboard-widgets&widget=dashboard_primary&pagenow=dashboard HTTP/2.0" 200 503 "https://www.lapma.in/wp-admin/" "Mozilla/5.0 (Windows NT 10.0; Win64; x64) AppleWebKit/537.36 (KHTML, like Gecko) Chrome/137.0.0.0 Safari/537.36"
117.206.66.99 - - [19/Jun/2025:04:44:37 +0000] "GET /wp-admin/admin.php?page=wp_file_manager HTTP/2.0" 200 18195 "https://www.lapma.in/wp-admin/" "Mozilla/5.0 (Windows NT 10.0; Win64; x64) AppleWebKit/537.36 (KHTML, like Gecko) Chrome/137.0.0.0 Safari/537.36"
117.206.66.99 - - [19/Jun/2025:04:44:39 +0000] "GET /wp-content/plugins/wp-file-manager/js/file_manager_free_shortcode_admin.js?ver=4899 HTTP/2.0" 200 1267 "https://www.lapma.in/wp-admin/admin.php?page=wp_file_manager" "Mozilla/5.0 (Windows NT 10.0; Win64; x64) AppleWebKit/537.36 (KHTML, like Gecko) Chrome/137.0.0.0 Safari/537.36"
117.206.66.99 - - [19/Jun/2025:04:44:40 +0000] "GET /wp-admin/admin-ajax.php?action=mk_file_folder_manager&_wpnonce=0d82a4d706&networkhref=&cmd=open&target=l1_d3AtY29udGVudC9wbHVnaW5z&init=1&tree=1&_=1750308278239 HTTP/2.0" 200 1643 "https://www.lapma.in/wp-admin/admin.php?page=wp_file_manager" "Mozilla/5.0 (Windows NT 10.0; Win64; x64) AppleWebKit/537.36 (KHTML, like Gecko) Chrome/137.0.0.0 Safari/537.36"
117.206.66.99 - - [19/Jun/2025:04:44:42 +0000] "GET /wp-admin/admin-ajax.php?action=mk_file_folder_manager&_wpnonce=0d82a4d706&networkhref=&cmd=parents&target=l1_d3AtY29udGVudC9wbHVnaW5z&reqid=1978680d934350 HTTP/2.0" 200 1026 "https://www.lapma.in/wp-admin/admin.php?page=wp_file_manager" "Mozilla/5.0 (Windows NT 10.0; Win64; x64) AppleWebKit/537.36 (KHTML, like Gecko) Chrome/137.0.0.0 Safari/537.36"
117.206.66.99 - - [19/Jun/2025:04:45:13 +0000] "GET /wp-content/plugins/wp-file-manager/css/images/ui-icons_555555_256x240.png HTTP/2.0" 304 - "https://www.lapma.in/wp-content/plugins/wp-file-manager/css/jquery-ui.css?ver=8.0.1" "Mozilla/5.0 (Windows NT 10.0; Win64; x64) AppleWebKit/537.36 (KHTML, like Gecko) Chrome/137.0.0.0 Safari/537.36"
85.204.70.114 - - [19/Jun/2025:04:45:26 +0000] "GET / HTTP/1.1" 301 283 "-" "Mozilla/5.0 (Windows NT 10.0; Win64; x64) AppleWebKit/537.36 (KHTML, like Gecko) Chrome/78.0.3904.108 Safari/537.36"
139.59.17.158 - - [19/Jun/2025:04:45:29 +0000] "POST /wp-cron.php?doing_wp_cron=1750308329.5780689716339111328125 HTTP/1.1" 200 - "-" "WordPress/6.8.1; https://www.lapma.in"
85.204.70.114 - - [19/Jun/2025:04:45:27 +0000] "GET / HTTP/1.1" 301 - "-" "Mozilla/5.0 (Windows NT 10.0; Win64; x64) AppleWebKit/537.36 (KHTML, like Gecko) Chrome/78.0.3904.108 Safari/537.36"
85.204.70.114 - - [19/Jun/2025:04:45:30 +0000] "GET //wp-includes/wlwmanifest.xml HTTP/1.1" 301 - "-" "Mozilla/5.0 (Windows NT 10.0; Win64; x64) AppleWebKit/537.36 (KHTML, like Gecko) Chrome/78.0.3904.108 Safari/537.36"
85.204.70.114 - - [19/Jun/2025:04:45:34 +0000] "GET //xmlrpc.php?rsd HTTP/1.1" 200 786 "-" "Mozilla/5.0 (Windows NT 10.0; Win64; x64) AppleWebKit/537.36 (KHTML, like Gecko) Chrome/78.0.3904.108 Safari/537.36"
117.206.66.99 - - [19/Jun/2025:04:45:34 +0000] "GET /wp-admin/admin-ajax.php?action=mk_file_folder_manager&_wpnonce=0d82a4d706&networkhref=&cmd=open&target=l1_d3AtY29udGVudA&reqid=1978681a6466a HTTP/2.0" 200 931 "https://www.lapma.in/wp-admin/admin.php?page=wp_file_manager" "Mozilla/5.0 (Windows NT 10.0; Win64; x64) AppleWebKit/537.36 (KHTML, like Gecko) Chrome/137.0.0.0 Safari/537.36"
85.204.70.114 - - [19/Jun/2025:04:45:36 +0000] "GET //?author=1 HTTP/1.1" 301 - "-" "Mozilla/5.0 (Windows NT 10.0; Win64; x64) AppleWebKit/537.36 (KHTML, like Gecko) Chrome/78.0.3904.108 Safari/537.36"
85.204.70.114 - - [19/Jun/2025:04:45:39 +0000] "GET //?author=2 HTTP/1.1" 301 - "-" "Mozilla/5.0 (Windows NT 10.0; Win64; x64) AppleWebKit/537.36 (KHTML, like Gecko) Chrome/78.0.3904.108 Safari/537.36"
117.206.66.99 - - [19/Jun/2025:04:45:40 +0000] "POST /wp-admin/admin-ajax.php HTTP/2.0" 200 67 "https://www.lapma.in/wp-admin/admin.php?page=wp_file_manager" "Mozilla/5.0 (Windows NT 10.0; Win64; x64) AppleWebKit/537.36 (KHTML, like Gecko) Chrome/137.0.0.0 Safari/537.36"
85.204.70.114 - - [19/Jun/2025:04:45:42 +0000] "GET //wp-json/wp/v2/users/ HTTP/1.1" 404 1372 "-" "Mozilla/5.0 (Windows NT 10.0; Win64; x64) AppleWebKit/537.36 (KHTML, like Gecko) Chrome/78.0.3904.108 Safari/537.36"
85.204.70.114 - - [19/Jun/2025:04:45:46 +0000] "POST //xmlrpc.php HTTP/1.1" 200 401 "-" "Mozilla/5.0 (Windows NT 10.0; Win64; x64) AppleWebKit/537.36 (KHTML, like Gecko) Chrome/78.0.3904.108 Safari/537.36"
85.204.70.114 - - [19/Jun/2025:04:45:48 +0000] "POST //xmlrpc.php HTTP/1.1" 200 401 "-" "Mozilla/5.0 (Windows NT 10.0; Win64; x64) AppleWebKit/537.36 (KHTML, like Gecko) Chrome/78.0.3904.108 Safari/537.36"
85.204.70.114 - - [19/Jun/2025:04:45:51 +0000] "POST //xmlrpc.php HTTP/1.1" 200 401 "-" "Mozilla/5.0 (Windows NT 10.0; Win64; x64) AppleWebKit/537.36 (KHTML, like Gecko) Chrome/78.0.3904.108 Safari/537.36"
85.204.70.114 - - [19/Jun/2025:04:45:53 +0000] "POST //xmlrpc.php HTTP/1.1" 200 401 "-" "Mozilla/5.0 (Windows NT 10.0; Win64; x64) AppleWebKit/537.36 (KHTML, like Gecko) Chrome/78.0.3904.108 Safari/537.36"
85.204.70.114 - - [19/Jun/2025:04:45:56 +0000] "POST //xmlrpc.php HTTP/1.1" 200 401 "-" "Mozilla/5.0 (Windows NT 10.0; Win64; x64) AppleWebKit/537.36 (KHTML, like Gecko) Chrome/78.0.3904.108 Safari/537.36"
85.204.70.114 - - [19/Jun/2025:04:45:59 +0000] "POST //xmlrpc.php HTTP/1.1" 200 401 "-" "Mozilla/5.0 (Windows NT 10.0; Win64; x64) AppleWebKit/537.36 (KHTML, like Gecko) Chrome/78.0.3904.108 Safari/537.36"
85.204.70.114 - - [19/Jun/2025:04:46:01 +0000] "POST //xmlrpc.php HTTP/1.1" 200 401 "-" "Mozilla/5.0 (Windows NT 10.0; Win64; x64) AppleWebKit/537.36 (KHTML, like Gecko) Chrome/78.0.3904.108 Safari/537.36"
85.204.70.114 - - [19/Jun/2025:04:46:04 +0000] "POST //xmlrpc.php HTTP/1.1" 200 401 "-" "Mozilla/5.0 (Windows NT 10.0; Win64; x64) AppleWebKit/537.36 (KHTML, like Gecko) Chrome/78.0.3904.108 Safari/537.36"
139.59.17.158 - - [19/Jun/2025:04:46:08 +0000] "POST /wp-cron.php?doing_wp_cron=1750308368.7796170711517333984375 HTTP/1.1" 200 - "-" "WordPress/6.8.1; https://www.lapma.in"
85.204.70.114 - - [19/Jun/2025:04:46:06 +0000] "POST //xmlrpc.php HTTP/1.1" 200 401 "-" "Mozilla/5.0 (Windows NT 10.0; Win64; x64) AppleWebKit/537.36 (KHTML, like Gecko) Chrome/78.0.3904.108 Safari/537.36"
85.204.70.114 - - [19/Jun/2025:04:46:09 +0000] "POST //xmlrpc.php HTTP/1.1" 200 401 "-" "Mozilla/5.0 (Windows NT 10.0; Win64; x64) AppleWebKit/537.36 (KHTML, like Gecko) Chrome/78.0.3904.108 Safari/537.36"
85.204.70.114 - - [19/Jun/2025:04:46:13 +0000] "POST //xmlrpc.php HTTP/1.1" 200 401 "-" "Mozilla/5.0 (Windows NT 10.0; Win64; x64) AppleWebKit/537.36 (KHTML, like Gecko) Chrome/78.0.3904.108 Safari/537.36"
85.204.70.114 - - [19/Jun/2025:04:46:16 +0000] "POST //xmlrpc.php HTTP/1.1" 200 401 "-" "Mozilla/5.0 (Windows NT 10.0; Win64; x64) AppleWebKit/537.36 (KHTML, like Gecko) Chrome/78.0.3904.108 Safari/537.36"
85.204.70.114 - - [19/Jun/2025:04:46:19 +0000] "POST //xmlrpc.php HTTP/1.1" 200 401 "-" "Mozilla/5.0 (Windows NT 10.0; Win64; x64) AppleWebKit/537.36 (KHTML, like Gecko) Chrome/78.0.3904.108 Safari/537.36"
85.204.70.114 - - [19/Jun/2025:04:46:25 +0000] "POST //xmlrpc.php HTTP/1.1" 200 401 "-" "Mozilla/5.0 (Windows NT 10.0; Win64; x64) AppleWebKit/537.36 (KHTML, like Gecko) Chrome/78.0.3904.108 Safari/537.36"
85.204.70.114 - - [19/Jun/2025:04:46:30 +0000] "POST //xmlrpc.php HTTP/1.1" 200 401 "-" "Mozilla/5.0 (Windows NT 10.0; Win64; x64) AppleWebKit/537.36 (KHTML, like Gecko) Chrome/78.0.3904.108 Safari/537.36"
85.204.70.114 - - [19/Jun/2025:04:46:34 +0000] "POST //xmlrpc.php HTTP/1.1" 200 401 "-" "Mozilla/5.0 (Windows NT 10.0; Win64; x64) AppleWebKit/537.36 (KHTML, like Gecko) Chrome/78.0.3904.108 Safari/537.36"
85.204.70.114 - - [19/Jun/2025:04:46:36 +0000] "POST //xmlrpc.php HTTP/1.1" 200 401 "-" "Mozilla/5.0 (Windows NT 10.0; Win64; x64) AppleWebKit/537.36 (KHTML, like Gecko) Chrome/78.0.3904.108 Safari/537.36"
85.204.70.114 - - [19/Jun/2025:04:46:39 +0000] "POST //xmlrpc.php HTTP/1.1" 200 401 "-" "Mozilla/5.0 (Windows NT 10.0; Win64; x64) AppleWebKit/537.36 (KHTML, like Gecko) Chrome/78.0.3904.108 Safari/537.36"
117.206.66.99 - - [19/Jun/2025:04:46:40 +0000] "POST /wp-admin/admin-ajax.php HTTP/2.0" 200 67 "https://www.lapma.in/wp-admin/admin.php?page=wp_file_manager" "Mozilla/5.0 (Windows NT 10.0; Win64; x64) AppleWebKit/537.36 (KHTML, like Gecko) Chrome/137.0.0.0 Safari/537.36"
85.204.70.114 - - [19/Jun/2025:04:46:41 +0000] "POST //xmlrpc.php HTTP/1.1" 200 401 "-" "Mozilla/5.0 (Windows NT 10.0; Win64; x64) AppleWebKit/537.36 (KHTML, like Gecko) Chrome/78.0.3904.108 Safari/537.36"
85.204.70.114 - - [19/Jun/2025:04:46:44 +0000] "POST //xmlrpc.php HTTP/1.1" 200 401 "-" "Mozilla/5.0 (Windows NT 10.0; Win64; x64) AppleWebKit/537.36 (KHTML, like Gecko) Chrome/78.0.3904.108 Safari/537.36"
85.204.70.114 - - [19/Jun/2025:04:46:47 +0000] "POST //xmlrpc.php HTTP/1.1" 200 401 "-" "Mozilla/5.0 (Windows NT 10.0; Win64; x64) AppleWebKit/537.36 (KHTML, like Gecko) Chrome/78.0.3904.108 Safari/537.36"
85.204.70.114 - - [19/Jun/2025:04:46:49 +0000] "POST //xmlrpc.php HTTP/1.1" 200 401 "-" "Mozilla/5.0 (Windows NT 10.0; Win64; x64) AppleWebKit/537.36 (KHTML, like Gecko) Chrome/78.0.3904.108 Safari/537.36"
85.204.70.114 - - [19/Jun/2025:04:46:52 +0000] "POST //xmlrpc.php HTTP/1.1" 200 401 "-" "Mozilla/5.0 (Windows NT 10.0; Win64; x64) AppleWebKit/537.36 (KHTML, like Gecko) Chrome/78.0.3904.108 Safari/537.36"
85.204.70.114 - - [19/Jun/2025:04:46:55 +0000] "POST //xmlrpc.php HTTP/1.1" 200 401 "-" "Mozilla/5.0 (Windows NT 10.0; Win64; x64) AppleWebKit/537.36 (KHTML, like Gecko) Chrome/78.0.3904.108 Safari/537.36"
85.204.70.114 - - [19/Jun/2025:04:46:57 +0000] "POST //xmlrpc.php HTTP/1.1" 200 401 "-" "Mozilla/5.0 (Windows NT 10.0; Win64; x64) AppleWebKit/537.36 (KHTML, like Gecko) Chrome/78.0.3904.108 Safari/537.36"
85.204.70.114 - - [19/Jun/2025:04:47:00 +0000] "POST //xmlrpc.php HTTP/1.1" 200 401 "-" "Mozilla/5.0 (Windows NT 10.0; Win64; x64) AppleWebKit/537.36 (KHTML, like Gecko) Chrome/78.0.3904.108 Safari/537.36"
85.204.70.114 - - [19/Jun/2025:04:47:03 +0000] "POST //xmlrpc.php HTTP/1.1" 200 401 "-" "Mozilla/5.0 (Windows NT 10.0; Win64; x64) AppleWebKit/537.36 (KHTML, like Gecko) Chrome/78.0.3904.108 Safari/537.36"
139.59.17.158 - - [19/Jun/2025:04:47:08 +0000] "POST /wp-cron.php?doing_wp_cron=1750308428.0942270755767822265625 HTTP/1.1" 200 - "-" "WordPress/6.8.1; https://www.lapma.in"
85.204.70.114 - - [19/Jun/2025:04:47:05 +0000] "POST //xmlrpc.php HTTP/1.1" 200 401 "-" "Mozilla/5.0 (Windows NT 10.0; Win64; x64) AppleWebKit/537.36 (KHTML, like Gecko) Chrome/78.0.3904.108 Safari/537.36"
85.204.70.114 - - [19/Jun/2025:04:47:09 +0000] "POST //xmlrpc.php HTTP/1.1" 200 401 "-" "Mozilla/5.0 (Windows NT 10.0; Win64; x64) AppleWebKit/537.36 (KHTML, like Gecko) Chrome/78.0.3904.108 Safari/537.36"
85.204.70.114 - - [19/Jun/2025:04:47:12 +0000] "POST //xmlrpc.php HTTP/1.1" 200 401 "-" "Mozilla/5.0 (Windows NT 10.0; Win64; x64) AppleWebKit/537.36 (KHTML, like Gecko) Chrome/78.0.3904.108 Safari/537.36"
85.204.70.114 - - [19/Jun/2025:04:47:14 +0000] "POST //xmlrpc.php HTTP/1.1" 200 401 "-" "Mozilla/5.0 (Windows NT 10.0; Win64; x64) AppleWebKit/537.36 (KHTML, like Gecko) Chrome/78.0.3904.108 Safari/537.36"
85.204.70.114 - - [19/Jun/2025:04:47:18 +0000] "POST //xmlrpc.php HTTP/1.1" 200 401 "-" "Mozilla/5.0 (Windows NT 10.0; Win64; x64) AppleWebKit/537.36 (KHTML, like Gecko) Chrome/78.0.3904.108 Safari/537.36"
85.204.70.114 - - [19/Jun/2025:04:47:21 +0000] "POST //xmlrpc.php HTTP/1.1" 200 401 "-" "Mozilla/5.0 (Windows NT 10.0; Win64; x64) AppleWebKit/537.36 (KHTML, like Gecko) Chrome/78.0.3904.108 Safari/537.36"
85.204.70.114 - - [19/Jun/2025:04:47:23 +0000] "POST //xmlrpc.php HTTP/1.1" 200 401 "-" "Mozilla/5.0 (Windows NT 10.0; Win64; x64) AppleWebKit/537.36 (KHTML, like Gecko) Chrome/78.0.3904.108 Safari/537.36"
85.204.70.114 - - [19/Jun/2025:04:47:26 +0000] "POST //xmlrpc.php HTTP/1.1" 200 401 "-" "Mozilla/5.0 (Windows NT 10.0; Win64; x64) AppleWebKit/537.36 (KHTML, like Gecko) Chrome/78.0.3904.108 Safari/537.36"
85.204.70.114 - - [19/Jun/2025:04:47:30 +0000] "POST //xmlrpc.php HTTP/1.1" 200 401 "-" "Mozilla/5.0 (Windows NT 10.0; Win64; x64) AppleWebKit/537.36 (KHTML, like Gecko) Chrome/78.0.3904.108 Safari/537.36"
85.204.70.114 - - [19/Jun/2025:04:47:32 +0000] "POST //xmlrpc.php HTTP/1.1" 200 401 "-" "Mozilla/5.0 (Windows NT 10.0; Win64; x64) AppleWebKit/537.36 (KHTML, like Gecko) Chrome/78.0.3904.108 Safari/537.36"
85.204.70.114 - - [19/Jun/2025:04:47:35 +0000] "POST //xmlrpc.php HTTP/1.1" 200 401 "-" "Mozilla/5.0 (Windows NT 10.0; Win64; x64) AppleWebKit/537.36 (KHTML, like Gecko) Chrome/78.0.3904.108 Safari/537.36"
85.204.70.114 - - [19/Jun/2025:04:47:38 +0000] "POST //xmlrpc.php HTTP/1.1" 200 401 "-" "Mozilla/5.0 (Windows NT 10.0; Win64; x64) AppleWebKit/537.36 (KHTML, like Gecko) Chrome/78.0.3904.108 Safari/537.36"
117.206.66.99 - - [19/Jun/2025:04:47:40 +0000] "POST /wp-admin/admin-ajax.php HTTP/2.0" 200 67 "https://www.lapma.in/wp-admin/admin.php?page=wp_file_manager" "Mozilla/5.0 (Windows NT 10.0; Win64; x64) AppleWebKit/537.36 (KHTML, like Gecko) Chrome/137.0.0.0 Safari/537.36"
85.204.70.114 - - [19/Jun/2025:04:47:40 +0000] "POST //xmlrpc.php HTTP/1.1" 200 401 "-" "Mozilla/5.0 (Windows NT 10.0; Win64; x64) AppleWebKit/537.36 (KHTML, like Gecko) Chrome/78.0.3904.108 Safari/537.36"
85.204.70.114 - - [19/Jun/2025:04:47:43 +0000] "POST //xmlrpc.php HTTP/1.1" 200 401 "-" "Mozilla/5.0 (Windows NT 10.0; Win64; x64) AppleWebKit/537.36 (KHTML, like Gecko) Chrome/78.0.3904.108 Safari/537.36"
85.204.70.114 - - [19/Jun/2025:04:47:46 +0000] "POST //xmlrpc.php HTTP/1.1" 200 401 "-" "Mozilla/5.0 (Windows NT 10.0; Win64; x64) AppleWebKit/537.36 (KHTML, like Gecko) Chrome/78.0.3904.108 Safari/537.36"
85.204.70.114 - - [19/Jun/2025:04:47:49 +0000] "POST //xmlrpc.php HTTP/1.1" 200 401 "-" "Mozilla/5.0 (Windows NT 10.0; Win64; x64) AppleWebKit/537.36 (KHTML, like Gecko) Chrome/78.0.3904.108 Safari/537.36"
85.204.70.114 - - [19/Jun/2025:04:47:52 +0000] "POST //xmlrpc.php HTTP/1.1" 200 401 "-" "Mozilla/5.0 (Windows NT 10.0; Win64; x64) AppleWebKit/537.36 (KHTML, like Gecko) Chrome/78.0.3904.108 Safari/537.36"
117.206.66.99 - - [19/Jun/2025:04:47:53 +0000] "GET /wp-admin/admin-ajax.php?action=mk_file_folder_manager&_wpnonce=0d82a4d706&networkhref=&cmd=open&target=l1_d3AtY29udGVudC9wbHVnaW5z&reqid=1978683c313125 HTTP/2.0" 200 1342 "https://www.lapma.in/wp-admin/admin.php?page=wp_file_manager" "Mozilla/5.0 (Windows NT 10.0; Win64; x64) AppleWebKit/537.36 (KHTML, like Gecko) Chrome/137.0.0.0 Safari/537.36"
85.204.70.114 - - [19/Jun/2025:04:47:54 +0000] "POST //xmlrpc.php HTTP/1.1" 200 401 "-" "Mozilla/5.0 (Windows NT 10.0; Win64; x64) AppleWebKit/537.36 (KHTML, like Gecko) Chrome/78.0.3904.108 Safari/537.36"
85.204.70.114 - - [19/Jun/2025:04:47:58 +0000] "POST //xmlrpc.php HTTP/1.1" 200 401 "-" "Mozilla/5.0 (Windows NT 10.0; Win64; x64) AppleWebKit/537.36 (KHTML, like Gecko) Chrome/78.0.3904.108 Safari/537.36"
85.204.70.114 - - [19/Jun/2025:04:48:00 +0000] "POST //xmlrpc.php HTTP/1.1" 200 401 "-" "Mozilla/5.0 (Windows NT 10.0; Win64; x64) AppleWebKit/537.36 (KHTML, like Gecko) Chrome/78.0.3904.108 Safari/537.36"
85.204.70.114 - - [19/Jun/2025:04:48:03 +0000] "POST //xmlrpc.php HTTP/1.1" 200 401 "-" "Mozilla/5.0 (Windows NT 10.0; Win64; x64) AppleWebKit/537.36 (KHTML, like Gecko) Chrome/78.0.3904.108 Safari/537.36"
139.59.17.158 - - [19/Jun/2025:04:48:08 +0000] "POST /wp-cron.php?doing_wp_cron=1750308488.9557909965515136718750 HTTP/1.1" 200 - "-" "WordPress/6.8.1; https://www.lapma.in"
85.204.70.114 - - [19/Jun/2025:04:48:07 +0000] "POST //xmlrpc.php HTTP/1.1" 200 401 "-" "Mozilla/5.0 (Windows NT 10.0; Win64; x64) AppleWebKit/537.36 (KHTML, like Gecko) Chrome/78.0.3904.108 Safari/537.36"
