27.62.70.128 - - [27/Jun/2025:10:53:16 +0000] "GET /wp-content/uploads/2024/04/product-img1.jpg HTTP/1.1" 200 15663 "-" "Dart/3.6 (dart:io)"
27.62.70.128 - - [27/Jun/2025:10:53:16 +0000] "GET /wp-content/uploads/2024/05/product-img20.jpg HTTP/1.1" 200 81791 "-" "Dart/3.6 (dart:io)"
27.62.70.128 - - [27/Jun/2025:10:53:16 +0000] "GET /wp-content/uploads/2024/11/51755558-75e9-42f4-969c-733e84c041b0.jpg HTTP/1.1" 200 59876 "-" "Dart/3.6 (dart:io)"
139.59.17.158 - - [27/Jun/2025:10:53:25 +0000] "POST /wp-cron.php?doing_wp_cron=1751021605.7440719604492187500000 HTTP/1.1" 200 - "-" "WordPress/6.8.1; https://www.lapma.in"
27.62.70.128 - - [27/Jun/2025:10:53:23 +0000] "GET /wp-json/custom/v1/wc-nonce HTTP/1.1" 404 68 "-" "Dart/3.6 (dart:io)"
27.62.70.128 - - [27/Jun/2025:10:53:26 +0000] "GET /wp-json/wc/v3/orders?customer=37 HTTP/1.1" 404 2059 "-" "Dart/3.6 (dart:io)"
139.59.17.158 - - [27/Jun/2025:10:53:58 +0000] "POST /wp-cron.php?doing_wp_cron=1751021638.7266409397125244140625 HTTP/1.1" 200 - "-" "WordPress/6.8.1; https://www.lapma.in"
27.62.70.128 - - [27/Jun/2025:10:53:56 +0000] "GET /wp-json/custom/v1/wc-nonce HTTP/1.1" 404 68 "-" "Dart/3.6 (dart:io)"
27.62.70.128 - - [27/Jun/2025:10:53:59 +0000] "PUT /wp-json/wc/v3/orders/1786 HTTP/1.1" 404 1100 "-" "Dart/3.6 (dart:io)"
27.62.70.128 - - [27/Jun/2025:10:54:03 +0000] "GET /wp-json/custom/v1/wc-nonce HTTP/1.1" 404 68 "-" "Dart/3.6 (dart:io)"
139.59.17.158 - - [27/Jun/2025:10:54:09 +0000] "POST /wp-cron.php?doing_wp_cron=1751021649.5177009105682373046875 HTTP/1.1" 200 - "-" "WordPress/6.8.1; https://www.lapma.in"
27.62.70.128 - - [27/Jun/2025:10:54:07 +0000] "GET /wp-json/wc/v3/orders?customer=37 HTTP/1.1" 404 2073 "-" "Dart/3.6 (dart:io)"
27.62.70.128 - - [27/Jun/2025:10:54:14 +0000] "GET /wp-content/uploads/2024/05/product-img11.jpg HTTP/1.1" 200 39451 "-" "Dart/3.6 (dart:io)"
27.62.70.128 - - [27/Jun/2025:10:54:14 +0000] "GET /wp-content/uploads/2024/04/category-img4.png HTTP/1.1" 200 40550 "-" "Dart/3.6 (dart:io)"
27.62.70.128 - - [27/Jun/2025:10:54:14 +0000] "GET /wp-content/uploads/2024/04/category-img7.png HTTP/1.1" 200 40393 "-" "Dart/3.6 (dart:io)"
27.62.70.128 - - [27/Jun/2025:10:54:14 +0000] "GET /wp-content/uploads/2024/04/category-img6.png HTTP/1.1" 200 41121 "-" "Dart/3.6 (dart:io)"
27.62.70.128 - - [27/Jun/2025:10:54:14 +0000] "GET /wp-content/uploads/2024/04/category-img5.png HTTP/1.1" 200 36368 "-" "Dart/3.6 (dart:io)"
27.62.70.128 - - [27/Jun/2025:10:54:14 +0000] "GET /wp-content/uploads/2024/04/category-img2.png HTTP/1.1" 200 34785 "-" "Dart/3.6 (dart:io)"
27.62.70.128 - - [27/Jun/2025:10:54:14 +0000] "GET /wp-content/uploads/2024/05/product-img17.jpg HTTP/1.1" 200 65481 "-" "Dart/3.6 (dart:io)"
27.62.70.128 - - [27/Jun/2025:10:54:14 +0000] "GET /wp-content/uploads/2024/05/product-img20.jpg HTTP/1.1" 200 81791 "-" "Dart/3.6 (dart:io)"
27.62.70.128 - - [27/Jun/2025:10:54:14 +0000] "GET /wp-content/uploads/2024/11/51755558-75e9-42f4-969c-733e84c041b0.jpg HTTP/1.1" 200 59876 "-" "Dart/3.6 (dart:io)"
27.62.70.128 - - [27/Jun/2025:10:54:27 +0000] "GET /wp-json/custom/v1/wc-nonce HTTP/1.1" 404 68 "-" "Dart/3.6 (dart:io)"
27.62.70.128 - - [27/Jun/2025:10:54:30 +0000] "GET /wp-json/wc/v3/orders?customer=37 HTTP/1.1" 404 2073 "-" "Dart/3.6 (dart:io)"
27.62.70.128 - - [27/Jun/2025:10:54:32 +0000] "GET /wp-json/custom/v1/wc-nonce HTTP/1.1" 404 68 "-" "Dart/3.6 (dart:io)"
27.62.70.128 - - [27/Jun/2025:10:54:36 +0000] "GET /wp-json/wc/store/v1/cart HTTP/1.1" 404 1598 "-" "Dart/3.6 (dart:io)"
27.62.70.128 - - [27/Jun/2025:10:54:39 +0000] "GET /wp-content/uploads/2024/04/product-img1.jpg HTTP/1.1" 200 15663 "-" "Dart/3.6 (dart:io)"
205.210.31.213 - - [27/Jun/2025:10:55:00 +0000] "GET / HTTP/1.1" 404 67893 "-" "Expanse, a Palo Alto Networks company, searches across the global IPv4 space multiple times per day to identify customers' presences on the Internet. If you would like to be excluded from our scans, please send IP addresses/domains to: [email protected]"
139.59.17.158 - - [27/Jun/2025:11:04:15 +0000] "POST /wp-cron.php?doing_wp_cron=1751022255.4008669853210449218750 HTTP/1.1" 200 - "-" "WordPress/6.8.1; https://www.lapma.in"
27.62.70.128 - - [27/Jun/2025:11:04:12 +0000] "GET /wp-json/wp/v2/panchyathdata?districtlist=40 HTTP/1.1" 404 1045 "-" "Dart/3.6 (dart:io)"
139.59.17.158 - - [27/Jun/2025:11:06:33 +0000] "POST /wp-cron.php?doing_wp_cron=1751022393.4567549228668212890625 HTTP/1.1" 200 - "-" "WordPress/6.8.1; https://www.lapma.in"
27.62.70.128 - - [27/Jun/2025:11:06:31 +0000] "GET /wp-json/wp/v2/panchyathdata?districtlist=40 HTTP/1.1" 404 1045 "-" "Dart/3.6 (dart:io)"
27.62.70.128 - - [27/Jun/2025:11:07:02 +0000] "POST /wp-json/wc/v3/orders HTTP/1.1" 201 1100 "-" "Dart/3.6 (dart:io)"
139.59.17.158 - - [27/Jun/2025:11:07:14 +0000] "POST /wp-cron.php?doing_wp_cron=1751022434.5400109291076660156250 HTTP/1.1" 200 - "-" "WordPress/6.8.1; https://www.lapma.in"
27.62.70.128 - - [27/Jun/2025:11:07:12 +0000] "GET /wp-json/wc/v3/orders/1787 HTTP/1.1" 404 1100 "-" "Dart/3.6 (dart:io)"
27.62.70.128 - - [27/Jun/2025:11:07:23 +0000] "GET /wp-json/wp/v2/panchyathdata?districtlist=40 HTTP/1.1" 404 1045 "-" "Dart/3.6 (dart:io)"
139.59.17.158 - - [27/Jun/2025:11:08:40 +0000] "POST /wp-cron.php?doing_wp_cron=1751022520.6221210956573486328125 HTTP/1.1" 200 - "-" "WordPress/6.8.1; https://www.lapma.in"
27.62.70.128 - - [27/Jun/2025:11:08:38 +0000] "POST /wp-admin/admin-ajax.php HTTP/2.0" 200 67 "https://www.lapma.in/wp-admin/admin.php?page=wc-settings&tab=checkout&section=airpay" "Mozilla/5.0 (Windows NT 10.0; Win64; x64) AppleWebKit/537.36 (KHTML, like Gecko) Chrome/137.0.0.0 Safari/537.36"
173.252.79.4 - - [27/Jun/2025:11:14:21 +0000] "GET /wp-content/uploads/woo-product-feed-pro/xml/1htiAhxiwIQYZqJoCOOpNOW7kFTApH5E.xml HTTP/1.1" 200 1463 "-" "facebookexternalhit/1.1 (+http://www.facebook.com/externalhit_uatext.php)"
139.59.17.158 - - [27/Jun/2025:11:18:34 +0000] "POST /wp-cron.php?doing_wp_cron=1751023114.3502600193023681640625 HTTP/1.1" 200 - "-" "WordPress/6.8.1; https://www.lapma.in"
52.167.144.147 - - [27/Jun/2025:11:18:31 +0000] "GET /product-category/uncategorized/feed/ HTTP/2.0" 404 1251 "-" "Mozilla/5.0 AppleWebKit/537.36 (KHTML, like Gecko; compatible; bingbot/2.0; +http://www.bing.com/bingbot.htm) Chrome/116.0.1938.76 Safari/537.36"
85.204.70.104 - - [27/Jun/2025:11:21:17 +0000] "GET / HTTP/1.1" 301 283 "-" "Mozilla/5.0 (Windows NT 10.0; Win64; x64) AppleWebKit/537.36 (KHTML, like Gecko) Chrome/78.0.3904.108 Safari/537.36"
139.59.17.158 - - [27/Jun/2025:11:21:21 +0000] "POST /wp-cron.php?doing_wp_cron=1751023281.0531599521636962890625 HTTP/1.1" 200 - "-" "WordPress/6.8.1; https://www.lapma.in"
85.204.70.104 - - [27/Jun/2025:11:21:18 +0000] "GET / HTTP/1.1" 301 - "-" "Mozilla/5.0 (Windows NT 10.0; Win64; x64) AppleWebKit/537.36 (KHTML, like Gecko) Chrome/78.0.3904.108 Safari/537.36"
85.204.70.104 - - [27/Jun/2025:11:21:21 +0000] "GET //wp-includes/wlwmanifest.xml HTTP/1.1" 301 - "-" "Mozilla/5.0 (Windows NT 10.0; Win64; x64) AppleWebKit/537.36 (KHTML, like Gecko) Chrome/78.0.3904.108 Safari/537.36"
85.204.70.104 - - [27/Jun/2025:11:21:25 +0000] "GET //xmlrpc.php?rsd HTTP/1.1" 200 786 "-" "Mozilla/5.0 (Windows NT 10.0; Win64; x64) AppleWebKit/537.36 (KHTML, like Gecko) Chrome/78.0.3904.108 Safari/537.36"
85.204.70.104 - - [27/Jun/2025:11:21:27 +0000] "GET //?author=1 HTTP/1.1" 301 - "-" "Mozilla/5.0 (Windows NT 10.0; Win64; x64) AppleWebKit/537.36 (KHTML, like Gecko) Chrome/78.0.3904.108 Safari/537.36"
85.204.70.104 - - [27/Jun/2025:11:21:30 +0000] "GET //?author=2 HTTP/1.1" 301 - "-" "Mozilla/5.0 (Windows NT 10.0; Win64; x64) AppleWebKit/537.36 (KHTML, like Gecko) Chrome/78.0.3904.108 Safari/537.36"
85.204.70.104 - - [27/Jun/2025:11:21:33 +0000] "GET //wp-json/wp/v2/users/ HTTP/1.1" 404 1372 "-" "Mozilla/5.0 (Windows NT 10.0; Win64; x64) AppleWebKit/537.36 (KHTML, like Gecko) Chrome/78.0.3904.108 Safari/537.36"
85.204.70.104 - - [27/Jun/2025:11:21:37 +0000] "POST //xmlrpc.php HTTP/1.1" 200 401 "-" "Mozilla/5.0 (Windows NT 10.0; Win64; x64) AppleWebKit/537.36 (KHTML, like Gecko) Chrome/78.0.3904.108 Safari/537.36"
85.204.70.104 - - [27/Jun/2025:11:21:40 +0000] "POST //xmlrpc.php HTTP/1.1" 200 401 "-" "Mozilla/5.0 (Windows NT 10.0; Win64; x64) AppleWebKit/537.36 (KHTML, like Gecko) Chrome/78.0.3904.108 Safari/537.36"
85.204.70.104 - - [27/Jun/2025:11:21:43 +0000] "POST //xmlrpc.php HTTP/1.1" 200 401 "-" "Mozilla/5.0 (Windows NT 10.0; Win64; x64) AppleWebKit/537.36 (KHTML, like Gecko) Chrome/78.0.3904.108 Safari/537.36"
85.204.70.104 - - [27/Jun/2025:11:21:45 +0000] "POST //xmlrpc.php HTTP/1.1" 200 401 "-" "Mozilla/5.0 (Windows NT 10.0; Win64; x64) AppleWebKit/537.36 (KHTML, like Gecko) Chrome/78.0.3904.108 Safari/537.36"
85.204.70.104 - - [27/Jun/2025:11:21:48 +0000] "POST //xmlrpc.php HTTP/1.1" 200 401 "-" "Mozilla/5.0 (Windows NT 10.0; Win64; x64) AppleWebKit/537.36 (KHTML, like Gecko) Chrome/78.0.3904.108 Safari/537.36"
85.204.70.104 - - [27/Jun/2025:11:21:51 +0000] "POST //xmlrpc.php HTTP/1.1" 200 401 "-" "Mozilla/5.0 (Windows NT 10.0; Win64; x64) AppleWebKit/537.36 (KHTML, like Gecko) Chrome/78.0.3904.108 Safari/537.36"
85.204.70.104 - - [27/Jun/2025:11:21:53 +0000] "POST //xmlrpc.php HTTP/1.1" 200 401 "-" "Mozilla/5.0 (Windows NT 10.0; Win64; x64) AppleWebKit/537.36 (KHTML, like Gecko) Chrome/78.0.3904.108 Safari/537.36"
85.204.70.104 - - [27/Jun/2025:11:21:56 +0000] "POST //xmlrpc.php HTTP/1.1" 200 401 "-" "Mozilla/5.0 (Windows NT 10.0; Win64; x64) AppleWebKit/537.36 (KHTML, like Gecko) Chrome/78.0.3904.108 Safari/537.36"
85.204.70.104 - - [27/Jun/2025:11:21:59 +0000] "POST //xmlrpc.php HTTP/1.1" 200 401 "-" "Mozilla/5.0 (Windows NT 10.0; Win64; x64) AppleWebKit/537.36 (KHTML, like Gecko) Chrome/78.0.3904.108 Safari/537.36"
85.204.70.104 - - [27/Jun/2025:11:22:02 +0000] "POST //xmlrpc.php HTTP/1.1" 200 401 "-" "Mozilla/5.0 (Windows NT 10.0; Win64; x64) AppleWebKit/537.36 (KHTML, like Gecko) Chrome/78.0.3904.108 Safari/537.36"
85.204.70.104 - - [27/Jun/2025:11:22:04 +0000] "POST //xmlrpc.php HTTP/1.1" 200 401 "-" "Mozilla/5.0 (Windows NT 10.0; Win64; x64) AppleWebKit/537.36 (KHTML, like Gecko) Chrome/78.0.3904.108 Safari/537.36"
139.59.17.158 - - [27/Jun/2025:11:22:09 +0000] "POST /wp-cron.php?doing_wp_cron=1751023329.3548769950866699218750 HTTP/1.1" 200 - "-" "WordPress/6.8.1; https://www.lapma.in"
85.204.70.104 - - [27/Jun/2025:11:22:07 +0000] "POST //xmlrpc.php HTTP/1.1" 200 401 "-" "Mozilla/5.0 (Windows NT 10.0; Win64; x64) AppleWebKit/537.36 (KHTML, like Gecko) Chrome/78.0.3904.108 Safari/537.36"
85.204.70.104 - - [27/Jun/2025:11:22:10 +0000] "POST //xmlrpc.php HTTP/1.1" 200 401 "-" "Mozilla/5.0 (Windows NT 10.0; Win64; x64) AppleWebKit/537.36 (KHTML, like Gecko) Chrome/78.0.3904.108 Safari/537.36"
85.204.70.104 - - [27/Jun/2025:11:22:13 +0000] "POST //xmlrpc.php HTTP/1.1" 200 401 "-" "Mozilla/5.0 (Windows NT 10.0; Win64; x64) AppleWebKit/537.36 (KHTML, like Gecko) Chrome/78.0.3904.108 Safari/537.36"
85.204.70.104 - - [27/Jun/2025:11:22:15 +0000] "POST //xmlrpc.php HTTP/1.1" 200 401 "-" "Mozilla/5.0 (Windows NT 10.0; Win64; x64) AppleWebKit/537.36 (KHTML, like Gecko) Chrome/78.0.3904.108 Safari/537.36"
85.204.70.104 - - [27/Jun/2025:11:22:18 +0000] "POST //xmlrpc.php HTTP/1.1" 200 401 "-" "Mozilla/5.0 (Windows NT 10.0; Win64; x64) AppleWebKit/537.36 (KHTML, like Gecko) Chrome/78.0.3904.108 Safari/537.36"
85.204.70.104 - - [27/Jun/2025:11:22:21 +0000] "POST //xmlrpc.php HTTP/1.1" 200 401 "-" "Mozilla/5.0 (Windows NT 10.0; Win64; x64) AppleWebKit/537.36 (KHTML, like Gecko) Chrome/78.0.3904.108 Safari/537.36"
85.204.70.104 - - [27/Jun/2025:11:22:24 +0000] "POST //xmlrpc.php HTTP/1.1" 200 401 "-" "Mozilla/5.0 (Windows NT 10.0; Win64; x64) AppleWebKit/537.36 (KHTML, like Gecko) Chrome/78.0.3904.108 Safari/537.36"
85.204.70.104 - - [27/Jun/2025:11:22:27 +0000] "POST //xmlrpc.php HTTP/1.1" 200 401 "-" "Mozilla/5.0 (Windows NT 10.0; Win64; x64) AppleWebKit/537.36 (KHTML, like Gecko) Chrome/78.0.3904.108 Safari/537.36"
85.204.70.104 - - [27/Jun/2025:11:22:30 +0000] "POST //xmlrpc.php HTTP/1.1" 200 401 "-" "Mozilla/5.0 (Windows NT 10.0; Win64; x64) AppleWebKit/537.36 (KHTML, like Gecko) Chrome/78.0.3904.108 Safari/537.36"
85.204.70.104 - - [27/Jun/2025:11:22:33 +0000] "POST //xmlrpc.php HTTP/1.1" 200 401 "-" "Mozilla/5.0 (Windows NT 10.0; Win64; x64) AppleWebKit/537.36 (KHTML, like Gecko) Chrome/78.0.3904.108 Safari/537.36"
85.204.70.104 - - [27/Jun/2025:11:22:36 +0000] "POST //xmlrpc.php HTTP/1.1" 200 401 "-" "Mozilla/5.0 (Windows NT 10.0; Win64; x64) AppleWebKit/537.36 (KHTML, like Gecko) Chrome/78.0.3904.108 Safari/537.36"
85.204.70.104 - - [27/Jun/2025:11:22:38 +0000] "POST //xmlrpc.php HTTP/1.1" 200 401 "-" "Mozilla/5.0 (Windows NT 10.0; Win64; x64) AppleWebKit/537.36 (KHTML, like Gecko) Chrome/78.0.3904.108 Safari/537.36"
85.204.70.104 - - [27/Jun/2025:11:22:41 +0000] "POST //xmlrpc.php HTTP/1.1" 200 401 "-" "Mozilla/5.0 (Windows NT 10.0; Win64; x64) AppleWebKit/537.36 (KHTML, like Gecko) Chrome/78.0.3904.108 Safari/537.36"
85.204.70.104 - - [27/Jun/2025:11:22:44 +0000] "POST //xmlrpc.php HTTP/1.1" 200 401 "-" "Mozilla/5.0 (Windows NT 10.0; Win64; x64) AppleWebKit/537.36 (KHTML, like Gecko) Chrome/78.0.3904.108 Safari/537.36"
85.204.70.104 - - [27/Jun/2025:11:22:47 +0000] "POST //xmlrpc.php HTTP/1.1" 200 401 "-" "Mozilla/5.0 (Windows NT 10.0; Win64; x64) AppleWebKit/537.36 (KHTML, like Gecko) Chrome/78.0.3904.108 Safari/537.36"
85.204.70.104 - - [27/Jun/2025:11:22:49 +0000] "POST //xmlrpc.php HTTP/1.1" 200 401 "-" "Mozilla/5.0 (Windows NT 10.0; Win64; x64) AppleWebKit/537.36 (KHTML, like Gecko) Chrome/78.0.3904.108 Safari/537.36"
85.204.70.104 - - [27/Jun/2025:11:22:52 +0000] "POST //xmlrpc.php HTTP/1.1" 200 401 "-" "Mozilla/5.0 (Windows NT 10.0; Win64; x64) AppleWebKit/537.36 (KHTML, like Gecko) Chrome/78.0.3904.108 Safari/537.36"
85.204.70.104 - - [27/Jun/2025:11:22:55 +0000] "POST //xmlrpc.php HTTP/1.1" 200 401 "-" "Mozilla/5.0 (Windows NT 10.0; Win64; x64) AppleWebKit/537.36 (KHTML, like Gecko) Chrome/78.0.3904.108 Safari/537.36"
85.204.70.104 - - [27/Jun/2025:11:22:58 +0000] "POST //xmlrpc.php HTTP/1.1" 200 401 "-" "Mozilla/5.0 (Windows NT 10.0; Win64; x64) AppleWebKit/537.36 (KHTML, like Gecko) Chrome/78.0.3904.108 Safari/537.36"
85.204.70.104 - - [27/Jun/2025:11:23:00 +0000] "POST //xmlrpc.php HTTP/1.1" 200 401 "-" "Mozilla/5.0 (Windows NT 10.0; Win64; x64) AppleWebKit/537.36 (KHTML, like Gecko) Chrome/78.0.3904.108 Safari/537.36"
85.204.70.104 - - [27/Jun/2025:11:23:03 +0000] "POST //xmlrpc.php HTTP/1.1" 200 401 "-" "Mozilla/5.0 (Windows NT 10.0; Win64; x64) AppleWebKit/537.36 (KHTML, like Gecko) Chrome/78.0.3904.108 Safari/537.36"
139.59.17.158 - - [27/Jun/2025:11:23:08 +0000] "POST /wp-cron.php?doing_wp_cron=1751023388.0959489345550537109375 HTTP/1.1" 200 - "-" "WordPress/6.8.1; https://www.lapma.in"
85.204.70.104 - - [27/Jun/2025:11:23:06 +0000] "POST //xmlrpc.php HTTP/1.1" 200 401 "-" "Mozilla/5.0 (Windows NT 10.0; Win64; x64) AppleWebKit/537.36 (KHTML, like Gecko) Chrome/78.0.3904.108 Safari/537.36"
85.204.70.104 - - [27/Jun/2025:11:23:09 +0000] "POST //xmlrpc.php HTTP/1.1" 200 401 "-" "Mozilla/5.0 (Windows NT 10.0; Win64; x64) AppleWebKit/537.36 (KHTML, like Gecko) Chrome/78.0.3904.108 Safari/537.36"
85.204.70.104 - - [27/Jun/2025:11:23:11 +0000] "POST //xmlrpc.php HTTP/1.1" 200 401 "-" "Mozilla/5.0 (Windows NT 10.0; Win64; x64) AppleWebKit/537.36 (KHTML, like Gecko) Chrome/78.0.3904.108 Safari/537.36"
85.204.70.104 - - [27/Jun/2025:11:23:14 +0000] "POST //xmlrpc.php HTTP/1.1" 200 401 "-" "Mozilla/5.0 (Windows NT 10.0; Win64; x64) AppleWebKit/537.36 (KHTML, like Gecko) Chrome/78.0.3904.108 Safari/537.36"
85.204.70.104 - - [27/Jun/2025:11:23:17 +0000] "POST //xmlrpc.php HTTP/1.1" 200 401 "-" "Mozilla/5.0 (Windows NT 10.0; Win64; x64) AppleWebKit/537.36 (KHTML, like Gecko) Chrome/78.0.3904.108 Safari/537.36"
85.204.70.104 - - [27/Jun/2025:11:23:20 +0000] "POST //xmlrpc.php HTTP/1.1" 200 401 "-" "Mozilla/5.0 (Windows NT 10.0; Win64; x64) AppleWebKit/537.36 (KHTML, like Gecko) Chrome/78.0.3904.108 Safari/537.36"
85.204.70.104 - - [27/Jun/2025:11:23:23 +0000] "POST //xmlrpc.php HTTP/1.1" 200 401 "-" "Mozilla/5.0 (Windows NT 10.0; Win64; x64) AppleWebKit/537.36 (KHTML, like Gecko) Chrome/78.0.3904.108 Safari/537.36"
85.204.70.104 - - [27/Jun/2025:11:23:25 +0000] "POST //xmlrpc.php HTTP/1.1" 200 401 "-" "Mozilla/5.0 (Windows NT 10.0; Win64; x64) AppleWebKit/537.36 (KHTML, like Gecko) Chrome/78.0.3904.108 Safari/537.36"
85.204.70.104 - - [27/Jun/2025:11:23:28 +0000] "POST //xmlrpc.php HTTP/1.1" 200 401 "-" "Mozilla/5.0 (Windows NT 10.0; Win64; x64) AppleWebKit/537.36 (KHTML, like Gecko) Chrome/78.0.3904.108 Safari/537.36"
85.204.70.104 - - [27/Jun/2025:11:23:31 +0000] "POST //xmlrpc.php HTTP/1.1" 200 401 "-" "Mozilla/5.0 (Windows NT 10.0; Win64; x64) AppleWebKit/537.36 (KHTML, like Gecko) Chrome/78.0.3904.108 Safari/537.36"
85.204.70.104 - - [27/Jun/2025:11:23:34 +0000] "POST //xmlrpc.php HTTP/1.1" 200 401 "-" "Mozilla/5.0 (Windows NT 10.0; Win64; x64) AppleWebKit/537.36 (KHTML, like Gecko) Chrome/78.0.3904.108 Safari/537.36"
85.204.70.104 - - [27/Jun/2025:11:23:36 +0000] "POST //xmlrpc.php HTTP/1.1" 200 401 "-" "Mozilla/5.0 (Windows NT 10.0; Win64; x64) AppleWebKit/537.36 (KHTML, like Gecko) Chrome/78.0.3904.108 Safari/537.36"
85.204.70.104 - - [27/Jun/2025:11:23:39 +0000] "POST //xmlrpc.php HTTP/1.1" 200 401 "-" "Mozilla/5.0 (Windows NT 10.0; Win64; x64) AppleWebKit/537.36 (KHTML, like Gecko) Chrome/78.0.3904.108 Safari/537.36"
85.204.70.104 - - [27/Jun/2025:11:23:42 +0000] "POST //xmlrpc.php HTTP/1.1" 200 401 "-" "Mozilla/5.0 (Windows NT 10.0; Win64; x64) AppleWebKit/537.36 (KHTML, like Gecko) Chrome/78.0.3904.108 Safari/537.36"
85.204.70.104 - - [27/Jun/2025:11:23:45 +0000] "POST //xmlrpc.php HTTP/1.1" 200 401 "-" "Mozilla/5.0 (Windows NT 10.0; Win64; x64) AppleWebKit/537.36 (KHTML, like Gecko) Chrome/78.0.3904.108 Safari/537.36"
85.204.70.104 - - [27/Jun/2025:11:23:48 +0000] "POST //xmlrpc.php HTTP/1.1" 200 401 "-" "Mozilla/5.0 (Windows NT 10.0; Win64; x64) AppleWebKit/537.36 (KHTML, like Gecko) Chrome/78.0.3904.108 Safari/537.36"
85.204.70.104 - - [27/Jun/2025:11:23:51 +0000] "POST //xmlrpc.php HTTP/1.1" 200 401 "-" "Mozilla/5.0 (Windows NT 10.0; Win64; x64) AppleWebKit/537.36 (KHTML, like Gecko) Chrome/78.0.3904.108 Safari/537.36"
85.204.70.104 - - [27/Jun/2025:11:23:54 +0000] "POST //xmlrpc.php HTTP/1.1" 200 401 "-" "Mozilla/5.0 (Windows NT 10.0; Win64; x64) AppleWebKit/537.36 (KHTML, like Gecko) Chrome/78.0.3904.108 Safari/537.36"
85.204.70.104 - - [27/Jun/2025:11:23:57 +0000] "POST //xmlrpc.php HTTP/1.1" 200 401 "-" "Mozilla/5.0 (Windows NT 10.0; Win64; x64) AppleWebKit/537.36 (KHTML, like Gecko) Chrome/78.0.3904.108 Safari/537.36"
85.204.70.104 - - [27/Jun/2025:11:23:59 +0000] "POST //xmlrpc.php HTTP/1.1" 200 401 "-" "Mozilla/5.0 (Windows NT 10.0; Win64; x64) AppleWebKit/537.36 (KHTML, like Gecko) Chrome/78.0.3904.108 Safari/537.36"
85.204.70.104 - - [27/Jun/2025:11:24:02 +0000] "POST //xmlrpc.php HTTP/1.1" 200 401 "-" "Mozilla/5.0 (Windows NT 10.0; Win64; x64) AppleWebKit/537.36 (KHTML, like Gecko) Chrome/78.0.3904.108 Safari/537.36"
139.59.17.158 - - [27/Jun/2025:11:24:07 +0000] "POST /wp-cron.php?doing_wp_cron=1751023447.8856859207153320312500 HTTP/1.1" 200 - "-" "WordPress/6.8.1; https://www.lapma.in"
85.204.70.104 - - [27/Jun/2025:11:24:06 +0000] "POST //xmlrpc.php HTTP/1.1" 200 401 "-" "Mozilla/5.0 (Windows NT 10.0; Win64; x64) AppleWebKit/537.36 (KHTML, like Gecko) Chrome/78.0.3904.108 Safari/537.36"
85.204.70.104 - - [27/Jun/2025:11:24:09 +0000] "POST //xmlrpc.php HTTP/1.1" 200 401 "-" "Mozilla/5.0 (Windows NT 10.0; Win64; x64) AppleWebKit/537.36 (KHTML, like Gecko) Chrome/78.0.3904.108 Safari/537.36"
85.204.70.104 - - [27/Jun/2025:11:24:12 +0000] "POST //xmlrpc.php HTTP/1.1" 200 401 "-" "Mozilla/5.0 (Windows NT 10.0; Win64; x64) AppleWebKit/537.36 (KHTML, like Gecko) Chrome/78.0.3904.108 Safari/537.36"
85.204.70.104 - - [27/Jun/2025:11:24:15 +0000] "POST //xmlrpc.php HTTP/1.1" 200 401 "-" "Mozilla/5.0 (Windows NT 10.0; Win64; x64) AppleWebKit/537.36 (KHTML, like Gecko) Chrome/78.0.3904.108 Safari/537.36"
85.204.70.104 - - [27/Jun/2025:11:24:18 +0000] "POST //xmlrpc.php HTTP/1.1" 200 401 "-" "Mozilla/5.0 (Windows NT 10.0; Win64; x64) AppleWebKit/537.36 (KHTML, like Gecko) Chrome/78.0.3904.108 Safari/537.36"
85.204.70.104 - - [27/Jun/2025:11:24:20 +0000] "POST //xmlrpc.php HTTP/1.1" 200 401 "-" "Mozilla/5.0 (Windows NT 10.0; Win64; x64) AppleWebKit/537.36 (KHTML, like Gecko) Chrome/78.0.3904.108 Safari/537.36"
85.204.70.104 - - [27/Jun/2025:11:24:24 +0000] "POST //xmlrpc.php HTTP/1.1" 200 401 "-" "Mozilla/5.0 (Windows NT 10.0; Win64; x64) AppleWebKit/537.36 (KHTML, like Gecko) Chrome/78.0.3904.108 Safari/537.36"
173.252.95.36 - - [27/Jun/2025:12:14:46 +0000] "GET /wp-content/uploads/woo-product-feed-pro/xml/1htiAhxiwIQYZqJoCOOpNOW7kFTApH5E.xml HTTP/1.1" 200 1463 "-" "facebookexternalhit/1.1 (+http://www.facebook.com/externalhit_uatext.php)"
139.59.17.158 - - [27/Jun/2025:12:18:31 +0000] "POST /wp-cron.php?doing_wp_cron=1751026711.5250859260559082031250 HTTP/1.1" 200 - "-" "WordPress/6.8.1; https://www.lapma.in"
52.167.144.158 - - [27/Jun/2025:12:18:29 +0000] "GET /product/desi-cow-milk/ HTTP/2.0" 404 12951 "-" "Mozilla/5.0 AppleWebKit/537.36 (KHTML, like Gecko; compatible; bingbot/2.0; +http://www.bing.com/bingbot.htm) Chrome/116.0.1938.76 Safari/537.36"
139.59.17.158 - - [27/Jun/2025:12:25:56 +0000] "POST /wp-cron.php?doing_wp_cron=1751027156.4700388908386230468750 HTTP/1.1" 200 - "-" "WordPress/6.8.1; https://www.lapma.in"
103.78.16.215 - - [27/Jun/2025:12:25:54 +0000] "POST /wp-json/jwt-auth/v1/token HTTP/1.1" 404 308 "-" "Dart/3.6 (dart:io)"
103.78.16.215 - - [27/Jun/2025:12:26:03 +0000] "GET /wp-json/wc/v3/products/categories?consumer_key=ck_0f34dd898cafb797b88cbfdf555d0bee59043410&consumer_secret=cs_352434f91cd6d44fec82238e32c205a2949fd29f&page=1&per_page=10 HTTP/1.1" 404 775 "-" "Dart/3.6 (dart:io)"
139.59.17.158 - - [27/Jun/2025:12:26:13 +0000] "POST /wp-cron.php?doing_wp_cron=1751027173.3003170490264892578125 HTTP/1.1" 200 - "-" "WordPress/6.8.1; https://www.lapma.in"
103.78.16.215 - - [27/Jun/2025:12:26:11 +0000] "GET /wp-json/wc/v3/products?consumer_key=ck_0f34dd898cafb797b88cbfdf555d0bee59043410&consumer_secret=cs_352434f91cd6d44fec82238e32c205a2949fd29f&page=1&per_page=10 HTTP/1.1" 404 3814 "-" "Dart/3.6 (dart:io)"
103.78.16.215 - - [27/Jun/2025:12:26:15 +0000] "GET /wp-content/uploads/2024/05/product-img20.jpg HTTP/1.1" 200 81791 "-" "Dart/3.6 (dart:io)"
103.78.16.215 - - [27/Jun/2025:12:26:16 +0000] "GET /wp-content/uploads/2024/11/51755558-75e9-42f4-969c-733e84c041b0.jpg HTTP/1.1" 200 59876 "-" "Dart/3.6 (dart:io)"
103.78.16.215 - - [27/Jun/2025:12:26:24 +0000] "GET /wp-content/uploads/2024/04/category-img7.png HTTP/1.1" 200 40393 "-" "Dart/3.6 (dart:io)"
103.78.16.215 - - [27/Jun/2025:12:26:24 +0000] "GET /wp-content/uploads/2024/04/category-img5.png HTTP/1.1" 200 36368 "-" "Dart/3.6 (dart:io)"
103.78.16.215 - - [27/Jun/2025:12:26:24 +0000] "GET /wp-content/uploads/2024/04/category-img2.png HTTP/1.1" 200 34785 "-" "Dart/3.6 (dart:io)"
103.78.16.215 - - [27/Jun/2025:12:26:25 +0000] "GET /wp-content/uploads/2024/04/category-img6.png HTTP/1.1" 200 41121 "-" "Dart/3.6 (dart:io)"
103.78.16.215 - - [27/Jun/2025:12:26:25 +0000] "GET /wp-content/uploads/2024/04/category-img4.png HTTP/1.1" 200 40550 "-" "Dart/3.6 (dart:io)"
103.78.16.215 - - [27/Jun/2025:12:26:22 +0000] "GET /wp-json/wc/v3/products?consumer_key=ck_0f34dd898cafb797b88cbfdf555d0bee59043410&consumer_secret=cs_352434f91cd6d44fec82238e32c205a2949fd29f&page=1&per_page=50 HTTP/1.1" 404 4354 "-" "Dart/3.6 (dart:io)"
139.59.17.158 - - [27/Jun/2025:12:31:02 +0000] "POST /wp-cron.php?doing_wp_cron=1751027461.9781489372253417968750 HTTP/1.1" 200 - "-" "WordPress/6.8.1; https://www.lapma.in"
103.78.16.215 - - [27/Jun/2025:12:30:59 +0000] "GET /wp-json/custom/v1/wc-nonce HTTP/1.1" 404 68 "-" "Dart/3.6 (dart:io)"
103.78.16.215 - - [27/Jun/2025:12:31:02 +0000] "GET /wp-json/custom/v1/wc-nonce HTTP/1.1" 404 68 "-" "Dart/3.6 (dart:io)"
103.78.16.215 - - [27/Jun/2025:12:31:02 +0000] "GET /wp-json/wc/v3/orders?customer=37 HTTP/1.1" 404 2123 "-" "Dart/3.6 (dart:io)"
139.59.17.158 - - [27/Jun/2025:12:31:07 +0000] "POST /wp-cron.php?doing_wp_cron=1751027467.9416229724884033203125 HTTP/1.1" 200 - "-" "WordPress/6.8.1; https://www.lapma.in"
103.78.16.215 - - [27/Jun/2025:12:31:04 +0000] "GET /wp-json/wc/v3/products/categories?consumer_key=ck_0f34dd898cafb797b88cbfdf555d0bee59043410&consumer_secret=cs_352434f91cd6d44fec82238e32c205a2949fd29f&page=1&per_page=10 HTTP/1.1" 404 775 "-" "Dart/3.6 (dart:io)"
103.78.16.215 - - [27/Jun/2025:12:31:04 +0000] "GET /wp-json/wc/v3/products?consumer_key=ck_0f34dd898cafb797b88cbfdf555d0bee59043410&consumer_secret=cs_352434f91cd6d44fec82238e32c205a2949fd29f&page=1&per_page=10 HTTP/1.1" 404 3811 "-" "Dart/3.6 (dart:io)"
103.78.16.215 - - [27/Jun/2025:12:31:04 +0000] "GET /wp-json/wc/v3/products?consumer_key=ck_0f34dd898cafb797b88cbfdf555d0bee59043410&consumer_secret=cs_352434f91cd6d44fec82238e32c205a2949fd29f&page=1&per_page=50 HTTP/1.1" 404 4352 "-" "Dart/3.6 (dart:io)"
103.78.16.215 - - [27/Jun/2025:12:31:09 +0000] "GET /wp-content/uploads/2024/05/product-img17.jpg HTTP/1.1" 200 65481 "-" "Dart/3.6 (dart:io)"
103.78.16.215 - - [27/Jun/2025:12:31:09 +0000] "GET /wp-content/uploads/2024/05/product-img11.jpg HTTP/1.1" 200 39451 "-" "Dart/3.6 (dart:io)"
103.78.16.215 - - [27/Jun/2025:12:31:05 +0000] "GET /wp-json/wc/v3/orders?customer=37 HTTP/1.1" 404 2123 "-" "Dart/3.6 (dart:io)"
103.78.16.215 - - [27/Jun/2025:12:31:20 +0000] "GET /wp-json/custom/v1/wc-nonce HTTP/1.1" 404 68 "-" "Dart/3.6 (dart:io)"
103.78.16.215 - - [27/Jun/2025:12:31:25 +0000] "GET /wp-json/wc/store/v1/cart HTTP/1.1" 404 1598 "-" "Dart/3.6 (dart:io)"
103.78.16.215 - - [27/Jun/2025:12:31:29 +0000] "GET /wp-content/uploads/2024/04/product-img1.jpg HTTP/1.1" 200 15663 "-" "Dart/3.6 (dart:io)"
45.227.253.15 - - [27/Jun/2025:12:31:57 +0000] "GET /index.php/jk HTTP/1.1" 200 59 "-" "Mozilla/5.0 (Windows NT 10.0; Win64; x64) AppleWebKit/537.36 (KHTML, like Gecko) Chrome/80.0.3980 Safari/537.36 Edg/80.0.145.1"
139.59.17.158 - - [27/Jun/2025:12:37:09 +0000] "POST /wp-cron.php?doing_wp_cron=1751027829.4370319843292236328125 HTTP/1.1" 200 - "-" "WordPress/6.8.1; https://www.lapma.in"
103.78.16.215 - - [27/Jun/2025:12:37:07 +0000] "GET /wp-json/custom/v1/wc-nonce HTTP/1.1" 404 68 "-" "Dart/3.6 (dart:io)"
103.78.16.215 - - [27/Jun/2025:12:37:10 +0000] "POST /wp-json/wc/store/cart/add-item HTTP/1.1" 201 1601 "-" "Dart/3.6 (dart:io)"
103.78.16.215 - - [27/Jun/2025:12:37:12 +0000] "GET /wp-json/custom/v1/wc-nonce HTTP/1.1" 404 68 "-" "Dart/3.6 (dart:io)"
103.78.16.215 - - [27/Jun/2025:12:37:15 +0000] "GET /wp-json/wc/store/v1/cart HTTP/1.1" 404 1601 "-" "Dart/3.6 (dart:io)"
103.78.16.215 - - [27/Jun/2025:12:37:24 +0000] "GET /wp-json/custom/v1/wc-nonce HTTP/1.1" 404 68 "-" "Dart/3.6 (dart:io)"
103.78.16.215 - - [27/Jun/2025:12:37:27 +0000] "POST /wp-json/wc/store/cart/add-item HTTP/1.1" 201 1599 "-" "Dart/3.6 (dart:io)"
103.78.16.215 - - [27/Jun/2025:12:37:30 +0000] "GET /wp-json/custom/v1/wc-nonce HTTP/1.1" 404 68 "-" "Dart/3.6 (dart:io)"
103.78.16.215 - - [27/Jun/2025:12:37:33 +0000] "GET /wp-json/wc/store/v1/cart HTTP/1.1" 404 1599 "-" "Dart/3.6 (dart:io)"
103.78.16.215 - - [27/Jun/2025:12:37:47 +0000] "GET /wp-json/custom/v1/wc-nonce HTTP/1.1" 404 68 "-" "Dart/3.6 (dart:io)"
103.78.16.215 - - [27/Jun/2025:12:37:49 +0000] "POST /wp-json/wc/store/cart/add-item HTTP/1.1" 201 1605 "-" "Dart/3.6 (dart:io)"
103.78.16.215 - - [27/Jun/2025:12:37:52 +0000] "GET /wp-json/custom/v1/wc-nonce HTTP/1.1" 404 68 "-" "Dart/3.6 (dart:io)"
103.78.16.215 - - [27/Jun/2025:12:37:55 +0000] "GET /wp-json/wc/store/v1/cart HTTP/1.1" 404 1605 "-" "Dart/3.6 (dart:io)"
139.59.17.158 - - [27/Jun/2025:12:38:14 +0000] "POST /wp-cron.php?doing_wp_cron=1751027894.2155749797821044921875 HTTP/1.1" 200 - "-" "WordPress/6.8.1; https://www.lapma.in"
103.78.16.215 - - [27/Jun/2025:12:38:12 +0000] "GET /wp-json/custom/v1/wc-nonce HTTP/1.1" 404 68 "-" "Dart/3.6 (dart:io)"
103.78.16.215 - - [27/Jun/2025:12:38:14 +0000] "POST /wp-json/wc/store/cart/add-item HTTP/1.1" 201 1603 "-" "Dart/3.6 (dart:io)"
103.78.16.215 - - [27/Jun/2025:12:38:17 +0000] "GET /wp-json/custom/v1/wc-nonce HTTP/1.1" 404 68 "-" "Dart/3.6 (dart:io)"
103.78.16.215 - - [27/Jun/2025:12:38:20 +0000] "GET /wp-json/wc/store/v1/cart HTTP/1.1" 404 1603 "-" "Dart/3.6 (dart:io)"
103.78.16.215 - - [27/Jun/2025:12:38:30 +0000] "GET /wp-json/custom/v1/wc-nonce HTTP/1.1" 404 68 "-" "Dart/3.6 (dart:io)"
103.78.16.215 - - [27/Jun/2025:12:38:33 +0000] "POST /wp-json/wc/store/cart/add-item HTTP/1.1" 201 1603 "-" "Dart/3.6 (dart:io)"
103.78.16.215 - - [27/Jun/2025:12:38:36 +0000] "GET /wp-json/custom/v1/wc-nonce HTTP/1.1" 404 68 "-" "Dart/3.6 (dart:io)"
103.78.16.215 - - [27/Jun/2025:12:38:38 +0000] "GET /wp-json/wc/store/v1/cart HTTP/1.1" 404 1603 "-" "Dart/3.6 (dart:io)"
103.78.16.215 - - [27/Jun/2025:12:38:47 +0000] "GET /wp-json/custom/v1/wc-nonce HTTP/1.1" 404 68 "-" "Dart/3.6 (dart:io)"
103.78.16.215 - - [27/Jun/2025:12:38:50 +0000] "POST /wp-json/custom/v1/clear-cart HTTP/1.1" 500 1118 "-" "Dart/3.6 (dart:io)"
103.78.16.215 - - [27/Jun/2025:12:38:57 +0000] "GET /wp-json/custom/v1/wc-nonce HTTP/1.1" 404 68 "-" "Dart/3.6 (dart:io)"
103.78.16.215 - - [27/Jun/2025:12:38:59 +0000] "GET /wp-json/wc/store/v1/cart HTTP/1.1" 404 1603 "-" "Dart/3.6 (dart:io)"
139.59.17.158 - - [27/Jun/2025:12:40:19 +0000] "POST /wp-cron.php?doing_wp_cron=1751028019.8184599876403808593750 HTTP/1.1" 200 - "-" "WordPress/6.8.1; https://www.lapma.in"
103.78.16.215 - - [27/Jun/2025:12:40:17 +0000] "GET /wp-json/custom/v1/wc-nonce HTTP/1.1" 404 68 "-" "Dart/3.6 (dart:io)"
103.78.16.215 - - [27/Jun/2025:12:40:20 +0000] "POST /wp-json/wc/store/cart/add-item HTTP/1.1" 201 1603 "-" "Dart/3.6 (dart:io)"
103.78.16.215 - - [27/Jun/2025:12:40:23 +0000] "GET /wp-json/custom/v1/wc-nonce HTTP/1.1" 404 68 "-" "Dart/3.6 (dart:io)"
103.78.16.215 - - [27/Jun/2025:12:40:25 +0000] "GET /wp-json/wc/store/v1/cart HTTP/1.1" 404 1603 "-" "Dart/3.6 (dart:io)"
139.59.17.158 - - [27/Jun/2025:12:41:10 +0000] "POST /wp-cron.php?doing_wp_cron=1751028070.6816220283508300781250 HTTP/1.1" 200 - "-" "WordPress/6.8.1; https://www.lapma.in"
103.78.16.215 - - [27/Jun/2025:12:41:08 +0000] "GET /wp-json/custom/v1/wc-nonce HTTP/1.1" 404 68 "-" "Dart/3.6 (dart:io)"
103.78.16.215 - - [27/Jun/2025:12:41:11 +0000] "GET /wp-json/wc/store/v1/cart HTTP/1.1" 404 1603 "-" "Dart/3.6 (dart:io)"
103.78.16.215 - - [27/Jun/2025:12:41:17 +0000] "GET /wp-json/custom/v1/wc-nonce HTTP/1.1" 404 68 "-" "Dart/3.6 (dart:io)"
103.78.16.215 - - [27/Jun/2025:12:41:20 +0000] "POST /wp-json/wc/store/cart/add-item HTTP/1.1" 201 1606 "-" "Dart/3.6 (dart:io)"
103.78.16.215 - - [27/Jun/2025:12:41:23 +0000] "GET /wp-json/custom/v1/wc-nonce HTTP/1.1" 404 68 "-" "Dart/3.6 (dart:io)"
103.78.16.215 - - [27/Jun/2025:12:41:26 +0000] "GET /wp-json/wc/store/v1/cart HTTP/1.1" 404 1606 "-" "Dart/3.6 (dart:io)"
103.78.16.215 - - [27/Jun/2025:12:42:02 +0000] "GET /wp-json/custom/v1/wc-nonce HTTP/1.1" 404 68 "-" "Dart/3.6 (dart:io)"
139.59.17.158 - - [27/Jun/2025:12:42:08 +0000] "POST /wp-cron.php?doing_wp_cron=1751028128.4893081188201904296875 HTTP/1.1" 200 - "-" "WordPress/6.8.1; https://www.lapma.in"
103.78.16.215 - - [27/Jun/2025:12:42:06 +0000] "POST /wp-json/custom/v1/clear-cart HTTP/1.1" 500 1118 "-" "Dart/3.6 (dart:io)"
103.78.16.215 - - [27/Jun/2025:12:43:01 +0000] "GET /wp-json/custom/v1/wc-nonce HTTP/1.1" 404 68 "-" "Dart/3.6 (dart:io)"
139.59.17.158 - - [27/Jun/2025:12:43:07 +0000] "POST /wp-cron.php?doing_wp_cron=1751028187.1827070713043212890625 HTTP/1.1" 200 - "-" "WordPress/6.8.1; https://www.lapma.in"
103.78.16.215 - - [27/Jun/2025:12:43:04 +0000] "GET /wp-json/wc/store/v1/cart HTTP/1.1" 404 1606 "-" "Dart/3.6 (dart:io)"
103.78.16.215 - - [27/Jun/2025:12:43:10 +0000] "GET /wp-json/custom/v1/wc-nonce HTTP/1.1" 404 68 "-" "Dart/3.6 (dart:io)"
103.78.16.215 - - [27/Jun/2025:12:43:13 +0000] "POST /wp-json/custom/v1/clear-cart HTTP/1.1" 500 1118 "-" "Dart/3.6 (dart:io)"
139.59.17.158 - - [27/Jun/2025:12:44:12 +0000] "POST /wp-cron.php?doing_wp_cron=1751028252.6304640769958496093750 HTTP/1.1" 200 - "-" "WordPress/6.8.1; https://www.lapma.in"
103.78.16.215 - - [27/Jun/2025:12:44:10 +0000] "GET /wp-login.php?redirect_to=https%3A%2F%2Fwww.lapma.in%2Fwp-admin%2F&reauth=1 HTTP/2.0" 200 1928 "-" "Mozilla/5.0 (Windows NT 10.0; Win64; x64) AppleWebKit/537.36 (KHTML, like Gecko) Chrome/137.0.0.0 Safari/537.36"
103.78.16.215 - - [27/Jun/2025:12:44:15 +0000] "POST /wp-login.php HTTP/2.0" 302 - "https://www.lapma.in/wp-login.php?redirect_to=https%3A%2F%2Fwww.lapma.in%2Fwp-admin%2F&reauth=1" "Mozilla/5.0 (Windows NT 10.0; Win64; x64) AppleWebKit/537.36 (KHTML, like Gecko) Chrome/137.0.0.0 Safari/537.36"
103.78.16.215 - - [27/Jun/2025:12:44:17 +0000] "GET /wp-admin/ HTTP/2.0" 200 31116 "https://www.lapma.in/wp-login.php?redirect_to=https%3A%2F%2Fwww.lapma.in%2Fwp-admin%2F&reauth=1" "Mozilla/5.0 (Windows NT 10.0; Win64; x64) AppleWebKit/537.36 (KHTML, like Gecko) Chrome/137.0.0.0 Safari/537.36"
103.78.16.215 - - [27/Jun/2025:12:44:21 +0000] "GET /favicon.ico HTTP/2.0" 302 - "https://www.lapma.in/wp-admin/" "Mozilla/5.0 (Windows NT 10.0; Win64; x64) AppleWebKit/537.36 (KHTML, like Gecko) Chrome/137.0.0.0 Safari/537.36"
103.78.16.215 - - [27/Jun/2025:12:44:20 +0000] "POST /wp-admin/admin-ajax.php HTTP/2.0" 200 294 "https://www.lapma.in/wp-admin/" "Mozilla/5.0 (Windows NT 10.0; Win64; x64) AppleWebKit/537.36 (KHTML, like Gecko) Chrome/137.0.0.0 Safari/537.36"
103.78.16.215 - - [27/Jun/2025:12:44:28 +0000] "GET /wp-admin/theme-editor.php HTTP/2.0" 200 22315 "https://www.lapma.in/wp-admin/" "Mozilla/5.0 (Windows NT 10.0; Win64; x64) AppleWebKit/537.36 (KHTML, like Gecko) Chrome/137.0.0.0 Safari/537.36"
103.78.16.215 - - [27/Jun/2025:12:44:31 +0000] "GET /wp-admin/js/code-editor.min.js?ver=6.8.1 HTTP/2.0" 200 1300 "https://www.lapma.in/wp-admin/theme-editor.php" "Mozilla/5.0 (Windows NT 10.0; Win64; x64) AppleWebKit/537.36 (KHTML, like Gecko) Chrome/137.0.0.0 Safari/537.36"
103.78.16.215 - - [27/Jun/2025:12:44:31 +0000] "GET /wp-admin/js/theme-plugin-editor.min.js?ver=6.8.1 HTTP/2.0" 200 3685 "https://www.lapma.in/wp-admin/theme-editor.php" "Mozilla/5.0 (Windows NT 10.0; Win64; x64) AppleWebKit/537.36 (KHTML, like Gecko) Chrome/137.0.0.0 Safari/537.36"
103.78.16.215 - - [27/Jun/2025:12:44:36 +0000] "GET /wp-admin/theme-editor.php?file=functions.php&theme=lapma HTTP/2.0" 200 45869 "https://www.lapma.in/wp-admin/theme-editor.php" "Mozilla/5.0 (Windows NT 10.0; Win64; x64) AppleWebKit/537.36 (KHTML, like Gecko) Chrome/137.0.0.0 Safari/537.36"
139.59.17.158 - - [27/Jun/2025:12:45:41 +0000] "POST /wp-cron.php?doing_wp_cron=1751028341.9047698974609375000000 HTTP/1.1" 200 - "-" "WordPress/6.8.1; https://www.lapma.in"
103.78.16.215 - - [27/Jun/2025:12:45:40 +0000] "POST /wp-admin/admin-ajax.php HTTP/2.0" 200 67 "https://www.lapma.in/wp-admin/theme-editor.php?file=functions.php&theme=lapma" "Mozilla/5.0 (Windows NT 10.0; Win64; x64) AppleWebKit/537.36 (KHTML, like Gecko) Chrome/137.0.0.0 Safari/537.36"
139.59.17.158 - - [27/Jun/2025:12:47:06 +0000] "POST /wp-cron.php?doing_wp_cron=1751028426.8185770511627197265625 HTTP/1.1" 200 - "-" "WordPress/6.8.1; https://www.lapma.in"
103.78.16.215 - - [27/Jun/2025:12:47:04 +0000] "POST /wp-admin/admin-ajax.php HTTP/2.0" 200 67 "https://www.lapma.in/wp-admin/theme-editor.php?file=functions.php&theme=lapma" "Mozilla/5.0 (Windows NT 10.0; Win64; x64) AppleWebKit/537.36 (KHTML, like Gecko) Chrome/137.0.0.0 Safari/537.36"
139.59.17.158 - - [27/Jun/2025:12:47:53 +0000] "GET /wp-admin/theme-editor.php?theme=lapma&file=functions.php&wp_scrape_key=1b5d62f97648872337588ef32f9e8bb4&wp_scrape_nonce=607284930 HTTP/1.1" 500 218 "-" "WordPress/6.8.1; https://www.lapma.in"
103.78.16.215 - - [27/Jun/2025:12:47:50 +0000] "POST /wp-admin/admin-ajax.php HTTP/2.0" 200 181 "https://www.lapma.in/wp-admin/theme-editor.php?file=functions.php&theme=lapma" "Mozilla/5.0 (Windows NT 10.0; Win64; x64) AppleWebKit/537.36 (KHTML, like Gecko) Chrome/137.0.0.0 Safari/537.36"
103.78.16.215 - - [27/Jun/2025:12:47:59 +0000] "POST /wp-admin/admin-ajax.php HTTP/2.0" 200 67 "https://www.lapma.in/wp-admin/theme-editor.php?file=functions.php&theme=lapma" "Mozilla/5.0 (Windows NT 10.0; Win64; x64) AppleWebKit/537.36 (KHTML, like Gecko) Chrome/137.0.0.0 Safari/537.36"
139.59.17.158 - - [27/Jun/2025:12:48:26 +0000] "POST /wp-cron.php?doing_wp_cron=1751028506.6066999435424804687500 HTTP/1.1" 200 - "-" "WordPress/6.8.1; https://www.lapma.in"
139.59.17.158 - - [27/Jun/2025:12:48:27 +0000] "GET /wp-admin/theme-editor.php?theme=lapma&file=functions.php&wp_scrape_key=182f5b33f504f8092702446575ed49e5&wp_scrape_nonce=1492284045 HTTP/1.1" 200 47830 "-" "WordPress/6.8.1; https://www.lapma.in"
139.59.17.158 - - [27/Jun/2025:12:48:30 +0000] "GET /?wp_scrape_key=182f5b33f504f8092702446575ed49e5&wp_scrape_nonce=1492284045 HTTP/1.1" 404 13021 "-" "WordPress/6.8.1; https://www.lapma.in"
103.78.16.215 - - [27/Jun/2025:12:48:23 +0000] "POST /wp-admin/admin-ajax.php HTTP/2.0" 200 77 "https://www.lapma.in/wp-admin/theme-editor.php?file=functions.php&theme=lapma" "Mozilla/5.0 (Windows NT 10.0; Win64; x64) AppleWebKit/537.36 (KHTML, like Gecko) Chrome/137.0.0.0 Safari/537.36"
103.78.16.215 - - [27/Jun/2025:12:48:53 +0000] "GET /wp-json/custom/v1/wc-nonce HTTP/1.1" 404 68 "-" "Dart/3.6 (dart:io)"
103.78.16.215 - - [27/Jun/2025:12:48:56 +0000] "GET /wp-json/wc/store/v1/cart HTTP/1.1" 404 1606 "-" "Dart/3.6 (dart:io)"
103.78.16.215 - - [27/Jun/2025:12:49:00 +0000] "POST /wp-admin/admin-ajax.php HTTP/2.0" 200 67 "https://www.lapma.in/wp-admin/theme-editor.php?file=functions.php&theme=lapma" "Mozilla/5.0 (Windows NT 10.0; Win64; x64) AppleWebKit/537.36 (KHTML, like Gecko) Chrome/137.0.0.0 Safari/537.36"
139.59.17.158 - - [27/Jun/2025:12:49:07 +0000] "POST /wp-cron.php?doing_wp_cron=1751028547.7252490520477294921875 HTTP/1.1" 200 - "-" "WordPress/6.8.1; https://www.lapma.in"
103.78.16.215 - - [27/Jun/2025:12:49:05 +0000] "GET /wp-json/custom/v1/wc-nonce HTTP/1.1" 404 68 "-" "Dart/3.6 (dart:io)"
103.78.16.215 - - [27/Jun/2025:12:49:08 +0000] "POST /wp-json/custom/v1/clear-cart HTTP/1.1" 500 1118 "-" "Dart/3.6 (dart:io)"
139.59.17.158 - - [27/Jun/2025:12:49:35 +0000] "GET /wp-admin/theme-editor.php?theme=lapma&file=functions.php&wp_scrape_key=6dd4f761d5d992131cf4feab77ebaf22&wp_scrape_nonce=522726425 HTTP/1.1" 200 46022 "-" "WordPress/6.8.1; https://www.lapma.in"
139.59.17.158 - - [27/Jun/2025:12:49:37 +0000] "GET /?wp_scrape_key=6dd4f761d5d992131cf4feab77ebaf22&wp_scrape_nonce=522726425 HTTP/1.1" 404 13019 "-" "WordPress/6.8.1; https://www.lapma.in"
103.78.16.215 - - [27/Jun/2025:12:49:32 +0000] "POST /wp-admin/admin-ajax.php HTTP/2.0" 200 77 "https://www.lapma.in/wp-admin/theme-editor.php?file=functions.php&theme=lapma" "Mozilla/5.0 (Windows NT 10.0; Win64; x64) AppleWebKit/537.36 (KHTML, like Gecko) Chrome/137.0.0.0 Safari/537.36"
103.78.16.215 - - [27/Jun/2025:12:49:38 +0000] "GET /wp-json/custom/v1/wc-nonce HTTP/1.1" 404 68 "-" "Dart/3.6 (dart:io)"
103.78.16.215 - - [27/Jun/2025:12:49:41 +0000] "GET /wp-json/wc/store/v1/cart HTTP/1.1" 404 1606 "-" "Dart/3.6 (dart:io)"
103.78.16.215 - - [27/Jun/2025:12:50:01 +0000] "POST /wp-admin/admin-ajax.php HTTP/2.0" 200 67 "https://www.lapma.in/wp-admin/theme-editor.php?file=functions.php&theme=lapma" "Mozilla/5.0 (Windows NT 10.0; Win64; x64) AppleWebKit/537.36 (KHTML, like Gecko) Chrome/137.0.0.0 Safari/537.36"
139.59.17.158 - - [27/Jun/2025:12:50:26 +0000] "POST /wp-cron.php?doing_wp_cron=1751028626.2238600254058837890625 HTTP/1.1" 200 - "-" "WordPress/6.8.1; https://www.lapma.in"
103.78.16.215 - - [27/Jun/2025:12:50:24 +0000] "POST /wp-json/jwt-auth/v1/token HTTP/1.1" 404 312 "-" "Dart/3.6 (dart:io)"
103.78.16.215 - - [27/Jun/2025:12:50:27 +0000] "GET /wp-json/wc/v3/products/categories?consumer_key=ck_0f34dd898cafb797b88cbfdf555d0bee59043410&consumer_secret=cs_352434f91cd6d44fec82238e32c205a2949fd29f&page=1&per_page=10 HTTP/1.1" 404 775 "-" "Dart/3.6 (dart:io)"
103.78.16.215 - - [27/Jun/2025:12:50:27 +0000] "GET /wp-json/wc/v3/products?consumer_key=ck_0f34dd898cafb797b88cbfdf555d0bee59043410&consumer_secret=cs_352434f91cd6d44fec82238e32c205a2949fd29f&page=1&per_page=10 HTTP/1.1" 404 3813 "-" "Dart/3.6 (dart:io)"
103.78.16.215 - - [27/Jun/2025:12:50:31 +0000] "GET /wp-content/uploads/2024/04/category-img7.png HTTP/1.1" 200 40393 "-" "Dart/3.6 (dart:io)"
103.78.16.215 - - [27/Jun/2025:12:50:31 +0000] "GET /wp-content/uploads/2024/04/category-img6.png HTTP/1.1" 200 41121 "-" "Dart/3.6 (dart:io)"
103.78.16.215 - - [27/Jun/2025:12:50:31 +0000] "GET /wp-content/uploads/2024/04/category-img5.png HTTP/1.1" 200 36368 "-" "Dart/3.6 (dart:io)"
103.78.16.215 - - [27/Jun/2025:12:50:31 +0000] "GET /wp-content/uploads/2024/04/category-img4.png HTTP/1.1" 200 40550 "-" "Dart/3.6 (dart:io)"
103.78.16.215 - - [27/Jun/2025:12:50:31 +0000] "GET /wp-content/uploads/2024/04/category-img2.png HTTP/1.1" 200 34785 "-" "Dart/3.6 (dart:io)"
103.78.16.215 - - [27/Jun/2025:12:50:27 +0000] "GET /wp-json/wc/v3/products?consumer_key=ck_0f34dd898cafb797b88cbfdf555d0bee59043410&consumer_secret=cs_352434f91cd6d44fec82238e32c205a2949fd29f&page=1&per_page=50 HTTP/1.1" 404 4355 "-" "Dart/3.6 (dart:io)"
103.78.16.215 - - [27/Jun/2025:12:50:31 +0000] "GET /wp-content/uploads/2024/11/51755558-75e9-42f4-969c-733e84c041b0.jpg HTTP/1.1" 200 59876 "-" "Dart/3.6 (dart:io)"
103.78.16.215 - - [27/Jun/2025:12:50:31 +0000] "GET /wp-content/uploads/2024/05/product-img20.jpg HTTP/1.1" 200 81791 "-" "Dart/3.6 (dart:io)"
103.78.16.215 - - [27/Jun/2025:12:50:32 +0000] "GET /wp-content/uploads/2024/05/product-img17.jpg HTTP/1.1" 200 65481 "-" "Dart/3.6 (dart:io)"
103.78.16.215 - - [27/Jun/2025:12:50:32 +0000] "GET /wp-content/uploads/2024/05/product-img11.jpg HTTP/1.1" 200 39451 "-" "Dart/3.6 (dart:io)"
103.78.16.215 - - [27/Jun/2025:12:50:32 +0000] "GET /wp-json/custom/v1/wc-nonce HTTP/1.1" 404 68 "-" "Dart/3.6 (dart:io)"
103.78.16.215 - - [27/Jun/2025:12:50:35 +0000] "GET /wp-json/wc/store/v1/cart HTTP/1.1" 404 1137 "-" "Dart/3.6 (dart:io)"
103.78.16.215 - - [27/Jun/2025:12:50:38 +0000] "GET /wp-content/uploads/2024/04/product-img1.jpg HTTP/1.1" 200 15663 "-" "Dart/3.6 (dart:io)"
103.78.16.215 - - [27/Jun/2025:12:50:38 +0000] "GET /wp-content/uploads/2024/05/product-img3.jpg HTTP/1.1" 200 90914 "-" "Dart/3.6 (dart:io)"
139.59.17.158 - - [27/Jun/2025:12:51:34 +0000] "POST /wp-cron.php?doing_wp_cron=1751028694.4108049869537353515625 HTTP/1.1" 200 - "-" "WordPress/6.8.1; https://www.lapma.in"
103.78.16.215 - - [27/Jun/2025:12:51:32 +0000] "GET /wp-json/custom/v1/wc-nonce HTTP/1.1" 404 68 "-" "Dart/3.6 (dart:io)"
103.78.16.215 - - [27/Jun/2025:12:51:35 +0000] "POST /wp-json/custom/v1/clear-cart HTTP/1.1" 500 1118 "-" "Dart/3.6 (dart:io)"
103.78.16.215 - - [27/Jun/2025:12:51:42 +0000] "GET /wp-json/custom/v1/wc-nonce HTTP/1.1" 404 68 "-" "Dart/3.6 (dart:io)"
103.78.16.215 - - [27/Jun/2025:12:51:44 +0000] "POST /wp-admin/admin-ajax.php HTTP/2.0" 200 67 "https://www.lapma.in/wp-admin/theme-editor.php?file=functions.php&theme=lapma" "Mozilla/5.0 (Windows NT 10.0; Win64; x64) AppleWebKit/537.36 (KHTML, like Gecko) Chrome/137.0.0.0 Safari/537.36"
103.78.16.215 - - [27/Jun/2025:12:51:45 +0000] "GET /wp-json/wc/store/v1/cart HTTP/1.1" 404 1137 "-" "Dart/3.6 (dart:io)"
139.59.17.158 - - [27/Jun/2025:12:53:47 +0000] "POST /wp-cron.php?doing_wp_cron=1751028827.6689031124114990234375 HTTP/1.1" 200 - "-" "WordPress/6.8.1; https://www.lapma.in"
103.78.16.215 - - [27/Jun/2025:12:53:45 +0000] "POST /wp-admin/admin-ajax.php HTTP/2.0" 200 67 "https://www.lapma.in/wp-admin/theme-editor.php?file=functions.php&theme=lapma" "Mozilla/5.0 (Windows NT 10.0; Win64; x64) AppleWebKit/537.36 (KHTML, like Gecko) Chrome/137.0.0.0 Safari/537.36"
139.59.17.158 - - [27/Jun/2025:12:56:11 +0000] "POST /wp-cron.php?doing_wp_cron=1751028971.3742020130157470703125 HTTP/1.1" 200 - "-" "WordPress/6.8.1; https://www.lapma.in"
103.78.16.215 - - [27/Jun/2025:12:56:09 +0000] "POST /wp-admin/admin-ajax.php HTTP/2.0" 200 67 "https://www.lapma.in/wp-admin/theme-editor.php?file=functions.php&theme=lapma" "Mozilla/5.0 (Windows NT 10.0; Win64; x64) AppleWebKit/537.36 (KHTML, like Gecko) Chrome/137.0.0.0 Safari/537.36"
139.59.17.158 - - [27/Jun/2025:12:57:48 +0000] "POST /wp-cron.php?doing_wp_cron=1751029068.9160430431365966796875 HTTP/1.1" 200 - "-" "WordPress/6.8.1; https://www.lapma.in"
103.78.16.215 - - [27/Jun/2025:12:57:47 +0000] "POST /wp-admin/admin-ajax.php HTTP/2.0" 200 67 "https://www.lapma.in/wp-admin/theme-editor.php?file=functions.php&theme=lapma" "Mozilla/5.0 (Windows NT 10.0; Win64; x64) AppleWebKit/537.36 (KHTML, like Gecko) Chrome/137.0.0.0 Safari/537.36"
139.59.17.158 - - [27/Jun/2025:12:59:49 +0000] "POST /wp-cron.php?doing_wp_cron=1751029189.9270589351654052734375 HTTP/1.1" 200 - "-" "WordPress/6.8.1; https://www.lapma.in"
103.78.16.215 - - [27/Jun/2025:12:59:48 +0000] "POST /wp-admin/admin-ajax.php HTTP/2.0" 200 67 "https://www.lapma.in/wp-admin/theme-editor.php?file=functions.php&theme=lapma" "Mozilla/5.0 (Windows NT 10.0; Win64; x64) AppleWebKit/537.36 (KHTML, like Gecko) Chrome/137.0.0.0 Safari/537.36"
129.146.4.238 - - [27/Jun/2025:13:01:30 +0000] "GET / HTTP/1.1" 301 291 "https://lakeviewoutdoorcreations.com//blog//wp-login.php" "Mozilla/5.0 (Windows NT 10.0; Win64; x64) AppleWebKit/537.36 (KHTML, like Gecko) Chrome/131.0.0.0 Safari/537.36"
139.59.17.158 - - [27/Jun/2025:13:01:32 +0000] "POST /wp-cron.php?doing_wp_cron=1751029292.9415240287780761718750 HTTP/1.1" 200 - "-" "WordPress/6.8.1; https://www.lapma.in"
129.146.4.238 - - [27/Jun/2025:13:01:31 +0000] "GET //xmlrpc.php?rsd HTTP/1.1" 200 786 "https://lakeviewoutdoorcreations.com//blog//wp-login.php" "Mozilla/5.0 (Windows NT 10.0; Win64; x64) AppleWebKit/537.36 (KHTML, like Gecko) Chrome/131.0.0.0 Safari/537.36"
129.146.4.238 - - [27/Jun/2025:13:01:33 +0000] "GET //wp-json/wp/v2/users/ HTTP/1.1" 404 1372 "https://lakeviewoutdoorcreations.com//blog//wp-login.php" "Mozilla/5.0 (Windows NT 10.0; Win64; x64) AppleWebKit/537.36 (KHTML, like Gecko) Chrome/131.0.0.0 Safari/537.36"
129.146.4.238 - - [27/Jun/2025:13:01:37 +0000] "GET //?author=1 HTTP/1.1" 301 - "https://lakeviewoutdoorcreations.com//blog//wp-login.php" "Mozilla/5.0 (Windows NT 10.0; Win64; x64) AppleWebKit/537.36 (KHTML, like Gecko) Chrome/131.0.0.0 Safari/537.36"
129.146.4.238 - - [27/Jun/2025:13:01:40 +0000] "POST //xmlrpc.php HTTP/1.1" 200 401 "-" "Mozilla/5.0 (Windows NT 10.0; Win64; x64) AppleWebKit/537.36 (KHTML, like Gecko) Chrome/131.0.0.0 Safari/537.36"
129.146.4.238 - - [27/Jun/2025:13:01:44 +0000] "POST //xmlrpc.php HTTP/1.1" 200 401 "-" "Mozilla/5.0 (Windows NT 10.0; Win64; x64) AppleWebKit/537.36 (KHTML, like Gecko) Chrome/131.0.0.0 Safari/537.36"
129.146.4.238 - - [27/Jun/2025:13:01:47 +0000] "POST //xmlrpc.php HTTP/1.1" 200 401 "-" "Mozilla/5.0 (Windows NT 10.0; Win64; x64) AppleWebKit/537.36 (KHTML, like Gecko) Chrome/131.0.0.0 Safari/537.36"
103.78.16.215 - - [27/Jun/2025:13:01:49 +0000] "POST /wp-admin/admin-ajax.php HTTP/2.0" 200 67 "https://www.lapma.in/wp-admin/theme-editor.php?file=functions.php&theme=lapma" "Mozilla/5.0 (Windows NT 10.0; Win64; x64) AppleWebKit/537.36 (KHTML, like Gecko) Chrome/137.0.0.0 Safari/537.36"
129.146.4.238 - - [27/Jun/2025:13:01:50 +0000] "POST //xmlrpc.php HTTP/1.1" 200 401 "-" "Mozilla/5.0 (Windows NT 10.0; Win64; x64) AppleWebKit/537.36 (KHTML, like Gecko) Chrome/131.0.0.0 Safari/537.36"
129.146.4.238 - - [27/Jun/2025:13:01:54 +0000] "POST //xmlrpc.php HTTP/1.1" 200 401 "-" "Mozilla/5.0 (Windows NT 10.0; Win64; x64) AppleWebKit/537.36 (KHTML, like Gecko) Chrome/131.0.0.0 Safari/537.36"
129.146.4.238 - - [27/Jun/2025:13:01:57 +0000] "POST //xmlrpc.php HTTP/1.1" 200 401 "-" "Mozilla/5.0 (Windows NT 10.0; Win64; x64) AppleWebKit/537.36 (KHTML, like Gecko) Chrome/131.0.0.0 Safari/537.36"
129.146.4.238 - - [27/Jun/2025:13:02:00 +0000] "POST //xmlrpc.php HTTP/1.1" 200 401 "-" "Mozilla/5.0 (Windows NT 10.0; Win64; x64) AppleWebKit/537.36 (KHTML, like Gecko) Chrome/131.0.0.0 Safari/537.36"
129.146.4.238 - - [27/Jun/2025:13:02:04 +0000] "POST //xmlrpc.php HTTP/1.1" 200 401 "-" "Mozilla/5.0 (Windows NT 10.0; Win64; x64) AppleWebKit/537.36 (KHTML, like Gecko) Chrome/131.0.0.0 Safari/537.36"
139.59.17.158 - - [27/Jun/2025:13:02:08 +0000] "POST /wp-cron.php?doing_wp_cron=1751029328.2299730777740478515625 HTTP/1.1" 200 - "-" "WordPress/6.8.1; https://www.lapma.in"
103.78.16.215 - - [27/Jun/2025:13:02:05 +0000] "GET /wp-json/custom/v1/wc-nonce HTTP/1.1" 404 68 "-" "Dart/3.6 (dart:io)"
129.146.4.238 - - [27/Jun/2025:13:02:07 +0000] "POST //xmlrpc.php HTTP/1.1" 200 401 "-" "Mozilla/5.0 (Windows NT 10.0; Win64; x64) AppleWebKit/537.36 (KHTML, like Gecko) Chrome/131.0.0.0 Safari/537.36"
103.78.16.215 - - [27/Jun/2025:13:02:10 +0000] "GET /wp-json/wc/store/v1/cart HTTP/1.1" 404 1137 "-" "Dart/3.6 (dart:io)"
129.146.4.238 - - [27/Jun/2025:13:02:11 +0000] "POST //xmlrpc.php HTTP/1.1" 200 401 "-" "Mozilla/5.0 (Windows NT 10.0; Win64; x64) AppleWebKit/537.36 (KHTML, like Gecko) Chrome/131.0.0.0 Safari/537.36"
129.146.4.238 - - [27/Jun/2025:13:02:14 +0000] "POST //xmlrpc.php HTTP/1.1" 200 401 "-" "Mozilla/5.0 (Windows NT 10.0; Win64; x64) AppleWebKit/537.36 (KHTML, like Gecko) Chrome/131.0.0.0 Safari/537.36"
129.146.4.238 - - [27/Jun/2025:13:02:18 +0000] "POST //xmlrpc.php HTTP/1.1" 200 401 "-" "Mozilla/5.0 (Windows NT 10.0; Win64; x64) AppleWebKit/537.36 (KHTML, like Gecko) Chrome/131.0.0.0 Safari/537.36"
103.78.16.215 - - [27/Jun/2025:13:02:17 +0000] "GET /wp-json/custom/v1/wc-nonce HTTP/1.1" 404 68 "-" "Dart/3.6 (dart:io)"
