27.62.70.128 - - [27/Jun/2025:09:49:26 +0000] "GET /wp-json/wc-analytics/admin/notes?page=1&per_page=25&type=error%2Cupdate&status=unactioned&_locale=user HTTP/2.0" 404 784 "https://www.lapma.in/wp-admin/admin.php?page=wc-settings&tab=checkout" "Mozilla/5.0 (Windows NT 10.0; Win64; x64) AppleWebKit/537.36 (KHTML, like Gecko) Chrome/137.0.0.0 Safari/537.36"
27.62.70.128 - - [27/Jun/2025:09:49:26 +0000] "GET /wp-json/wc-admin/options?options=woocommerce_allow_tracking&_locale=user HTTP/2.0" 404 55 "https://www.lapma.in/wp-admin/admin.php?page=wc-settings&tab=checkout" "Mozilla/5.0 (Windows NT 10.0; Win64; x64) AppleWebKit/537.36 (KHTML, like Gecko) Chrome/137.0.0.0 Safari/537.36"
27.62.70.128 - - [27/Jun/2025:09:49:26 +0000] "GET /wp-json/wc-admin/options?options=woocommerce_coming_soon%2Cwoocommerce_store_pages_only%2Cwoocommerce_private_link%2Cwoocommerce_share_key%2Cwoocommerce_admin_transient_notices_queue%2Cwoocommerce_admin_install_timestamp%2Cwoocommerce_show_marketplace_suggestions&_locale=user HTTP/2.0" 404 163 "https://www.lapma.in/wp-admin/admin.php?page=wc-settings&tab=checkout" "Mozilla/5.0 (Windows NT 10.0; Win64; x64) AppleWebKit/537.36 (KHTML, like Gecko) Chrome/137.0.0.0 Safari/537.36"
27.62.70.128 - - [27/Jun/2025:09:49:26 +0000] "GET /wp-json/wc/v3/payment_gateways?_locale=user HTTP/2.0" 404 1959 "https://www.lapma.in/wp-admin/admin.php?page=wc-settings&tab=checkout" "Mozilla/5.0 (Windows NT 10.0; Win64; x64) AppleWebKit/537.36 (KHTML, like Gecko) Chrome/137.0.0.0 Safari/537.36"
27.62.70.128 - - [27/Jun/2025:09:49:26 +0000] "GET /wp-json/wc-admin/onboarding/tasks?_locale=user HTTP/2.0" 404 1232 "https://www.lapma.in/wp-admin/admin.php?page=wc-settings&tab=checkout" "Mozilla/5.0 (Windows NT 10.0; Win64; x64) AppleWebKit/537.36 (KHTML, like Gecko) Chrome/137.0.0.0 Safari/537.36"
27.62.70.128 - - [27/Jun/2025:09:49:29 +0000] "GET /wp-admin/admin.php?page=wc-settings&tab=checkout&section=airpay HTTP/2.0" 200 51927 "https://www.lapma.in/wp-admin/admin.php?page=wc-settings&tab=checkout" "Mozilla/5.0 (Windows NT 10.0; Win64; x64) AppleWebKit/537.36 (KHTML, like Gecko) Chrome/137.0.0.0 Safari/537.36"
27.62.70.128 - - [27/Jun/2025:09:49:35 +0000] "GET /wp-json/wp/v2/users/me?context=edit&_locale=user HTTP/2.0" 404 1354 "https://www.lapma.in/wp-admin/admin.php?page=wc-settings&tab=checkout&section=airpay" "Mozilla/5.0 (Windows NT 10.0; Win64; x64) AppleWebKit/537.36 (KHTML, like Gecko) Chrome/137.0.0.0 Safari/537.36"
27.62.70.128 - - [27/Jun/2025:09:49:35 +0000] "GET /wp-json/wc-analytics/admin/notes?page=1&per_page=25&type=error%2Cupdate&status=unactioned&_locale=user HTTP/2.0" 404 794 "https://www.lapma.in/wp-admin/admin.php?page=wc-settings&tab=checkout&section=airpay" "Mozilla/5.0 (Windows NT 10.0; Win64; x64) AppleWebKit/537.36 (KHTML, like Gecko) Chrome/137.0.0.0 Safari/537.36"
27.62.70.128 - - [27/Jun/2025:09:49:35 +0000] "GET /wp-json/wc-admin/options?options=woocommerce_coming_soon%2Cwoocommerce_store_pages_only%2Cwoocommerce_private_link%2Cwoocommerce_share_key%2Cwoocommerce_admin_transient_notices_queue%2Cwoocommerce_admin_install_timestamp&_locale=user HTTP/2.0" 404 141 "https://www.lapma.in/wp-admin/admin.php?page=wc-settings&tab=checkout&section=airpay" "Mozilla/5.0 (Windows NT 10.0; Win64; x64) AppleWebKit/537.36 (KHTML, like Gecko) Chrome/137.0.0.0 Safari/537.36"
27.62.70.128 - - [27/Jun/2025:09:49:35 +0000] "GET /wp-json/wc-admin/onboarding/tasks?_locale=user HTTP/2.0" 404 1232 "https://www.lapma.in/wp-admin/admin.php?page=wc-settings&tab=checkout&section=airpay" "Mozilla/5.0 (Windows NT 10.0; Win64; x64) AppleWebKit/537.36 (KHTML, like Gecko) Chrome/137.0.0.0 Safari/537.36"
27.62.70.128 - - [27/Jun/2025:09:49:35 +0000] "GET /wp-json/wc-admin/options?options=woocommerce_allow_tracking&_locale=user HTTP/2.0" 404 55 "https://www.lapma.in/wp-admin/admin.php?page=wc-settings&tab=checkout&section=airpay" "Mozilla/5.0 (Windows NT 10.0; Win64; x64) AppleWebKit/537.36 (KHTML, like Gecko) Chrome/137.0.0.0 Safari/537.36"
27.62.70.128 - - [27/Jun/2025:09:49:35 +0000] "GET /wp-json/wc-admin/options?options=woocommerce_ces_tracks_queue&_locale=user HTTP/2.0" 404 58 "https://www.lapma.in/wp-admin/admin.php?page=wc-settings&tab=checkout&section=airpay" "Mozilla/5.0 (Windows NT 10.0; Win64; x64) AppleWebKit/537.36 (KHTML, like Gecko) Chrome/137.0.0.0 Safari/537.36"
139.59.17.158 - - [27/Jun/2025:09:50:38 +0000] "POST /wp-cron.php?doing_wp_cron=1751017838.4183969497680664062500 HTTP/1.1" 200 - "-" "WordPress/6.8.1; https://www.lapma.in"
27.62.70.128 - - [27/Jun/2025:09:50:36 +0000] "POST /wp-admin/admin-ajax.php HTTP/2.0" 200 67 "https://www.lapma.in/wp-admin/admin.php?page=wc-settings&tab=checkout&section=airpay" "Mozilla/5.0 (Windows NT 10.0; Win64; x64) AppleWebKit/537.36 (KHTML, like Gecko) Chrome/137.0.0.0 Safari/537.36"
27.62.70.128 - - [27/Jun/2025:09:50:48 +0000] "POST /wp-admin/admin.php?page=wc-settings&tab=checkout&section=airpay HTTP/2.0" 200 51967 "https://www.lapma.in/wp-admin/admin.php?page=wc-settings&tab=checkout&section=airpay" "Mozilla/5.0 (Windows NT 10.0; Win64; x64) AppleWebKit/537.36 (KHTML, like Gecko) Chrome/137.0.0.0 Safari/537.36"
27.62.70.128 - - [27/Jun/2025:09:50:51 +0000] "GET /wp-json/wp/v2/users/me?context=edit&_locale=user HTTP/2.0" 404 1354 "https://www.lapma.in/wp-admin/admin.php?page=wc-settings&tab=checkout&section=airpay" "Mozilla/5.0 (Windows NT 10.0; Win64; x64) AppleWebKit/537.36 (KHTML, like Gecko) Chrome/137.0.0.0 Safari/537.36"
27.62.70.128 - - [27/Jun/2025:09:50:51 +0000] "GET /wp-json/wc-admin/onboarding/tasks?_locale=user HTTP/2.0" 404 1232 "https://www.lapma.in/wp-admin/admin.php?page=wc-settings&tab=checkout&section=airpay" "Mozilla/5.0 (Windows NT 10.0; Win64; x64) AppleWebKit/537.36 (KHTML, like Gecko) Chrome/137.0.0.0 Safari/537.36"
27.62.70.128 - - [27/Jun/2025:09:50:51 +0000] "GET /wp-json/wc-admin/options?options=woocommerce_ces_tracks_queue&_locale=user HTTP/2.0" 404 58 "https://www.lapma.in/wp-admin/admin.php?page=wc-settings&tab=checkout&section=airpay" "Mozilla/5.0 (Windows NT 10.0; Win64; x64) AppleWebKit/537.36 (KHTML, like Gecko) Chrome/137.0.0.0 Safari/537.36"
27.62.70.128 - - [27/Jun/2025:09:50:51 +0000] "GET /wp-json/wc-analytics/admin/notes?page=1&per_page=25&type=error%2Cupdate&status=unactioned&_locale=user HTTP/2.0" 404 794 "https://www.lapma.in/wp-admin/admin.php?page=wc-settings&tab=checkout&section=airpay" "Mozilla/5.0 (Windows NT 10.0; Win64; x64) AppleWebKit/537.36 (KHTML, like Gecko) Chrome/137.0.0.0 Safari/537.36"
27.62.70.128 - - [27/Jun/2025:09:50:51 +0000] "GET /wp-json/wc-admin/options?options=woocommerce_allow_tracking&_locale=user HTTP/2.0" 404 55 "https://www.lapma.in/wp-admin/admin.php?page=wc-settings&tab=checkout&section=airpay" "Mozilla/5.0 (Windows NT 10.0; Win64; x64) AppleWebKit/537.36 (KHTML, like Gecko) Chrome/137.0.0.0 Safari/537.36"
27.62.70.128 - - [27/Jun/2025:09:50:51 +0000] "GET /wp-json/wc-admin/options?options=woocommerce_coming_soon%2Cwoocommerce_store_pages_only%2Cwoocommerce_private_link%2Cwoocommerce_share_key%2Cwoocommerce_admin_transient_notices_queue%2Cwoocommerce_admin_install_timestamp&_locale=user HTTP/2.0" 404 141 "https://www.lapma.in/wp-admin/admin.php?page=wc-settings&tab=checkout&section=airpay" "Mozilla/5.0 (Windows NT 10.0; Win64; x64) AppleWebKit/537.36 (KHTML, like Gecko) Chrome/137.0.0.0 Safari/537.36"
139.59.17.158 - - [27/Jun/2025:09:51:54 +0000] "POST /wp-cron.php?doing_wp_cron=1751017914.4287269115447998046875 HTTP/1.1" 200 - "-" "WordPress/6.8.1; https://www.lapma.in"
27.62.70.128 - - [27/Jun/2025:09:51:52 +0000] "POST /wp-admin/admin-ajax.php HTTP/2.0" 200 67 "https://www.lapma.in/wp-admin/admin.php?page=wc-settings&tab=checkout&section=airpay" "Mozilla/5.0 (Windows NT 10.0; Win64; x64) AppleWebKit/537.36 (KHTML, like Gecko) Chrome/137.0.0.0 Safari/537.36"
139.59.17.158 - - [27/Jun/2025:09:52:18 +0000] "POST /wp-cron.php?doing_wp_cron=1751017938.3676190376281738281250 HTTP/1.1" 200 - "-" "WordPress/6.8.1; https://www.lapma.in"
27.62.70.128 - - [27/Jun/2025:09:52:16 +0000] "POST /thank-you HTTP/2.0" 404 7848 "https://payments.airpay.co.in/" "Mozilla/5.0 (Linux; U; Android 3.0; en-us; Xoom Build/HRI39) AppleWebKit/534.13 (KHTML, like Gecko) Version/4.0 Safari/534.13"
27.62.70.128 - - [27/Jun/2025:09:52:18 +0000] "GET /wp-content/themes/lapma/assets/css/bootstrap.min.css HTTP/2.0" 200 27518 "https://www.lapma.in/thank-you" "Mozilla/5.0 (Linux; U; Android 3.0; en-us; Xoom Build/HRI39) AppleWebKit/534.13 (KHTML, like Gecko) Version/4.0 Safari/534.13"
27.62.70.128 - - [27/Jun/2025:09:52:18 +0000] "GET /wp-content/themes/lapma/assets/css/fonts.css HTTP/2.0" 200 275 "https://www.lapma.in/thank-you" "Mozilla/5.0 (Linux; U; Android 3.0; en-us; Xoom Build/HRI39) AppleWebKit/534.13 (KHTML, like Gecko) Version/4.0 Safari/534.13"
27.62.70.128 - - [27/Jun/2025:09:52:18 +0000] "GET /wp-content/themes/lapma/assets/css/font-awesome.min.css HTTP/2.0" 200 6666 "https://www.lapma.in/thank-you" "Mozilla/5.0 (Linux; U; Android 3.0; en-us; Xoom Build/HRI39) AppleWebKit/534.13 (KHTML, like Gecko) Version/4.0 Safari/534.13"
27.62.70.128 - - [27/Jun/2025:09:52:18 +0000] "GET /wp-content/themes/lapma/assets/css/slick.css HTTP/2.0" 200 569 "https://www.lapma.in/thank-you" "Mozilla/5.0 (Linux; U; Android 3.0; en-us; Xoom Build/HRI39) AppleWebKit/534.13 (KHTML, like Gecko) Version/4.0 Safari/534.13"
27.62.70.128 - - [27/Jun/2025:09:52:18 +0000] "GET /wp-content/themes/lapma/assets/css/style.css?v=1751017938 HTTP/2.0" 200 15534 "https://www.lapma.in/thank-you" "Mozilla/5.0 (Linux; U; Android 3.0; en-us; Xoom Build/HRI39) AppleWebKit/534.13 (KHTML, like Gecko) Version/4.0 Safari/534.13"
27.62.70.128 - - [27/Jun/2025:09:52:18 +0000] "GET /wp-content/plugins/everest-forms/assets/css/everest-forms.css?ver=3.2.2 HTTP/2.0" 200 11241 "https://www.lapma.in/thank-you" "Mozilla/5.0 (Linux; U; Android 3.0; en-us; Xoom Build/HRI39) AppleWebKit/534.13 (KHTML, like Gecko) Version/4.0 Safari/534.13"
27.62.70.128 - - [27/Jun/2025:09:52:18 +0000] "GET /wp-content/themes/lapma/assets/css/slick-theme.css HTTP/2.0" 200 866 "https://www.lapma.in/thank-you" "Mozilla/5.0 (Linux; U; Android 3.0; en-us; Xoom Build/HRI39) AppleWebKit/534.13 (KHTML, like Gecko) Version/4.0 Safari/534.13"
27.62.70.128 - - [27/Jun/2025:09:52:18 +0000] "GET /wp-includes/css/dist/block-library/style.min.css?ver=6.8.1 HTTP/2.0" 200 15323 "https://www.lapma.in/thank-you" "Mozilla/5.0 (Linux; U; Android 3.0; en-us; Xoom Build/HRI39) AppleWebKit/534.13 (KHTML, like Gecko) Version/4.0 Safari/534.13"
27.62.70.128 - - [27/Jun/2025:09:52:18 +0000] "GET /wp-includes/css/dashicons.min.css?ver=6.8.1 HTTP/2.0" 200 35730 "https://www.lapma.in/thank-you" "Mozilla/5.0 (Linux; U; Android 3.0; en-us; Xoom Build/HRI39) AppleWebKit/534.13 (KHTML, like Gecko) Version/4.0 Safari/534.13"
27.62.70.128 - - [27/Jun/2025:09:52:18 +0000] "GET /wp-content/plugins/everest-forms/assets/css/intlTelInput.css?ver=3.2.2 HTTP/2.0" 200 4882 "https://www.lapma.in/thank-you" "Mozilla/5.0 (Linux; U; Android 3.0; en-us; Xoom Build/HRI39) AppleWebKit/534.13 (KHTML, like Gecko) Version/4.0 Safari/534.13"
27.62.70.128 - - [27/Jun/2025:09:52:19 +0000] "GET /wp-content/plugins/woocommerce/assets/css/woocommerce-smallscreen.css?ver=9.0.1 HTTP/2.0" 200 1181 "https://www.lapma.in/thank-you" "Mozilla/5.0 (Linux; U; Android 3.0; en-us; Xoom Build/HRI39) AppleWebKit/534.13 (KHTML, like Gecko) Version/4.0 Safari/534.13"
27.62.70.128 - - [27/Jun/2025:09:52:19 +0000] "GET /wp-content/plugins/woocommerce/assets/css/woocommerce.css?ver=9.0.1 HTTP/2.0" 200 9937 "https://www.lapma.in/thank-you" "Mozilla/5.0 (Linux; U; Android 3.0; en-us; Xoom Build/HRI39) AppleWebKit/534.13 (KHTML, like Gecko) Version/4.0 Safari/534.13"
27.62.70.128 - - [27/Jun/2025:09:52:19 +0000] "GET /wp-includes/js/jquery/jquery-migrate.min.js?ver=3.4.1 HTTP/2.0" 200 4872 "https://www.lapma.in/thank-you" "Mozilla/5.0 (Linux; U; Android 3.0; en-us; Xoom Build/HRI39) AppleWebKit/534.13 (KHTML, like Gecko) Version/4.0 Safari/534.13"
27.62.70.128 - - [27/Jun/2025:09:52:19 +0000] "GET /wp-content/uploads/2024/04/logo.svg HTTP/2.0" 200 7986 "https://www.lapma.in/thank-you" "Mozilla/5.0 (Linux; U; Android 3.0; en-us; Xoom Build/HRI39) AppleWebKit/534.13 (KHTML, like Gecko) Version/4.0 Safari/534.13"
27.62.70.128 - - [27/Jun/2025:09:52:19 +0000] "GET /wp-content/plugins/woocommerce/assets/css/woocommerce-layout.css?ver=9.0.1 HTTP/2.0" 200 2573 "https://www.lapma.in/thank-you" "Mozilla/5.0 (Linux; U; Android 3.0; en-us; Xoom Build/HRI39) AppleWebKit/534.13 (KHTML, like Gecko) Version/4.0 Safari/534.13"
27.62.70.128 - - [27/Jun/2025:09:52:19 +0000] "GET /wp-content/themes/lapma/assets/images/user-icon.svg HTTP/2.0" 200 215 "https://www.lapma.in/thank-you" "Mozilla/5.0 (Linux; U; Android 3.0; en-us; Xoom Build/HRI39) AppleWebKit/534.13 (KHTML, like Gecko) Version/4.0 Safari/534.13"
27.62.70.128 - - [27/Jun/2025:09:52:19 +0000] "GET /wp-includes/js/jquery/jquery.min.js?ver=3.7.1 HTTP/2.0" 200 30368 "https://www.lapma.in/thank-you" "Mozilla/5.0 (Linux; U; Android 3.0; en-us; Xoom Build/HRI39) AppleWebKit/534.13 (KHTML, like Gecko) Version/4.0 Safari/534.13"
27.62.70.128 - - [27/Jun/2025:09:52:19 +0000] "GET /wp-content/themes/lapma/assets/images/cart-icon.svg HTTP/2.0" 200 1116 "https://www.lapma.in/thank-you" "Mozilla/5.0 (Linux; U; Android 3.0; en-us; Xoom Build/HRI39) AppleWebKit/534.13 (KHTML, like Gecko) Version/4.0 Safari/534.13"
27.62.70.128 - - [27/Jun/2025:09:52:19 +0000] "GET /wp-content/themes/lapma/assets/js/bootstrap.min.js HTTP/2.0" 200 16138 "https://www.lapma.in/thank-you" "Mozilla/5.0 (Linux; U; Android 3.0; en-us; Xoom Build/HRI39) AppleWebKit/534.13 (KHTML, like Gecko) Version/4.0 Safari/534.13"
27.62.70.128 - - [27/Jun/2025:09:52:19 +0000] "GET /wp-content/themes/lapma/assets/js/jquery-3.7.0.min.js HTTP/2.0" 200 30337 "https://www.lapma.in/thank-you" "Mozilla/5.0 (Linux; U; Android 3.0; en-us; Xoom Build/HRI39) AppleWebKit/534.13 (KHTML, like Gecko) Version/4.0 Safari/534.13"
27.62.70.128 - - [27/Jun/2025:09:52:19 +0000] "GET /wp-content/themes/lapma/assets/js/slick.js HTTP/2.0" 200 15071 "https://www.lapma.in/thank-you" "Mozilla/5.0 (Linux; U; Android 3.0; en-us; Xoom Build/HRI39) AppleWebKit/534.13 (KHTML, like Gecko) Version/4.0 Safari/534.13"
27.62.70.128 - - [27/Jun/2025:09:52:19 +0000] "GET /wp-content/themes/lapma/assets/js/popper.min.js HTTP/2.0" 200 7154 "https://www.lapma.in/thank-you" "Mozilla/5.0 (Linux; U; Android 3.0; en-us; Xoom Build/HRI39) AppleWebKit/534.13 (KHTML, like Gecko) Version/4.0 Safari/534.13"
27.62.70.128 - - [27/Jun/2025:09:52:19 +0000] "GET /wp-content/themes/lapma/assets/js/custom.js?v=1751017938 HTTP/2.0" 200 1314 "https://www.lapma.in/thank-you" "Mozilla/5.0 (Linux; U; Android 3.0; en-us; Xoom Build/HRI39) AppleWebKit/534.13 (KHTML, like Gecko) Version/4.0 Safari/534.13"
27.62.70.128 - - [27/Jun/2025:09:52:19 +0000] "GET /wp-content/plugins/woocommerce/assets/client/blocks/wc-blocks.css?ver=wc-9.0.1 HTTP/2.0" 200 2556 "https://www.lapma.in/thank-you" "Mozilla/5.0 (Linux; U; Android 3.0; en-us; Xoom Build/HRI39) AppleWebKit/534.13 (KHTML, like Gecko) Version/4.0 Safari/534.13"
27.62.70.128 - - [27/Jun/2025:09:52:19 +0000] "GET /wp-content/plugins/woocommerce/assets/js/frontend/order-attribution.min.js?ver=9.0.1 HTTP/2.0" 200 1137 "https://www.lapma.in/thank-you" "Mozilla/5.0 (Linux; U; Android 3.0; en-us; Xoom Build/HRI39) AppleWebKit/534.13 (KHTML, like Gecko) Version/4.0 Safari/534.13"
27.62.70.128 - - [27/Jun/2025:09:52:19 +0000] "GET /wp-content/plugins/woocommerce/assets/js/jquery-blockui/jquery.blockUI.min.js?ver=2.7.0-wc.9.0.1 HTTP/2.0" 200 3537 "https://www.lapma.in/thank-you" "Mozilla/5.0 (Linux; U; Android 3.0; en-us; Xoom Build/HRI39) AppleWebKit/534.13 (KHTML, like Gecko) Version/4.0 Safari/534.13"
27.62.70.128 - - [27/Jun/2025:09:52:19 +0000] "GET /wp-content/plugins/woocommerce/assets/js/js-cookie/js.cookie.min.js?ver=2.1.4-wc.9.0.1 HTTP/2.0" 200 833 "https://www.lapma.in/thank-you" "Mozilla/5.0 (Linux; U; Android 3.0; en-us; Xoom Build/HRI39) AppleWebKit/534.13 (KHTML, like Gecko) Version/4.0 Safari/534.13"
27.62.70.128 - - [27/Jun/2025:09:52:19 +0000] "GET /wp-content/plugins/woocommerce/assets/js/frontend/woocommerce.min.js?ver=9.0.1 HTTP/2.0" 200 948 "https://www.lapma.in/thank-you" "Mozilla/5.0 (Linux; U; Android 3.0; en-us; Xoom Build/HRI39) AppleWebKit/534.13 (KHTML, like Gecko) Version/4.0 Safari/534.13"
27.62.70.128 - - [27/Jun/2025:09:52:19 +0000] "GET /wp-content/uploads/2024/05/quality-icon.svg HTTP/2.0" 200 23045 "https://www.lapma.in/thank-you" "Mozilla/5.0 (Linux; U; Android 3.0; en-us; Xoom Build/HRI39) AppleWebKit/534.13 (KHTML, like Gecko) Version/4.0 Safari/534.13"
27.62.70.128 - - [27/Jun/2025:09:52:19 +0000] "GET /wp-content/themes/lapma/assets/images/facebook-icon.svg HTTP/2.0" 200 238 "https://www.lapma.in/thank-you" "Mozilla/5.0 (Linux; U; Android 3.0; en-us; Xoom Build/HRI39) AppleWebKit/534.13 (KHTML, like Gecko) Version/4.0 Safari/534.13"
27.62.70.128 - - [27/Jun/2025:09:52:19 +0000] "GET /wp-content/plugins/woocommerce/assets/js/sourcebuster/sourcebuster.min.js?ver=9.0.1 HTTP/2.0" 200 4807 "https://www.lapma.in/thank-you" "Mozilla/5.0 (Linux; U; Android 3.0; en-us; Xoom Build/HRI39) AppleWebKit/534.13 (KHTML, like Gecko) Version/4.0 Safari/534.13"
27.62.70.128 - - [27/Jun/2025:09:52:19 +0000] "GET /wp-content/plugins/woocommerce/assets/js/frontend/add-to-cart.min.js?ver=9.0.1 HTTP/2.0" 200 1107 "https://www.lapma.in/thank-you" "Mozilla/5.0 (Linux; U; Android 3.0; en-us; Xoom Build/HRI39) AppleWebKit/534.13 (KHTML, like Gecko) Version/4.0 Safari/534.13"
27.62.70.128 - - [27/Jun/2025:09:52:19 +0000] "GET /wp-content/themes/lapma/assets/images/instagram-icon.svg HTTP/2.0" 200 1292 "https://www.lapma.in/thank-you" "Mozilla/5.0 (Linux; U; Android 3.0; en-us; Xoom Build/HRI39) AppleWebKit/534.13 (KHTML, like Gecko) Version/4.0 Safari/534.13"
27.62.70.128 - - [27/Jun/2025:09:52:19 +0000] "GET /wp-content/uploads/2024/05/delivery-icon.svg HTTP/2.0" 200 10444 "https://www.lapma.in/thank-you" "Mozilla/5.0 (Linux; U; Android 3.0; en-us; Xoom Build/HRI39) AppleWebKit/534.13 (KHTML, like Gecko) Version/4.0 Safari/534.13"
27.62.70.128 - - [27/Jun/2025:09:52:19 +0000] "GET /wp-content/uploads/2024/05/offers-icon.svg HTTP/2.0" 200 24185 "https://www.lapma.in/thank-you" "Mozilla/5.0 (Linux; U; Android 3.0; en-us; Xoom Build/HRI39) AppleWebKit/534.13 (KHTML, like Gecko) Version/4.0 Safari/534.13"
27.62.70.128 - - [27/Jun/2025:09:52:19 +0000] "GET /wp-content/themes/lapma/assets/images/x-icon.svg HTTP/2.0" 200 261 "https://www.lapma.in/thank-you" "Mozilla/5.0 (Linux; U; Android 3.0; en-us; Xoom Build/HRI39) AppleWebKit/534.13 (KHTML, like Gecko) Version/4.0 Safari/534.13"
27.62.70.128 - - [27/Jun/2025:09:52:19 +0000] "GET /wp-content/themes/lapma/assets/fonts/SailecLight.woff2 HTTP/2.0" 200 28683 "https://www.lapma.in/wp-content/themes/lapma/assets/css/fonts.css" "Mozilla/5.0 (Linux; U; Android 3.0; en-us; Xoom Build/HRI39) AppleWebKit/534.13 (KHTML, like Gecko) Version/4.0 Safari/534.13"
27.62.70.128 - - [27/Jun/2025:09:52:19 +0000] "GET /wp-content/themes/lapma/assets/fonts/SailecMedium.woff2 HTTP/2.0" 200 28639 "https://www.lapma.in/wp-content/themes/lapma/assets/css/fonts.css" "Mozilla/5.0 (Linux; U; Android 3.0; en-us; Xoom Build/HRI39) AppleWebKit/534.13 (KHTML, like Gecko) Version/4.0 Safari/534.13"
27.62.70.128 - - [27/Jun/2025:09:52:19 +0000] "GET /assets/images/fav.ico HTTP/2.0" 404 - "https://www.lapma.in/thank-you" "Mozilla/5.0 (Linux; U; Android 3.0; en-us; Xoom Build/HRI39) AppleWebKit/534.13 (KHTML, like Gecko) Version/4.0 Safari/534.13"
27.62.70.128 - - [27/Jun/2025:09:52:44 +0000] "POST /thank-you HTTP/2.0" 404 7848 "https://payments.airpay.co.in/" "Mozilla/5.0 (Linux; U; Android 3.0; en-us; Xoom Build/HRI39) AppleWebKit/534.13 (KHTML, like Gecko) Version/4.0 Safari/534.13"
27.62.70.128 - - [27/Jun/2025:09:52:47 +0000] "GET /wp-content/themes/lapma/assets/css/style.css?v=1751017966 HTTP/2.0" 200 15534 "https://www.lapma.in/thank-you" "Mozilla/5.0 (Linux; U; Android 3.0; en-us; Xoom Build/HRI39) AppleWebKit/534.13 (KHTML, like Gecko) Version/4.0 Safari/534.13"
27.62.70.128 - - [27/Jun/2025:09:52:47 +0000] "GET /wp-content/themes/lapma/assets/js/custom.js?v=1751017966 HTTP/2.0" 200 1314 "https://www.lapma.in/thank-you" "Mozilla/5.0 (Linux; U; Android 3.0; en-us; Xoom Build/HRI39) AppleWebKit/534.13 (KHTML, like Gecko) Version/4.0 Safari/534.13"
27.62.70.128 - - [27/Jun/2025:09:52:47 +0000] "GET /assets/images/fav.ico HTTP/2.0" 404 - "https://www.lapma.in/thank-you" "Mozilla/5.0 (Linux; U; Android 3.0; en-us; Xoom Build/HRI39) AppleWebKit/534.13 (KHTML, like Gecko) Version/4.0 Safari/534.13"
27.62.70.128 - - [27/Jun/2025:09:52:53 +0000] "POST /wp-admin/admin-ajax.php HTTP/2.0" 200 67 "https://www.lapma.in/wp-admin/admin.php?page=wc-settings&tab=checkout&section=airpay" "Mozilla/5.0 (Windows NT 10.0; Win64; x64) AppleWebKit/537.36 (KHTML, like Gecko) Chrome/137.0.0.0 Safari/537.36"
139.59.17.158 - - [27/Jun/2025:09:54:57 +0000] "POST /wp-cron.php?doing_wp_cron=1751018097.0287370681762695312500 HTTP/1.1" 200 - "-" "WordPress/6.8.1; https://www.lapma.in"
27.62.70.128 - - [27/Jun/2025:09:54:55 +0000] "POST /wp-admin/admin-ajax.php HTTP/2.0" 200 67 "https://www.lapma.in/wp-admin/admin.php?page=wc-settings&tab=checkout&section=airpay" "Mozilla/5.0 (Windows NT 10.0; Win64; x64) AppleWebKit/537.36 (KHTML, like Gecko) Chrome/137.0.0.0 Safari/537.36"
139.59.17.158 - - [27/Jun/2025:09:55:25 +0000] "POST /wp-cron.php?doing_wp_cron=1751018125.4559938907623291015625 HTTP/1.1" 200 - "-" "WordPress/6.8.1; https://www.lapma.in"
27.62.70.128 - - [27/Jun/2025:09:55:23 +0000] "POST /thank-you HTTP/2.0" 404 7848 "https://payments.airpay.co.in/" "Mozilla/5.0 (Linux; U; Android 3.0; en-us; Xoom Build/HRI39) AppleWebKit/534.13 (KHTML, like Gecko) Version/4.0 Safari/534.13"
27.62.70.128 - - [27/Jun/2025:09:55:25 +0000] "GET /wp-content/themes/lapma/assets/css/style.css?v=1751018125 HTTP/2.0" 200 15534 "https://www.lapma.in/thank-you" "Mozilla/5.0 (Linux; U; Android 3.0; en-us; Xoom Build/HRI39) AppleWebKit/534.13 (KHTML, like Gecko) Version/4.0 Safari/534.13"
27.62.70.128 - - [27/Jun/2025:09:55:25 +0000] "GET /wp-content/themes/lapma/assets/js/custom.js?v=1751018125 HTTP/2.0" 200 1314 "https://www.lapma.in/thank-you" "Mozilla/5.0 (Linux; U; Android 3.0; en-us; Xoom Build/HRI39) AppleWebKit/534.13 (KHTML, like Gecko) Version/4.0 Safari/534.13"
27.62.70.128 - - [27/Jun/2025:09:55:26 +0000] "GET /assets/images/fav.ico HTTP/2.0" 404 - "https://www.lapma.in/thank-you" "Mozilla/5.0 (Linux; U; Android 3.0; en-us; Xoom Build/HRI39) AppleWebKit/534.13 (KHTML, like Gecko) Version/4.0 Safari/534.13"
139.59.17.158 - - [27/Jun/2025:09:56:58 +0000] "POST /wp-cron.php?doing_wp_cron=1751018218.1188740730285644531250 HTTP/1.1" 200 - "-" "WordPress/6.8.1; https://www.lapma.in"
27.62.70.128 - - [27/Jun/2025:09:56:56 +0000] "POST /wp-admin/admin-ajax.php HTTP/2.0" 200 67 "https://www.lapma.in/wp-admin/admin.php?page=wc-settings&tab=checkout&section=airpay" "Mozilla/5.0 (Windows NT 10.0; Win64; x64) AppleWebKit/537.36 (KHTML, like Gecko) Chrome/137.0.0.0 Safari/537.36"
27.62.70.128 - - [27/Jun/2025:09:57:02 +0000] "POST /thank-you HTTP/2.0" 404 7848 "https://payments.airpay.co.in/" "Mozilla/5.0 (Linux; U; Android 3.0; en-us; Xoom Build/HRI39) AppleWebKit/534.13 (KHTML, like Gecko) Version/4.0 Safari/534.13"
27.62.70.128 - - [27/Jun/2025:09:57:05 +0000] "GET /wp-content/themes/lapma/assets/css/style.css?v=1751018225 HTTP/2.0" 200 15534 "https://www.lapma.in/thank-you" "Mozilla/5.0 (Linux; U; Android 3.0; en-us; Xoom Build/HRI39) AppleWebKit/534.13 (KHTML, like Gecko) Version/4.0 Safari/534.13"
27.62.70.128 - - [27/Jun/2025:09:57:05 +0000] "GET /wp-content/themes/lapma/assets/js/custom.js?v=1751018225 HTTP/2.0" 200 1314 "https://www.lapma.in/thank-you" "Mozilla/5.0 (Linux; U; Android 3.0; en-us; Xoom Build/HRI39) AppleWebKit/534.13 (KHTML, like Gecko) Version/4.0 Safari/534.13"
139.59.17.158 - - [27/Jun/2025:09:57:07 +0000] "POST /wp-cron.php?doing_wp_cron=1751018227.7950599193572998046875 HTTP/1.1" 200 - "-" "WordPress/6.8.1; https://www.lapma.in"
27.62.70.128 - - [27/Jun/2025:09:57:05 +0000] "GET /assets/images/fav.ico HTTP/2.0" 404 - "https://www.lapma.in/thank-you" "Mozilla/5.0 (Linux; U; Android 3.0; en-us; Xoom Build/HRI39) AppleWebKit/534.13 (KHTML, like Gecko) Version/4.0 Safari/534.13"
27.62.70.128 - - [27/Jun/2025:09:57:58 +0000] "POST /thank-you HTTP/2.0" 404 7848 "https://payments.airpay.co.in/" "Mozilla/5.0 (Linux; U; Android 3.0; en-us; Xoom Build/HRI39) AppleWebKit/534.13 (KHTML, like Gecko) Version/4.0 Safari/534.13"
27.62.70.128 - - [27/Jun/2025:09:58:01 +0000] "GET /wp-content/themes/lapma/assets/css/style.css?v=1751018280 HTTP/2.0" 200 15534 "https://www.lapma.in/thank-you" "Mozilla/5.0 (Linux; U; Android 3.0; en-us; Xoom Build/HRI39) AppleWebKit/534.13 (KHTML, like Gecko) Version/4.0 Safari/534.13"
27.62.70.128 - - [27/Jun/2025:09:58:01 +0000] "GET /wp-content/themes/lapma/assets/js/custom.js?v=1751018280 HTTP/2.0" 200 1314 "https://www.lapma.in/thank-you" "Mozilla/5.0 (Linux; U; Android 3.0; en-us; Xoom Build/HRI39) AppleWebKit/534.13 (KHTML, like Gecko) Version/4.0 Safari/534.13"
27.62.70.128 - - [27/Jun/2025:09:58:01 +0000] "GET /assets/images/fav.ico HTTP/2.0" 404 - "https://www.lapma.in/thank-you" "Mozilla/5.0 (Linux; U; Android 3.0; en-us; Xoom Build/HRI39) AppleWebKit/534.13 (KHTML, like Gecko) Version/4.0 Safari/534.13"
139.59.17.158 - - [27/Jun/2025:09:58:59 +0000] "POST /wp-cron.php?doing_wp_cron=1751018339.1064109802246093750000 HTTP/1.1" 200 - "-" "WordPress/6.8.1; https://www.lapma.in"
27.62.70.128 - - [27/Jun/2025:09:58:57 +0000] "POST /wp-admin/admin-ajax.php HTTP/2.0" 200 67 "https://www.lapma.in/wp-admin/admin.php?page=wc-settings&tab=checkout&section=airpay" "Mozilla/5.0 (Windows NT 10.0; Win64; x64) AppleWebKit/537.36 (KHTML, like Gecko) Chrome/137.0.0.0 Safari/537.36"
139.59.17.158 - - [27/Jun/2025:10:00:59 +0000] "POST /wp-cron.php?doing_wp_cron=1751018459.8173999786376953125000 HTTP/1.1" 200 - "-" "WordPress/6.8.1; https://www.lapma.in"
27.62.70.128 - - [27/Jun/2025:10:00:58 +0000] "POST /wp-admin/admin-ajax.php HTTP/2.0" 200 67 "https://www.lapma.in/wp-admin/admin.php?page=wc-settings&tab=checkout&section=airpay" "Mozilla/5.0 (Windows NT 10.0; Win64; x64) AppleWebKit/537.36 (KHTML, like Gecko) Chrome/137.0.0.0 Safari/537.36"
139.59.17.158 - - [27/Jun/2025:10:02:00 +0000] "POST /wp-cron.php?doing_wp_cron=1751018520.9579648971557617187500 HTTP/1.1" 200 - "-" "WordPress/6.8.1; https://www.lapma.in"
27.62.70.128 - - [27/Jun/2025:10:01:58 +0000] "POST /wp-admin/admin-ajax.php HTTP/2.0" 200 67 "https://www.lapma.in/wp-admin/admin.php?page=wc-settings&tab=checkout&section=airpay" "Mozilla/5.0 (Windows NT 10.0; Win64; x64) AppleWebKit/537.36 (KHTML, like Gecko) Chrome/137.0.0.0 Safari/537.36"
139.59.17.158 - - [27/Jun/2025:10:04:02 +0000] "POST /wp-cron.php?doing_wp_cron=1751018642.2827188968658447265625 HTTP/1.1" 200 - "-" "WordPress/6.8.1; https://www.lapma.in"
27.62.70.128 - - [27/Jun/2025:10:04:00 +0000] "POST /wp-admin/admin-ajax.php HTTP/2.0" 200 67 "https://www.lapma.in/wp-admin/admin.php?page=wc-settings&tab=checkout&section=airpay" "Mozilla/5.0 (Windows NT 10.0; Win64; x64) AppleWebKit/537.36 (KHTML, like Gecko) Chrome/137.0.0.0 Safari/537.36"
139.59.17.158 - - [27/Jun/2025:10:06:03 +0000] "POST /wp-cron.php?doing_wp_cron=1751018763.3525130748748779296875 HTTP/1.1" 200 - "-" "WordPress/6.8.1; https://www.lapma.in"
27.62.70.128 - - [27/Jun/2025:10:06:01 +0000] "POST /wp-admin/admin-ajax.php HTTP/2.0" 200 67 "https://www.lapma.in/wp-admin/admin.php?page=wc-settings&tab=checkout&section=airpay" "Mozilla/5.0 (Windows NT 10.0; Win64; x64) AppleWebKit/537.36 (KHTML, like Gecko) Chrome/137.0.0.0 Safari/537.36"
139.59.17.158 - - [27/Jun/2025:10:08:04 +0000] "POST /wp-cron.php?doing_wp_cron=1751018884.6158950328826904296875 HTTP/1.1" 200 - "-" "WordPress/6.8.1; https://www.lapma.in"
27.62.70.128 - - [27/Jun/2025:10:08:02 +0000] "POST /wp-admin/admin-ajax.php HTTP/2.0" 200 67 "https://www.lapma.in/wp-admin/admin.php?page=wc-settings&tab=checkout&section=airpay" "Mozilla/5.0 (Windows NT 10.0; Win64; x64) AppleWebKit/537.36 (KHTML, like Gecko) Chrome/137.0.0.0 Safari/537.36"
139.59.17.158 - - [27/Jun/2025:10:08:43 +0000] "POST /wp-cron.php?doing_wp_cron=1751018923.2236959934234619140625 HTTP/1.1" 200 - "-" "WordPress/6.8.1; https://www.lapma.in"
27.62.70.128 - - [27/Jun/2025:10:08:40 +0000] "POST /wp-json/jwt-auth/v1/token HTTP/1.1" 404 308 "-" "Dart/3.6 (dart:io)"
27.62.70.128 - - [27/Jun/2025:10:08:44 +0000] "GET /wp-json/wc/v3/products/categories?consumer_key=ck_0f34dd898cafb797b88cbfdf555d0bee59043410&consumer_secret=cs_352434f91cd6d44fec82238e32c205a2949fd29f&page=1&per_page=10 HTTP/1.1" 404 775 "-" "Dart/3.6 (dart:io)"
27.62.70.128 - - [27/Jun/2025:10:08:44 +0000] "GET /wp-json/wc/v3/products?consumer_key=ck_0f34dd898cafb797b88cbfdf555d0bee59043410&consumer_secret=cs_352434f91cd6d44fec82238e32c205a2949fd29f&page=1&per_page=10 HTTP/1.1" 404 3815 "-" "Dart/3.6 (dart:io)"
27.62.70.128 - - [27/Jun/2025:10:08:44 +0000] "GET /wp-json/wc/v3/products?consumer_key=ck_0f34dd898cafb797b88cbfdf555d0bee59043410&consumer_secret=cs_352434f91cd6d44fec82238e32c205a2949fd29f&page=1&per_page=50 HTTP/1.1" 404 4354 "-" "Dart/3.6 (dart:io)"
27.62.70.128 - - [27/Jun/2025:10:08:49 +0000] "GET /wp-content/uploads/2024/04/category-img4.png HTTP/1.1" 200 40550 "-" "Dart/3.6 (dart:io)"
27.62.70.128 - - [27/Jun/2025:10:08:49 +0000] "GET /wp-content/uploads/2024/04/category-img5.png HTTP/1.1" 200 36368 "-" "Dart/3.6 (dart:io)"
27.62.70.128 - - [27/Jun/2025:10:08:49 +0000] "GET /wp-content/uploads/2024/04/category-img7.png HTTP/1.1" 200 40393 "-" "Dart/3.6 (dart:io)"
27.62.70.128 - - [27/Jun/2025:10:08:49 +0000] "GET /wp-content/uploads/2024/04/category-img2.png HTTP/1.1" 200 34785 "-" "Dart/3.6 (dart:io)"
27.62.70.128 - - [27/Jun/2025:10:08:49 +0000] "GET /wp-content/uploads/2024/04/category-img6.png HTTP/1.1" 200 41121 "-" "Dart/3.6 (dart:io)"
27.62.70.128 - - [27/Jun/2025:10:08:49 +0000] "GET /wp-content/uploads/2024/11/51755558-75e9-42f4-969c-733e84c041b0.jpg HTTP/1.1" 200 59876 "-" "Dart/3.6 (dart:io)"
27.62.70.128 - - [27/Jun/2025:10:08:49 +0000] "GET /wp-content/uploads/2024/05/product-img11.jpg HTTP/1.1" 200 39451 "-" "Dart/3.6 (dart:io)"
27.62.70.128 - - [27/Jun/2025:10:08:49 +0000] "GET /wp-content/uploads/2024/05/product-img20.jpg HTTP/1.1" 200 81791 "-" "Dart/3.6 (dart:io)"
27.62.70.128 - - [27/Jun/2025:10:08:49 +0000] "GET /wp-content/uploads/2024/05/product-img17.jpg HTTP/1.1" 200 65481 "-" "Dart/3.6 (dart:io)"
27.62.70.128 - - [27/Jun/2025:10:08:51 +0000] "GET /wp-content/uploads/2024/04/category-img3.png HTTP/1.1" 200 34416 "-" "Dart/3.6 (dart:io)"
27.62.70.128 - - [27/Jun/2025:10:08:51 +0000] "GET /wp-content/uploads/2024/04/category-img1.png HTTP/1.1" 200 28277 "-" "Dart/3.6 (dart:io)"
27.62.70.128 - - [27/Jun/2025:10:08:55 +0000] "GET /wp-json/custom/v1/wc-nonce HTTP/1.1" 404 68 "-" "Dart/3.6 (dart:io)"
27.62.70.128 - - [27/Jun/2025:10:08:59 +0000] "GET /wp-json/wc/store/v1/cart HTTP/1.1" 404 1598 "-" "Dart/3.6 (dart:io)"
27.62.70.128 - - [27/Jun/2025:10:09:03 +0000] "GET /wp-content/uploads/2024/04/product-img1.jpg HTTP/1.1" 200 15663 "-" "Dart/3.6 (dart:io)"
139.59.17.158 - - [27/Jun/2025:10:10:05 +0000] "POST /wp-cron.php?doing_wp_cron=1751019005.2827448844909667968750 HTTP/1.1" 200 - "-" "WordPress/6.8.1; https://www.lapma.in"
27.62.70.128 - - [27/Jun/2025:10:10:03 +0000] "POST /wp-admin/admin-ajax.php HTTP/2.0" 200 67 "https://www.lapma.in/wp-admin/admin.php?page=wc-settings&tab=checkout&section=airpay" "Mozilla/5.0 (Windows NT 10.0; Win64; x64) AppleWebKit/537.36 (KHTML, like Gecko) Chrome/137.0.0.0 Safari/537.36"
27.62.70.128 - - [27/Jun/2025:10:10:51 +0000] "POST /wp-json/jwt-auth/v1/token HTTP/1.1" 404 309 "-" "Dart/3.6 (dart:io)"
27.62.70.128 - - [27/Jun/2025:10:10:55 +0000] "GET /wp-json/wc/v3/products/categories?consumer_key=ck_0f34dd898cafb797b88cbfdf555d0bee59043410&consumer_secret=cs_352434f91cd6d44fec82238e32c205a2949fd29f&page=1&per_page=10 HTTP/1.1" 404 775 "-" "Dart/3.6 (dart:io)"
27.62.70.128 - - [27/Jun/2025:10:10:55 +0000] "GET /wp-json/wc/v3/products?consumer_key=ck_0f34dd898cafb797b88cbfdf555d0bee59043410&consumer_secret=cs_352434f91cd6d44fec82238e32c205a2949fd29f&page=1&per_page=50 HTTP/1.1" 404 4357 "-" "Dart/3.6 (dart:io)"
27.62.70.128 - - [27/Jun/2025:10:10:59 +0000] "GET /wp-content/uploads/2024/04/category-img2.png HTTP/1.1" 200 34785 "-" "Dart/3.6 (dart:io)"
27.62.70.128 - - [27/Jun/2025:10:10:59 +0000] "GET /wp-content/uploads/2024/04/category-img7.png HTTP/1.1" 200 40393 "-" "Dart/3.6 (dart:io)"
27.62.70.128 - - [27/Jun/2025:10:10:59 +0000] "GET /wp-content/uploads/2024/04/category-img6.png HTTP/1.1" 200 41121 "-" "Dart/3.6 (dart:io)"
27.62.70.128 - - [27/Jun/2025:10:10:59 +0000] "GET /wp-content/uploads/2024/04/category-img4.png HTTP/1.1" 200 40550 "-" "Dart/3.6 (dart:io)"
27.62.70.128 - - [27/Jun/2025:10:10:59 +0000] "GET /wp-content/uploads/2024/04/category-img5.png HTTP/1.1" 200 36368 "-" "Dart/3.6 (dart:io)"
27.62.70.128 - - [27/Jun/2025:10:10:59 +0000] "GET /wp-content/uploads/2024/05/product-img11.jpg HTTP/1.1" 200 39451 "-" "Dart/3.6 (dart:io)"
27.62.70.128 - - [27/Jun/2025:10:10:55 +0000] "GET /wp-json/wc/v3/products?consumer_key=ck_0f34dd898cafb797b88cbfdf555d0bee59043410&consumer_secret=cs_352434f91cd6d44fec82238e32c205a2949fd29f&page=1&per_page=10 HTTP/1.1" 404 3814 "-" "Dart/3.6 (dart:io)"
27.62.70.128 - - [27/Jun/2025:10:10:59 +0000] "GET /wp-content/uploads/2024/11/51755558-75e9-42f4-969c-733e84c041b0.jpg HTTP/1.1" 200 59876 "-" "Dart/3.6 (dart:io)"
27.62.70.128 - - [27/Jun/2025:10:10:59 +0000] "GET /wp-content/uploads/2024/05/product-img20.jpg HTTP/1.1" 200 81791 "-" "Dart/3.6 (dart:io)"
27.62.70.128 - - [27/Jun/2025:10:10:59 +0000] "GET /wp-content/uploads/2024/05/product-img17.jpg HTTP/1.1" 200 65481 "-" "Dart/3.6 (dart:io)"
27.62.70.128 - - [27/Jun/2025:10:11:00 +0000] "GET /wp-json/custom/v1/wc-nonce HTTP/1.1" 404 68 "-" "Dart/3.6 (dart:io)"
27.62.70.128 - - [27/Jun/2025:10:11:03 +0000] "GET /wp-json/wc/store/v1/cart HTTP/1.1" 404 1598 "-" "Dart/3.6 (dart:io)"
27.62.70.128 - - [27/Jun/2025:10:11:06 +0000] "GET /wp-content/uploads/2024/04/product-img1.jpg HTTP/1.1" 200 15663 "-" "Dart/3.6 (dart:io)"
139.59.17.158 - - [27/Jun/2025:10:12:06 +0000] "POST /wp-cron.php?doing_wp_cron=1751019126.3303840160369873046875 HTTP/1.1" 200 - "-" "WordPress/6.8.1; https://www.lapma.in"
27.62.70.128 - - [27/Jun/2025:10:12:04 +0000] "POST /wp-admin/admin-ajax.php HTTP/2.0" 200 67 "https://www.lapma.in/wp-admin/admin.php?page=wc-settings&tab=checkout&section=airpay" "Mozilla/5.0 (Windows NT 10.0; Win64; x64) AppleWebKit/537.36 (KHTML, like Gecko) Chrome/137.0.0.0 Safari/537.36"
139.59.17.158 - - [27/Jun/2025:10:13:39 +0000] "POST /wp-cron.php?doing_wp_cron=1751019219.2619879245758056640625 HTTP/1.1" 200 - "-" "WordPress/6.8.1; https://www.lapma.in"
27.62.70.128 - - [27/Jun/2025:10:13:37 +0000] "POST /wp-admin/admin-ajax.php HTTP/2.0" 200 67 "https://www.lapma.in/wp-admin/admin.php?page=wc-settings&tab=checkout&section=airpay" "Mozilla/5.0 (Windows NT 10.0; Win64; x64) AppleWebKit/537.36 (KHTML, like Gecko) Chrome/137.0.0.0 Safari/537.36"
31.13.103.115 - - [27/Jun/2025:10:15:05 +0000] "GET /wp-content/uploads/woo-product-feed-pro/xml/1htiAhxiwIQYZqJoCOOpNOW7kFTApH5E.xml HTTP/1.1" 200 1463 "-" "facebookexternalhit/1.1 (+http://www.facebook.com/externalhit_uatext.php)"
139.59.17.158 - - [27/Jun/2025:10:15:40 +0000] "POST /wp-cron.php?doing_wp_cron=1751019340.2059700489044189453125 HTTP/1.1" 200 - "-" "WordPress/6.8.1; https://www.lapma.in"
27.62.70.128 - - [27/Jun/2025:10:15:38 +0000] "POST /wp-admin/admin-ajax.php HTTP/2.0" 200 67 "https://www.lapma.in/wp-admin/admin.php?page=wc-settings&tab=checkout&section=airpay" "Mozilla/5.0 (Windows NT 10.0; Win64; x64) AppleWebKit/537.36 (KHTML, like Gecko) Chrome/137.0.0.0 Safari/537.36"
139.59.17.158 - - [27/Jun/2025:10:15:42 +0000] "POST /wp-admin/admin-ajax.php?action=wp_1_wc_privacy_cleanup&nonce=05f5a0ea38 HTTP/1.1" 200 - "-" "WordPress/6.8.1; https://www.lapma.in"
139.59.17.158 - - [27/Jun/2025:10:17:40 +0000] "POST /wp-cron.php?doing_wp_cron=1751019460.7588670253753662109375 HTTP/1.1" 200 - "-" "WordPress/6.8.1; https://www.lapma.in"
27.62.70.128 - - [27/Jun/2025:10:17:39 +0000] "POST /wp-admin/admin-ajax.php HTTP/2.0" 200 67 "https://www.lapma.in/wp-admin/admin.php?page=wc-settings&tab=checkout&section=airpay" "Mozilla/5.0 (Windows NT 10.0; Win64; x64) AppleWebKit/537.36 (KHTML, like Gecko) Chrome/137.0.0.0 Safari/537.36"
66.249.73.130 - - [27/Jun/2025:10:19:12 +0000] "GET /wp-content/uploads/2024/11/51755558-75e9-42f4-969c-733e84c041b0.jpg HTTP/1.1" 200 59876 "-" "Googlebot-Image/1.0"
139.59.17.158 - - [27/Jun/2025:10:19:42 +0000] "POST /wp-cron.php?doing_wp_cron=1751019582.2104671001434326171875 HTTP/1.1" 200 - "-" "WordPress/6.8.1; https://www.lapma.in"
27.62.70.128 - - [27/Jun/2025:10:19:40 +0000] "POST /wp-admin/admin-ajax.php HTTP/2.0" 200 67 "https://www.lapma.in/wp-admin/admin.php?page=wc-settings&tab=checkout&section=airpay" "Mozilla/5.0 (Windows NT 10.0; Win64; x64) AppleWebKit/537.36 (KHTML, like Gecko) Chrome/137.0.0.0 Safari/537.36"
139.59.17.158 - - [27/Jun/2025:10:21:43 +0000] "POST /wp-cron.php?doing_wp_cron=1751019703.0355210304260253906250 HTTP/1.1" 200 - "-" "WordPress/6.8.1; https://www.lapma.in"
27.62.70.128 - - [27/Jun/2025:10:21:41 +0000] "POST /wp-admin/admin-ajax.php HTTP/2.0" 200 67 "https://www.lapma.in/wp-admin/admin.php?page=wc-settings&tab=checkout&section=airpay" "Mozilla/5.0 (Windows NT 10.0; Win64; x64) AppleWebKit/537.36 (KHTML, like Gecko) Chrome/137.0.0.0 Safari/537.36"
139.59.17.158 - - [27/Jun/2025:10:23:32 +0000] "POST /wp-cron.php?doing_wp_cron=1751019812.5272979736328125000000 HTTP/1.1" 200 - "-" "WordPress/6.8.1; https://www.lapma.in"
27.62.70.128 - - [27/Jun/2025:10:23:30 +0000] "POST /wp-json/jwt-auth/v1/token HTTP/1.1" 404 307 "-" "Dart/3.6 (dart:io)"
27.62.70.128 - - [27/Jun/2025:10:23:33 +0000] "GET /wp-json/wc/v3/products/categories?consumer_key=ck_0f34dd898cafb797b88cbfdf555d0bee59043410&consumer_secret=cs_352434f91cd6d44fec82238e32c205a2949fd29f&page=1&per_page=10 HTTP/1.1" 404 775 "-" "Dart/3.6 (dart:io)"
27.62.70.128 - - [27/Jun/2025:10:23:33 +0000] "GET /wp-json/wc/v3/products?consumer_key=ck_0f34dd898cafb797b88cbfdf555d0bee59043410&consumer_secret=cs_352434f91cd6d44fec82238e32c205a2949fd29f&page=1&per_page=10 HTTP/1.1" 404 3814 "-" "Dart/3.6 (dart:io)"
27.62.70.128 - - [27/Jun/2025:10:23:37 +0000] "GET /wp-content/uploads/2024/04/category-img5.png HTTP/1.1" 200 36368 "-" "Dart/3.6 (dart:io)"
27.62.70.128 - - [27/Jun/2025:10:23:37 +0000] "GET /wp-content/uploads/2024/04/category-img4.png HTTP/1.1" 200 40550 "-" "Dart/3.6 (dart:io)"
27.62.70.128 - - [27/Jun/2025:10:23:37 +0000] "GET /wp-content/uploads/2024/04/category-img2.png HTTP/1.1" 200 34785 "-" "Dart/3.6 (dart:io)"
27.62.70.128 - - [27/Jun/2025:10:23:37 +0000] "GET /wp-content/uploads/2024/04/category-img7.png HTTP/1.1" 200 40393 "-" "Dart/3.6 (dart:io)"
27.62.70.128 - - [27/Jun/2025:10:23:37 +0000] "GET /wp-content/uploads/2024/04/category-img6.png HTTP/1.1" 200 41121 "-" "Dart/3.6 (dart:io)"
27.62.70.128 - - [27/Jun/2025:10:23:37 +0000] "GET /wp-content/uploads/2024/11/51755558-75e9-42f4-969c-733e84c041b0.jpg HTTP/1.1" 200 59876 "-" "Dart/3.6 (dart:io)"
27.62.70.128 - - [27/Jun/2025:10:23:37 +0000] "GET /wp-content/uploads/2024/05/product-img20.jpg HTTP/1.1" 200 81791 "-" "Dart/3.6 (dart:io)"
27.62.70.128 - - [27/Jun/2025:10:23:33 +0000] "GET /wp-json/wc/v3/products?consumer_key=ck_0f34dd898cafb797b88cbfdf555d0bee59043410&consumer_secret=cs_352434f91cd6d44fec82238e32c205a2949fd29f&page=1&per_page=50 HTTP/1.1" 404 4357 "-" "Dart/3.6 (dart:io)"
27.62.70.128 - - [27/Jun/2025:10:23:38 +0000] "GET /wp-content/uploads/2024/05/product-img11.jpg HTTP/1.1" 200 39451 "-" "Dart/3.6 (dart:io)"
27.62.70.128 - - [27/Jun/2025:10:23:38 +0000] "GET /wp-content/uploads/2024/05/product-img17.jpg HTTP/1.1" 200 65481 "-" "Dart/3.6 (dart:io)"
27.62.70.128 - - [27/Jun/2025:10:23:39 +0000] "GET /wp-json/custom/v1/wc-nonce HTTP/1.1" 404 68 "-" "Dart/3.6 (dart:io)"
27.62.70.128 - - [27/Jun/2025:10:23:42 +0000] "POST /wp-admin/admin-ajax.php HTTP/2.0" 200 67 "https://www.lapma.in/wp-admin/admin.php?page=wc-settings&tab=checkout&section=airpay" "Mozilla/5.0 (Windows NT 10.0; Win64; x64) AppleWebKit/537.36 (KHTML, like Gecko) Chrome/137.0.0.0 Safari/537.36"
27.62.70.128 - - [27/Jun/2025:10:23:42 +0000] "GET /wp-json/wc/store/v1/cart HTTP/1.1" 404 1598 "-" "Dart/3.6 (dart:io)"
27.62.70.128 - - [27/Jun/2025:10:23:45 +0000] "GET /wp-content/uploads/2024/04/product-img1.jpg HTTP/1.1" 200 15663 "-" "Dart/3.6 (dart:io)"
27.62.70.128 - - [27/Jun/2025:10:23:47 +0000] "GET /wp-json/wp/v2/districtlist HTTP/1.1" 404 609 "-" "Dart/3.6 (dart:io)"
27.62.70.128 - - [27/Jun/2025:10:23:50 +0000] "GET /wp-json/wp/v2/panchyathdata?districtlist=40 HTTP/1.1" 404 1045 "-" "Dart/3.6 (dart:io)"
139.59.17.158 - - [27/Jun/2025:10:24:33 +0000] "POST /wp-cron.php?doing_wp_cron=1751019873.0077691078186035156250 HTTP/1.1" 200 - "-" "WordPress/6.8.1; https://www.lapma.in"
27.62.70.128 - - [27/Jun/2025:10:24:30 +0000] "GET /wp-json/wp/v2/panchyathdata?districtlist=40 HTTP/1.1" 404 1045 "-" "Dart/3.6 (dart:io)"
139.59.17.158 - - [27/Jun/2025:10:25:35 +0000] "POST /wp-cron.php?doing_wp_cron=1751019935.5200600624084472656250 HTTP/1.1" 200 - "-" "WordPress/6.8.1; https://www.lapma.in"
27.62.70.128 - - [27/Jun/2025:10:25:33 +0000] "GET /wp-json/wp/v2/panchyathdata?districtlist=40 HTTP/1.1" 404 1045 "-" "Dart/3.6 (dart:io)"
139.59.17.158 - - [27/Jun/2025:10:31:38 +0000] "POST /wp-cron.php?doing_wp_cron=1751020298.6668610572814941406250 HTTP/1.1" 200 - "-" "WordPress/6.8.1; https://www.lapma.in"
27.62.70.128 - - [27/Jun/2025:10:31:36 +0000] "POST /wp-admin/admin-ajax.php HTTP/2.0" 200 67 "https://www.lapma.in/wp-admin/admin.php?page=wc-settings&tab=checkout&section=airpay" "Mozilla/5.0 (Windows NT 10.0; Win64; x64) AppleWebKit/537.36 (KHTML, like Gecko) Chrome/137.0.0.0 Safari/537.36"
139.59.17.158 - - [27/Jun/2025:10:32:38 +0000] "POST /wp-cron.php?doing_wp_cron=1751020358.7109150886535644531250 HTTP/1.1" 200 - "-" "WordPress/6.8.1; https://www.lapma.in"
27.62.70.128 - - [27/Jun/2025:10:32:36 +0000] "POST /wp-admin/admin-ajax.php HTTP/2.0" 200 67 "https://www.lapma.in/wp-admin/admin.php?page=wc-settings&tab=checkout&section=airpay" "Mozilla/5.0 (Windows NT 10.0; Win64; x64) AppleWebKit/537.36 (KHTML, like Gecko) Chrome/137.0.0.0 Safari/537.36"
139.59.17.158 - - [27/Jun/2025:10:34:40 +0000] "POST /wp-cron.php?doing_wp_cron=1751020480.1457550525665283203125 HTTP/1.1" 200 - "-" "WordPress/6.8.1; https://www.lapma.in"
27.62.70.128 - - [27/Jun/2025:10:34:38 +0000] "POST /wp-admin/admin-ajax.php HTTP/2.0" 200 67 "https://www.lapma.in/wp-admin/admin.php?page=wc-settings&tab=checkout&section=airpay" "Mozilla/5.0 (Windows NT 10.0; Win64; x64) AppleWebKit/537.36 (KHTML, like Gecko) Chrome/137.0.0.0 Safari/537.36"
139.59.17.158 - - [27/Jun/2025:10:36:40 +0000] "POST /wp-cron.php?doing_wp_cron=1751020600.8050169944763183593750 HTTP/1.1" 200 - "-" "WordPress/6.8.1; https://www.lapma.in"
27.62.70.128 - - [27/Jun/2025:10:36:39 +0000] "POST /wp-admin/admin-ajax.php HTTP/2.0" 200 67 "https://www.lapma.in/wp-admin/admin.php?page=wc-settings&tab=checkout&section=airpay" "Mozilla/5.0 (Windows NT 10.0; Win64; x64) AppleWebKit/537.36 (KHTML, like Gecko) Chrome/137.0.0.0 Safari/537.36"
27.62.70.128 - - [27/Jun/2025:10:36:52 +0000] "GET /wp-json/wp/v2/panchyathdata?districtlist=40 HTTP/1.1" 404 1045 "-" "Dart/3.6 (dart:io)"
139.59.17.158 - - [27/Jun/2025:10:38:42 +0000] "POST /wp-cron.php?doing_wp_cron=1751020721.9838700294494628906250 HTTP/1.1" 200 - "-" "WordPress/6.8.1; https://www.lapma.in"
27.62.70.128 - - [27/Jun/2025:10:38:40 +0000] "POST /wp-admin/admin-ajax.php HTTP/2.0" 200 67 "https://www.lapma.in/wp-admin/admin.php?page=wc-settings&tab=checkout&section=airpay" "Mozilla/5.0 (Windows NT 10.0; Win64; x64) AppleWebKit/537.36 (KHTML, like Gecko) Chrome/137.0.0.0 Safari/537.36"
139.59.17.158 - - [27/Jun/2025:10:40:43 +0000] "POST /wp-cron.php?doing_wp_cron=1751020843.0279729366302490234375 HTTP/1.1" 200 - "-" "WordPress/6.8.1; https://www.lapma.in"
27.62.70.128 - - [27/Jun/2025:10:40:41 +0000] "POST /wp-admin/admin-ajax.php HTTP/2.0" 200 67 "https://www.lapma.in/wp-admin/admin.php?page=wc-settings&tab=checkout&section=airpay" "Mozilla/5.0 (Windows NT 10.0; Win64; x64) AppleWebKit/537.36 (KHTML, like Gecko) Chrome/137.0.0.0 Safari/537.36"
139.59.17.158 - - [27/Jun/2025:10:41:11 +0000] "POST /wp-cron.php?doing_wp_cron=1751020871.1739280223846435546875 HTTP/1.1" 200 - "-" "WordPress/6.8.1; https://www.lapma.in"
27.62.70.128 - - [27/Jun/2025:10:41:08 +0000] "POST /wp-json/wc/v3/orders HTTP/1.1" 201 1092 "-" "Dart/3.6 (dart:io)"
27.62.70.128 - - [27/Jun/2025:10:41:13 +0000] "GET /wp-json/wc/v3/orders/1782 HTTP/1.1" 404 1092 "-" "Dart/3.6 (dart:io)"
27.62.70.128 - - [27/Jun/2025:10:41:17 +0000] "POST /wp-json/wc/v3/orders HTTP/1.1" 201 1089 "-" "Dart/3.6 (dart:io)"
27.62.70.128 - - [27/Jun/2025:10:41:20 +0000] "GET /wp-json/wc/v3/orders/1783 HTTP/1.1" 404 1089 "-" "Dart/3.6 (dart:io)"
27.62.70.128 - - [27/Jun/2025:10:41:23 +0000] "GET /wp-json/custom/v1/wc-nonce HTTP/1.1" 404 68 "-" "Dart/3.6 (dart:io)"
27.62.70.128 - - [27/Jun/2025:10:41:26 +0000] "GET /wp-json/wc/v3/orders?customer=37 HTTP/1.1" 404 2161 "-" "Dart/3.6 (dart:io)"
139.59.17.158 - - [27/Jun/2025:10:47:06 +0000] "POST /wp-cron.php?doing_wp_cron=1751021226.6481308937072753906250 HTTP/1.1" 200 - "-" "WordPress/6.8.1; https://www.lapma.in"
27.62.70.128 - - [27/Jun/2025:10:47:04 +0000] "POST /wp-json/jwt-auth/v1/token HTTP/1.1" 404 306 "-" "Dart/3.6 (dart:io)"
27.62.70.128 - - [27/Jun/2025:10:47:08 +0000] "GET /wp-json/wc/v3/products/categories?consumer_key=ck_0f34dd898cafb797b88cbfdf555d0bee59043410&consumer_secret=cs_352434f91cd6d44fec82238e32c205a2949fd29f&page=1&per_page=10 HTTP/1.1" 404 775 "-" "Dart/3.6 (dart:io)"
27.62.70.128 - - [27/Jun/2025:10:47:08 +0000] "GET /wp-json/wc/v3/products?consumer_key=ck_0f34dd898cafb797b88cbfdf555d0bee59043410&consumer_secret=cs_352434f91cd6d44fec82238e32c205a2949fd29f&page=1&per_page=50 HTTP/1.1" 404 4357 "-" "Dart/3.6 (dart:io)"
27.62.70.128 - - [27/Jun/2025:10:47:12 +0000] "GET /wp-content/uploads/2024/04/category-img6.png HTTP/1.1" 200 41121 "-" "Dart/3.6 (dart:io)"
27.62.70.128 - - [27/Jun/2025:10:47:12 +0000] "GET /wp-content/uploads/2024/04/category-img7.png HTTP/1.1" 200 40393 "-" "Dart/3.6 (dart:io)"
27.62.70.128 - - [27/Jun/2025:10:47:08 +0000] "GET /wp-json/wc/v3/products?consumer_key=ck_0f34dd898cafb797b88cbfdf555d0bee59043410&consumer_secret=cs_352434f91cd6d44fec82238e32c205a2949fd29f&page=1&per_page=10 HTTP/1.1" 404 3810 "-" "Dart/3.6 (dart:io)"
27.62.70.128 - - [27/Jun/2025:10:47:12 +0000] "GET /wp-content/uploads/2024/04/category-img5.png HTTP/1.1" 200 36368 "-" "Dart/3.6 (dart:io)"
27.62.70.128 - - [27/Jun/2025:10:47:12 +0000] "GET /wp-content/uploads/2024/04/category-img4.png HTTP/1.1" 200 40550 "-" "Dart/3.6 (dart:io)"
27.62.70.128 - - [27/Jun/2025:10:47:12 +0000] "GET /wp-content/uploads/2024/04/category-img2.png HTTP/1.1" 200 34785 "-" "Dart/3.6 (dart:io)"
27.62.70.128 - - [27/Jun/2025:10:47:13 +0000] "GET /wp-content/uploads/2024/05/product-img11.jpg HTTP/1.1" 200 39451 "-" "Dart/3.6 (dart:io)"
27.62.70.128 - - [27/Jun/2025:10:47:13 +0000] "GET /wp-content/uploads/2024/05/product-img20.jpg HTTP/1.1" 200 81791 "-" "Dart/3.6 (dart:io)"
27.62.70.128 - - [27/Jun/2025:10:47:13 +0000] "GET /wp-content/uploads/2024/11/51755558-75e9-42f4-969c-733e84c041b0.jpg HTTP/1.1" 200 59876 "-" "Dart/3.6 (dart:io)"
27.62.70.128 - - [27/Jun/2025:10:47:13 +0000] "GET /wp-content/uploads/2024/05/product-img17.jpg HTTP/1.1" 200 65481 "-" "Dart/3.6 (dart:io)"
27.62.70.128 - - [27/Jun/2025:10:47:10 +0000] "GET /wp-json/custom/v1/wc-nonce HTTP/1.1" 404 68 "-" "Dart/3.6 (dart:io)"
27.62.70.128 - - [27/Jun/2025:10:47:14 +0000] "GET /wp-json/wc/store/v1/cart HTTP/1.1" 404 1598 "-" "Dart/3.6 (dart:io)"
27.62.70.128 - - [27/Jun/2025:10:47:18 +0000] "GET /wp-content/uploads/2024/04/product-img1.jpg HTTP/1.1" 200 15663 "-" "Dart/3.6 (dart:io)"
27.62.70.128 - - [27/Jun/2025:10:47:19 +0000] "GET /wp-json/wp/v2/districtlist HTTP/1.1" 404 609 "-" "Dart/3.6 (dart:io)"
27.62.70.128 - - [27/Jun/2025:10:47:24 +0000] "GET /wp-json/wp/v2/panchyathdata?districtlist=40 HTTP/1.1" 404 1045 "-" "Dart/3.6 (dart:io)"
27.62.70.128 - - [27/Jun/2025:10:47:40 +0000] "POST /wp-json/wc/v3/orders HTTP/1.1" 201 1090 "-" "Dart/3.6 (dart:io)"
27.62.70.128 - - [27/Jun/2025:10:47:44 +0000] "GET /wp-json/wc/v3/orders/1784 HTTP/1.1" 404 1090 "-" "Dart/3.6 (dart:io)"
139.59.17.158 - - [27/Jun/2025:10:48:31 +0000] "POST /wp-cron.php?doing_wp_cron=1751021311.9311730861663818359375 HTTP/1.1" 200 - "-" "WordPress/6.8.1; https://www.lapma.in"
27.62.70.128 - - [27/Jun/2025:10:48:29 +0000] "POST /wp-json/wc/v3/orders HTTP/1.1" 201 1089 "-" "Dart/3.6 (dart:io)"
27.62.70.128 - - [27/Jun/2025:10:48:33 +0000] "GET /wp-json/wc/v3/orders/1785 HTTP/1.1" 404 1089 "-" "Dart/3.6 (dart:io)"
27.62.70.128 - - [27/Jun/2025:10:48:51 +0000] "GET /wp-json/wp/v2/panchyathdata?districtlist=40 HTTP/1.1" 404 1045 "-" "Dart/3.6 (dart:io)"
139.59.17.158 - - [27/Jun/2025:10:52:31 +0000] "POST /wp-cron.php?doing_wp_cron=1751021551.0570769309997558593750 HTTP/1.1" 200 - "-" "WordPress/6.8.1; https://www.lapma.in"
27.62.70.128 - - [27/Jun/2025:10:52:28 +0000] "POST /wp-json/wc/v3/orders HTTP/1.1" 201 1093 "-" "Dart/3.6 (dart:io)"
27.62.70.128 - - [27/Jun/2025:10:52:32 +0000] "GET /wp-json/wc/v3/orders/1786 HTTP/1.1" 404 1093 "-" "Dart/3.6 (dart:io)"
