111.92.122.222 - - [28/Jun/2025:07:07:40 +0000] "GET /about/assets/images/fav.ico HTTP/2.0" 404 7963 "https://www.lapma.in/about/" "Mozilla/5.0 (Windows NT 10.0; Win64; x64) AppleWebKit/537.36 (KHTML, like Gecko) Chrome/137.0.0.0 Safari/537.36"
111.92.122.222 - - [28/Jun/2025:07:07:40 +0000] "GET /wp-content/themes/lapma/assets/css/fonts/slick.woff HTTP/2.0" 404 7963 "https://www.lapma.in/wp-content/themes/lapma/assets/css/slick-theme.css" "Mozilla/5.0 (Windows NT 10.0; Win64; x64) AppleWebKit/537.36 (KHTML, like Gecko) Chrome/137.0.0.0 Safari/537.36"
111.92.122.222 - - [28/Jun/2025:07:07:43 +0000] "GET /wp-content/themes/lapma/assets/css/fonts/slick.ttf HTTP/2.0" 404 7963 "https://www.lapma.in/wp-content/themes/lapma/assets/css/slick-theme.css" "Mozilla/5.0 (Windows NT 10.0; Win64; x64) AppleWebKit/537.36 (KHTML, like Gecko) Chrome/137.0.0.0 Safari/537.36"
111.92.122.222 - - [28/Jun/2025:07:07:44 +0000] "GET / HTTP/2.0" 404 10006 "https://www.lapma.in/shop/" "Mozilla/5.0 (Windows NT 10.0; Win64; x64) AppleWebKit/537.36 (KHTML, like Gecko) Chrome/137.0.0.0 Safari/537.36"
111.92.122.222 - - [28/Jun/2025:07:07:47 +0000] "GET / HTTP/2.0" 404 10005 "https://www.lapma.in/shop/" "Mozilla/5.0 (Windows NT 10.0; Win64; x64) AppleWebKit/537.36 (KHTML, like Gecko) Chrome/137.0.0.0 Safari/537.36"
111.92.122.222 - - [28/Jun/2025:07:07:50 +0000] "GET /wp-content/themes/lapma/assets/css/style.css?v=1751094470 HTTP/2.0" 200 15534 "https://www.lapma.in/" "Mozilla/5.0 (Windows NT 10.0; Win64; x64) AppleWebKit/537.36 (KHTML, like Gecko) Chrome/137.0.0.0 Safari/537.36"
111.92.122.222 - - [28/Jun/2025:07:07:50 +0000] "GET /wp-content/themes/lapma/assets/js/custom.js?v=1751094470 HTTP/2.0" 200 1314 "https://www.lapma.in/" "Mozilla/5.0 (Windows NT 10.0; Win64; x64) AppleWebKit/537.36 (KHTML, like Gecko) Chrome/137.0.0.0 Safari/537.36"
111.92.122.222 - - [28/Jun/2025:07:07:50 +0000] "GET /wp-content/themes/lapma/assets/css/ajax-loader.gif HTTP/2.0" 404 7962 "https://www.lapma.in/wp-content/themes/lapma/assets/css/slick-theme.css" "Mozilla/5.0 (Windows NT 10.0; Win64; x64) AppleWebKit/537.36 (KHTML, like Gecko) Chrome/137.0.0.0 Safari/537.36"
111.92.122.222 - - [28/Jun/2025:07:07:50 +0000] "GET /wp-content/themes/lapma/assets/css/fonts/slick.woff HTTP/2.0" 404 7963 "https://www.lapma.in/wp-content/themes/lapma/assets/css/slick-theme.css" "Mozilla/5.0 (Windows NT 10.0; Win64; x64) AppleWebKit/537.36 (KHTML, like Gecko) Chrome/137.0.0.0 Safari/537.36"
111.92.122.222 - - [28/Jun/2025:07:07:51 +0000] "GET / HTTP/2.0" 404 10006 "https://www.lapma.in/" "Mozilla/5.0 (Windows NT 10.0; Win64; x64) AppleWebKit/537.36 (KHTML, like Gecko) Chrome/137.0.0.0 Safari/537.36"
111.92.122.222 - - [28/Jun/2025:07:07:52 +0000] "GET /wp-content/themes/lapma/assets/css/fonts/slick.ttf HTTP/2.0" 404 7962 "https://www.lapma.in/wp-content/themes/lapma/assets/css/slick-theme.css" "Mozilla/5.0 (Windows NT 10.0; Win64; x64) AppleWebKit/537.36 (KHTML, like Gecko) Chrome/137.0.0.0 Safari/537.36"
117.206.26.220 - - [28/Jun/2025:07:07:54 +0000] "GET / HTTP/2.0" 404 10005 "-" "Mozilla/5.0 (Macintosh; Intel Mac OS X 10_15_7) AppleWebKit/537.36 (KHTML, like Gecko) Chrome/136.0.0.0 Safari/537.36"
117.206.26.220 - - [28/Jun/2025:07:07:59 +0000] "GET /wp-content/themes/lapma/assets/css/style.css?v=1751094478 HTTP/2.0" 200 15534 "https://www.lapma.in/" "Mozilla/5.0 (Macintosh; Intel Mac OS X 10_15_7) AppleWebKit/537.36 (KHTML, like Gecko) Chrome/136.0.0.0 Safari/537.36"
117.206.26.220 - - [28/Jun/2025:07:07:59 +0000] "GET /wp-content/themes/lapma/assets/js/custom.js?v=1751094478 HTTP/2.0" 200 1314 "https://www.lapma.in/" "Mozilla/5.0 (Macintosh; Intel Mac OS X 10_15_7) AppleWebKit/537.36 (KHTML, like Gecko) Chrome/136.0.0.0 Safari/537.36"
111.92.122.222 - - [28/Jun/2025:07:07:54 +0000] "GET / HTTP/2.0" 404 10006 "https://www.lapma.in/" "Mozilla/5.0 (Windows NT 10.0; Win64; x64) AppleWebKit/537.36 (KHTML, like Gecko) Chrome/137.0.0.0 Safari/537.36"
111.92.122.222 - - [28/Jun/2025:07:07:59 +0000] "GET /wp-content/themes/lapma/assets/css/style.css?v=1751094479 HTTP/2.0" 200 15534 "https://www.lapma.in/" "Mozilla/5.0 (Windows NT 10.0; Win64; x64) AppleWebKit/537.36 (KHTML, like Gecko) Chrome/137.0.0.0 Safari/537.36"
111.92.122.222 - - [28/Jun/2025:07:07:59 +0000] "GET /wp-content/themes/lapma/assets/js/custom.js?v=1751094479 HTTP/2.0" 200 1314 "https://www.lapma.in/" "Mozilla/5.0 (Windows NT 10.0; Win64; x64) AppleWebKit/537.36 (KHTML, like Gecko) Chrome/137.0.0.0 Safari/537.36"
111.92.122.222 - - [28/Jun/2025:07:07:56 +0000] "GET /about/ HTTP/2.0" 404 9580 "https://www.lapma.in/" "Mozilla/5.0 (Windows NT 10.0; Win64; x64) AppleWebKit/537.36 (KHTML, like Gecko) Chrome/137.0.0.0 Safari/537.36"
111.92.122.222 - - [28/Jun/2025:07:08:01 +0000] "GET /wp-content/themes/lapma/assets/css/style.css?v=1751094480 HTTP/2.0" 200 15534 "https://www.lapma.in/about/" "Mozilla/5.0 (Windows NT 10.0; Win64; x64) AppleWebKit/537.36 (KHTML, like Gecko) Chrome/137.0.0.0 Safari/537.36"
111.92.122.222 - - [28/Jun/2025:07:08:01 +0000] "GET /wp-content/themes/lapma/assets/js/custom.js?v=1751094481 HTTP/2.0" 200 1314 "https://www.lapma.in/about/" "Mozilla/5.0 (Windows NT 10.0; Win64; x64) AppleWebKit/537.36 (KHTML, like Gecko) Chrome/137.0.0.0 Safari/537.36"
111.92.122.222 - - [28/Jun/2025:07:07:57 +0000] "GET /shop/ HTTP/2.0" 404 21547 "https://www.lapma.in/" "Mozilla/5.0 (Windows NT 10.0; Win64; x64) AppleWebKit/537.36 (KHTML, like Gecko) Chrome/137.0.0.0 Safari/537.36"
111.92.122.222 - - [28/Jun/2025:07:08:04 +0000] "GET /wp-content/themes/lapma/assets/css/style.css?v=1751094483 HTTP/2.0" 200 15534 "https://www.lapma.in/shop/" "Mozilla/5.0 (Windows NT 10.0; Win64; x64) AppleWebKit/537.36 (KHTML, like Gecko) Chrome/137.0.0.0 Safari/537.36"
111.92.122.222 - - [28/Jun/2025:07:08:04 +0000] "GET /wp-content/themes/lapma/assets/js/custom.js?v=1751094483 HTTP/2.0" 200 1314 "https://www.lapma.in/shop/" "Mozilla/5.0 (Windows NT 10.0; Win64; x64) AppleWebKit/537.36 (KHTML, like Gecko) Chrome/137.0.0.0 Safari/537.36"
111.92.122.222 - - [28/Jun/2025:07:07:59 +0000] "GET /wp-content/themes/lapma/assets/css/fonts/slick.woff HTTP/2.0" 404 7963 "https://www.lapma.in/wp-content/themes/lapma/assets/css/slick-theme.css" "Mozilla/5.0 (Windows NT 10.0; Win64; x64) AppleWebKit/537.36 (KHTML, like Gecko) Chrome/137.0.0.0 Safari/537.36"
117.206.26.220 - - [28/Jun/2025:07:07:59 +0000] "GET /wp-content/themes/lapma/assets/css/ajax-loader.gif HTTP/2.0" 404 7963 "https://www.lapma.in/wp-content/themes/lapma/assets/css/slick-theme.css" "Mozilla/5.0 (Macintosh; Intel Mac OS X 10_15_7) AppleWebKit/537.36 (KHTML, like Gecko) Chrome/136.0.0.0 Safari/537.36"
111.92.122.222 - - [28/Jun/2025:07:07:59 +0000] "GET /wp-content/themes/lapma/assets/css/ajax-loader.gif HTTP/2.0" 404 7963 "https://www.lapma.in/wp-content/themes/lapma/assets/css/slick-theme.css" "Mozilla/5.0 (Windows NT 10.0; Win64; x64) AppleWebKit/537.36 (KHTML, like Gecko) Chrome/137.0.0.0 Safari/537.36"
117.206.26.220 - - [28/Jun/2025:07:07:59 +0000] "GET /wp-content/themes/lapma/assets/css/fonts/slick.woff HTTP/2.0" 404 7963 "https://www.lapma.in/wp-content/themes/lapma/assets/css/slick-theme.css" "Mozilla/5.0 (Macintosh; Intel Mac OS X 10_15_7) AppleWebKit/537.36 (KHTML, like Gecko) Chrome/136.0.0.0 Safari/537.36"
139.59.17.158 - - [28/Jun/2025:07:08:08 +0000] "POST /wp-cron.php?doing_wp_cron=1751094488.0963621139526367187500 HTTP/1.1" 200 - "-" "WordPress/6.8.1; https://www.lapma.in"
111.92.122.222 - - [28/Jun/2025:07:08:04 +0000] "GET /wp-content/themes/lapma/assets/css/ajax-loader.gif HTTP/2.0" 404 7963 "https://www.lapma.in/wp-content/themes/lapma/assets/css/slick-theme.css" "Mozilla/5.0 (Windows NT 10.0; Win64; x64) AppleWebKit/537.36 (KHTML, like Gecko) Chrome/137.0.0.0 Safari/537.36"
111.92.122.222 - - [28/Jun/2025:07:08:04 +0000] "GET /wp-content/themes/lapma/assets/css/fonts/slick.ttf HTTP/2.0" 404 7963 "https://www.lapma.in/wp-content/themes/lapma/assets/css/slick-theme.css" "Mozilla/5.0 (Windows NT 10.0; Win64; x64) AppleWebKit/537.36 (KHTML, like Gecko) Chrome/137.0.0.0 Safari/537.36"
111.92.122.222 - - [28/Jun/2025:07:08:04 +0000] "GET /wp-content/themes/lapma/assets/css/fonts/slick.woff HTTP/2.0" 404 7963 "https://www.lapma.in/wp-content/themes/lapma/assets/css/slick-theme.css" "Mozilla/5.0 (Windows NT 10.0; Win64; x64) AppleWebKit/537.36 (KHTML, like Gecko) Chrome/137.0.0.0 Safari/537.36"
117.206.26.220 - - [28/Jun/2025:07:08:04 +0000] "GET /wp-content/themes/lapma/assets/css/fonts/slick.ttf HTTP/2.0" 404 7963 "https://www.lapma.in/wp-content/themes/lapma/assets/css/slick-theme.css" "Mozilla/5.0 (Macintosh; Intel Mac OS X 10_15_7) AppleWebKit/537.36 (KHTML, like Gecko) Chrome/136.0.0.0 Safari/537.36"
111.92.122.222 - - [28/Jun/2025:07:08:09 +0000] "GET /wp-content/themes/lapma/assets/css/fonts/slick.ttf HTTP/2.0" 404 7963 "https://www.lapma.in/wp-content/themes/lapma/assets/css/slick-theme.css" "Mozilla/5.0 (Windows NT 10.0; Win64; x64) AppleWebKit/537.36 (KHTML, like Gecko) Chrome/137.0.0.0 Safari/537.36"
111.92.122.222 - - [28/Jun/2025:07:08:10 +0000] "GET /contact/ HTTP/2.0" 404 10245 "https://www.lapma.in/" "Mozilla/5.0 (Windows NT 10.0; Win64; x64) AppleWebKit/537.36 (KHTML, like Gecko) Chrome/137.0.0.0 Safari/537.36"
111.92.122.222 - - [28/Jun/2025:07:08:13 +0000] "GET /wp-content/themes/lapma/assets/css/style.css?v=1751094493 HTTP/2.0" 200 15534 "https://www.lapma.in/contact/" "Mozilla/5.0 (Windows NT 10.0; Win64; x64) AppleWebKit/537.36 (KHTML, like Gecko) Chrome/137.0.0.0 Safari/537.36"
111.92.122.222 - - [28/Jun/2025:07:08:13 +0000] "GET /wp-content/themes/lapma/assets/js/custom.js?v=1751094493 HTTP/2.0" 200 1314 "https://www.lapma.in/contact/" "Mozilla/5.0 (Windows NT 10.0; Win64; x64) AppleWebKit/537.36 (KHTML, like Gecko) Chrome/137.0.0.0 Safari/537.36"
111.92.122.222 - - [28/Jun/2025:07:08:13 +0000] "GET /wp-content/plugins/everest-forms/assets/js/inputmask/jquery.inputmask.bundle.min.js?ver=4.0.0-beta.58 HTTP/2.0" 200 24438 "https://www.lapma.in/contact/" "Mozilla/5.0 (Windows NT 10.0; Win64; x64) AppleWebKit/537.36 (KHTML, like Gecko) Chrome/137.0.0.0 Safari/537.36"
111.92.122.222 - - [28/Jun/2025:07:08:13 +0000] "GET /wp-content/plugins/everest-forms/assets/js/jquery-validate/jquery.validate.min.js?ver=1.19.2 HTTP/2.0" 200 7715 "https://www.lapma.in/contact/" "Mozilla/5.0 (Windows NT 10.0; Win64; x64) AppleWebKit/537.36 (KHTML, like Gecko) Chrome/137.0.0.0 Safari/537.36"
111.92.122.222 - - [28/Jun/2025:07:08:13 +0000] "GET /wp-content/plugins/everest-forms/assets/js/intlTelInput/jquery.intlTelInput.min.js?ver=16.0.7 HTTP/2.0" 200 10899 "https://www.lapma.in/contact/" "Mozilla/5.0 (Windows NT 10.0; Win64; x64) AppleWebKit/537.36 (KHTML, like Gecko) Chrome/137.0.0.0 Safari/537.36"
111.92.122.222 - - [28/Jun/2025:07:08:13 +0000] "GET /wp-content/plugins/everest-forms/assets/js/selectWoo/selectWoo.full.min.js?ver=1.0.8 HTTP/2.0" 200 21730 "https://www.lapma.in/contact/" "Mozilla/5.0 (Windows NT 10.0; Win64; x64) AppleWebKit/537.36 (KHTML, like Gecko) Chrome/137.0.0.0 Safari/537.36"
111.92.122.222 - - [28/Jun/2025:07:08:13 +0000] "GET /wp-content/plugins/everest-forms/assets/js/frontend/everest-forms.min.js?ver=3.2.2 HTTP/2.0" 200 6113 "https://www.lapma.in/contact/" "Mozilla/5.0 (Windows NT 10.0; Win64; x64) AppleWebKit/537.36 (KHTML, like Gecko) Chrome/137.0.0.0 Safari/537.36"
111.92.122.222 - - [28/Jun/2025:07:08:13 +0000] "GET /wp-content/plugins/everest-forms/assets/js/frontend/everest-forms-survey-polls-quiz.min.js?ver=3.2.2 HTTP/2.0" 200 883 "https://www.lapma.in/contact/" "Mozilla/5.0 (Windows NT 10.0; Win64; x64) AppleWebKit/537.36 (KHTML, like Gecko) Chrome/137.0.0.0 Safari/537.36"
111.92.122.222 - - [28/Jun/2025:07:08:13 +0000] "GET /wp-content/plugins/everest-forms/assets/js/mailcheck/mailcheck.min.js?ver=1.1.2 HTTP/2.0" 200 1630 "https://www.lapma.in/contact/" "Mozilla/5.0 (Windows NT 10.0; Win64; x64) AppleWebKit/537.36 (KHTML, like Gecko) Chrome/137.0.0.0 Safari/537.36"
111.92.122.222 - - [28/Jun/2025:07:08:13 +0000] "GET /wp-content/plugins/everest-forms/assets/js/dropzone/dropzone.min.js?ver=5.5.0 HTTP/2.0" 200 12802 "https://www.lapma.in/contact/" "Mozilla/5.0 (Windows NT 10.0; Win64; x64) AppleWebKit/537.36 (KHTML, like Gecko) Chrome/137.0.0.0 Safari/537.36"
111.92.122.222 - - [28/Jun/2025:07:08:13 +0000] "GET /wp-includes/js/underscore.min.js?ver=1.13.7 HTTP/2.0" 200 7317 "https://www.lapma.in/contact/" "Mozilla/5.0 (Windows NT 10.0; Win64; x64) AppleWebKit/537.36 (KHTML, like Gecko) Chrome/137.0.0.0 Safari/537.36"
111.92.122.222 - - [28/Jun/2025:07:08:13 +0000] "GET /wp-includes/js/wp-util.min.js?ver=6.8.1 HTTP/2.0" 200 756 "https://www.lapma.in/contact/" "Mozilla/5.0 (Windows NT 10.0; Win64; x64) AppleWebKit/537.36 (KHTML, like Gecko) Chrome/137.0.0.0 Safari/537.36"
111.92.122.222 - - [28/Jun/2025:07:08:13 +0000] "GET /wp-content/plugins/everest-forms/assets/js/frontend/everest-forms-file-upload.min.js?ver=3.2.2 HTTP/2.0" 200 1635 "https://www.lapma.in/contact/" "Mozilla/5.0 (Windows NT 10.0; Win64; x64) AppleWebKit/537.36 (KHTML, like Gecko) Chrome/137.0.0.0 Safari/537.36"
111.92.122.222 - - [28/Jun/2025:07:08:13 +0000] "GET /wp-content/plugins/everest-forms/assets/js/frontend/ajax-submission.min.js?ver=3.2.2 HTTP/2.0" 200 2206 "https://www.lapma.in/contact/" "Mozilla/5.0 (Windows NT 10.0; Win64; x64) AppleWebKit/537.36 (KHTML, like Gecko) Chrome/137.0.0.0 Safari/537.36"
111.92.122.222 - - [28/Jun/2025:07:08:13 +0000] "GET /wp-content/themes/lapma/assets/images/email-icon.svg HTTP/2.0" 200 205 "https://www.lapma.in/contact/" "Mozilla/5.0 (Windows NT 10.0; Win64; x64) AppleWebKit/537.36 (KHTML, like Gecko) Chrome/137.0.0.0 Safari/537.36"
111.92.122.222 - - [28/Jun/2025:07:08:13 +0000] "GET /wp-content/themes/lapma/assets/images/phone-icon.svg HTTP/2.0" 200 498 "https://www.lapma.in/contact/" "Mozilla/5.0 (Windows NT 10.0; Win64; x64) AppleWebKit/537.36 (KHTML, like Gecko) Chrome/137.0.0.0 Safari/537.36"
111.92.122.222 - - [28/Jun/2025:07:08:13 +0000] "GET /wp-content/themes/lapma/assets/images/location-icon.svg HTTP/2.0" 200 441 "https://www.lapma.in/contact/" "Mozilla/5.0 (Windows NT 10.0; Win64; x64) AppleWebKit/537.36 (KHTML, like Gecko) Chrome/137.0.0.0 Safari/537.36"
111.92.122.222 - - [28/Jun/2025:07:08:13 +0000] "GET /contact/assets/images/fav.ico HTTP/2.0" 404 7963 "https://www.lapma.in/contact/" "Mozilla/5.0 (Windows NT 10.0; Win64; x64) AppleWebKit/537.36 (KHTML, like Gecko) Chrome/137.0.0.0 Safari/537.36"
117.206.26.220 - - [28/Jun/2025:07:08:23 +0000] "GET /wp-admin/ HTTP/2.0" 302 - "-" "Mozilla/5.0 (Windows NT 10.0; Win64; x64) AppleWebKit/537.36 (KHTML, like Gecko) Chrome/137.0.0.0 Safari/537.36"
117.206.26.220 - - [28/Jun/2025:07:08:25 +0000] "GET /wp-login.php?redirect_to=https%3A%2F%2Fwww.lapma.in%2Fwp-admin%2F&reauth=1 HTTP/2.0" 200 1928 "-" "Mozilla/5.0 (Windows NT 10.0; Win64; x64) AppleWebKit/537.36 (KHTML, like Gecko) Chrome/137.0.0.0 Safari/537.36"
111.92.122.222 - - [28/Jun/2025:07:08:24 +0000] "GET /shop/ HTTP/2.0" 404 21547 "-" "Mozilla/5.0 (Windows NT 10.0; Win64; x64) AppleWebKit/537.36 (KHTML, like Gecko) Chrome/137.0.0.0 Safari/537.36"
111.92.122.222 - - [28/Jun/2025:07:08:27 +0000] "GET /wp-content/themes/lapma/assets/css/style.css?v=1751094507 HTTP/2.0" 200 15534 "https://www.lapma.in/shop/" "Mozilla/5.0 (Windows NT 10.0; Win64; x64) AppleWebKit/537.36 (KHTML, like Gecko) Chrome/137.0.0.0 Safari/537.36"
111.92.122.222 - - [28/Jun/2025:07:08:27 +0000] "GET /wp-content/themes/lapma/assets/js/custom.js?v=1751094507 HTTP/2.0" 200 1314 "https://www.lapma.in/shop/" "Mozilla/5.0 (Windows NT 10.0; Win64; x64) AppleWebKit/537.36 (KHTML, like Gecko) Chrome/137.0.0.0 Safari/537.36"
117.206.26.220 - - [28/Jun/2025:07:08:27 +0000] "GET /favicon.ico HTTP/2.0" 302 - "https://www.lapma.in/wp-login.php?redirect_to=https%3A%2F%2Fwww.lapma.in%2Fwp-admin%2F&reauth=1" "Mozilla/5.0 (Windows NT 10.0; Win64; x64) AppleWebKit/537.36 (KHTML, like Gecko) Chrome/137.0.0.0 Safari/537.36"
117.206.26.220 - - [28/Jun/2025:07:08:30 +0000] "GET / HTTP/2.0" 404 10006 "-" "Mozilla/5.0 (Windows NT 10.0; Win64; x64) AppleWebKit/537.36 (KHTML, like Gecko) Chrome/137.0.0.0 Safari/537.36"
117.206.26.220 - - [28/Jun/2025:07:08:33 +0000] "GET /wp-content/themes/lapma/assets/css/style.css?v=1751094512 HTTP/2.0" 200 15534 "https://www.lapma.in/" "Mozilla/5.0 (Windows NT 10.0; Win64; x64) AppleWebKit/537.36 (KHTML, like Gecko) Chrome/137.0.0.0 Safari/537.36"
117.206.26.220 - - [28/Jun/2025:07:08:33 +0000] "GET /wp-content/themes/lapma/assets/css/bootstrap.min.css HTTP/2.0" 200 27518 "https://www.lapma.in/" "Mozilla/5.0 (Windows NT 10.0; Win64; x64) AppleWebKit/537.36 (KHTML, like Gecko) Chrome/137.0.0.0 Safari/537.36"
117.206.26.220 - - [28/Jun/2025:07:08:33 +0000] "GET /wp-content/themes/lapma/assets/css/fonts.css HTTP/2.0" 200 275 "https://www.lapma.in/" "Mozilla/5.0 (Windows NT 10.0; Win64; x64) AppleWebKit/537.36 (KHTML, like Gecko) Chrome/137.0.0.0 Safari/537.36"
117.206.26.220 - - [28/Jun/2025:07:08:33 +0000] "GET /wp-content/themes/lapma/assets/css/font-awesome.min.css HTTP/2.0" 200 6666 "https://www.lapma.in/" "Mozilla/5.0 (Windows NT 10.0; Win64; x64) AppleWebKit/537.36 (KHTML, like Gecko) Chrome/137.0.0.0 Safari/537.36"
117.206.26.220 - - [28/Jun/2025:07:08:33 +0000] "GET /wp-content/themes/lapma/assets/css/slick-theme.css HTTP/2.0" 200 866 "https://www.lapma.in/" "Mozilla/5.0 (Windows NT 10.0; Win64; x64) AppleWebKit/537.36 (KHTML, like Gecko) Chrome/137.0.0.0 Safari/537.36"
117.206.26.220 - - [28/Jun/2025:07:08:33 +0000] "GET /wp-content/themes/lapma/assets/css/slick.css HTTP/2.0" 200 569 "https://www.lapma.in/" "Mozilla/5.0 (Windows NT 10.0; Win64; x64) AppleWebKit/537.36 (KHTML, like Gecko) Chrome/137.0.0.0 Safari/537.36"
117.206.26.220 - - [28/Jun/2025:07:08:33 +0000] "GET /wp-content/uploads/2024/04/logo.svg HTTP/2.0" 200 7986 "https://www.lapma.in/" "Mozilla/5.0 (Windows NT 10.0; Win64; x64) AppleWebKit/537.36 (KHTML, like Gecko) Chrome/137.0.0.0 Safari/537.36"
117.206.26.220 - - [28/Jun/2025:07:08:33 +0000] "GET /wp-content/plugins/woocommerce/assets/css/woocommerce-layout.css?ver=9.0.1 HTTP/2.0" 200 2573 "https://www.lapma.in/" "Mozilla/5.0 (Windows NT 10.0; Win64; x64) AppleWebKit/537.36 (KHTML, like Gecko) Chrome/137.0.0.0 Safari/537.36"
117.206.26.220 - - [28/Jun/2025:07:08:33 +0000] "GET /wp-content/plugins/everest-forms/assets/css/everest-forms.css?ver=3.2.2 HTTP/2.0" 200 11241 "https://www.lapma.in/" "Mozilla/5.0 (Windows NT 10.0; Win64; x64) AppleWebKit/537.36 (KHTML, like Gecko) Chrome/137.0.0.0 Safari/537.36"
117.206.26.220 - - [28/Jun/2025:07:08:33 +0000] "GET /wp-content/plugins/everest-forms/assets/css/intlTelInput.css?ver=3.2.2 HTTP/2.0" 200 4882 "https://www.lapma.in/" "Mozilla/5.0 (Windows NT 10.0; Win64; x64) AppleWebKit/537.36 (KHTML, like Gecko) Chrome/137.0.0.0 Safari/537.36"
117.206.26.220 - - [28/Jun/2025:07:08:33 +0000] "GET /wp-content/plugins/woocommerce/assets/css/woocommerce.css?ver=9.0.1 HTTP/2.0" 200 9937 "https://www.lapma.in/" "Mozilla/5.0 (Windows NT 10.0; Win64; x64) AppleWebKit/537.36 (KHTML, like Gecko) Chrome/137.0.0.0 Safari/537.36"
117.206.26.220 - - [28/Jun/2025:07:08:33 +0000] "GET /wp-content/themes/lapma/assets/images/user-icon.svg HTTP/2.0" 200 215 "https://www.lapma.in/" "Mozilla/5.0 (Windows NT 10.0; Win64; x64) AppleWebKit/537.36 (KHTML, like Gecko) Chrome/137.0.0.0 Safari/537.36"
117.206.26.220 - - [28/Jun/2025:07:08:33 +0000] "GET /wp-includes/css/dist/block-library/style.min.css?ver=6.8.1 HTTP/2.0" 200 15323 "https://www.lapma.in/" "Mozilla/5.0 (Windows NT 10.0; Win64; x64) AppleWebKit/537.36 (KHTML, like Gecko) Chrome/137.0.0.0 Safari/537.36"
117.206.26.220 - - [28/Jun/2025:07:08:33 +0000] "GET /wp-content/themes/lapma/assets/images/cart-icon.svg HTTP/2.0" 200 1116 "https://www.lapma.in/" "Mozilla/5.0 (Windows NT 10.0; Win64; x64) AppleWebKit/537.36 (KHTML, like Gecko) Chrome/137.0.0.0 Safari/537.36"
117.206.26.220 - - [28/Jun/2025:07:08:33 +0000] "GET /wp-content/themes/lapma/assets/js/bootstrap.min.js HTTP/2.0" 200 16138 "https://www.lapma.in/" "Mozilla/5.0 (Windows NT 10.0; Win64; x64) AppleWebKit/537.36 (KHTML, like Gecko) Chrome/137.0.0.0 Safari/537.36"
117.206.26.220 - - [28/Jun/2025:07:08:33 +0000] "GET /wp-content/themes/lapma/assets/js/popper.min.js HTTP/2.0" 200 7154 "https://www.lapma.in/" "Mozilla/5.0 (Windows NT 10.0; Win64; x64) AppleWebKit/537.36 (KHTML, like Gecko) Chrome/137.0.0.0 Safari/537.36"
117.206.26.220 - - [28/Jun/2025:07:08:33 +0000] "GET /wp-content/themes/lapma/assets/js/custom.js?v=1751094513 HTTP/2.0" 200 1314 "https://www.lapma.in/" "Mozilla/5.0 (Windows NT 10.0; Win64; x64) AppleWebKit/537.36 (KHTML, like Gecko) Chrome/137.0.0.0 Safari/537.36"
117.206.26.220 - - [28/Jun/2025:07:08:33 +0000] "GET /wp-content/themes/lapma/assets/js/jquery-3.7.0.min.js HTTP/2.0" 200 30337 "https://www.lapma.in/" "Mozilla/5.0 (Windows NT 10.0; Win64; x64) AppleWebKit/537.36 (KHTML, like Gecko) Chrome/137.0.0.0 Safari/537.36"
117.206.26.220 - - [28/Jun/2025:07:08:33 +0000] "GET /wp-content/plugins/woocommerce/assets/client/blocks/wc-blocks.css?ver=wc-9.0.1 HTTP/2.0" 200 2556 "https://www.lapma.in/" "Mozilla/5.0 (Windows NT 10.0; Win64; x64) AppleWebKit/537.36 (KHTML, like Gecko) Chrome/137.0.0.0 Safari/537.36"
117.206.26.220 - - [28/Jun/2025:07:08:33 +0000] "GET /wp-content/plugins/woocommerce/assets/js/frontend/order-attribution.min.js?ver=9.0.1 HTTP/2.0" 200 1137 "https://www.lapma.in/" "Mozilla/5.0 (Windows NT 10.0; Win64; x64) AppleWebKit/537.36 (KHTML, like Gecko) Chrome/137.0.0.0 Safari/537.36"
117.206.26.220 - - [28/Jun/2025:07:08:33 +0000] "GET /wp-content/plugins/woocommerce/assets/js/sourcebuster/sourcebuster.min.js?ver=9.0.1 HTTP/2.0" 200 4807 "https://www.lapma.in/" "Mozilla/5.0 (Windows NT 10.0; Win64; x64) AppleWebKit/537.36 (KHTML, like Gecko) Chrome/137.0.0.0 Safari/537.36"
117.206.26.220 - - [28/Jun/2025:07:08:33 +0000] "GET /wp-content/plugins/woocommerce/assets/js/frontend/add-to-cart.min.js?ver=9.0.1 HTTP/2.0" 200 1107 "https://www.lapma.in/" "Mozilla/5.0 (Windows NT 10.0; Win64; x64) AppleWebKit/537.36 (KHTML, like Gecko) Chrome/137.0.0.0 Safari/537.36"
117.206.26.220 - - [28/Jun/2025:07:08:33 +0000] "GET /wp-content/plugins/woocommerce/assets/js/js-cookie/js.cookie.min.js?ver=2.1.4-wc.9.0.1 HTTP/2.0" 200 833 "https://www.lapma.in/" "Mozilla/5.0 (Windows NT 10.0; Win64; x64) AppleWebKit/537.36 (KHTML, like Gecko) Chrome/137.0.0.0 Safari/537.36"
117.206.26.220 - - [28/Jun/2025:07:08:33 +0000] "GET /wp-content/plugins/woocommerce/assets/js/frontend/woocommerce.min.js?ver=9.0.1 HTTP/2.0" 200 948 "https://www.lapma.in/" "Mozilla/5.0 (Windows NT 10.0; Win64; x64) AppleWebKit/537.36 (KHTML, like Gecko) Chrome/137.0.0.0 Safari/537.36"
117.206.26.220 - - [28/Jun/2025:07:08:33 +0000] "GET /wp-content/uploads/2024/04/banner-img1.jpg HTTP/2.0" 200 703605 "https://www.lapma.in/" "Mozilla/5.0 (Windows NT 10.0; Win64; x64) AppleWebKit/537.36 (KHTML, like Gecko) Chrome/137.0.0.0 Safari/537.36"
117.206.26.220 - - [28/Jun/2025:07:08:33 +0000] "GET /wp-content/uploads/2024/05/egg-product-bg.png HTTP/2.0" 200 70090 "https://www.lapma.in/" "Mozilla/5.0 (Windows NT 10.0; Win64; x64) AppleWebKit/537.36 (KHTML, like Gecko) Chrome/137.0.0.0 Safari/537.36"
117.206.26.220 - - [28/Jun/2025:07:08:33 +0000] "GET /wp-content/uploads/2024/04/category-img1.png HTTP/2.0" 200 28277 "https://www.lapma.in/" "Mozilla/5.0 (Windows NT 10.0; Win64; x64) AppleWebKit/537.36 (KHTML, like Gecko) Chrome/137.0.0.0 Safari/537.36"
117.206.26.220 - - [28/Jun/2025:07:08:33 +0000] "GET /wp-content/uploads/2024/05/milk-produt-bg.png HTTP/2.0" 200 108088 "https://www.lapma.in/" "Mozilla/5.0 (Windows NT 10.0; Win64; x64) AppleWebKit/537.36 (KHTML, like Gecko) Chrome/137.0.0.0 Safari/537.36"
117.206.26.220 - - [28/Jun/2025:07:08:33 +0000] "GET /wp-content/uploads/2024/05/live-stock-bg.png HTTP/2.0" 200 159783 "https://www.lapma.in/" "Mozilla/5.0 (Windows NT 10.0; Win64; x64) AppleWebKit/537.36 (KHTML, like Gecko) Chrome/137.0.0.0 Safari/537.36"
117.206.26.220 - - [28/Jun/2025:07:08:33 +0000] "GET /wp-content/uploads/2024/05/fodder-product-bg.png HTTP/2.0" 200 83948 "https://www.lapma.in/" "Mozilla/5.0 (Windows NT 10.0; Win64; x64) AppleWebKit/537.36 (KHTML, like Gecko) Chrome/137.0.0.0 Safari/537.36"
117.206.26.220 - - [28/Jun/2025:07:08:33 +0000] "GET /wp-content/themes/lapma/assets/images/category-img-noimage.png HTTP/2.0" 200 5020 "https://www.lapma.in/" "Mozilla/5.0 (Windows NT 10.0; Win64; x64) AppleWebKit/537.36 (KHTML, like Gecko) Chrome/137.0.0.0 Safari/537.36"
117.206.26.220 - - [28/Jun/2025:07:08:33 +0000] "GET /wp-content/uploads/2024/04/category-img5.png HTTP/2.0" 200 36368 "https://www.lapma.in/" "Mozilla/5.0 (Windows NT 10.0; Win64; x64) AppleWebKit/537.36 (KHTML, like Gecko) Chrome/137.0.0.0 Safari/537.36"
117.206.26.220 - - [28/Jun/2025:07:08:33 +0000] "GET /wp-content/uploads/2024/04/category-img2.png HTTP/2.0" 200 34785 "https://www.lapma.in/" "Mozilla/5.0 (Windows NT 10.0; Win64; x64) AppleWebKit/537.36 (KHTML, like Gecko) Chrome/137.0.0.0 Safari/537.36"
117.206.26.220 - - [28/Jun/2025:07:08:33 +0000] "GET /wp-content/uploads/2024/04/category-img3.png HTTP/2.0" 200 34416 "https://www.lapma.in/" "Mozilla/5.0 (Windows NT 10.0; Win64; x64) AppleWebKit/537.36 (KHTML, like Gecko) Chrome/137.0.0.0 Safari/537.36"
117.206.26.220 - - [28/Jun/2025:07:08:33 +0000] "GET /wp-content/uploads/2024/04/category-img6.png HTTP/2.0" 200 41121 "https://www.lapma.in/" "Mozilla/5.0 (Windows NT 10.0; Win64; x64) AppleWebKit/537.36 (KHTML, like Gecko) Chrome/137.0.0.0 Safari/537.36"
117.206.26.220 - - [28/Jun/2025:07:08:33 +0000] "GET /wp-content/uploads/2024/04/category-img7.png HTTP/2.0" 200 40393 "https://www.lapma.in/" "Mozilla/5.0 (Windows NT 10.0; Win64; x64) AppleWebKit/537.36 (KHTML, like Gecko) Chrome/137.0.0.0 Safari/537.36"
117.206.26.220 - - [28/Jun/2025:07:08:33 +0000] "GET /wp-content/uploads/2024/04/product-img1.jpg HTTP/2.0" 200 15663 "https://www.lapma.in/" "Mozilla/5.0 (Windows NT 10.0; Win64; x64) AppleWebKit/537.36 (KHTML, like Gecko) Chrome/137.0.0.0 Safari/537.36"
117.206.26.220 - - [28/Jun/2025:07:08:33 +0000] "GET /wp-content/uploads/2024/11/51755558-75e9-42f4-969c-733e84c041b0.jpg HTTP/2.0" 200 59876 "https://www.lapma.in/" "Mozilla/5.0 (Windows NT 10.0; Win64; x64) AppleWebKit/537.36 (KHTML, like Gecko) Chrome/137.0.0.0 Safari/537.36"
117.206.26.220 - - [28/Jun/2025:07:08:33 +0000] "GET /wp-content/themes/lapma/assets/images/facebook-icon.svg HTTP/2.0" 200 238 "https://www.lapma.in/" "Mozilla/5.0 (Windows NT 10.0; Win64; x64) AppleWebKit/537.36 (KHTML, like Gecko) Chrome/137.0.0.0 Safari/537.36"
117.206.26.220 - - [28/Jun/2025:07:08:33 +0000] "GET /wp-content/themes/lapma/assets/js/slick.js HTTP/2.0" 200 15071 "https://www.lapma.in/" "Mozilla/5.0 (Windows NT 10.0; Win64; x64) AppleWebKit/537.36 (KHTML, like Gecko) Chrome/137.0.0.0 Safari/537.36"
117.206.26.220 - - [28/Jun/2025:07:08:33 +0000] "GET /wp-content/plugins/woocommerce/assets/js/jquery-blockui/jquery.blockUI.min.js?ver=2.7.0-wc.9.0.1 HTTP/2.0" 200 3537 "https://www.lapma.in/" "Mozilla/5.0 (Windows NT 10.0; Win64; x64) AppleWebKit/537.36 (KHTML, like Gecko) Chrome/137.0.0.0 Safari/537.36"
117.206.26.220 - - [28/Jun/2025:07:08:33 +0000] "GET /wp-content/uploads/2024/04/category-img4.png HTTP/2.0" 200 40550 "https://www.lapma.in/" "Mozilla/5.0 (Windows NT 10.0; Win64; x64) AppleWebKit/537.36 (KHTML, like Gecko) Chrome/137.0.0.0 Safari/537.36"
117.206.26.220 - - [28/Jun/2025:07:08:33 +0000] "GET /wp-content/uploads/2024/05/offers-icon.svg HTTP/2.0" 200 24185 "https://www.lapma.in/" "Mozilla/5.0 (Windows NT 10.0; Win64; x64) AppleWebKit/537.36 (KHTML, like Gecko) Chrome/137.0.0.0 Safari/537.36"
117.206.26.220 - - [28/Jun/2025:07:08:33 +0000] "GET /wp-content/uploads/2024/05/quality-icon.svg HTTP/2.0" 200 23045 "https://www.lapma.in/" "Mozilla/5.0 (Windows NT 10.0; Win64; x64) AppleWebKit/537.36 (KHTML, like Gecko) Chrome/137.0.0.0 Safari/537.36"
117.206.26.220 - - [28/Jun/2025:07:08:33 +0000] "GET /wp-content/uploads/2024/05/delivery-icon.svg HTTP/2.0" 200 10444 "https://www.lapma.in/" "Mozilla/5.0 (Windows NT 10.0; Win64; x64) AppleWebKit/537.36 (KHTML, like Gecko) Chrome/137.0.0.0 Safari/537.36"
117.206.26.220 - - [28/Jun/2025:07:08:33 +0000] "GET /wp-content/themes/lapma/assets/images/product-img-noimage.jpg HTTP/2.0" 200 10742 "https://www.lapma.in/" "Mozilla/5.0 (Windows NT 10.0; Win64; x64) AppleWebKit/537.36 (KHTML, like Gecko) Chrome/137.0.0.0 Safari/537.36"
117.206.26.220 - - [28/Jun/2025:07:08:33 +0000] "GET /wp-content/themes/lapma/assets/images/instagram-icon.svg HTTP/2.0" 200 1292 "https://www.lapma.in/" "Mozilla/5.0 (Windows NT 10.0; Win64; x64) AppleWebKit/537.36 (KHTML, like Gecko) Chrome/137.0.0.0 Safari/537.36"
117.206.26.220 - - [28/Jun/2025:07:08:33 +0000] "GET /wp-content/uploads/2024/05/product-img3.jpg HTTP/2.0" 200 90914 "https://www.lapma.in/" "Mozilla/5.0 (Windows NT 10.0; Win64; x64) AppleWebKit/537.36 (KHTML, like Gecko) Chrome/137.0.0.0 Safari/537.36"
117.206.26.220 - - [28/Jun/2025:07:08:33 +0000] "GET /wp-content/themes/lapma/assets/images/x-icon.svg HTTP/2.0" 200 261 "https://www.lapma.in/" "Mozilla/5.0 (Windows NT 10.0; Win64; x64) AppleWebKit/537.36 (KHTML, like Gecko) Chrome/137.0.0.0 Safari/537.36"
117.206.26.220 - - [28/Jun/2025:07:08:33 +0000] "GET /wp-content/themes/lapma/assets/images/search-icon.svg HTTP/2.0" 200 674 "https://www.lapma.in/wp-content/themes/lapma/assets/css/style.css?v=1751094512" "Mozilla/5.0 (Windows NT 10.0; Win64; x64) AppleWebKit/537.36 (KHTML, like Gecko) Chrome/137.0.0.0 Safari/537.36"
117.206.26.220 - - [28/Jun/2025:07:08:33 +0000] "GET /wp-content/uploads/2024/05/product-img5.jpg HTTP/2.0" 200 53454 "https://www.lapma.in/" "Mozilla/5.0 (Windows NT 10.0; Win64; x64) AppleWebKit/537.36 (KHTML, like Gecko) Chrome/137.0.0.0 Safari/537.36"
117.206.26.220 - - [28/Jun/2025:07:08:33 +0000] "GET /wp-content/uploads/2024/05/product-img11.jpg HTTP/2.0" 200 39451 "https://www.lapma.in/" "Mozilla/5.0 (Windows NT 10.0; Win64; x64) AppleWebKit/537.36 (KHTML, like Gecko) Chrome/137.0.0.0 Safari/537.36"
117.206.26.220 - - [28/Jun/2025:07:08:33 +0000] "GET /wp-content/uploads/2024/05/product-img20.jpg HTTP/2.0" 200 81791 "https://www.lapma.in/" "Mozilla/5.0 (Windows NT 10.0; Win64; x64) AppleWebKit/537.36 (KHTML, like Gecko) Chrome/137.0.0.0 Safari/537.36"
117.206.26.220 - - [28/Jun/2025:07:08:33 +0000] "GET /wp-content/uploads/2024/05/product-img17.jpg HTTP/2.0" 200 65481 "https://www.lapma.in/" "Mozilla/5.0 (Windows NT 10.0; Win64; x64) AppleWebKit/537.36 (KHTML, like Gecko) Chrome/137.0.0.0 Safari/537.36"
117.206.26.220 - - [28/Jun/2025:07:08:33 +0000] "GET /wp-content/uploads/2024/05/product-img16.jpg HTTP/2.0" 200 56076 "https://www.lapma.in/" "Mozilla/5.0 (Windows NT 10.0; Win64; x64) AppleWebKit/537.36 (KHTML, like Gecko) Chrome/137.0.0.0 Safari/537.36"
117.206.26.220 - - [28/Jun/2025:07:08:33 +0000] "GET /wp-content/plugins/woocommerce/assets/css/woocommerce-smallscreen.css?ver=9.0.1 HTTP/2.0" 200 1181 "https://www.lapma.in/" "Mozilla/5.0 (Windows NT 10.0; Win64; x64) AppleWebKit/537.36 (KHTML, like Gecko) Chrome/137.0.0.0 Safari/537.36"
117.206.26.220 - - [28/Jun/2025:07:08:33 +0000] "GET /wp-content/themes/lapma/assets/fonts/SailecLight.woff2 HTTP/2.0" 200 28683 "https://www.lapma.in/wp-content/themes/lapma/assets/css/fonts.css" "Mozilla/5.0 (Windows NT 10.0; Win64; x64) AppleWebKit/537.36 (KHTML, like Gecko) Chrome/137.0.0.0 Safari/537.36"
117.206.26.220 - - [28/Jun/2025:07:08:33 +0000] "GET /wp-content/themes/lapma/assets/fonts/SailecMedium.woff2 HTTP/2.0" 200 28639 "https://www.lapma.in/wp-content/themes/lapma/assets/css/fonts.css" "Mozilla/5.0 (Windows NT 10.0; Win64; x64) AppleWebKit/537.36 (KHTML, like Gecko) Chrome/137.0.0.0 Safari/537.36"
117.206.26.220 - - [28/Jun/2025:07:08:33 +0000] "GET /wp-content/themes/lapma/assets/fonts/SailecBold.woff2 HTTP/2.0" 200 28963 "https://www.lapma.in/wp-content/themes/lapma/assets/css/fonts.css" "Mozilla/5.0 (Windows NT 10.0; Win64; x64) AppleWebKit/537.36 (KHTML, like Gecko) Chrome/137.0.0.0 Safari/537.36"
117.206.26.220 - - [28/Jun/2025:07:08:33 +0000] "GET /wp-content/themes/lapma/assets/css/ajax-loader.gif HTTP/2.0" 404 7963 "https://www.lapma.in/wp-content/themes/lapma/assets/css/slick-theme.css" "Mozilla/5.0 (Windows NT 10.0; Win64; x64) AppleWebKit/537.36 (KHTML, like Gecko) Chrome/137.0.0.0 Safari/537.36"
117.206.26.220 - - [28/Jun/2025:07:08:33 +0000] "GET /wp-content/themes/lapma/assets/css/fonts/slick.woff HTTP/2.0" 404 7963 "https://www.lapma.in/wp-content/themes/lapma/assets/css/slick-theme.css" "Mozilla/5.0 (Windows NT 10.0; Win64; x64) AppleWebKit/537.36 (KHTML, like Gecko) Chrome/137.0.0.0 Safari/537.36"
111.92.122.222 - - [28/Jun/2025:07:08:34 +0000] "GET /product-category/egg/ HTTP/2.0" 404 20460 "https://www.lapma.in/shop/" "Mozilla/5.0 (Windows NT 10.0; Win64; x64) AppleWebKit/537.36 (KHTML, like Gecko) Chrome/137.0.0.0 Safari/537.36"
117.206.26.220 - - [28/Jun/2025:07:08:36 +0000] "GET /wp-content/themes/lapma/assets/css/fonts/slick.ttf HTTP/2.0" 404 7962 "https://www.lapma.in/wp-content/themes/lapma/assets/css/slick-theme.css" "Mozilla/5.0 (Windows NT 10.0; Win64; x64) AppleWebKit/537.36 (KHTML, like Gecko) Chrome/137.0.0.0 Safari/537.36"
111.92.122.222 - - [28/Jun/2025:07:08:37 +0000] "GET /product-category/egg/ HTTP/2.0" 404 20460 "https://www.lapma.in/shop/" "Mozilla/5.0 (Windows NT 10.0; Win64; x64) AppleWebKit/537.36 (KHTML, like Gecko) Chrome/137.0.0.0 Safari/537.36"
111.92.122.222 - - [28/Jun/2025:07:08:40 +0000] "GET /wp-content/themes/lapma/assets/css/style.css?v=1751094519 HTTP/2.0" 200 15534 "https://www.lapma.in/product-category/egg/" "Mozilla/5.0 (Windows NT 10.0; Win64; x64) AppleWebKit/537.36 (KHTML, like Gecko) Chrome/137.0.0.0 Safari/537.36"
111.92.122.222 - - [28/Jun/2025:07:08:40 +0000] "GET /wp-content/themes/lapma/assets/js/custom.js?v=1751094519 HTTP/2.0" 200 1314 "https://www.lapma.in/product-category/egg/" "Mozilla/5.0 (Windows NT 10.0; Win64; x64) AppleWebKit/537.36 (KHTML, like Gecko) Chrome/137.0.0.0 Safari/537.36"
117.206.26.220 - - [28/Jun/2025:07:08:38 +0000] "GET /assets/images/fav.ico HTTP/2.0" 404 7962 "https://www.lapma.in/" "Mozilla/5.0 (Windows NT 10.0; Win64; x64) AppleWebKit/537.36 (KHTML, like Gecko) Chrome/137.0.0.0 Safari/537.36"
111.92.122.222 - - [28/Jun/2025:07:08:41 +0000] "GET /product-category/egg/assets/images/fav.ico HTTP/2.0" 404 7963 "https://www.lapma.in/product-category/egg/" "Mozilla/5.0 (Windows NT 10.0; Win64; x64) AppleWebKit/537.36 (KHTML, like Gecko) Chrome/137.0.0.0 Safari/537.36"
139.59.17.158 - - [28/Jun/2025:07:09:26 +0000] "POST /wp-cron.php?doing_wp_cron=1751094566.1317870616912841796875 HTTP/1.1" 200 - "-" "WordPress/6.8.1; https://www.lapma.in"
111.92.122.222 - - [28/Jun/2025:07:09:23 +0000] "GET /product-category/egg/ HTTP/2.0" 404 20460 "https://www.lapma.in/shop/" "Mozilla/5.0 (Windows NT 10.0; Win64; x64) AppleWebKit/537.36 (KHTML, like Gecko) Chrome/137.0.0.0 Safari/537.36"
111.92.122.222 - - [28/Jun/2025:07:09:26 +0000] "GET /wp-content/themes/lapma/assets/css/style.css?v=1751094566 HTTP/2.0" 200 15534 "https://www.lapma.in/product-category/egg/" "Mozilla/5.0 (Windows NT 10.0; Win64; x64) AppleWebKit/537.36 (KHTML, like Gecko) Chrome/137.0.0.0 Safari/537.36"
111.92.122.222 - - [28/Jun/2025:07:09:26 +0000] "GET /wp-content/themes/lapma/assets/js/custom.js?v=1751094566 HTTP/2.0" 200 1314 "https://www.lapma.in/product-category/egg/" "Mozilla/5.0 (Windows NT 10.0; Win64; x64) AppleWebKit/537.36 (KHTML, like Gecko) Chrome/137.0.0.0 Safari/537.36"
111.92.122.222 - - [28/Jun/2025:07:09:30 +0000] "GET / HTTP/2.0" 404 10006 "https://www.lapma.in/product-category/egg/" "Mozilla/5.0 (Windows NT 10.0; Win64; x64) AppleWebKit/537.36 (KHTML, like Gecko) Chrome/137.0.0.0 Safari/537.36"
111.92.122.222 - - [28/Jun/2025:07:09:32 +0000] "GET /shop/ HTTP/2.0" 404 21547 "https://www.lapma.in/product-category/egg/" "Mozilla/5.0 (Windows NT 10.0; Win64; x64) AppleWebKit/537.36 (KHTML, like Gecko) Chrome/137.0.0.0 Safari/537.36"
111.92.122.222 - - [28/Jun/2025:07:09:35 +0000] "GET /wp-content/themes/lapma/assets/js/custom.js?v=1751094575 HTTP/2.0" 200 1314 "https://www.lapma.in/shop/" "Mozilla/5.0 (Windows NT 10.0; Win64; x64) AppleWebKit/537.36 (KHTML, like Gecko) Chrome/137.0.0.0 Safari/537.36"
111.92.122.222 - - [28/Jun/2025:07:09:35 +0000] "GET /wp-content/themes/lapma/assets/css/style.css?v=1751094575 HTTP/2.0" 200 15534 "https://www.lapma.in/shop/" "Mozilla/5.0 (Windows NT 10.0; Win64; x64) AppleWebKit/537.36 (KHTML, like Gecko) Chrome/137.0.0.0 Safari/537.36"
111.92.122.222 - - [28/Jun/2025:07:09:35 +0000] "GET /shop/ HTTP/2.0" 404 - "https://www.lapma.in/product-category/egg/" "Mozilla/5.0 (Windows NT 10.0; Win64; x64) AppleWebKit/537.36 (KHTML, like Gecko) Chrome/137.0.0.0 Safari/537.36"
117.206.26.220 - - [28/Jun/2025:07:09:44 +0000] "POST /wp-json/jwt-auth/v1/token HTTP/1.1" 404 313 "-" "Dart/3.6 (dart:io)"
117.206.26.220 - - [28/Jun/2025:07:09:47 +0000] "GET /shop/ HTTP/2.0" 404 21547 "https://www.lapma.in/" "Mozilla/5.0 (Macintosh; Intel Mac OS X 10_15_7) AppleWebKit/537.36 (KHTML, like Gecko) Chrome/136.0.0.0 Safari/537.36"
117.206.26.220 - - [28/Jun/2025:07:09:48 +0000] "GET /wp-json/wc/v3/products/categories?consumer_key=ck_0f34dd898cafb797b88cbfdf555d0bee59043410&consumer_secret=cs_352434f91cd6d44fec82238e32c205a2949fd29f&page=1&per_page=10 HTTP/1.1" 404 775 "-" "Dart/3.6 (dart:io)"
117.206.26.220 - - [28/Jun/2025:07:09:48 +0000] "GET /wp-json/wc/v3/products?consumer_key=ck_0f34dd898cafb797b88cbfdf555d0bee59043410&consumer_secret=cs_352434f91cd6d44fec82238e32c205a2949fd29f&page=1&per_page=10 HTTP/1.1" 404 3816 "-" "Dart/3.6 (dart:io)"
117.206.26.220 - - [28/Jun/2025:07:09:48 +0000] "GET /wp-json/wc/v3/products?consumer_key=ck_0f34dd898cafb797b88cbfdf555d0bee59043410&consumer_secret=cs_352434f91cd6d44fec82238e32c205a2949fd29f&page=1&per_page=50 HTTP/1.1" 404 4356 "-" "Dart/3.6 (dart:io)"
117.206.26.220 - - [28/Jun/2025:07:09:54 +0000] "GET /wp-content/uploads/2024/04/category-img7.png HTTP/1.1" 200 40393 "-" "Dart/3.6 (dart:io)"
117.206.26.220 - - [28/Jun/2025:07:09:54 +0000] "GET /wp-content/uploads/2024/11/51755558-75e9-42f4-969c-733e84c041b0.jpg HTTP/1.1" 200 59876 "-" "Dart/3.6 (dart:io)"
117.206.26.220 - - [28/Jun/2025:07:09:54 +0000] "GET /wp-content/uploads/2024/04/category-img4.png HTTP/1.1" 200 40550 "-" "Dart/3.6 (dart:io)"
117.206.26.220 - - [28/Jun/2025:07:09:54 +0000] "GET /wp-content/uploads/2024/05/product-img20.jpg HTTP/1.1" 200 81791 "-" "Dart/3.6 (dart:io)"
117.206.26.220 - - [28/Jun/2025:07:09:54 +0000] "GET /wp-content/uploads/2024/04/category-img5.png HTTP/1.1" 200 36368 "-" "Dart/3.6 (dart:io)"
117.206.26.220 - - [28/Jun/2025:07:09:54 +0000] "GET /wp-content/uploads/2024/04/category-img2.png HTTP/1.1" 200 34785 "-" "Dart/3.6 (dart:io)"
117.206.26.220 - - [28/Jun/2025:07:09:54 +0000] "GET /wp-content/uploads/2024/04/category-img6.png HTTP/1.1" 200 41121 "-" "Dart/3.6 (dart:io)"
117.206.26.220 - - [28/Jun/2025:07:09:54 +0000] "GET /wp-content/uploads/2024/05/product-img17.jpg HTTP/1.1" 200 65481 "-" "Dart/3.6 (dart:io)"
117.206.26.220 - - [28/Jun/2025:07:09:54 +0000] "GET /wp-content/uploads/2024/05/product-img11.jpg HTTP/1.1" 200 39451 "-" "Dart/3.6 (dart:io)"
117.206.26.220 - - [28/Jun/2025:07:09:51 +0000] "GET /shop/ HTTP/2.0" 404 21547 "https://www.lapma.in/" "Mozilla/5.0 (Macintosh; Intel Mac OS X 10_15_7) AppleWebKit/537.36 (KHTML, like Gecko) Chrome/136.0.0.0 Safari/537.36"
117.206.26.220 - - [28/Jun/2025:07:09:55 +0000] "GET /wp-content/themes/lapma/assets/css/style.css?v=1751094595 HTTP/2.0" 200 15534 "https://www.lapma.in/shop/" "Mozilla/5.0 (Macintosh; Intel Mac OS X 10_15_7) AppleWebKit/537.36 (KHTML, like Gecko) Chrome/136.0.0.0 Safari/537.36"
117.206.26.220 - - [28/Jun/2025:07:09:55 +0000] "GET /wp-content/themes/lapma/assets/css/jquery-editable-select.min.css HTTP/2.0" 200 635 "https://www.lapma.in/shop/" "Mozilla/5.0 (Macintosh; Intel Mac OS X 10_15_7) AppleWebKit/537.36 (KHTML, like Gecko) Chrome/136.0.0.0 Safari/537.36"
117.206.26.220 - - [28/Jun/2025:07:09:55 +0000] "GET /wp-content/themes/lapma/assets/js/jquery-editable-select.min.js HTTP/2.0" 200 1843 "https://www.lapma.in/shop/" "Mozilla/5.0 (Macintosh; Intel Mac OS X 10_15_7) AppleWebKit/537.36 (KHTML, like Gecko) Chrome/136.0.0.0 Safari/537.36"
117.206.26.220 - - [28/Jun/2025:07:09:55 +0000] "GET /wp-content/themes/lapma/assets/js/custom.js?v=1751094595 HTTP/2.0" 200 1314 "https://www.lapma.in/shop/" "Mozilla/5.0 (Macintosh; Intel Mac OS X 10_15_7) AppleWebKit/537.36 (KHTML, like Gecko) Chrome/136.0.0.0 Safari/537.36"
117.206.26.220 - - [28/Jun/2025:07:09:55 +0000] "GET /wp-content/uploads/woocommerce-placeholder-600x600.png HTTP/2.0" 200 39879 "https://www.lapma.in/shop/" "Mozilla/5.0 (Macintosh; Intel Mac OS X 10_15_7) AppleWebKit/537.36 (KHTML, like Gecko) Chrome/136.0.0.0 Safari/537.36"
117.206.26.220 - - [28/Jun/2025:07:09:55 +0000] "GET /wp-content/uploads/2024/11/51755558-75e9-42f4-969c-733e84c041b0-300x300.jpg HTTP/2.0" 200 13631 "https://www.lapma.in/shop/" "Mozilla/5.0 (Macintosh; Intel Mac OS X 10_15_7) AppleWebKit/537.36 (KHTML, like Gecko) Chrome/136.0.0.0 Safari/537.36"
117.206.26.220 - - [28/Jun/2025:07:09:55 +0000] "GET /wp-content/themes/lapma/assets/images/chevron-down-solid.svg HTTP/2.0" 200 268 "https://www.lapma.in/wp-content/themes/lapma/assets/css/style.css?v=1751094595" "Mozilla/5.0 (Macintosh; Intel Mac OS X 10_15_7) AppleWebKit/537.36 (KHTML, like Gecko) Chrome/136.0.0.0 Safari/537.36"
117.206.26.220 - - [28/Jun/2025:07:09:55 +0000] "GET /wp-content/themes/lapma/assets/images/dropdown-icon.svg HTTP/2.0" 200 643 "https://www.lapma.in/wp-content/themes/lapma/assets/css/style.css?v=1751094595" "Mozilla/5.0 (Macintosh; Intel Mac OS X 10_15_7) AppleWebKit/537.36 (KHTML, like Gecko) Chrome/136.0.0.0 Safari/537.36"
111.92.122.222 - - [28/Jun/2025:07:09:55 +0000] "GET /shop/ HTTP/2.0" 404 21547 "https://www.lapma.in/shop/" "Mozilla/5.0 (Windows NT 10.0; Win64; x64) AppleWebKit/537.36 (KHTML, like Gecko) Chrome/137.0.0.0 Safari/537.36"
117.206.26.220 - - [28/Jun/2025:07:09:56 +0000] "GET /favicon.ico HTTP/2.0" 302 - "https://www.lapma.in/shop/" "Mozilla/5.0 (Macintosh; Intel Mac OS X 10_15_7) AppleWebKit/537.36 (KHTML, like Gecko) Chrome/136.0.0.0 Safari/537.36"
117.206.26.220 - - [28/Jun/2025:07:10:03 +0000] "GET /wp-includes/images/w-logo-blue-white-bg.png HTTP/2.0" 200 4119 "https://www.lapma.in/shop/" "Mozilla/5.0 (Macintosh; Intel Mac OS X 10_15_7) AppleWebKit/537.36 (KHTML, like Gecko) Chrome/136.0.0.0 Safari/537.36"
117.206.26.220 - - [28/Jun/2025:07:09:56 +0000] "GET /wp-json/custom/v1/wc-nonce HTTP/1.1" 401 106 "-" "Dart/3.6 (dart:io)"
111.92.122.222 - - [28/Jun/2025:07:10:01 +0000] "GET /shop/ HTTP/2.0" 404 21547 "https://www.lapma.in/shop/" "Mozilla/5.0 (Windows NT 10.0; Win64; x64) AppleWebKit/537.36 (KHTML, like Gecko) Chrome/137.0.0.0 Safari/537.36"
111.92.122.222 - - [28/Jun/2025:07:10:07 +0000] "GET /wp-content/themes/lapma/assets/css/style.css?v=1751094606 HTTP/2.0" 200 15534 "https://www.lapma.in/shop/" "Mozilla/5.0 (Windows NT 10.0; Win64; x64) AppleWebKit/537.36 (KHTML, like Gecko) Chrome/137.0.0.0 Safari/537.36"
111.92.122.222 - - [28/Jun/2025:07:10:07 +0000] "GET /wp-content/themes/lapma/assets/js/custom.js?v=1751094607 HTTP/2.0" 200 1314 "https://www.lapma.in/shop/" "Mozilla/5.0 (Windows NT 10.0; Win64; x64) AppleWebKit/537.36 (KHTML, like Gecko) Chrome/137.0.0.0 Safari/537.36"
139.59.17.158 - - [28/Jun/2025:07:10:08 +0000] "POST /wp-cron.php?doing_wp_cron=1751094608.1785590648651123046875 HTTP/1.1" 200 - "-" "WordPress/6.8.1; https://www.lapma.in"
117.206.26.220 - - [28/Jun/2025:07:10:05 +0000] "GET /wp-json/wc/store/v1/cart HTTP/1.1" 404 382 "-" "Dart/3.6 (dart:io)"
139.59.17.158 - - [28/Jun/2025:07:10:10 +0000] "POST /wp-cron.php?doing_wp_cron=1751094610.8545360565185546875000 HTTP/1.1" 200 - "-" "WordPress/6.8.1; https://www.lapma.in"
111.92.122.222 - - [28/Jun/2025:07:10:07 +0000] "GET /shop/ HTTP/2.0" 404 21546 "https://www.lapma.in/shop/" "Mozilla/5.0 (Windows NT 10.0; Win64; x64) AppleWebKit/537.36 (KHTML, like Gecko) Chrome/137.0.0.0 Safari/537.36"
111.92.122.222 - - [28/Jun/2025:07:10:11 +0000] "GET /wp-content/themes/lapma/assets/css/style.css?v=1751094610 HTTP/2.0" 200 15534 "https://www.lapma.in/shop/" "Mozilla/5.0 (Windows NT 10.0; Win64; x64) AppleWebKit/537.36 (KHTML, like Gecko) Chrome/137.0.0.0 Safari/537.36"
111.92.122.222 - - [28/Jun/2025:07:10:11 +0000] "GET /wp-content/themes/lapma/assets/js/custom.js?v=1751094611 HTTP/2.0" 200 1314 "https://www.lapma.in/shop/" "Mozilla/5.0 (Windows NT 10.0; Win64; x64) AppleWebKit/537.36 (KHTML, like Gecko) Chrome/137.0.0.0 Safari/537.36"
117.206.26.220 - - [28/Jun/2025:07:10:21 +0000] "GET /wp-content/uploads/2024/11/51755558-75e9-42f4-969c-733e84c041b0.jpg HTTP/1.1" 200 59876 "-" "Dart/3.6 (dart:io)"
117.206.26.220 - - [28/Jun/2025:07:10:21 +0000] "GET /wp-json/wp/v2/districtlist HTTP/1.1" 404 609 "-" "Dart/3.6 (dart:io)"
117.206.26.220 - - [28/Jun/2025:07:10:21 +0000] "GET /wp-json/wc/v3/products/reviews?product=1616&consumer_key=ck_0f34dd898cafb797b88cbfdf555d0bee59043410&consumer_secret=cs_352434f91cd6d44fec82238e32c205a2949fd29f HTTP/1.1" 404 22 "-" "Dart/3.6 (dart:io)"
117.206.26.220 - - [28/Jun/2025:07:10:21 +0000] "GET /wp-json/wc/v3/products/1616?consumer_key=ck_0f34dd898cafb797b88cbfdf555d0bee59043410&consumer_secret=cs_352434f91cd6d44fec82238e32c205a2949fd29f HTTP/1.1" 404 1285 "-" "Dart/3.6 (dart:io)"
117.206.26.220 - - [28/Jun/2025:07:10:26 +0000] "GET /wp-json/wc/v3/products/364?consumer_key=ck_0f34dd898cafb797b88cbfdf555d0bee59043410&consumer_secret=cs_352434f91cd6d44fec82238e32c205a2949fd29f HTTP/1.1" 404 1571 "-" "Dart/3.6 (dart:io)"
117.206.26.220 - - [28/Jun/2025:07:10:34 +0000] "GET /wp-json/wc/v3/products/categories?consumer_key=ck_0f34dd898cafb797b88cbfdf555d0bee59043410&consumer_secret=cs_352434f91cd6d44fec82238e32c205a2949fd29f&page=1&per_page=10 HTTP/1.1" 404 775 "-" "Dart/3.6 (dart:io)"
117.206.26.220 - - [28/Jun/2025:07:10:37 +0000] "GET /wp-content/uploads/2024/04/category-img5.png HTTP/1.1" 200 36368 "-" "Dart/3.6 (dart:io)"
117.206.26.220 - - [28/Jun/2025:07:10:37 +0000] "GET /wp-content/uploads/2024/04/category-img7.png HTTP/1.1" 200 40393 "-" "Dart/3.6 (dart:io)"
117.206.26.220 - - [28/Jun/2025:07:10:37 +0000] "GET /wp-content/uploads/2024/04/category-img6.png HTTP/1.1" 200 41121 "-" "Dart/3.6 (dart:io)"
117.206.26.220 - - [28/Jun/2025:07:10:37 +0000] "GET /wp-content/uploads/2024/04/category-img4.png HTTP/1.1" 200 40550 "-" "Dart/3.6 (dart:io)"
117.206.26.220 - - [28/Jun/2025:07:10:37 +0000] "GET /wp-content/uploads/2024/04/category-img2.png HTTP/1.1" 200 34785 "-" "Dart/3.6 (dart:io)"
117.206.26.220 - - [28/Jun/2025:07:10:34 +0000] "GET /wp-json/wc/v3/products?consumer_key=ck_0f34dd898cafb797b88cbfdf555d0bee59043410&consumer_secret=cs_352434f91cd6d44fec82238e32c205a2949fd29f&page=1&per_page=10 HTTP/1.1" 404 3814 "-" "Dart/3.6 (dart:io)"
117.206.26.220 - - [28/Jun/2025:07:10:34 +0000] "GET /wp-json/wc/v3/products?consumer_key=ck_0f34dd898cafb797b88cbfdf555d0bee59043410&consumer_secret=cs_352434f91cd6d44fec82238e32c205a2949fd29f&page=1&per_page=50 HTTP/1.1" 404 4355 "-" "Dart/3.6 (dart:io)"
117.206.26.220 - - [28/Jun/2025:07:10:38 +0000] "GET /wp-content/uploads/2024/05/product-img20.jpg HTTP/1.1" 200 81791 "-" "Dart/3.6 (dart:io)"
117.206.26.220 - - [28/Jun/2025:07:10:38 +0000] "GET /wp-content/uploads/2024/11/51755558-75e9-42f4-969c-733e84c041b0.jpg HTTP/1.1" 200 59876 "-" "Dart/3.6 (dart:io)"
117.206.26.220 - - [28/Jun/2025:07:10:38 +0000] "GET /wp-content/uploads/2024/05/product-img17.jpg HTTP/1.1" 200 65481 "-" "Dart/3.6 (dart:io)"
117.206.26.220 - - [28/Jun/2025:07:10:38 +0000] "GET /wp-content/uploads/2024/05/product-img11.jpg HTTP/1.1" 200 39451 "-" "Dart/3.6 (dart:io)"
117.206.26.220 - - [28/Jun/2025:07:10:38 +0000] "GET /wp-json/custom/v1/wc-nonce HTTP/1.1" 401 106 "-" "Dart/3.6 (dart:io)"
117.206.26.220 - - [28/Jun/2025:07:10:42 +0000] "GET /wp-json/wc/store/v1/cart HTTP/1.1" 404 382 "-" "Dart/3.6 (dart:io)"
117.206.26.220 - - [28/Jun/2025:07:10:49 +0000] "GET /wp-json/wc/v3/products?consumer_key=ck_0f34dd898cafb797b88cbfdf555d0bee59043410&consumer_secret=cs_352434f91cd6d44fec82238e32c205a2949fd29f&page=1&per_page=20 HTTP/1.1" 404 4349 "-" "Dart/3.6 (dart:io)"
117.206.26.220 - - [28/Jun/2025:07:10:52 +0000] "GET /wp-content/uploads/2024/05/product-img16.jpg HTTP/1.1" 200 56076 "-" "Dart/3.6 (dart:io)"
117.206.26.220 - - [28/Jun/2025:07:10:52 +0000] "GET /wp-content/uploads/2024/05/product-img5.jpg HTTP/1.1" 200 53454 "-" "Dart/3.6 (dart:io)"
117.206.26.220 - - [28/Jun/2025:07:10:54 +0000] "GET /wp-json/wc/v3/products/1616?consumer_key=ck_0f34dd898cafb797b88cbfdf555d0bee59043410&consumer_secret=cs_352434f91cd6d44fec82238e32c205a2949fd29f HTTP/1.1" 404 1285 "-" "Dart/3.6 (dart:io)"
117.206.26.220 - - [28/Jun/2025:07:10:54 +0000] "GET /wp-json/wp/v2/districtlist HTTP/1.1" 404 609 "-" "Dart/3.6 (dart:io)"
117.206.26.220 - - [28/Jun/2025:07:10:54 +0000] "GET /wp-json/wc/v3/products/reviews?product=1616&consumer_key=ck_0f34dd898cafb797b88cbfdf555d0bee59043410&consumer_secret=cs_352434f91cd6d44fec82238e32c205a2949fd29f HTTP/1.1" 404 22 "-" "Dart/3.6 (dart:io)"
117.206.26.220 - - [28/Jun/2025:07:10:59 +0000] "GET /wp-json/wc/v3/products/364?consumer_key=ck_0f34dd898cafb797b88cbfdf555d0bee59043410&consumer_secret=cs_352434f91cd6d44fec82238e32c205a2949fd29f HTTP/1.1" 404 1571 "-" "Dart/3.6 (dart:io)"
117.206.26.220 - - [28/Jun/2025:07:11:00 +0000] "GET /wp-json/custom/v1/wc-nonce HTTP/1.1" 401 106 "-" "Dart/3.6 (dart:io)"
117.206.26.220 - - [28/Jun/2025:07:11:02 +0000] "GET /wp-json/wc/v3/products/categories?consumer_key=ck_0f34dd898cafb797b88cbfdf555d0bee59043410&consumer_secret=cs_352434f91cd6d44fec82238e32c205a2949fd29f&page=1&per_page=10 HTTP/1.1" 404 775 "-" "Dart/3.6 (dart:io)"
