47.82.60.165 - - [17/Jun/2025:09:49:36 +0000] "GET /product/calf/ HTTP/1.1" 404 13602 "https://www.lapma.in/product/calf/" "Mozilla/5.0 (Windows NT 10.0; Win64; x64) AppleWebKit/537.36 (KHTML, like Gecko) Chrome/114.0.0.0 Safari/537.36 Edg/114.0.1823.43"
47.82.60.165 - - [17/Jun/2025:09:49:38 +0000] "GET /product/calf/ HTTP/1.1" 404 13600 "https://www.lapma.in/product/calf/" "Mozilla/5.0 (Windows NT 10.0; Win64; x64) AppleWebKit/537.36 (KHTML, like Gecko) Chrome/114.0.0.0 Safari/537.36 Edg/114.0.1823.43"
31.13.103.113 - - [17/Jun/2025:10:14:20 +0000] "GET /wp-content/uploads/woo-product-feed-pro/xml/1htiAhxiwIQYZqJoCOOpNOW7kFTApH5E.xml HTTP/1.1" 200 1463 "-" "facebookexternalhit/1.1 (+http://www.facebook.com/externalhit_uatext.php)"
8.41.221.63 - - [17/Jun/2025:10:52:21 +0000] "GET / HTTP/1.1" 301 283 "-" "Mozilla/5.0 Firefox/33.0"
139.59.17.158 - - [17/Jun/2025:10:52:24 +0000] "POST /wp-cron.php?doing_wp_cron=1750157544.2838189601898193359375 HTTP/1.1" 200 - "-" "WordPress/6.8.1; https://www.lapma.in"
8.41.221.63 - - [17/Jun/2025:10:52:21 +0000] "GET / HTTP/1.1" 301 - "-" "Mozilla/5.0 Firefox/33.0"
8.41.221.63 - - [17/Jun/2025:10:52:25 +0000] "GET / HTTP/1.1" 404 10006 "-" "Mozilla/5.0 Firefox/33.0"
8.41.221.63 - - [17/Jun/2025:10:52:28 +0000] "GET /robots.txt HTTP/1.1" 301 293 "-" "python-requests/2.32.3"
139.59.17.158 - - [17/Jun/2025:10:52:26 +0000] "POST /wp-admin/admin-ajax.php?action=wp_1_wc_privacy_cleanup&nonce=96c41b48cf HTTP/1.1" 200 - "-" "WordPress/6.8.1; https://www.lapma.in"
139.59.17.158 - - [17/Jun/2025:10:52:31 +0000] "POST /wp-cron.php?doing_wp_cron=1750157551.2663230895996093750000 HTTP/1.1" 200 - "-" "WordPress/6.8.1; https://www.lapma.in"
8.41.221.63 - - [17/Jun/2025:10:52:29 +0000] "GET /robots.txt HTTP/1.1" 301 - "-" "python-requests/2.32.3"
8.41.221.63 - - [17/Jun/2025:10:52:32 +0000] "GET /robots.txt HTTP/1.1" 404 69 "-" "python-requests/2.32.3"
8.41.221.63 - - [17/Jun/2025:10:52:34 +0000] "GET / HTTP/1.1" 301 283 "-" "Mozilla/5.0 Firefox/33.0"
8.41.221.63 - - [17/Jun/2025:10:52:35 +0000] "GET / HTTP/1.1" 301 - "-" "Mozilla/5.0 Firefox/33.0"
8.41.221.63 - - [17/Jun/2025:10:52:40 +0000] "GET / HTTP/1.1" 404 68254 "-" "Mozilla/5.0 Firefox/33.0"
173.252.95.13 - - [17/Jun/2025:11:14:07 +0000] "GET /wp-content/uploads/woo-product-feed-pro/xml/1htiAhxiwIQYZqJoCOOpNOW7kFTApH5E.xml HTTP/1.1" 200 1463 "-" "facebookexternalhit/1.1 (+http://www.facebook.com/externalhit_uatext.php)"
34.136.241.222 - - [17/Jun/2025:12:11:52 +0000] "GET /media/system/js/core.js HTTP/1.1" 301 306 "-" "Mozilla/5.0 (Macintosh; Intel Mac OS X 10_10_1) AppleWebKit/537.36 (KHTML, like Gecko) Chrome/39.0.2171.95 Safari/537.36"
34.136.241.222 - - [17/Jun/2025:12:11:53 +0000] "GET /media/system/js/core.js HTTP/1.1" 301 314 "-" "Mozilla/5.0 (Macintosh; Intel Mac OS X 10_10_1) AppleWebKit/537.36 (KHTML, like Gecko) Chrome/39.0.2171.95 Safari/537.36"
139.59.17.158 - - [17/Jun/2025:12:11:56 +0000] "POST /wp-cron.php?doing_wp_cron=1750162316.5567820072174072265625 HTTP/1.1" 200 - "-" "WordPress/6.8.1; https://www.lapma.in"
34.136.241.222 - - [17/Jun/2025:12:11:54 +0000] "GET /media/system/js/core.js HTTP/2.0" 301 - "http://lapma.in/media/system/js/core.js" "Mozilla/5.0 (Macintosh; Intel Mac OS X 10_10_1) AppleWebKit/537.36 (KHTML, like Gecko) Chrome/39.0.2171.95 Safari/537.36"
34.136.241.222 - - [17/Jun/2025:12:11:55 +0000] "GET /media/system/js/core.js HTTP/2.0" 404 7963 "http://www.lapma.in/media/system/js/core.js" "Mozilla/5.0 (Macintosh; Intel Mac OS X 10_10_1) AppleWebKit/537.36 (KHTML, like Gecko) Chrome/39.0.2171.95 Safari/537.36"
34.136.241.222 - - [17/Jun/2025:12:11:56 +0000] "GET /media/system/js/core.js HTTP/2.0" 404 7962 "https://lapma.in/media/system/js/core.js" "Mozilla/5.0 (Macintosh; Intel Mac OS X 10_10_1) AppleWebKit/537.36 (KHTML, like Gecko) Chrome/39.0.2171.95 Safari/537.36"
31.13.127.11 - - [17/Jun/2025:12:15:12 +0000] "GET /wp-content/uploads/woo-product-feed-pro/xml/1htiAhxiwIQYZqJoCOOpNOW7kFTApH5E.xml HTTP/1.1" 200 1463 "-" "facebookexternalhit/1.1 (+http://www.facebook.com/externalhit_uatext.php)"
139.59.17.158 - - [17/Jun/2025:12:53:13 +0000] "POST /wp-cron.php?doing_wp_cron=1750164793.1583070755004882812500 HTTP/1.1" 200 - "-" "WordPress/6.8.1; https://www.lapma.in"
64.233.173.99 - - [17/Jun/2025:12:53:10 +0000] "GET /.well-known/assetlinks.json HTTP/1.1" 404 7963 "-" "GoogleAssociationService"
64.233.173.100 - - [17/Jun/2025:12:53:13 +0000] "GET /.well-known/assetlinks.json HTTP/1.1" 404 7963 "-" "GoogleAssociationService"
45.227.253.15 - - [17/Jun/2025:12:55:00 +0000] "GET /index.php/jk HTTP/1.1" 200 59 "-" "Mozilla/5.0 (Macintosh; Intel Mac OS X 10.15; rv:79.0) Gecko/20100101 Firefox/79.0"
139.59.17.158 - - [17/Jun/2025:13:04:12 +0000] "POST /wp-cron.php?doing_wp_cron=1750165452.3175969123840332031250 HTTP/1.1" 200 - "-" "WordPress/6.8.1; https://www.lapma.in"
64.233.173.100 - - [17/Jun/2025:13:04:10 +0000] "GET /.well-known/assetlinks.json HTTP/1.1" 404 7963 "-" "GoogleAssociationService"
103.78.16.194 - - [17/Jun/2025:13:05:04 +0000] "POST /wp-json/jwt-auth/v1/token HTTP/1.1" 404 307 "-" "Dart/3.6 (dart:io)"
139.59.17.158 - - [17/Jun/2025:13:05:10 +0000] "POST /wp-cron.php?doing_wp_cron=1750165510.4859960079193115234375 HTTP/1.1" 200 - "-" "WordPress/6.8.1; https://www.lapma.in"
103.78.16.194 - - [17/Jun/2025:13:05:07 +0000] "GET /wp-json/wc/v3/products?consumer_key=ck_0f34dd898cafb797b88cbfdf555d0bee59043410&consumer_secret=cs_352434f91cd6d44fec82238e32c205a2949fd29f&page=1&per_page=10 HTTP/1.1" 404 3835 "-" "Dart/3.6 (dart:io)"
103.78.16.194 - - [17/Jun/2025:13:05:11 +0000] "GET /wp-content/uploads/2024/11/51755558-75e9-42f4-969c-733e84c041b0.jpg HTTP/1.1" 200 59876 "-" "Dart/3.6 (dart:io)"
103.78.16.194 - - [17/Jun/2025:13:05:11 +0000] "GET /wp-content/uploads/2024/05/product-img20.jpg HTTP/1.1" 200 81791 "-" "Dart/3.6 (dart:io)"
103.78.16.194 - - [17/Jun/2025:13:05:07 +0000] "GET /wp-json/wc/v3/products?consumer_key=ck_0f34dd898cafb797b88cbfdf555d0bee59043410&consumer_secret=cs_352434f91cd6d44fec82238e32c205a2949fd29f&page=1&per_page=50 HTTP/1.1" 404 4379 "-" "Dart/3.6 (dart:io)"
103.78.16.194 - - [17/Jun/2025:13:05:07 +0000] "GET /wp-json/wc/v3/products/categories?consumer_key=ck_0f34dd898cafb797b88cbfdf555d0bee59043410&consumer_secret=cs_352434f91cd6d44fec82238e32c205a2949fd29f&page=1&per_page=10 HTTP/1.1" 404 775 "-" "Dart/3.6 (dart:io)"
103.78.16.194 - - [17/Jun/2025:13:05:12 +0000] "GET /wp-content/uploads/2024/05/product-img17.jpg HTTP/1.1" 200 65481 "-" "Dart/3.6 (dart:io)"
103.78.16.194 - - [17/Jun/2025:13:05:12 +0000] "GET /wp-content/uploads/2024/05/product-img11.jpg HTTP/1.1" 200 39451 "-" "Dart/3.6 (dart:io)"
103.78.16.194 - - [17/Jun/2025:13:05:12 +0000] "GET /wp-content/uploads/2024/04/category-img7.png HTTP/1.1" 200 40393 "-" "Dart/3.6 (dart:io)"
103.78.16.194 - - [17/Jun/2025:13:05:12 +0000] "GET /wp-content/uploads/2024/04/category-img2.png HTTP/1.1" 200 34785 "-" "Dart/3.6 (dart:io)"
103.78.16.194 - - [17/Jun/2025:13:05:12 +0000] "GET /wp-content/uploads/2024/04/category-img5.png HTTP/1.1" 200 36368 "-" "Dart/3.6 (dart:io)"
103.78.16.194 - - [17/Jun/2025:13:05:12 +0000] "GET /wp-content/uploads/2024/04/category-img6.png HTTP/1.1" 200 41121 "-" "Dart/3.6 (dart:io)"
103.78.16.194 - - [17/Jun/2025:13:05:12 +0000] "GET /wp-content/uploads/2024/04/category-img4.png HTTP/1.1" 200 40550 "-" "Dart/3.6 (dart:io)"
103.78.16.194 - - [17/Jun/2025:13:05:13 +0000] "GET /wp-json/custom/v1/wc-nonce HTTP/1.1" 404 68 "-" "Dart/3.6 (dart:io)"
103.78.16.194 - - [17/Jun/2025:13:05:16 +0000] "GET /wp-json/wc/store/v1/cart HTTP/1.1" 404 1598 "-" "Dart/3.6 (dart:io)"
103.78.16.194 - - [17/Jun/2025:13:05:18 +0000] "GET /wp-content/uploads/2024/04/product-img1.jpg HTTP/1.1" 200 15663 "-" "Dart/3.6 (dart:io)"
103.78.16.194 - - [17/Jun/2025:13:05:19 +0000] "GET /wp-json/wp/v2/districtlist HTTP/1.1" 404 609 "-" "Dart/3.6 (dart:io)"
103.78.16.194 - - [17/Jun/2025:13:05:29 +0000] "GET /wp-json/wp/v2/panchyathdata?districtlist=40 HTTP/1.1" 404 1045 "-" "Dart/3.6 (dart:io)"
139.59.17.158 - - [17/Jun/2025:13:06:52 +0000] "POST /wp-cron.php?doing_wp_cron=1750165612.5303759574890136718750 HTTP/1.1" 200 - "-" "WordPress/6.8.1; https://www.lapma.in"
103.78.16.194 - - [17/Jun/2025:13:06:50 +0000] "POST /wp-json/wc/v3/orders HTTP/1.1" 201 1090 "-" "Dart/3.6 (dart:io)"
149.34.252.49 - - [17/Jun/2025:13:13:14 +0000] "GET / HTTP/1.1" 301 283 "-" "Mozilla/5.0 (Windows NT 10.0; Win64; x64) AppleWebKit/537.36 (KHTML, like Gecko) Chrome/97.0.4692.71 Safari/537.36"
139.59.17.158 - - [17/Jun/2025:13:13:17 +0000] "POST /wp-cron.php?doing_wp_cron=1750165997.9566740989685058593750 HTTP/1.1" 200 - "-" "WordPress/6.8.1; https://www.lapma.in"
149.34.252.49 - - [17/Jun/2025:13:13:15 +0000] "GET / HTTP/1.1" 301 - "-" "Mozilla/5.0 (Windows NT 10.0; Win64; x64) AppleWebKit/537.36 (KHTML, like Gecko) Chrome/97.0.4692.71 Safari/537.36"
103.78.16.194 - - [17/Jun/2025:13:13:17 +0000] "POST /wp-json/wc/v3/orders HTTP/1.1" 201 1087 "-" "Dart/3.6 (dart:io)"
149.34.252.49 - - [17/Jun/2025:13:13:18 +0000] "GET / HTTP/1.1" 404 10005 "-" "Mozilla/5.0 (Windows NT 10.0; Win64; x64) AppleWebKit/537.36 (KHTML, like Gecko) Chrome/97.0.4692.71 Safari/537.36"
66.220.149.10 - - [17/Jun/2025:13:14:13 +0000] "GET /wp-content/uploads/woo-product-feed-pro/xml/1htiAhxiwIQYZqJoCOOpNOW7kFTApH5E.xml HTTP/1.1" 200 1463 "-" "facebookexternalhit/1.1 (+http://www.facebook.com/externalhit_uatext.php)"
103.78.16.194 - - [17/Jun/2025:13:20:01 +0000] "GET /wp-content/uploads/2024/05/product-img11.jpg HTTP/1.1" 200 39451 "-" "Dart/3.6 (dart:io)"
103.78.16.194 - - [17/Jun/2025:13:20:01 +0000] "GET /wp-content/uploads/2024/04/product-img1.jpg HTTP/1.1" 200 15663 "-" "Dart/3.6 (dart:io)"
103.78.16.194 - - [17/Jun/2025:13:20:02 +0000] "GET /wp-content/uploads/2024/04/category-img7.png HTTP/1.1" 200 40393 "-" "Dart/3.6 (dart:io)"
103.78.16.194 - - [17/Jun/2025:13:20:02 +0000] "GET /wp-content/uploads/2024/04/category-img6.png HTTP/1.1" 200 41121 "-" "Dart/3.6 (dart:io)"
103.78.16.194 - - [17/Jun/2025:13:20:02 +0000] "GET /wp-content/uploads/2024/04/category-img2.png HTTP/1.1" 200 34785 "-" "Dart/3.6 (dart:io)"
103.78.16.194 - - [17/Jun/2025:13:20:02 +0000] "GET /wp-content/uploads/2024/04/category-img5.png HTTP/1.1" 200 36368 "-" "Dart/3.6 (dart:io)"
103.78.16.194 - - [17/Jun/2025:13:20:02 +0000] "GET /wp-content/uploads/2024/04/category-img4.png HTTP/1.1" 200 40550 "-" "Dart/3.6 (dart:io)"
103.78.16.194 - - [17/Jun/2025:13:20:02 +0000] "GET /wp-content/uploads/2024/05/product-img20.jpg HTTP/1.1" 200 81791 "-" "Dart/3.6 (dart:io)"
103.78.16.194 - - [17/Jun/2025:13:20:02 +0000] "GET /wp-content/uploads/2024/11/51755558-75e9-42f4-969c-733e84c041b0.jpg HTTP/1.1" 200 59876 "-" "Dart/3.6 (dart:io)"
103.78.16.194 - - [17/Jun/2025:13:20:02 +0000] "GET /wp-content/uploads/2024/05/product-img17.jpg HTTP/1.1" 200 65481 "-" "Dart/3.6 (dart:io)"
139.59.17.158 - - [17/Jun/2025:13:21:11 +0000] "POST /wp-cron.php?doing_wp_cron=1750166471.7705180644989013671875 HTTP/1.1" 200 - "-" "WordPress/6.8.1; https://www.lapma.in"
103.78.16.194 - - [17/Jun/2025:13:21:09 +0000] "POST /wp-json/jwt-auth/v1/token HTTP/1.1" 404 305 "-" "Dart/3.6 (dart:io)"
103.78.16.194 - - [17/Jun/2025:13:21:16 +0000] "GET /wp-json/wc/v3/products/categories?consumer_key=ck_0f34dd898cafb797b88cbfdf555d0bee59043410&consumer_secret=cs_352434f91cd6d44fec82238e32c205a2949fd29f&page=1&per_page=10 HTTP/1.1" 404 775 "-" "Dart/3.6 (dart:io)"
103.78.16.194 - - [17/Jun/2025:13:21:17 +0000] "GET /wp-json/wc/v3/products?consumer_key=ck_0f34dd898cafb797b88cbfdf555d0bee59043410&consumer_secret=cs_352434f91cd6d44fec82238e32c205a2949fd29f&page=1&per_page=10 HTTP/1.1" 404 3838 "-" "Dart/3.6 (dart:io)"
103.78.16.194 - - [17/Jun/2025:13:21:18 +0000] "GET /wp-json/wc/v3/products?consumer_key=ck_0f34dd898cafb797b88cbfdf555d0bee59043410&consumer_secret=cs_352434f91cd6d44fec82238e32c205a2949fd29f&page=1&per_page=50 HTTP/1.1" 404 4373 "-" "Dart/3.6 (dart:io)"
103.78.16.194 - - [17/Jun/2025:13:21:22 +0000] "GET /wp-content/uploads/2024/04/category-img7.png HTTP/1.1" 200 40393 "-" "Dart/3.6 (dart:io)"
103.78.16.194 - - [17/Jun/2025:13:21:22 +0000] "GET /wp-content/uploads/2024/04/category-img5.png HTTP/1.1" 200 36368 "-" "Dart/3.6 (dart:io)"
103.78.16.194 - - [17/Jun/2025:13:21:22 +0000] "GET /wp-content/uploads/2024/04/category-img6.png HTTP/1.1" 200 41121 "-" "Dart/3.6 (dart:io)"
103.78.16.194 - - [17/Jun/2025:13:21:22 +0000] "GET /wp-content/uploads/2024/04/category-img4.png HTTP/1.1" 200 40550 "-" "Dart/3.6 (dart:io)"
103.78.16.194 - - [17/Jun/2025:13:21:22 +0000] "GET /wp-content/uploads/2024/04/category-img2.png HTTP/1.1" 200 34785 "-" "Dart/3.6 (dart:io)"
103.78.16.194 - - [17/Jun/2025:13:21:24 +0000] "GET /wp-content/uploads/2024/11/51755558-75e9-42f4-969c-733e84c041b0.jpg HTTP/1.1" 200 59876 "-" "Dart/3.6 (dart:io)"
103.78.16.194 - - [17/Jun/2025:13:21:24 +0000] "GET /wp-content/uploads/2024/05/product-img20.jpg HTTP/1.1" 200 81791 "-" "Dart/3.6 (dart:io)"
103.78.16.194 - - [17/Jun/2025:13:21:25 +0000] "GET /wp-content/uploads/2024/05/product-img17.jpg HTTP/1.1" 200 65481 "-" "Dart/3.6 (dart:io)"
103.78.16.194 - - [17/Jun/2025:13:21:25 +0000] "GET /wp-content/uploads/2024/05/product-img11.jpg HTTP/1.1" 200 39451 "-" "Dart/3.6 (dart:io)"
103.78.16.194 - - [17/Jun/2025:13:21:26 +0000] "GET /wp-json/custom/v1/wc-nonce HTTP/1.1" 404 68 "-" "Dart/3.6 (dart:io)"
103.78.16.194 - - [17/Jun/2025:13:21:29 +0000] "GET /wp-json/wc/store/v1/cart HTTP/1.1" 404 1598 "-" "Dart/3.6 (dart:io)"
103.78.16.194 - - [17/Jun/2025:13:21:31 +0000] "GET /wp-content/uploads/2024/04/product-img1.jpg HTTP/1.1" 200 15663 "-" "Dart/3.6 (dart:io)"
139.59.17.158 - - [17/Jun/2025:13:33:40 +0000] "POST /wp-cron.php?doing_wp_cron=1750167220.2681760787963867187500 HTTP/1.1" 200 - "-" "WordPress/6.8.1; https://www.lapma.in"
103.78.16.194 - - [17/Jun/2025:13:33:37 +0000] "GET /wp-json/wp/v2/districtlist HTTP/1.1" 404 609 "-" "Dart/3.6 (dart:io)"
103.78.16.194 - - [17/Jun/2025:13:33:41 +0000] "GET /wp-json/wp/v2/panchyathdata?districtlist=40 HTTP/1.1" 404 1045 "-" "Dart/3.6 (dart:io)"
103.78.16.194 - - [17/Jun/2025:13:34:01 +0000] "GET /wp-json/wp/v2/panchyathdata?districtlist=40 HTTP/1.1" 404 1045 "-" "Dart/3.6 (dart:io)"
139.59.17.158 - - [17/Jun/2025:13:34:08 +0000] "POST /wp-cron.php?doing_wp_cron=1750167248.3920509815216064453125 HTTP/1.1" 200 - "-" "WordPress/6.8.1; https://www.lapma.in"
103.78.16.194 - - [17/Jun/2025:13:34:04 +0000] "GET /wp-json/custom/v1/wc-nonce HTTP/1.1" 404 68 "-" "Dart/3.6 (dart:io)"
103.78.16.194 - - [17/Jun/2025:13:34:09 +0000] "GET /wp-json/wc/store/v1/cart HTTP/1.1" 404 1598 "-" "Dart/3.6 (dart:io)"
103.78.16.194 - - [17/Jun/2025:13:34:13 +0000] "GET /wp-json/wp/v2/panchyathdata?districtlist=40 HTTP/1.1" 404 1045 "-" "Dart/3.6 (dart:io)"
103.78.16.194 - - [17/Jun/2025:13:34:31 +0000] "GET /wp-content/uploads/2024/04/category-img7.png HTTP/1.1" 200 40393 "-" "Dart/3.6 (dart:io)"
103.78.16.194 - - [17/Jun/2025:13:34:31 +0000] "GET /wp-content/uploads/2024/04/category-img2.png HTTP/1.1" 200 34785 "-" "Dart/3.6 (dart:io)"
103.78.16.194 - - [17/Jun/2025:13:34:31 +0000] "GET /wp-content/uploads/2024/05/product-img11.jpg HTTP/1.1" 200 39451 "-" "Dart/3.6 (dart:io)"
103.78.16.194 - - [17/Jun/2025:13:34:31 +0000] "GET /wp-content/uploads/2024/04/product-img1.jpg HTTP/1.1" 200 15663 "-" "Dart/3.6 (dart:io)"
103.78.16.194 - - [17/Jun/2025:13:34:31 +0000] "GET /wp-content/uploads/2024/05/product-img20.jpg HTTP/1.1" 200 81791 "-" "Dart/3.6 (dart:io)"
103.78.16.194 - - [17/Jun/2025:13:34:31 +0000] "GET /wp-content/uploads/2024/04/category-img5.png HTTP/1.1" 200 36368 "-" "Dart/3.6 (dart:io)"
103.78.16.194 - - [17/Jun/2025:13:34:31 +0000] "GET /wp-content/uploads/2024/05/product-img17.jpg HTTP/1.1" 200 65481 "-" "Dart/3.6 (dart:io)"
103.78.16.194 - - [17/Jun/2025:13:34:31 +0000] "GET /wp-content/uploads/2024/04/category-img6.png HTTP/1.1" 200 41121 "-" "Dart/3.6 (dart:io)"
103.78.16.194 - - [17/Jun/2025:13:34:31 +0000] "GET /wp-content/uploads/2024/04/category-img4.png HTTP/1.1" 200 40550 "-" "Dart/3.6 (dart:io)"
103.78.16.194 - - [17/Jun/2025:13:34:31 +0000] "GET /wp-content/uploads/2024/11/51755558-75e9-42f4-969c-733e84c041b0.jpg HTTP/1.1" 200 59876 "-" "Dart/3.6 (dart:io)"
103.78.16.194 - - [17/Jun/2025:13:34:31 +0000] "GET /wp-json/wp/v2/panchyathdata?districtlist=40 HTTP/1.1" 404 1045 "-" "Dart/3.6 (dart:io)"
103.78.16.194 - - [17/Jun/2025:13:34:34 +0000] "GET /wp-json/wp/v2/panchyathdata?districtlist=40 HTTP/1.1" 404 1045 "-" "Dart/3.6 (dart:io)"
103.78.16.194 - - [17/Jun/2025:13:34:36 +0000] "GET /wp-json/wp/v2/panchyathdata?districtlist=40 HTTP/1.1" 404 1045 "-" "Dart/3.6 (dart:io)"
103.78.16.194 - - [17/Jun/2025:13:34:45 +0000] "GET /wp-json/wp/v2/panchyathdata?districtlist=40 HTTP/1.1" 404 1045 "-" "Dart/3.6 (dart:io)"
139.59.17.158 - - [17/Jun/2025:13:35:52 +0000] "POST /wp-cron.php?doing_wp_cron=1750167352.5001919269561767578125 HTTP/1.1" 200 - "-" "WordPress/6.8.1; https://www.lapma.in"
103.78.16.194 - - [17/Jun/2025:13:35:50 +0000] "POST /wp-json/jwt-auth/v1/token HTTP/1.1" 404 307 "-" "Dart/3.6 (dart:io)"
103.78.16.194 - - [17/Jun/2025:13:35:53 +0000] "GET /wp-json/wc/v3/products?consumer_key=ck_0f34dd898cafb797b88cbfdf555d0bee59043410&consumer_secret=cs_352434f91cd6d44fec82238e32c205a2949fd29f&page=1&per_page=10 HTTP/1.1" 404 3834 "-" "Dart/3.6 (dart:io)"
103.78.16.194 - - [17/Jun/2025:13:35:53 +0000] "GET /wp-json/wc/v3/products/categories?consumer_key=ck_0f34dd898cafb797b88cbfdf555d0bee59043410&consumer_secret=cs_352434f91cd6d44fec82238e32c205a2949fd29f&page=1&per_page=10 HTTP/1.1" 404 775 "-" "Dart/3.6 (dart:io)"
103.78.16.194 - - [17/Jun/2025:13:35:58 +0000] "GET /wp-content/uploads/2024/05/product-img20.jpg HTTP/1.1" 200 81791 "-" "Dart/3.6 (dart:io)"
103.78.16.194 - - [17/Jun/2025:13:35:58 +0000] "GET /wp-content/uploads/2024/11/51755558-75e9-42f4-969c-733e84c041b0.jpg HTTP/1.1" 200 59876 "-" "Dart/3.6 (dart:io)"
103.78.16.194 - - [17/Jun/2025:13:35:53 +0000] "GET /wp-json/wc/v3/products?consumer_key=ck_0f34dd898cafb797b88cbfdf555d0bee59043410&consumer_secret=cs_352434f91cd6d44fec82238e32c205a2949fd29f&page=1&per_page=50 HTTP/1.1" 404 4375 "-" "Dart/3.6 (dart:io)"
103.78.16.194 - - [17/Jun/2025:13:35:59 +0000] "GET /wp-content/uploads/2024/04/category-img7.png HTTP/1.1" 200 40393 "-" "Dart/3.6 (dart:io)"
103.78.16.194 - - [17/Jun/2025:13:35:59 +0000] "GET /wp-content/uploads/2024/04/category-img6.png HTTP/1.1" 200 41121 "-" "Dart/3.6 (dart:io)"
103.78.16.194 - - [17/Jun/2025:13:35:59 +0000] "GET /wp-content/uploads/2024/04/category-img2.png HTTP/1.1" 200 34785 "-" "Dart/3.6 (dart:io)"
103.78.16.194 - - [17/Jun/2025:13:35:59 +0000] "GET /wp-content/uploads/2024/04/category-img5.png HTTP/1.1" 200 36368 "-" "Dart/3.6 (dart:io)"
103.78.16.194 - - [17/Jun/2025:13:35:59 +0000] "GET /wp-content/uploads/2024/04/category-img4.png HTTP/1.1" 200 40550 "-" "Dart/3.6 (dart:io)"
103.78.16.194 - - [17/Jun/2025:13:36:00 +0000] "GET /wp-content/uploads/2024/05/product-img11.jpg HTTP/1.1" 200 39451 "-" "Dart/3.6 (dart:io)"
103.78.16.194 - - [17/Jun/2025:13:36:00 +0000] "GET /wp-content/uploads/2024/05/product-img17.jpg HTTP/1.1" 200 65481 "-" "Dart/3.6 (dart:io)"
103.78.16.194 - - [17/Jun/2025:13:36:00 +0000] "GET /wp-json/custom/v1/wc-nonce HTTP/1.1" 404 68 "-" "Dart/3.6 (dart:io)"
103.78.16.194 - - [17/Jun/2025:13:36:03 +0000] "GET /wp-json/wc/store/v1/cart HTTP/1.1" 404 1598 "-" "Dart/3.6 (dart:io)"
103.78.16.194 - - [17/Jun/2025:13:36:06 +0000] "GET /wp-content/uploads/2024/04/product-img1.jpg HTTP/1.1" 200 15663 "-" "Dart/3.6 (dart:io)"
139.59.17.158 - - [17/Jun/2025:13:36:10 +0000] "POST /wp-cron.php?doing_wp_cron=1750167370.1201219558715820312500 HTTP/1.1" 200 - "-" "WordPress/6.8.1; https://www.lapma.in"
103.78.16.194 - - [17/Jun/2025:13:36:07 +0000] "GET /wp-json/wp/v2/districtlist HTTP/1.1" 404 609 "-" "Dart/3.6 (dart:io)"
103.78.16.194 - - [17/Jun/2025:13:36:11 +0000] "GET /wp-json/wp/v2/panchyathdata?districtlist=40 HTTP/1.1" 404 1045 "-" "Dart/3.6 (dart:io)"
103.78.16.194 - - [17/Jun/2025:13:36:59 +0000] "POST /wp-json/wc/v3/orders HTTP/1.1" 201 1073 "-" "Dart/3.6 (dart:io)"
139.59.17.158 - - [17/Jun/2025:13:43:51 +0000] "POST /wp-cron.php?doing_wp_cron=1750167831.3155539035797119140625 HTTP/1.1" 200 - "-" "WordPress/6.8.1; https://www.lapma.in"
103.78.16.194 - - [17/Jun/2025:13:43:49 +0000] "POST /wp-json/wc/v3/orders HTTP/1.1" 201 1073 "-" "Dart/3.6 (dart:io)"
139.59.17.158 - - [17/Jun/2025:13:47:04 +0000] "POST /wp-cron.php?doing_wp_cron=1750168024.6082410812377929687500 HTTP/1.1" 200 - "-" "WordPress/6.8.1; https://www.lapma.in"
103.78.16.194 - - [17/Jun/2025:13:47:02 +0000] "POST /wp-json/wc/v3/orders HTTP/1.1" 201 1074 "-" "Dart/3.6 (dart:io)"
139.59.17.158 - - [17/Jun/2025:13:50:06 +0000] "POST /wp-cron.php?doing_wp_cron=1750168206.7813019752502441406250 HTTP/1.1" 200 - "-" "WordPress/6.8.1; https://www.lapma.in"
103.78.16.194 - - [17/Jun/2025:13:50:04 +0000] "POST /wp-json/wc/v3/orders HTTP/1.1" 201 1078 "-" "Dart/3.6 (dart:io)"
139.59.17.158 - - [17/Jun/2025:13:59:24 +0000] "POST /wp-cron.php?doing_wp_cron=1750168764.4243330955505371093750 HTTP/1.1" 200 - "-" "WordPress/6.8.1; https://www.lapma.in"
64.233.173.99 - - [17/Jun/2025:13:59:22 +0000] "GET /.well-known/assetlinks.json HTTP/1.1" 404 7963 "-" "GoogleAssociationService"
106.222.177.128 - - [17/Jun/2025:13:59:43 +0000] "POST /wp-json/jwt-auth/v1/token HTTP/1.1" 404 310 "-" "Dart/3.6 (dart:io)"
106.222.177.128 - - [17/Jun/2025:13:59:46 +0000] "GET /wp-json/wc/v3/products/categories?consumer_key=ck_0f34dd898cafb797b88cbfdf555d0bee59043410&consumer_secret=cs_352434f91cd6d44fec82238e32c205a2949fd29f&page=1&per_page=10 HTTP/1.1" 404 775 "-" "Dart/3.6 (dart:io)"
106.222.177.128 - - [17/Jun/2025:13:59:46 +0000] "GET /wp-json/wc/v3/products?consumer_key=ck_0f34dd898cafb797b88cbfdf555d0bee59043410&consumer_secret=cs_352434f91cd6d44fec82238e32c205a2949fd29f&page=1&per_page=10 HTTP/1.1" 404 3831 "-" "Dart/3.6 (dart:io)"
106.222.177.128 - - [17/Jun/2025:13:59:46 +0000] "GET /wp-json/wc/v3/products?consumer_key=ck_0f34dd898cafb797b88cbfdf555d0bee59043410&consumer_secret=cs_352434f91cd6d44fec82238e32c205a2949fd29f&page=1&per_page=50 HTTP/1.1" 404 4379 "-" "Dart/3.6 (dart:io)"
106.222.177.128 - - [17/Jun/2025:13:59:51 +0000] "GET /wp-content/uploads/2024/04/category-img7.png HTTP/1.1" 200 40393 "-" "Dart/3.6 (dart:io)"
106.222.177.128 - - [17/Jun/2025:13:59:51 +0000] "GET /wp-content/uploads/2024/04/category-img4.png HTTP/1.1" 200 40550 "-" "Dart/3.6 (dart:io)"
106.222.177.128 - - [17/Jun/2025:13:59:51 +0000] "GET /wp-content/uploads/2024/04/category-img2.png HTTP/1.1" 200 34785 "-" "Dart/3.6 (dart:io)"
106.222.177.128 - - [17/Jun/2025:13:59:51 +0000] "GET /wp-content/uploads/2024/04/category-img5.png HTTP/1.1" 200 36368 "-" "Dart/3.6 (dart:io)"
106.222.177.128 - - [17/Jun/2025:13:59:51 +0000] "GET /wp-content/uploads/2024/04/category-img6.png HTTP/1.1" 200 41121 "-" "Dart/3.6 (dart:io)"
106.222.177.128 - - [17/Jun/2025:13:59:51 +0000] "GET /wp-content/uploads/2024/05/product-img11.jpg HTTP/1.1" 200 39451 "-" "Dart/3.6 (dart:io)"
106.222.177.128 - - [17/Jun/2025:13:59:51 +0000] "GET /wp-content/uploads/2024/05/product-img17.jpg HTTP/1.1" 200 65481 "-" "Dart/3.6 (dart:io)"
106.222.177.128 - - [17/Jun/2025:13:59:51 +0000] "GET /wp-content/uploads/2024/11/51755558-75e9-42f4-969c-733e84c041b0.jpg HTTP/1.1" 200 59876 "-" "Dart/3.6 (dart:io)"
106.222.177.128 - - [17/Jun/2025:13:59:51 +0000] "GET /wp-content/uploads/2024/05/product-img20.jpg HTTP/1.1" 200 81791 "-" "Dart/3.6 (dart:io)"
106.222.177.128 - - [17/Jun/2025:13:59:51 +0000] "GET /wp-json/custom/v1/wc-nonce HTTP/1.1" 404 68 "-" "Dart/3.6 (dart:io)"
106.222.177.128 - - [17/Jun/2025:13:59:54 +0000] "GET /wp-json/wc/store/v1/cart HTTP/1.1" 404 1598 "-" "Dart/3.6 (dart:io)"
106.222.177.128 - - [17/Jun/2025:13:59:57 +0000] "GET /wp-content/uploads/2024/04/product-img1.jpg HTTP/1.1" 200 15663 "-" "Dart/3.6 (dart:io)"
106.222.177.128 - - [17/Jun/2025:13:59:59 +0000] "GET /wp-json/wp/v2/districtlist HTTP/1.1" 404 609 "-" "Dart/3.6 (dart:io)"
106.222.177.128 - - [17/Jun/2025:14:00:03 +0000] "GET /wp-json/wp/v2/panchyathdata?districtlist=40 HTTP/1.1" 404 1045 "-" "Dart/3.6 (dart:io)"
139.59.17.158 - - [17/Jun/2025:14:00:35 +0000] "POST /wp-cron.php?doing_wp_cron=1750168835.2519080638885498046875 HTTP/1.1" 200 - "-" "WordPress/6.8.1; https://www.lapma.in"
106.222.177.128 - - [17/Jun/2025:14:00:32 +0000] "POST /wp-json/wc/v3/orders HTTP/1.1" 201 1071 "-" "Dart/3.6 (dart:io)"
139.59.17.158 - - [17/Jun/2025:14:01:13 +0000] "POST /wp-cron.php?doing_wp_cron=1750168873.5578069686889648437500 HTTP/1.1" 200 - "-" "WordPress/6.8.1; https://www.lapma.in"
4.227.36.87 - - [17/Jun/2025:14:01:11 +0000] "GET /robots.txt HTTP/2.0" 301 - "-" "Mozilla/5.0 AppleWebKit/537.36 (KHTML, like Gecko; compatible; GPTBot/1.2; +https://openai.com/gptbot)"
4.227.36.87 - - [17/Jun/2025:14:01:14 +0000] "GET /robots.txt HTTP/2.0" 404 69 "https://lapma.in/robots.txt" "Mozilla/5.0 AppleWebKit/537.36 (KHTML, like Gecko; compatible; GPTBot/1.2; +https://openai.com/gptbot)"
20.171.207.87 - - [17/Jun/2025:14:01:20 +0000] "GET / HTTP/2.0" 301 - "-" "Mozilla/5.0 AppleWebKit/537.36 (KHTML, like Gecko; compatible; GPTBot/1.2; +https://openai.com/gptbot)"
139.59.17.158 - - [17/Jun/2025:14:14:08 +0000] "POST /wp-cron.php?doing_wp_cron=1750169648.9598619937896728515625 HTTP/1.1" 200 - "-" "WordPress/6.8.1; https://www.lapma.in"
205.185.127.84 - - [17/Jun/2025:14:14:06 +0000] "GET /wp-login.php HTTP/1.1" 200 6067 "-" "Mozilla/5.0 (iPhone; CPU iPhone OS 7_1 like Mac OS X) AppleWebKit/537.51.2 (KHTML, like Gecko) Version/7.0 Mobile/11D167 Safari/9537.53"
205.185.127.84 - - [17/Jun/2025:14:14:10 +0000] "POST /wp-login.php HTTP/1.1" 200 6530 "-" "Mozilla/5.0 (iPhone; CPU iPhone OS 7_1 like Mac OS X) AppleWebKit/537.51.2 (KHTML, like Gecko) Version/7.0 Mobile/11D167 Safari/9537.53"
31.13.103.114 - - [17/Jun/2025:14:15:46 +0000] "GET /wp-content/uploads/woo-product-feed-pro/xml/1htiAhxiwIQYZqJoCOOpNOW7kFTApH5E.xml HTTP/1.1" 200 1463 "-" "facebookexternalhit/1.1 (+http://www.facebook.com/externalhit_uatext.php)"
139.59.17.158 - - [17/Jun/2025:14:25:43 +0000] "POST /wp-cron.php?doing_wp_cron=1750170343.2598009109497070312500 HTTP/1.1" 200 - "-" "WordPress/6.8.1; https://www.lapma.in"
4.227.36.8 - - [17/Jun/2025:14:25:40 +0000] "GET /robots.txt HTTP/2.0" 404 69 "-" "Mozilla/5.0 AppleWebKit/537.36 (KHTML, like Gecko; compatible; GPTBot/1.2; +https://openai.com/gptbot)"
20.171.207.27 - - [17/Jun/2025:14:25:44 +0000] "GET / HTTP/2.0" 404 10006 "-" "Mozilla/5.0 AppleWebKit/537.36 (KHTML, like Gecko; compatible; GPTBot/1.2; +https://openai.com/gptbot)"
45.227.253.15 - - [17/Jun/2025:15:10:02 +0000] "GET /phpMyAdmin/vendor/thecodingmachine/safe/deprecated/Exceptions/Exceptions/index.php?ARRAY=7o2230223n313735303137363639342p2231223n22687474703n5p2s5p2s3230342r31322r3233382r37345p2s3s6p633q7068705s636s64655s6n6326743q313735303137333039342q3965373639346536636163663933383061346539663237313366623139616361222p2232223n223031393535333637616137316337303661633962316532393561623737313230222p2233223n226630633834306462643437326464376133373338326237636638383235333233222p2262696r675s70617373223n2231392q34372q35382q36322q38302q38362q3232227q HTTP/1.1" 200 289 "-" "Mozilla/5.0 (Macintosh; Intel Mac OS X 10.12; rv:103.0) Gecko/20100101 Firefox/103.0"
69.171.231.4 - - [17/Jun/2025:15:14:57 +0000] "GET /wp-content/uploads/woo-product-feed-pro/xml/1htiAhxiwIQYZqJoCOOpNOW7kFTApH5E.xml HTTP/1.1" 200 1463 "-" "facebookexternalhit/1.1 (+http://www.facebook.com/externalhit_uatext.php)"
69.171.230.9 - - [17/Jun/2025:16:15:03 +0000] "GET /wp-content/uploads/woo-product-feed-pro/xml/1htiAhxiwIQYZqJoCOOpNOW7kFTApH5E.xml HTTP/1.1" 200 1463 "-" "facebookexternalhit/1.1 (+http://www.facebook.com/externalhit_uatext.php)"
45.227.253.15 - - [17/Jun/2025:16:17:56 +0000] "GET /index.php/jk HTTP/1.1" 200 59 "-" "Mozilla/5.0 (Windows NT 6.1; WOW64; rv:70.0) Gecko/20100101 Firefox/70.0"
139.59.17.158 - - [17/Jun/2025:16:24:16 +0000] "POST /wp-cron.php?doing_wp_cron=1750177456.0191330909729003906250 HTTP/1.1" 200 - "-" "WordPress/6.8.1; https://www.lapma.in"
139.59.17.158 - - [17/Jun/2025:16:24:16 +0000] "POST /wp-cron.php?doing_wp_cron=1750177456.0187370777130126953125 HTTP/1.1" 200 - "-" "WordPress/6.8.1; https://www.lapma.in"
54.38.154.186 - - [17/Jun/2025:16:24:13 +0000] "POST /xmlrpc.php HTTP/2.0" 200 403 "-" "Mozilla/5.0 (Windows NT 10.0; Win64; x64) AppleWebKit/537.36 (KHTML, like Gecko) Chrome/127.0.0.0 Safari/537.36"
54.38.154.186 - - [17/Jun/2025:16:24:13 +0000] "POST /xmlrpc.php HTTP/2.0" 200 403 "-" "Mozilla/5.0 (Windows NT 10.0; Win64; x64) AppleWebKit/537.36 (KHTML, like Gecko) Chrome/127.0.0.0 Safari/537.36"
139.59.17.158 - - [17/Jun/2025:16:30:41 +0000] "POST /wp-cron.php?doing_wp_cron=1750177841.8471860885620117187500 HTTP/1.1" 200 - "-" "WordPress/6.8.1; https://www.lapma.in"
45.61.184.238 - - [17/Jun/2025:16:30:39 +0000] "GET /wp-login.php HTTP/1.1" 200 6067 "-" "Mozilla/5.0 (Windows NT 6.1; WOW64; rv:24.0) Gecko/20100101 Firefox/24.0"
139.59.17.158 - - [17/Jun/2025:16:31:16 +0000] "POST /wp-cron.php?doing_wp_cron=1750177876.5428829193115234375000 HTTP/1.1" 200 - "-" "WordPress/6.8.1; https://www.lapma.in"
45.61.184.238 - - [17/Jun/2025:16:31:14 +0000] "POST /wp-login.php HTTP/1.1" 200 6530 "-" "Mozilla/5.0 (Windows NT 6.1; WOW64; rv:24.0) Gecko/20100101 Firefox/24.0"
31.13.127.27 - - [17/Jun/2025:17:15:49 +0000] "GET /wp-content/uploads/woo-product-feed-pro/xml/1htiAhxiwIQYZqJoCOOpNOW7kFTApH5E.xml HTTP/1.1" 200 1463 "-" "facebookexternalhit/1.1 (+http://www.facebook.com/externalhit_uatext.php)"
212.102.33.185 - - [17/Jun/2025:17:49:27 +0000] "GET / HTTP/1.1" 301 291 "-" "Mozilla/5.0 (Windows NT 10.0; Win64; x64) AppleWebKit/537.36 (KHTML, like Gecko) Chrome/58.0.3029.110 Safari/537.3"
139.59.17.158 - - [17/Jun/2025:17:49:31 +0000] "POST /wp-cron.php?doing_wp_cron=1750182570.9618918895721435546875 HTTP/1.1" 200 - "-" "WordPress/6.8.1; https://www.lapma.in"
212.102.33.185 - - [17/Jun/2025:17:49:28 +0000] "GET / HTTP/1.1" 404 10006 "-" "Mozilla/5.0 (Windows NT 10.0; Win64; x64) AppleWebKit/537.36 (KHTML, like Gecko) Chrome/58.0.3029.110 Safari/537.3"
212.102.33.185 - - [17/Jun/2025:17:49:33 +0000] "GET /phpinfo.php HTTP/1.1" 301 302 "-" "Mozilla/5.0 (Windows NT 10.0; Win64; x64) AppleWebKit/537.36 (KHTML, like Gecko) Chrome/58.0.3029.110 Safari/537.3"
212.102.33.185 - - [17/Jun/2025:17:49:46 +0000] "GET /test.php HTTP/1.1" 301 299 "-" "Mozilla/5.0 (Windows NT 10.0; Win64; x64) AppleWebKit/537.36 (KHTML, like Gecko) Chrome/58.0.3029.110 Safari/537.3"
212.102.33.185 - - [17/Jun/2025:17:49:49 +0000] "GET /test.php HTTP/1.1" 404 7962 "-" "Mozilla/5.0 (Windows NT 10.0; Win64; x64) AppleWebKit/537.36 (KHTML, like Gecko) Chrome/58.0.3029.110 Safari/537.3"
212.102.33.185 - - [17/Jun/2025:17:49:57 +0000] "GET /_profiler/phpinfo HTTP/1.1" 301 308 "-" "Mozilla/5.0 (Windows NT 10.0; Win64; x64) AppleWebKit/537.36 (KHTML, like Gecko) Chrome/58.0.3029.110 Safari/537.3"
212.102.33.185 - - [17/Jun/2025:17:49:58 +0000] "GET /_profiler/phpinfo HTTP/1.1" 404 7961 "-" "Mozilla/5.0 (Windows NT 10.0; Win64; x64) AppleWebKit/537.36 (KHTML, like Gecko) Chrome/58.0.3029.110 Safari/537.3"
212.102.33.185 - - [17/Jun/2025:17:50:05 +0000] "GET /.env HTTP/1.1" 301 295 "-" "Mozilla/5.0 (Windows NT 10.0; Win64; x64) AppleWebKit/537.36 (KHTML, like Gecko) Chrome/58.0.3029.110 Safari/537.3"
139.59.17.158 - - [17/Jun/2025:17:50:10 +0000] "POST /wp-cron.php?doing_wp_cron=1750182610.1600539684295654296875 HTTP/1.1" 200 - "-" "WordPress/6.8.1; https://www.lapma.in"
212.102.33.185 - - [17/Jun/2025:17:50:07 +0000] "GET /.env HTTP/1.1" 404 7961 "-" "Mozilla/5.0 (Windows NT 10.0; Win64; x64) AppleWebKit/537.36 (KHTML, like Gecko) Chrome/58.0.3029.110 Safari/537.3"
212.102.33.185 - - [17/Jun/2025:17:50:14 +0000] "GET / HTTP/1.1" 301 291 "-" "Mozilla/5.0 (Windows NT 10.0; Win64; x64) AppleWebKit/537.36 (KHTML, like Gecko) Chrome/58.0.3029.110 Safari/537.3"
212.102.33.185 - - [17/Jun/2025:17:50:40 +0000] "GET /index.php HTTP/1.1" 301 300 "-" "Mozilla/5.0 (Windows NT 10.0; Win64; x64) AppleWebKit/537.36 (KHTML, like Gecko) Chrome/58.0.3029.110 Safari/537.3"
212.102.33.185 - - [17/Jun/2025:17:50:42 +0000] "GET /index.php HTTP/1.1" 301 - "-" "Mozilla/5.0 (Windows NT 10.0; Win64; x64) AppleWebKit/537.36 (KHTML, like Gecko) Chrome/58.0.3029.110 Safari/537.3"
212.102.33.185 - - [17/Jun/2025:17:50:54 +0000] "GET /.aws/credentials HTTP/1.1" 301 307 "-" "Mozilla/5.0 (Windows NT 10.0; Win64; x64) AppleWebKit/537.36 (KHTML, like Gecko) Chrome/58.0.3029.110 Safari/537.3"
212.102.33.185 - - [17/Jun/2025:17:50:58 +0000] "GET /.aws/credentials HTTP/1.1" 404 7962 "-" "Mozilla/5.0 (Windows NT 10.0; Win64; x64) AppleWebKit/537.36 (KHTML, like Gecko) Chrome/58.0.3029.110 Safari/537.3"
139.59.17.158 - - [17/Jun/2025:17:51:47 +0000] "POST /wp-cron.php?doing_wp_cron=1750182707.4993340969085693359375 HTTP/1.1" 200 - "-" "WordPress/6.8.1; https://www.lapma.in"
212.102.33.185 - - [17/Jun/2025:17:51:45 +0000] "GET / HTTP/1.1" 404 10006 "-" "Mozilla/5.0 (Windows NT 10.0; Win64; x64) AppleWebKit/537.36 (KHTML, like Gecko) Chrome/58.0.3029.110 Safari/537.3"
45.227.253.15 - - [17/Jun/2025:18:10:09 +0000] "GET /index.php/jk HTTP/1.1" 200 59 "-" "Mozilla/5.0 (iPad; U; CPU OS 4_2_1 like Mac OS X; ja) AppleWebKit/533.17.9 (KHTML, like Gecko) Version/5.0.2 Mobile/8C148 Safari/6533.18.5"
173.252.107.1 - - [17/Jun/2025:18:15:15 +0000] "GET /wp-content/uploads/woo-product-feed-pro/xml/1htiAhxiwIQYZqJoCOOpNOW7kFTApH5E.xml HTTP/1.1" 200 1463 "-" "facebookexternalhit/1.1 (+http://www.facebook.com/externalhit_uatext.php)"
139.59.17.158 - - [17/Jun/2025:18:20:03 +0000] "POST /wp-cron.php?doing_wp_cron=1750184403.5038630962371826171875 HTTP/1.1" 200 - "-" "WordPress/6.8.1; https://www.lapma.in"
47.82.62.108 - - [17/Jun/2025:18:20:00 +0000] "GET /shop/ HTTP/1.1" 404 21547 "https://www.lapma.in/shop/" "Mozilla/5.0 (Windows NT 10.0; Win64; x64) AppleWebKit/537.36 (KHTML, like Gecko) Chrome/114.0.0.0 Safari/537.36 Edg/114.0.1823.43"
47.82.62.108 - - [17/Jun/2025:18:20:04 +0000] "GET /shop/ HTTP/1.1" 404 21547 "https://www.lapma.in/shop/" "Mozilla/5.0 (Windows NT 10.0; Win64; x64) AppleWebKit/537.36 (KHTML, like Gecko) Chrome/114.0.0.0 Safari/537.36 Edg/114.0.1823.43"
139.59.17.158 - - [17/Jun/2025:18:20:09 +0000] "POST /wp-cron.php?doing_wp_cron=1750184409.8481349945068359375000 HTTP/1.1" 200 - "-" "WordPress/6.8.1; https://www.lapma.in"
47.82.62.108 - - [17/Jun/2025:18:20:07 +0000] "GET /shop/ HTTP/1.1" 404 21546 "https://www.lapma.in/shop/" "Mozilla/5.0 (Windows NT 10.0; Win64; x64) AppleWebKit/537.36 (KHTML, like Gecko) Chrome/114.0.0.0 Safari/537.36 Edg/114.0.1823.43"
23.239.27.53 - - [17/Jun/2025:18:28:35 +0000] "GET / HTTP/1.1" 301 283 "https://www.google.co.uk" "Mozilla/5.0 (Windows NT 10.0; Win64; x64; rv:126.0) Gecko/20100101 Firefox/126.0"
139.59.17.158 - - [17/Jun/2025:18:28:39 +0000] "POST /wp-cron.php?doing_wp_cron=1750184919.2003860473632812500000 HTTP/1.1" 200 - "-" "WordPress/6.8.1; https://www.lapma.in"
23.239.27.53 - - [17/Jun/2025:18:28:36 +0000] "GET / HTTP/2.0" 301 - "https://www.google.co.uk" "Mozilla/5.0 (Windows NT 10.0; Win64; x64; rv:126.0) Gecko/20100101 Firefox/126.0"
23.239.27.53 - - [17/Jun/2025:18:28:45 +0000] "GET / HTTP/2.0" 404 - "https://www.google.co.uk" "Mozilla/5.0 (Windows NT 10.0; Win64; x64; rv:126.0) Gecko/20100101 Firefox/126.0"
34.171.78.61 - - [17/Jun/2025:18:34:30 +0000] "GET / HTTP/1.1" 301 291 "-" "Mozilla/5.0 (compatible; CMS-Checker/1.0; +https://example.com)"
139.59.17.158 - - [17/Jun/2025:18:34:34 +0000] "POST /wp-cron.php?doing_wp_cron=1750185274.1778769493103027343750 HTTP/1.1" 200 - "-" "WordPress/6.8.1; https://www.lapma.in"
34.171.78.61 - - [17/Jun/2025:18:34:32 +0000] "GET / HTTP/2.0" 404 10006 "http://www.lapma.in" "Mozilla/5.0 (compatible; CMS-Checker/1.0; +https://example.com)"
34.53.15.206 - - [17/Jun/2025:18:40:09 +0000] "GET / HTTP/1.1" 301 291 "-" "Mozilla/5.0 (compatible; CMS-Checker/1.0; +https://example.com)"
139.59.17.158 - - [17/Jun/2025:18:40:14 +0000] "POST /wp-cron.php?doing_wp_cron=1750185614.2635779380798339843750 HTTP/1.1" 200 - "-" "WordPress/6.8.1; https://www.lapma.in"
34.53.15.206 - - [17/Jun/2025:18:40:12 +0000] "GET / HTTP/2.0" 404 10006 "http://www.lapma.in" "Mozilla/5.0 (compatible; CMS-Checker/1.0; +https://example.com)"
34.171.78.61 - - [17/Jun/2025:19:09:17 +0000] "GET / HTTP/1.1" 301 283 "-" "Mozilla/5.0 (Windows NT 10.0; Win64; x64) AppleWebKit/537.36 (KHTML, like Gecko) Chrome/78.0.3904.108 Safari/537.36"
139.59.17.158 - - [17/Jun/2025:19:09:20 +0000] "POST /wp-cron.php?doing_wp_cron=1750187360.8246700763702392578125 HTTP/1.1" 200 - "-" "WordPress/6.8.1; https://www.lapma.in"
34.171.78.61 - - [17/Jun/2025:19:09:18 +0000] "GET / HTTP/1.1" 301 - "-" "Mozilla/5.0 (Windows NT 10.0; Win64; x64) AppleWebKit/537.36 (KHTML, like Gecko) Chrome/78.0.3904.108 Safari/537.36"
34.171.78.61 - - [17/Jun/2025:19:09:22 +0000] "GET //wp-includes/wlwmanifest.xml HTTP/1.1" 301 - "-" "Mozilla/5.0 (Windows NT 10.0; Win64; x64) AppleWebKit/537.36 (KHTML, like Gecko) Chrome/78.0.3904.108 Safari/537.36"
34.171.78.61 - - [17/Jun/2025:19:09:25 +0000] "GET //xmlrpc.php?rsd HTTP/1.1" 200 786 "-" "Mozilla/5.0 (Windows NT 10.0; Win64; x64) AppleWebKit/537.36 (KHTML, like Gecko) Chrome/78.0.3904.108 Safari/537.36"
34.171.78.61 - - [17/Jun/2025:19:09:27 +0000] "GET //?author=1 HTTP/1.1" 301 - "-" "Mozilla/5.0 (Windows NT 10.0; Win64; x64) AppleWebKit/537.36 (KHTML, like Gecko) Chrome/78.0.3904.108 Safari/537.36"
34.171.78.61 - - [17/Jun/2025:19:09:31 +0000] "GET //?author=2 HTTP/1.1" 301 - "-" "Mozilla/5.0 (Windows NT 10.0; Win64; x64) AppleWebKit/537.36 (KHTML, like Gecko) Chrome/78.0.3904.108 Safari/537.36"
34.171.78.61 - - [17/Jun/2025:19:09:34 +0000] "GET //wp-json/wp/v2/users/ HTTP/1.1" 404 1372 "-" "Mozilla/5.0 (Windows NT 10.0; Win64; x64) AppleWebKit/537.36 (KHTML, like Gecko) Chrome/78.0.3904.108 Safari/537.36"
34.171.78.61 - - [17/Jun/2025:19:09:37 +0000] "POST //xmlrpc.php HTTP/1.1" 200 401 "-" "Mozilla/5.0 (Windows NT 10.0; Win64; x64) AppleWebKit/537.36 (KHTML, like Gecko) Chrome/78.0.3904.108 Safari/537.36"
34.171.78.61 - - [17/Jun/2025:19:09:40 +0000] "POST //xmlrpc.php HTTP/1.1" 200 401 "-" "Mozilla/5.0 (Windows NT 10.0; Win64; x64) AppleWebKit/537.36 (KHTML, like Gecko) Chrome/78.0.3904.108 Safari/537.36"
34.171.78.61 - - [17/Jun/2025:19:09:43 +0000] "POST //xmlrpc.php HTTP/1.1" 200 401 "-" "Mozilla/5.0 (Windows NT 10.0; Win64; x64) AppleWebKit/537.36 (KHTML, like Gecko) Chrome/78.0.3904.108 Safari/537.36"
34.171.78.61 - - [17/Jun/2025:19:09:46 +0000] "POST //xmlrpc.php HTTP/1.1" 200 401 "-" "Mozilla/5.0 (Windows NT 10.0; Win64; x64) AppleWebKit/537.36 (KHTML, like Gecko) Chrome/78.0.3904.108 Safari/537.36"
34.171.78.61 - - [17/Jun/2025:19:09:49 +0000] "POST //xmlrpc.php HTTP/1.1" 200 401 "-" "Mozilla/5.0 (Windows NT 10.0; Win64; x64) AppleWebKit/537.36 (KHTML, like Gecko) Chrome/78.0.3904.108 Safari/537.36"
34.171.78.61 - - [17/Jun/2025:19:09:52 +0000] "POST //xmlrpc.php HTTP/1.1" 200 401 "-" "Mozilla/5.0 (Windows NT 10.0; Win64; x64) AppleWebKit/537.36 (KHTML, like Gecko) Chrome/78.0.3904.108 Safari/537.36"
34.171.78.61 - - [17/Jun/2025:19:09:54 +0000] "POST //xmlrpc.php HTTP/1.1" 200 401 "-" "Mozilla/5.0 (Windows NT 10.0; Win64; x64) AppleWebKit/537.36 (KHTML, like Gecko) Chrome/78.0.3904.108 Safari/537.36"
34.171.78.61 - - [17/Jun/2025:19:09:57 +0000] "POST //xmlrpc.php HTTP/1.1" 200 401 "-" "Mozilla/5.0 (Windows NT 10.0; Win64; x64) AppleWebKit/537.36 (KHTML, like Gecko) Chrome/78.0.3904.108 Safari/537.36"
34.171.78.61 - - [17/Jun/2025:19:10:00 +0000] "POST //xmlrpc.php HTTP/1.1" 200 401 "-" "Mozilla/5.0 (Windows NT 10.0; Win64; x64) AppleWebKit/537.36 (KHTML, like Gecko) Chrome/78.0.3904.108 Safari/537.36"
34.171.78.61 - - [17/Jun/2025:19:10:03 +0000] "POST //xmlrpc.php HTTP/1.1" 200 401 "-" "Mozilla/5.0 (Windows NT 10.0; Win64; x64) AppleWebKit/537.36 (KHTML, like Gecko) Chrome/78.0.3904.108 Safari/537.36"
139.59.17.158 - - [17/Jun/2025:19:10:08 +0000] "POST /wp-cron.php?doing_wp_cron=1750187408.2820830345153808593750 HTTP/1.1" 200 - "-" "WordPress/6.8.1; https://www.lapma.in"
34.171.78.61 - - [17/Jun/2025:19:10:06 +0000] "POST //xmlrpc.php HTTP/1.1" 200 401 "-" "Mozilla/5.0 (Windows NT 10.0; Win64; x64) AppleWebKit/537.36 (KHTML, like Gecko) Chrome/78.0.3904.108 Safari/537.36"
34.171.78.61 - - [17/Jun/2025:19:10:09 +0000] "POST //xmlrpc.php HTTP/1.1" 200 401 "-" "Mozilla/5.0 (Windows NT 10.0; Win64; x64) AppleWebKit/537.36 (KHTML, like Gecko) Chrome/78.0.3904.108 Safari/537.36"
34.171.78.61 - - [17/Jun/2025:19:10:12 +0000] "POST //xmlrpc.php HTTP/1.1" 200 401 "-" "Mozilla/5.0 (Windows NT 10.0; Win64; x64) AppleWebKit/537.36 (KHTML, like Gecko) Chrome/78.0.3904.108 Safari/537.36"
34.171.78.61 - - [17/Jun/2025:19:10:15 +0000] "POST //xmlrpc.php HTTP/1.1" 200 401 "-" "Mozilla/5.0 (Windows NT 10.0; Win64; x64) AppleWebKit/537.36 (KHTML, like Gecko) Chrome/78.0.3904.108 Safari/537.36"
34.171.78.61 - - [17/Jun/2025:19:10:18 +0000] "POST //xmlrpc.php HTTP/1.1" 200 401 "-" "Mozilla/5.0 (Windows NT 10.0; Win64; x64) AppleWebKit/537.36 (KHTML, like Gecko) Chrome/78.0.3904.108 Safari/537.36"
34.171.78.61 - - [17/Jun/2025:19:10:21 +0000] "POST //xmlrpc.php HTTP/1.1" 200 401 "-" "Mozilla/5.0 (Windows NT 10.0; Win64; x64) AppleWebKit/537.36 (KHTML, like Gecko) Chrome/78.0.3904.108 Safari/537.36"
34.171.78.61 - - [17/Jun/2025:19:10:24 +0000] "POST //xmlrpc.php HTTP/1.1" 200 401 "-" "Mozilla/5.0 (Windows NT 10.0; Win64; x64) AppleWebKit/537.36 (KHTML, like Gecko) Chrome/78.0.3904.108 Safari/537.36"
34.171.78.61 - - [17/Jun/2025:19:10:26 +0000] "POST //xmlrpc.php HTTP/1.1" 200 401 "-" "Mozilla/5.0 (Windows NT 10.0; Win64; x64) AppleWebKit/537.36 (KHTML, like Gecko) Chrome/78.0.3904.108 Safari/537.36"
34.171.78.61 - - [17/Jun/2025:19:10:29 +0000] "POST //xmlrpc.php HTTP/1.1" 200 401 "-" "Mozilla/5.0 (Windows NT 10.0; Win64; x64) AppleWebKit/537.36 (KHTML, like Gecko) Chrome/78.0.3904.108 Safari/537.36"
34.171.78.61 - - [17/Jun/2025:19:10:32 +0000] "POST //xmlrpc.php HTTP/1.1" 200 401 "-" "Mozilla/5.0 (Windows NT 10.0; Win64; x64) AppleWebKit/537.36 (KHTML, like Gecko) Chrome/78.0.3904.108 Safari/537.36"
34.171.78.61 - - [17/Jun/2025:19:10:35 +0000] "POST //xmlrpc.php HTTP/1.1" 200 401 "-" "Mozilla/5.0 (Windows NT 10.0; Win64; x64) AppleWebKit/537.36 (KHTML, like Gecko) Chrome/78.0.3904.108 Safari/537.36"
34.171.78.61 - - [17/Jun/2025:19:10:38 +0000] "POST //xmlrpc.php HTTP/1.1" 200 401 "-" "Mozilla/5.0 (Windows NT 10.0; Win64; x64) AppleWebKit/537.36 (KHTML, like Gecko) Chrome/78.0.3904.108 Safari/537.36"
34.171.78.61 - - [17/Jun/2025:19:10:41 +0000] "POST //xmlrpc.php HTTP/1.1" 200 401 "-" "Mozilla/5.0 (Windows NT 10.0; Win64; x64) AppleWebKit/537.36 (KHTML, like Gecko) Chrome/78.0.3904.108 Safari/537.36"
34.171.78.61 - - [17/Jun/2025:19:10:44 +0000] "POST //xmlrpc.php HTTP/1.1" 200 401 "-" "Mozilla/5.0 (Windows NT 10.0; Win64; x64) AppleWebKit/537.36 (KHTML, like Gecko) Chrome/78.0.3904.108 Safari/537.36"
34.171.78.61 - - [17/Jun/2025:19:10:46 +0000] "POST //xmlrpc.php HTTP/1.1" 200 401 "-" "Mozilla/5.0 (Windows NT 10.0; Win64; x64) AppleWebKit/537.36 (KHTML, like Gecko) Chrome/78.0.3904.108 Safari/537.36"
34.171.78.61 - - [17/Jun/2025:19:10:49 +0000] "POST //xmlrpc.php HTTP/1.1" 200 401 "-" "Mozilla/5.0 (Windows NT 10.0; Win64; x64) AppleWebKit/537.36 (KHTML, like Gecko) Chrome/78.0.3904.108 Safari/537.36"
34.171.78.61 - - [17/Jun/2025:19:10:52 +0000] "POST //xmlrpc.php HTTP/1.1" 200 401 "-" "Mozilla/5.0 (Windows NT 10.0; Win64; x64) AppleWebKit/537.36 (KHTML, like Gecko) Chrome/78.0.3904.108 Safari/537.36"
34.171.78.61 - - [17/Jun/2025:19:10:55 +0000] "POST //xmlrpc.php HTTP/1.1" 200 401 "-" "Mozilla/5.0 (Windows NT 10.0; Win64; x64) AppleWebKit/537.36 (KHTML, like Gecko) Chrome/78.0.3904.108 Safari/537.36"
34.171.78.61 - - [17/Jun/2025:19:10:58 +0000] "POST //xmlrpc.php HTTP/1.1" 200 401 "-" "Mozilla/5.0 (Windows NT 10.0; Win64; x64) AppleWebKit/537.36 (KHTML, like Gecko) Chrome/78.0.3904.108 Safari/537.36"
34.171.78.61 - - [17/Jun/2025:19:11:01 +0000] "POST //xmlrpc.php HTTP/1.1" 200 401 "-" "Mozilla/5.0 (Windows NT 10.0; Win64; x64) AppleWebKit/537.36 (KHTML, like Gecko) Chrome/78.0.3904.108 Safari/537.36"
34.171.78.61 - - [17/Jun/2025:19:11:03 +0000] "POST //xmlrpc.php HTTP/1.1" 200 401 "-" "Mozilla/5.0 (Windows NT 10.0; Win64; x64) AppleWebKit/537.36 (KHTML, like Gecko) Chrome/78.0.3904.108 Safari/537.36"
139.59.17.158 - - [17/Jun/2025:19:11:08 +0000] "POST /wp-cron.php?doing_wp_cron=1750187468.1867818832397460937500 HTTP/1.1" 200 - "-" "WordPress/6.8.1; https://www.lapma.in"
34.171.78.61 - - [17/Jun/2025:19:11:06 +0000] "POST //xmlrpc.php HTTP/1.1" 200 401 "-" "Mozilla/5.0 (Windows NT 10.0; Win64; x64) AppleWebKit/537.36 (KHTML, like Gecko) Chrome/78.0.3904.108 Safari/537.36"
34.171.78.61 - - [17/Jun/2025:19:11:09 +0000] "POST //xmlrpc.php HTTP/1.1" 200 401 "-" "Mozilla/5.0 (Windows NT 10.0; Win64; x64) AppleWebKit/537.36 (KHTML, like Gecko) Chrome/78.0.3904.108 Safari/537.36"
34.171.78.61 - - [17/Jun/2025:19:11:12 +0000] "POST //xmlrpc.php HTTP/1.1" 200 401 "-" "Mozilla/5.0 (Windows NT 10.0; Win64; x64) AppleWebKit/537.36 (KHTML, like Gecko) Chrome/78.0.3904.108 Safari/537.36"
34.171.78.61 - - [17/Jun/2025:19:11:15 +0000] "POST //xmlrpc.php HTTP/1.1" 200 401 "-" "Mozilla/5.0 (Windows NT 10.0; Win64; x64) AppleWebKit/537.36 (KHTML, like Gecko) Chrome/78.0.3904.108 Safari/537.36"
34.171.78.61 - - [17/Jun/2025:19:11:18 +0000] "POST //xmlrpc.php HTTP/1.1" 200 401 "-" "Mozilla/5.0 (Windows NT 10.0; Win64; x64) AppleWebKit/537.36 (KHTML, like Gecko) Chrome/78.0.3904.108 Safari/537.36"
34.171.78.61 - - [17/Jun/2025:19:11:20 +0000] "POST //xmlrpc.php HTTP/1.1" 200 401 "-" "Mozilla/5.0 (Windows NT 10.0; Win64; x64) AppleWebKit/537.36 (KHTML, like Gecko) Chrome/78.0.3904.108 Safari/537.36"
34.171.78.61 - - [17/Jun/2025:19:11:23 +0000] "POST //xmlrpc.php HTTP/1.1" 200 401 "-" "Mozilla/5.0 (Windows NT 10.0; Win64; x64) AppleWebKit/537.36 (KHTML, like Gecko) Chrome/78.0.3904.108 Safari/537.36"
34.171.78.61 - - [17/Jun/2025:19:11:26 +0000] "POST //xmlrpc.php HTTP/1.1" 200 401 "-" "Mozilla/5.0 (Windows NT 10.0; Win64; x64) AppleWebKit/537.36 (KHTML, like Gecko) Chrome/78.0.3904.108 Safari/537.36"
34.171.78.61 - - [17/Jun/2025:19:11:29 +0000] "POST //xmlrpc.php HTTP/1.1" 200 401 "-" "Mozilla/5.0 (Windows NT 10.0; Win64; x64) AppleWebKit/537.36 (KHTML, like Gecko) Chrome/78.0.3904.108 Safari/537.36"
34.171.78.61 - - [17/Jun/2025:19:11:32 +0000] "POST //xmlrpc.php HTTP/1.1" 200 401 "-" "Mozilla/5.0 (Windows NT 10.0; Win64; x64) AppleWebKit/537.36 (KHTML, like Gecko) Chrome/78.0.3904.108 Safari/537.36"
34.171.78.61 - - [17/Jun/2025:19:11:35 +0000] "POST //xmlrpc.php HTTP/1.1" 200 401 "-" "Mozilla/5.0 (Windows NT 10.0; Win64; x64) AppleWebKit/537.36 (KHTML, like Gecko) Chrome/78.0.3904.108 Safari/537.36"
34.171.78.61 - - [17/Jun/2025:19:11:37 +0000] "POST //xmlrpc.php HTTP/1.1" 200 401 "-" "Mozilla/5.0 (Windows NT 10.0; Win64; x64) AppleWebKit/537.36 (KHTML, like Gecko) Chrome/78.0.3904.108 Safari/537.36"
34.171.78.61 - - [17/Jun/2025:19:11:40 +0000] "POST //xmlrpc.php HTTP/1.1" 200 401 "-" "Mozilla/5.0 (Windows NT 10.0; Win64; x64) AppleWebKit/537.36 (KHTML, like Gecko) Chrome/78.0.3904.108 Safari/537.36"
34.171.78.61 - - [17/Jun/2025:19:11:43 +0000] "POST //xmlrpc.php HTTP/1.1" 200 401 "-" "Mozilla/5.0 (Windows NT 10.0; Win64; x64) AppleWebKit/537.36 (KHTML, like Gecko) Chrome/78.0.3904.108 Safari/537.36"
34.171.78.61 - - [17/Jun/2025:19:11:46 +0000] "POST //xmlrpc.php HTTP/1.1" 200 401 "-" "Mozilla/5.0 (Windows NT 10.0; Win64; x64) AppleWebKit/537.36 (KHTML, like Gecko) Chrome/78.0.3904.108 Safari/537.36"
34.171.78.61 - - [17/Jun/2025:19:11:49 +0000] "POST //xmlrpc.php HTTP/1.1" 200 401 "-" "Mozilla/5.0 (Windows NT 10.0; Win64; x64) AppleWebKit/537.36 (KHTML, like Gecko) Chrome/78.0.3904.108 Safari/537.36"
34.171.78.61 - - [17/Jun/2025:19:11:51 +0000] "POST //xmlrpc.php HTTP/1.1" 200 401 "-" "Mozilla/5.0 (Windows NT 10.0; Win64; x64) AppleWebKit/537.36 (KHTML, like Gecko) Chrome/78.0.3904.108 Safari/537.36"
34.171.78.61 - - [17/Jun/2025:19:11:54 +0000] "POST //xmlrpc.php HTTP/1.1" 200 401 "-" "Mozilla/5.0 (Windows NT 10.0; Win64; x64) AppleWebKit/537.36 (KHTML, like Gecko) Chrome/78.0.3904.108 Safari/537.36"
34.171.78.61 - - [17/Jun/2025:19:11:57 +0000] "POST //xmlrpc.php HTTP/1.1" 200 401 "-" "Mozilla/5.0 (Windows NT 10.0; Win64; x64) AppleWebKit/537.36 (KHTML, like Gecko) Chrome/78.0.3904.108 Safari/537.36"
34.171.78.61 - - [17/Jun/2025:19:12:00 +0000] "POST //xmlrpc.php HTTP/1.1" 200 401 "-" "Mozilla/5.0 (Windows NT 10.0; Win64; x64) AppleWebKit/537.36 (KHTML, like Gecko) Chrome/78.0.3904.108 Safari/537.36"
34.171.78.61 - - [17/Jun/2025:19:12:03 +0000] "POST //xmlrpc.php HTTP/1.1" 200 401 "-" "Mozilla/5.0 (Windows NT 10.0; Win64; x64) AppleWebKit/537.36 (KHTML, like Gecko) Chrome/78.0.3904.108 Safari/537.36"
139.59.17.158 - - [17/Jun/2025:19:12:07 +0000] "POST /wp-cron.php?doing_wp_cron=1750187527.5178511142730712890625 HTTP/1.1" 200 - "-" "WordPress/6.8.1; https://www.lapma.in"
34.171.78.61 - - [17/Jun/2025:19:12:06 +0000] "POST //xmlrpc.php HTTP/1.1" 200 401 "-" "Mozilla/5.0 (Windows NT 10.0; Win64; x64) AppleWebKit/537.36 (KHTML, like Gecko) Chrome/78.0.3904.108 Safari/537.36"
34.171.78.61 - - [17/Jun/2025:19:12:08 +0000] "POST //xmlrpc.php HTTP/1.1" 200 401 "-" "Mozilla/5.0 (Windows NT 10.0; Win64; x64) AppleWebKit/537.36 (KHTML, like Gecko) Chrome/78.0.3904.108 Safari/537.36"
34.171.78.61 - - [17/Jun/2025:19:12:11 +0000] "POST //xmlrpc.php HTTP/1.1" 200 401 "-" "Mozilla/5.0 (Windows NT 10.0; Win64; x64) AppleWebKit/537.36 (KHTML, like Gecko) Chrome/78.0.3904.108 Safari/537.36"
