34.171.78.61 - - [17/Jun/2025:19:12:14 +0000] "POST //xmlrpc.php HTTP/1.1" 200 401 "-" "Mozilla/5.0 (Windows NT 10.0; Win64; x64) AppleWebKit/537.36 (KHTML, like Gecko) Chrome/78.0.3904.108 Safari/537.36"
34.171.78.61 - - [17/Jun/2025:19:12:17 +0000] "POST //xmlrpc.php HTTP/1.1" 200 401 "-" "Mozilla/5.0 (Windows NT 10.0; Win64; x64) AppleWebKit/537.36 (KHTML, like Gecko) Chrome/78.0.3904.108 Safari/537.36"
34.171.78.61 - - [17/Jun/2025:19:12:20 +0000] "POST //xmlrpc.php HTTP/1.1" 200 401 "-" "Mozilla/5.0 (Windows NT 10.0; Win64; x64) AppleWebKit/537.36 (KHTML, like Gecko) Chrome/78.0.3904.108 Safari/537.36"
34.171.78.61 - - [17/Jun/2025:19:12:22 +0000] "POST //xmlrpc.php HTTP/1.1" 200 401 "-" "Mozilla/5.0 (Windows NT 10.0; Win64; x64) AppleWebKit/537.36 (KHTML, like Gecko) Chrome/78.0.3904.108 Safari/537.36"
34.171.78.61 - - [17/Jun/2025:19:12:25 +0000] "POST //xmlrpc.php HTTP/1.1" 200 401 "-" "Mozilla/5.0 (Windows NT 10.0; Win64; x64) AppleWebKit/537.36 (KHTML, like Gecko) Chrome/78.0.3904.108 Safari/537.36"
173.252.83.116 - - [17/Jun/2025:19:15:30 +0000] "GET /wp-content/uploads/woo-product-feed-pro/xml/1htiAhxiwIQYZqJoCOOpNOW7kFTApH5E.xml HTTP/1.1" 200 1463 "-" "facebookexternalhit/1.1 (+http://www.facebook.com/externalhit_uatext.php)"
139.59.17.158 - - [17/Jun/2025:19:19:45 +0000] "POST /wp-cron.php?doing_wp_cron=1750187985.7215929031372070312500 HTTP/1.1" 200 - "-" "WordPress/6.8.1; https://www.lapma.in"
195.7.5.237 - - [17/Jun/2025:19:19:44 +0000] "POST /xmlrpc.php HTTP/2.0" 200 206 "https://www.lapma.in" "Mozilla/5.0 (Windows NT 10.0; Win64; x64; rv:126.0) Gecko/20100101 Firefox/126.0"
196.251.83.88 - - [17/Jun/2025:19:30:56 +0000] "GET /.git/config HTTP/1.1" 403 262 "-" "Mozilla/5.0 (compatible; Konqueror/4.2; Linux) KHTML/4.2.4 (like Gecko) Slackware/13.0"
139.59.17.158 - - [17/Jun/2025:19:33:37 +0000] "POST /wp-cron.php?doing_wp_cron=1750188817.2477390766143798828125 HTTP/1.1" 200 - "-" "WordPress/6.8.1; https://www.lapma.in"
3.79.66.100 - - [17/Jun/2025:19:33:35 +0000] "POST /xmlrpc.php HTTP/2.0" 200 206 "https://www.lapma.in" "Mozilla/5.0 (Macintosh; Intel Mac OS X 10_15_7; rv:125.0.1) Gecko/20100101 Firefox/125.0.1"
139.59.17.158 - - [17/Jun/2025:19:47:18 +0000] "POST /wp-cron.php?doing_wp_cron=1750189638.2485599517822265625000 HTTP/1.1" 200 - "-" "WordPress/6.8.1; https://www.lapma.in"
95.179.201.80 - - [17/Jun/2025:19:47:16 +0000] "POST /xmlrpc.php HTTP/2.0" 200 206 "https://www.lapma.in" "Mozilla/5.0 (Windows NT 10.0; Win64; x64) AppleWebKit/537.36 (KHTML, like Gecko) Chrome/112.0.5615.138 Safari/537.36"
139.59.17.158 - - [17/Jun/2025:20:01:00 +0000] "POST /wp-cron.php?doing_wp_cron=1750190460.3957939147949218750000 HTTP/1.1" 200 - "-" "WordPress/6.8.1; https://www.lapma.in"
18.135.133.250 - - [17/Jun/2025:20:00:58 +0000] "POST /xmlrpc.php HTTP/2.0" 200 206 "https://www.lapma.in" "Mozilla/5.0 (Windows NT 11.0; Win64; x64; rv:126.0) Gecko/20100101 Firefox/126.0"
139.59.17.158 - - [17/Jun/2025:20:08:34 +0000] "POST /wp-cron.php?doing_wp_cron=1750190914.9483819007873535156250 HTTP/1.1" 200 - "-" "WordPress/6.8.1; https://www.lapma.in"
209.141.36.186 - - [17/Jun/2025:20:08:33 +0000] "GET /wp-login.php HTTP/1.1" 200 6067 "-" "Mozilla/5.0 (X11; Linux x86_64) AppleWebKit/537.36 (KHTML, like Gecko) Ubuntu Chromium/34.0.1847.116 Chrome/34.0.1847.116 Safari/537.36"
139.59.17.158 - - [17/Jun/2025:20:11:35 +0000] "POST /wp-cron.php?doing_wp_cron=1750191095.8728530406951904296875 HTTP/1.1" 200 - "-" "WordPress/6.8.1; https://www.lapma.in"
209.141.36.186 - - [17/Jun/2025:20:11:33 +0000] "POST /wp-login.php HTTP/1.1" 200 6530 "-" "Mozilla/5.0 (X11; Linux x86_64) AppleWebKit/537.36 (KHTML, like Gecko) Ubuntu Chromium/34.0.1847.116 Chrome/34.0.1847.116 Safari/537.36"
139.59.17.158 - - [17/Jun/2025:20:13:08 +0000] "POST /wp-cron.php?doing_wp_cron=1750191188.5637819766998291015625 HTTP/1.1" 200 - "-" "WordPress/6.8.1; https://www.lapma.in"
54.82.219.226 - - [17/Jun/2025:20:13:06 +0000] "POST /xmlrpc.php HTTP/2.0" 200 206 "https://www.lapma.in" "Mozilla/5.0 (Windows NT 10.0; Win64; x64) AppleWebKit/537.36 (KHTML, like Gecko) Chrome/115.0.5790.102 Safari/537.36"
31.13.127.10 - - [17/Jun/2025:20:15:49 +0000] "GET /wp-content/uploads/woo-product-feed-pro/xml/1htiAhxiwIQYZqJoCOOpNOW7kFTApH5E.xml HTTP/1.1" 200 1463 "-" "facebookexternalhit/1.1 (+http://www.facebook.com/externalhit_uatext.php)"
139.59.17.158 - - [17/Jun/2025:20:26:32 +0000] "POST /wp-cron.php?doing_wp_cron=1750191992.2498741149902343750000 HTTP/1.1" 200 - "-" "WordPress/6.8.1; https://www.lapma.in"
74.208.128.92 - - [17/Jun/2025:20:26:30 +0000] "POST /xmlrpc.php HTTP/2.0" 200 206 "https://www.lapma.in" "Mozilla/5.0 (Macintosh; Intel Mac OS X 14.3) AppleWebKit/614.31.14 (KHTML, like Gecko) Version/17.0.96 Safari/614.31.14"
139.59.17.158 - - [17/Jun/2025:20:39:49 +0000] "POST /wp-cron.php?doing_wp_cron=1750192789.1477539539337158203125 HTTP/1.1" 200 - "-" "WordPress/6.8.1; https://www.lapma.in"
185.181.206.92 - - [17/Jun/2025:20:39:47 +0000] "POST /xmlrpc.php HTTP/2.0" 200 206 "https://www.lapma.in" "Mozilla/5.0 (Windows NT 10.0; Win64; x64) AppleWebKit/537.36 (KHTML, like Gecko) Chrome/115.0.5790.171 Safari/537.36 Edg/115.0.1901.203"
45.94.31.13 - - [17/Jun/2025:20:44:46 +0000] "GET /wp-admin/install.php HTTP/1.1" 301 303 "-" "-"
139.59.17.158 - - [17/Jun/2025:20:44:47 +0000] "POST /wp-cron.php?doing_wp_cron=1750193087.7863960266113281250000 HTTP/1.1" 200 - "-" "WordPress/6.8.1; https://www.lapma.in"
45.94.31.13 - - [17/Jun/2025:20:44:47 +0000] "GET /wp-admin/install.php HTTP/1.1" 200 1267 "-" "-"
45.94.31.13 - - [17/Jun/2025:20:44:48 +0000] "GET /wp-admin/install.php?step=1 HTTP/1.1" 301 310 "-" "-"
139.59.17.158 - - [17/Jun/2025:20:44:49 +0000] "POST /wp-cron.php?doing_wp_cron=1750193089.1166720390319824218750 HTTP/1.1" 200 - "-" "WordPress/6.8.1; https://www.lapma.in"
45.94.31.13 - - [17/Jun/2025:20:44:48 +0000] "GET /wp-admin/install.php?step=1 HTTP/1.1" 200 1267 "-" "-"
139.59.17.158 - - [17/Jun/2025:20:53:11 +0000] "POST /wp-cron.php?doing_wp_cron=1750193591.3435299396514892578125 HTTP/1.1" 200 - "-" "WordPress/6.8.1; https://www.lapma.in"
94.72.114.183 - - [17/Jun/2025:20:53:09 +0000] "POST /xmlrpc.php HTTP/2.0" 200 206 "https://www.lapma.in" "Mozilla/5.0 (Windows NT 10.0; Win64; x64) AppleWebKit/537.36 (KHTML, like Gecko) Chrome/114.0.5735.199 Safari/537.36 Edg/114.0.1823.67"
139.59.17.158 - - [17/Jun/2025:21:06:21 +0000] "POST /wp-cron.php?doing_wp_cron=1750194380.9779610633850097656250 HTTP/1.1" 200 - "-" "WordPress/6.8.1; https://www.lapma.in"
51.255.51.138 - - [17/Jun/2025:21:06:19 +0000] "POST /xmlrpc.php HTTP/2.0" 200 206 "https://www.lapma.in" "Mozilla/5.0 (Windows NT 10.0; Win64; x64; rv:125.0.1) Gecko/20100101 Firefox/125.0.1"
69.171.231.3 - - [17/Jun/2025:21:14:23 +0000] "GET /wp-content/uploads/woo-product-feed-pro/xml/1htiAhxiwIQYZqJoCOOpNOW7kFTApH5E.xml HTTP/1.1" 200 1463 "-" "facebookexternalhit/1.1 (+http://www.facebook.com/externalhit_uatext.php)"
139.59.17.158 - - [17/Jun/2025:21:19:31 +0000] "POST /wp-cron.php?doing_wp_cron=1750195171.2720539569854736328125 HTTP/1.1" 200 - "-" "WordPress/6.8.1; https://www.lapma.in"
185.87.64.191 - - [17/Jun/2025:21:19:29 +0000] "POST /xmlrpc.php HTTP/2.0" 200 206 "https://www.lapma.in" "Mozilla/5.0 (Macintosh; Intel Mac OS X 10_15_7) AppleWebKit/537.36 (KHTML, like Gecko) Chrome/116.0.5845.96 Safari/537.36"
34.83.247.191 - - [17/Jun/2025:21:25:30 +0000] "GET / HTTP/1.1" 301 291 "-" "Mozilla/5.0 (compatible; CMS-Checker/1.0; +https://example.com)"
139.59.17.158 - - [17/Jun/2025:21:25:33 +0000] "POST /wp-cron.php?doing_wp_cron=1750195533.8762240409851074218750 HTTP/1.1" 200 - "-" "WordPress/6.8.1; https://www.lapma.in"
34.83.247.191 - - [17/Jun/2025:21:25:31 +0000] "GET / HTTP/2.0" 404 10006 "http://www.lapma.in" "Mozilla/5.0 (compatible; CMS-Checker/1.0; +https://example.com)"
139.59.17.158 - - [17/Jun/2025:21:32:56 +0000] "POST /wp-cron.php?doing_wp_cron=1750195976.1320168972015380859375 HTTP/1.1" 200 - "-" "WordPress/6.8.1; https://www.lapma.in"
158.170.66.40 - - [17/Jun/2025:21:32:54 +0000] "POST /xmlrpc.php HTTP/2.0" 200 206 "https://www.lapma.in" "Mozilla/5.0 (Windows NT 10.0; Win64; x64; rv:125.0.1) Gecko/20100101 Firefox/125.0.1"
139.59.17.158 - - [17/Jun/2025:21:46:21 +0000] "POST /wp-cron.php?doing_wp_cron=1750196781.3521819114685058593750 HTTP/1.1" 200 - "-" "WordPress/6.8.1; https://www.lapma.in"
20.204.164.126 - - [17/Jun/2025:21:46:19 +0000] "POST /xmlrpc.php HTTP/2.0" 200 206 "https://www.lapma.in" "Mozilla/5.0 (Windows NT 10.0; Win64; x64) AppleWebKit/537.36 (KHTML, like Gecko) Chrome/114.0.5735.134 Safari/537.36"
139.59.17.158 - - [17/Jun/2025:21:59:41 +0000] "POST /wp-cron.php?doing_wp_cron=1750197581.5545480251312255859375 HTTP/1.1" 200 - "-" "WordPress/6.8.1; https://www.lapma.in"
77.237.238.168 - - [17/Jun/2025:21:59:39 +0000] "POST /xmlrpc.php HTTP/2.0" 200 206 "https://www.lapma.in" "Mozilla/5.0 (Macintosh; Intel Mac OS X 13_3) AppleWebKit/537.36 (KHTML, like Gecko) Chrome/126.0.0.0 Safari/537.36 Edg/126.0.0.0"
34.83.247.191 - - [17/Jun/2025:22:11:40 +0000] "GET / HTTP/1.1" 301 283 "-" "Mozilla/5.0 (Windows NT 10.0; Win64; x64) AppleWebKit/537.36 (KHTML, like Gecko) Chrome/78.0.3904.108 Safari/537.36"
139.59.17.158 - - [17/Jun/2025:22:11:43 +0000] "POST /wp-cron.php?doing_wp_cron=1750198303.7015540599822998046875 HTTP/1.1" 200 - "-" "WordPress/6.8.1; https://www.lapma.in"
34.83.247.191 - - [17/Jun/2025:22:11:41 +0000] "GET / HTTP/1.1" 301 - "-" "Mozilla/5.0 (Windows NT 10.0; Win64; x64) AppleWebKit/537.36 (KHTML, like Gecko) Chrome/78.0.3904.108 Safari/537.36"
34.83.247.191 - - [17/Jun/2025:22:11:44 +0000] "GET //wp-includes/wlwmanifest.xml HTTP/1.1" 301 - "-" "Mozilla/5.0 (Windows NT 10.0; Win64; x64) AppleWebKit/537.36 (KHTML, like Gecko) Chrome/78.0.3904.108 Safari/537.36"
34.83.247.191 - - [17/Jun/2025:22:11:48 +0000] "GET //xmlrpc.php?rsd HTTP/1.1" 200 786 "-" "Mozilla/5.0 (Windows NT 10.0; Win64; x64) AppleWebKit/537.36 (KHTML, like Gecko) Chrome/78.0.3904.108 Safari/537.36"
34.83.247.191 - - [17/Jun/2025:22:11:50 +0000] "GET //?author=1 HTTP/1.1" 301 - "-" "Mozilla/5.0 (Windows NT 10.0; Win64; x64) AppleWebKit/537.36 (KHTML, like Gecko) Chrome/78.0.3904.108 Safari/537.36"
34.83.247.191 - - [17/Jun/2025:22:11:53 +0000] "GET //?author=2 HTTP/1.1" 301 - "-" "Mozilla/5.0 (Windows NT 10.0; Win64; x64) AppleWebKit/537.36 (KHTML, like Gecko) Chrome/78.0.3904.108 Safari/537.36"
34.83.247.191 - - [17/Jun/2025:22:11:56 +0000] "GET //wp-json/wp/v2/users/ HTTP/1.1" 404 1372 "-" "Mozilla/5.0 (Windows NT 10.0; Win64; x64) AppleWebKit/537.36 (KHTML, like Gecko) Chrome/78.0.3904.108 Safari/537.36"
34.83.247.191 - - [17/Jun/2025:22:12:00 +0000] "POST //xmlrpc.php HTTP/1.1" 200 401 "-" "Mozilla/5.0 (Windows NT 10.0; Win64; x64) AppleWebKit/537.36 (KHTML, like Gecko) Chrome/78.0.3904.108 Safari/537.36"
34.83.247.191 - - [17/Jun/2025:22:12:03 +0000] "POST //xmlrpc.php HTTP/1.1" 200 401 "-" "Mozilla/5.0 (Windows NT 10.0; Win64; x64) AppleWebKit/537.36 (KHTML, like Gecko) Chrome/78.0.3904.108 Safari/537.36"
139.59.17.158 - - [17/Jun/2025:22:12:08 +0000] "POST /wp-cron.php?doing_wp_cron=1750198328.4045810699462890625000 HTTP/1.1" 200 - "-" "WordPress/6.8.1; https://www.lapma.in"
34.83.247.191 - - [17/Jun/2025:22:12:06 +0000] "POST //xmlrpc.php HTTP/1.1" 200 401 "-" "Mozilla/5.0 (Windows NT 10.0; Win64; x64) AppleWebKit/537.36 (KHTML, like Gecko) Chrome/78.0.3904.108 Safari/537.36"
34.83.247.191 - - [17/Jun/2025:22:12:09 +0000] "POST //xmlrpc.php HTTP/1.1" 200 401 "-" "Mozilla/5.0 (Windows NT 10.0; Win64; x64) AppleWebKit/537.36 (KHTML, like Gecko) Chrome/78.0.3904.108 Safari/537.36"
34.83.247.191 - - [17/Jun/2025:22:12:12 +0000] "POST //xmlrpc.php HTTP/1.1" 200 401 "-" "Mozilla/5.0 (Windows NT 10.0; Win64; x64) AppleWebKit/537.36 (KHTML, like Gecko) Chrome/78.0.3904.108 Safari/537.36"
34.83.247.191 - - [17/Jun/2025:22:12:15 +0000] "POST //xmlrpc.php HTTP/1.1" 200 401 "-" "Mozilla/5.0 (Windows NT 10.0; Win64; x64) AppleWebKit/537.36 (KHTML, like Gecko) Chrome/78.0.3904.108 Safari/537.36"
34.83.247.191 - - [17/Jun/2025:22:12:18 +0000] "POST //xmlrpc.php HTTP/1.1" 200 401 "-" "Mozilla/5.0 (Windows NT 10.0; Win64; x64) AppleWebKit/537.36 (KHTML, like Gecko) Chrome/78.0.3904.108 Safari/537.36"
34.83.247.191 - - [17/Jun/2025:22:12:21 +0000] "POST //xmlrpc.php HTTP/1.1" 200 401 "-" "Mozilla/5.0 (Windows NT 10.0; Win64; x64) AppleWebKit/537.36 (KHTML, like Gecko) Chrome/78.0.3904.108 Safari/537.36"
34.83.247.191 - - [17/Jun/2025:22:12:24 +0000] "POST //xmlrpc.php HTTP/1.1" 200 401 "-" "Mozilla/5.0 (Windows NT 10.0; Win64; x64) AppleWebKit/537.36 (KHTML, like Gecko) Chrome/78.0.3904.108 Safari/537.36"
34.83.247.191 - - [17/Jun/2025:22:12:26 +0000] "POST //xmlrpc.php HTTP/1.1" 200 401 "-" "Mozilla/5.0 (Windows NT 10.0; Win64; x64) AppleWebKit/537.36 (KHTML, like Gecko) Chrome/78.0.3904.108 Safari/537.36"
34.83.247.191 - - [17/Jun/2025:22:12:29 +0000] "POST //xmlrpc.php HTTP/1.1" 200 401 "-" "Mozilla/5.0 (Windows NT 10.0; Win64; x64) AppleWebKit/537.36 (KHTML, like Gecko) Chrome/78.0.3904.108 Safari/537.36"
34.83.247.191 - - [17/Jun/2025:22:12:32 +0000] "POST //xmlrpc.php HTTP/1.1" 200 401 "-" "Mozilla/5.0 (Windows NT 10.0; Win64; x64) AppleWebKit/537.36 (KHTML, like Gecko) Chrome/78.0.3904.108 Safari/537.36"
34.83.247.191 - - [17/Jun/2025:22:12:35 +0000] "POST //xmlrpc.php HTTP/1.1" 200 401 "-" "Mozilla/5.0 (Windows NT 10.0; Win64; x64) AppleWebKit/537.36 (KHTML, like Gecko) Chrome/78.0.3904.108 Safari/537.36"
34.83.247.191 - - [17/Jun/2025:22:12:38 +0000] "POST //xmlrpc.php HTTP/1.1" 200 401 "-" "Mozilla/5.0 (Windows NT 10.0; Win64; x64) AppleWebKit/537.36 (KHTML, like Gecko) Chrome/78.0.3904.108 Safari/537.36"
34.83.247.191 - - [17/Jun/2025:22:12:40 +0000] "POST //xmlrpc.php HTTP/1.1" 200 401 "-" "Mozilla/5.0 (Windows NT 10.0; Win64; x64) AppleWebKit/537.36 (KHTML, like Gecko) Chrome/78.0.3904.108 Safari/537.36"
34.83.247.191 - - [17/Jun/2025:22:12:43 +0000] "POST //xmlrpc.php HTTP/1.1" 200 401 "-" "Mozilla/5.0 (Windows NT 10.0; Win64; x64) AppleWebKit/537.36 (KHTML, like Gecko) Chrome/78.0.3904.108 Safari/537.36"
34.83.247.191 - - [17/Jun/2025:22:12:46 +0000] "POST //xmlrpc.php HTTP/1.1" 200 401 "-" "Mozilla/5.0 (Windows NT 10.0; Win64; x64) AppleWebKit/537.36 (KHTML, like Gecko) Chrome/78.0.3904.108 Safari/537.36"
34.83.247.191 - - [17/Jun/2025:22:12:49 +0000] "POST //xmlrpc.php HTTP/1.1" 200 401 "-" "Mozilla/5.0 (Windows NT 10.0; Win64; x64) AppleWebKit/537.36 (KHTML, like Gecko) Chrome/78.0.3904.108 Safari/537.36"
34.83.247.191 - - [17/Jun/2025:22:12:52 +0000] "POST //xmlrpc.php HTTP/1.1" 200 401 "-" "Mozilla/5.0 (Windows NT 10.0; Win64; x64) AppleWebKit/537.36 (KHTML, like Gecko) Chrome/78.0.3904.108 Safari/537.36"
34.83.247.191 - - [17/Jun/2025:22:12:55 +0000] "POST //xmlrpc.php HTTP/1.1" 200 401 "-" "Mozilla/5.0 (Windows NT 10.0; Win64; x64) AppleWebKit/537.36 (KHTML, like Gecko) Chrome/78.0.3904.108 Safari/537.36"
34.83.247.191 - - [17/Jun/2025:22:12:58 +0000] "POST //xmlrpc.php HTTP/1.1" 200 401 "-" "Mozilla/5.0 (Windows NT 10.0; Win64; x64) AppleWebKit/537.36 (KHTML, like Gecko) Chrome/78.0.3904.108 Safari/537.36"
34.83.247.191 - - [17/Jun/2025:22:13:00 +0000] "POST //xmlrpc.php HTTP/1.1" 200 401 "-" "Mozilla/5.0 (Windows NT 10.0; Win64; x64) AppleWebKit/537.36 (KHTML, like Gecko) Chrome/78.0.3904.108 Safari/537.36"
34.83.247.191 - - [17/Jun/2025:22:13:04 +0000] "POST //xmlrpc.php HTTP/1.1" 200 401 "-" "Mozilla/5.0 (Windows NT 10.0; Win64; x64) AppleWebKit/537.36 (KHTML, like Gecko) Chrome/78.0.3904.108 Safari/537.36"
139.59.17.158 - - [17/Jun/2025:22:13:08 +0000] "POST /wp-cron.php?doing_wp_cron=1750198388.3596169948577880859375 HTTP/1.1" 200 - "-" "WordPress/6.8.1; https://www.lapma.in"
34.83.247.191 - - [17/Jun/2025:22:13:06 +0000] "POST //xmlrpc.php HTTP/1.1" 200 401 "-" "Mozilla/5.0 (Windows NT 10.0; Win64; x64) AppleWebKit/537.36 (KHTML, like Gecko) Chrome/78.0.3904.108 Safari/537.36"
34.83.247.191 - - [17/Jun/2025:22:13:09 +0000] "POST //xmlrpc.php HTTP/1.1" 200 401 "-" "Mozilla/5.0 (Windows NT 10.0; Win64; x64) AppleWebKit/537.36 (KHTML, like Gecko) Chrome/78.0.3904.108 Safari/537.36"
34.83.247.191 - - [17/Jun/2025:22:13:12 +0000] "POST //xmlrpc.php HTTP/1.1" 200 401 "-" "Mozilla/5.0 (Windows NT 10.0; Win64; x64) AppleWebKit/537.36 (KHTML, like Gecko) Chrome/78.0.3904.108 Safari/537.36"
34.83.247.191 - - [17/Jun/2025:22:13:15 +0000] "POST //xmlrpc.php HTTP/1.1" 200 401 "-" "Mozilla/5.0 (Windows NT 10.0; Win64; x64) AppleWebKit/537.36 (KHTML, like Gecko) Chrome/78.0.3904.108 Safari/537.36"
34.83.247.191 - - [17/Jun/2025:22:13:17 +0000] "POST //xmlrpc.php HTTP/1.1" 200 401 "-" "Mozilla/5.0 (Windows NT 10.0; Win64; x64) AppleWebKit/537.36 (KHTML, like Gecko) Chrome/78.0.3904.108 Safari/537.36"
34.83.247.191 - - [17/Jun/2025:22:13:20 +0000] "POST //xmlrpc.php HTTP/1.1" 200 401 "-" "Mozilla/5.0 (Windows NT 10.0; Win64; x64) AppleWebKit/537.36 (KHTML, like Gecko) Chrome/78.0.3904.108 Safari/537.36"
34.83.247.191 - - [17/Jun/2025:22:13:23 +0000] "POST //xmlrpc.php HTTP/1.1" 200 401 "-" "Mozilla/5.0 (Windows NT 10.0; Win64; x64) AppleWebKit/537.36 (KHTML, like Gecko) Chrome/78.0.3904.108 Safari/537.36"
79.124.76.167 - - [17/Jun/2025:22:13:24 +0000] "POST /xmlrpc.php HTTP/2.0" 200 206 "https://www.lapma.in" "Mozilla/5.0 (Windows NT 10.0; Win64; x64; rv:128.0) Gecko/20100101 Firefox/128.0"
34.83.247.191 - - [17/Jun/2025:22:13:27 +0000] "POST //xmlrpc.php HTTP/1.1" 200 401 "-" "Mozilla/5.0 (Windows NT 10.0; Win64; x64) AppleWebKit/537.36 (KHTML, like Gecko) Chrome/78.0.3904.108 Safari/537.36"
34.83.247.191 - - [17/Jun/2025:22:13:30 +0000] "POST //xmlrpc.php HTTP/1.1" 200 401 "-" "Mozilla/5.0 (Windows NT 10.0; Win64; x64) AppleWebKit/537.36 (KHTML, like Gecko) Chrome/78.0.3904.108 Safari/537.36"
34.83.247.191 - - [17/Jun/2025:22:13:33 +0000] "POST //xmlrpc.php HTTP/1.1" 200 401 "-" "Mozilla/5.0 (Windows NT 10.0; Win64; x64) AppleWebKit/537.36 (KHTML, like Gecko) Chrome/78.0.3904.108 Safari/537.36"
34.83.247.191 - - [17/Jun/2025:22:13:36 +0000] "POST //xmlrpc.php HTTP/1.1" 200 401 "-" "Mozilla/5.0 (Windows NT 10.0; Win64; x64) AppleWebKit/537.36 (KHTML, like Gecko) Chrome/78.0.3904.108 Safari/537.36"
34.83.247.191 - - [17/Jun/2025:22:13:39 +0000] "POST //xmlrpc.php HTTP/1.1" 200 401 "-" "Mozilla/5.0 (Windows NT 10.0; Win64; x64) AppleWebKit/537.36 (KHTML, like Gecko) Chrome/78.0.3904.108 Safari/537.36"
34.83.247.191 - - [17/Jun/2025:22:13:41 +0000] "POST //xmlrpc.php HTTP/1.1" 200 401 "-" "Mozilla/5.0 (Windows NT 10.0; Win64; x64) AppleWebKit/537.36 (KHTML, like Gecko) Chrome/78.0.3904.108 Safari/537.36"
34.83.247.191 - - [17/Jun/2025:22:13:44 +0000] "POST //xmlrpc.php HTTP/1.1" 200 401 "-" "Mozilla/5.0 (Windows NT 10.0; Win64; x64) AppleWebKit/537.36 (KHTML, like Gecko) Chrome/78.0.3904.108 Safari/537.36"
34.83.247.191 - - [17/Jun/2025:22:13:47 +0000] "POST //xmlrpc.php HTTP/1.1" 200 401 "-" "Mozilla/5.0 (Windows NT 10.0; Win64; x64) AppleWebKit/537.36 (KHTML, like Gecko) Chrome/78.0.3904.108 Safari/537.36"
34.83.247.191 - - [17/Jun/2025:22:13:50 +0000] "POST //xmlrpc.php HTTP/1.1" 200 401 "-" "Mozilla/5.0 (Windows NT 10.0; Win64; x64) AppleWebKit/537.36 (KHTML, like Gecko) Chrome/78.0.3904.108 Safari/537.36"
34.83.247.191 - - [17/Jun/2025:22:13:52 +0000] "POST //xmlrpc.php HTTP/1.1" 200 401 "-" "Mozilla/5.0 (Windows NT 10.0; Win64; x64) AppleWebKit/537.36 (KHTML, like Gecko) Chrome/78.0.3904.108 Safari/537.36"
34.83.247.191 - - [17/Jun/2025:22:13:55 +0000] "POST //xmlrpc.php HTTP/1.1" 200 401 "-" "Mozilla/5.0 (Windows NT 10.0; Win64; x64) AppleWebKit/537.36 (KHTML, like Gecko) Chrome/78.0.3904.108 Safari/537.36"
34.83.247.191 - - [17/Jun/2025:22:13:58 +0000] "POST //xmlrpc.php HTTP/1.1" 200 401 "-" "Mozilla/5.0 (Windows NT 10.0; Win64; x64) AppleWebKit/537.36 (KHTML, like Gecko) Chrome/78.0.3904.108 Safari/537.36"
34.83.247.191 - - [17/Jun/2025:22:14:01 +0000] "POST //xmlrpc.php HTTP/1.1" 200 401 "-" "Mozilla/5.0 (Windows NT 10.0; Win64; x64) AppleWebKit/537.36 (KHTML, like Gecko) Chrome/78.0.3904.108 Safari/537.36"
34.83.247.191 - - [17/Jun/2025:22:14:04 +0000] "POST //xmlrpc.php HTTP/1.1" 200 401 "-" "Mozilla/5.0 (Windows NT 10.0; Win64; x64) AppleWebKit/537.36 (KHTML, like Gecko) Chrome/78.0.3904.108 Safari/537.36"
139.59.17.158 - - [17/Jun/2025:22:14:08 +0000] "POST /wp-cron.php?doing_wp_cron=1750198448.3854870796203613281250 HTTP/1.1" 200 - "-" "WordPress/6.8.1; https://www.lapma.in"
34.83.247.191 - - [17/Jun/2025:22:14:06 +0000] "POST //xmlrpc.php HTTP/1.1" 200 401 "-" "Mozilla/5.0 (Windows NT 10.0; Win64; x64) AppleWebKit/537.36 (KHTML, like Gecko) Chrome/78.0.3904.108 Safari/537.36"
34.83.247.191 - - [17/Jun/2025:22:14:09 +0000] "POST //xmlrpc.php HTTP/1.1" 200 401 "-" "Mozilla/5.0 (Windows NT 10.0; Win64; x64) AppleWebKit/537.36 (KHTML, like Gecko) Chrome/78.0.3904.108 Safari/537.36"
34.83.247.191 - - [17/Jun/2025:22:14:12 +0000] "POST //xmlrpc.php HTTP/1.1" 200 401 "-" "Mozilla/5.0 (Windows NT 10.0; Win64; x64) AppleWebKit/537.36 (KHTML, like Gecko) Chrome/78.0.3904.108 Safari/537.36"
34.83.247.191 - - [17/Jun/2025:22:14:15 +0000] "POST //xmlrpc.php HTTP/1.1" 200 401 "-" "Mozilla/5.0 (Windows NT 10.0; Win64; x64) AppleWebKit/537.36 (KHTML, like Gecko) Chrome/78.0.3904.108 Safari/537.36"
34.83.247.191 - - [17/Jun/2025:22:14:18 +0000] "POST //xmlrpc.php HTTP/1.1" 200 401 "-" "Mozilla/5.0 (Windows NT 10.0; Win64; x64) AppleWebKit/537.36 (KHTML, like Gecko) Chrome/78.0.3904.108 Safari/537.36"
34.83.247.191 - - [17/Jun/2025:22:14:20 +0000] "POST //xmlrpc.php HTTP/1.1" 200 401 "-" "Mozilla/5.0 (Windows NT 10.0; Win64; x64) AppleWebKit/537.36 (KHTML, like Gecko) Chrome/78.0.3904.108 Safari/537.36"
34.83.247.191 - - [17/Jun/2025:22:14:23 +0000] "POST //xmlrpc.php HTTP/1.1" 200 401 "-" "Mozilla/5.0 (Windows NT 10.0; Win64; x64) AppleWebKit/537.36 (KHTML, like Gecko) Chrome/78.0.3904.108 Safari/537.36"
34.83.247.191 - - [17/Jun/2025:22:14:26 +0000] "POST //xmlrpc.php HTTP/1.1" 200 401 "-" "Mozilla/5.0 (Windows NT 10.0; Win64; x64) AppleWebKit/537.36 (KHTML, like Gecko) Chrome/78.0.3904.108 Safari/537.36"
173.252.87.2 - - [17/Jun/2025:22:14:30 +0000] "GET /wp-content/uploads/woo-product-feed-pro/xml/1htiAhxiwIQYZqJoCOOpNOW7kFTApH5E.xml HTTP/1.1" 200 1463 "-" "facebookexternalhit/1.1 (+http://www.facebook.com/externalhit_uatext.php)"
34.83.247.191 - - [17/Jun/2025:22:14:29 +0000] "POST //xmlrpc.php HTTP/1.1" 200 401 "-" "Mozilla/5.0 (Windows NT 10.0; Win64; x64) AppleWebKit/537.36 (KHTML, like Gecko) Chrome/78.0.3904.108 Safari/537.36"
34.83.247.191 - - [17/Jun/2025:22:14:32 +0000] "POST //xmlrpc.php HTTP/1.1" 200 401 "-" "Mozilla/5.0 (Windows NT 10.0; Win64; x64) AppleWebKit/537.36 (KHTML, like Gecko) Chrome/78.0.3904.108 Safari/537.36"
34.83.247.191 - - [17/Jun/2025:22:14:34 +0000] "POST //xmlrpc.php HTTP/1.1" 200 401 "-" "Mozilla/5.0 (Windows NT 10.0; Win64; x64) AppleWebKit/537.36 (KHTML, like Gecko) Chrome/78.0.3904.108 Safari/537.36"
34.83.247.191 - - [17/Jun/2025:22:14:37 +0000] "POST //xmlrpc.php HTTP/1.1" 200 401 "-" "Mozilla/5.0 (Windows NT 10.0; Win64; x64) AppleWebKit/537.36 (KHTML, like Gecko) Chrome/78.0.3904.108 Safari/537.36"
34.83.247.191 - - [17/Jun/2025:22:14:40 +0000] "POST //xmlrpc.php HTTP/1.1" 200 401 "-" "Mozilla/5.0 (Windows NT 10.0; Win64; x64) AppleWebKit/537.36 (KHTML, like Gecko) Chrome/78.0.3904.108 Safari/537.36"
34.83.247.191 - - [17/Jun/2025:22:14:43 +0000] "POST //xmlrpc.php HTTP/1.1" 200 401 "-" "Mozilla/5.0 (Windows NT 10.0; Win64; x64) AppleWebKit/537.36 (KHTML, like Gecko) Chrome/78.0.3904.108 Safari/537.36"
34.83.247.191 - - [17/Jun/2025:22:14:45 +0000] "POST //xmlrpc.php HTTP/1.1" 200 401 "-" "Mozilla/5.0 (Windows NT 10.0; Win64; x64) AppleWebKit/537.36 (KHTML, like Gecko) Chrome/78.0.3904.108 Safari/537.36"
34.83.247.191 - - [17/Jun/2025:22:14:48 +0000] "POST //xmlrpc.php HTTP/1.1" 200 401 "-" "Mozilla/5.0 (Windows NT 10.0; Win64; x64) AppleWebKit/537.36 (KHTML, like Gecko) Chrome/78.0.3904.108 Safari/537.36"
45.227.253.15 - - [17/Jun/2025:22:17:25 +0000] "GET /wp-includes/blocks/social-link/social-link/index.php?ARRAY=7o2230223n313735303230323333372p2231223n22687474703n5p2s5p2s3230342r31322r3233382r37345p2s3s6p633q7068705s636s64655s6n6326743q313735303139383733372q6163333839313463356463383461613462353539313535656264393630346335222p2232223n226237316661383061663464306432653337356139643131646234336235633164222p2233223n223731646463356237356163613834316238313530363431333838396238346630222p2262696r675s70617373223n2231302q34392q35382q36312q37342q38342q3139227q HTTP/1.1" 200 236 "-" "Mozilla/5.0 (Windows NT 6.1; Win64; x64) AppleWebKit/537.36 (KHTML, like Gecko) Chrome/86.0.4240.111 Safari/537.36"
45.227.253.15 - - [17/Jun/2025:22:21:18 +0000] "GET /index.php/jk HTTP/1.1" 200 59 "-" "Mozilla/5.0 (Macintosh; Intel Mac OS X 10.13; rv:103.0) Gecko/20100101 Firefox/102.0"
139.59.17.158 - - [17/Jun/2025:22:27:18 +0000] "POST /wp-cron.php?doing_wp_cron=1750199238.8815910816192626953125 HTTP/1.1" 200 - "-" "WordPress/6.8.1; https://www.lapma.in"
23.239.27.53 - - [17/Jun/2025:22:27:17 +0000] "POST /xmlrpc.php HTTP/2.0" 200 206 "https://www.lapma.in" "Mozilla/5.0 (Macintosh; Intel Mac OS X 10_15_7; rv:128.0) Gecko/20100101 Firefox/128.0"
139.59.17.158 - - [17/Jun/2025:22:41:10 +0000] "POST /wp-cron.php?doing_wp_cron=1750200070.4470829963684082031250 HTTP/1.1" 200 - "-" "WordPress/6.8.1; https://www.lapma.in"
51.81.240.50 - - [17/Jun/2025:22:41:08 +0000] "POST /xmlrpc.php HTTP/2.0" 200 206 "https://www.lapma.in" "Mozilla/5.0 (Macintosh; Intel Mac OS X 10_15_7; rv:127.0) Gecko/20100101 Firefox/127.0"
139.59.17.158 - - [17/Jun/2025:22:55:05 +0000] "POST /wp-cron.php?doing_wp_cron=1750200905.7162430286407470703125 HTTP/1.1" 200 - "-" "WordPress/6.8.1; https://www.lapma.in"
23.239.27.53 - - [17/Jun/2025:22:55:03 +0000] "POST /xmlrpc.php HTTP/2.0" 200 206 "https://www.lapma.in" "Mozilla/5.0 (Windows NT 10.0; Win64; x64) AppleWebKit/537.36 (KHTML, like Gecko) Chrome/116.0.5845.96 Safari/537.36 Edg/116.0.1938.62"
139.59.17.158 - - [17/Jun/2025:22:59:29 +0000] "POST /wp-cron.php?doing_wp_cron=1750201169.3822619915008544921875 HTTP/1.1" 200 - "-" "WordPress/6.8.1; https://www.lapma.in"
198.199.80.246 - - [17/Jun/2025:22:59:27 +0000] "POST /xmlrpc.php HTTP/1.1" 200 225 "-" "Mozilla/5.0 (X11; Ubuntu; Linux x86_64; rv:85.0) Gecko/20100101 Firefox/91.0"
139.59.17.158 - - [17/Jun/2025:23:09:05 +0000] "POST /wp-cron.php?doing_wp_cron=1750201745.8390851020812988281250 HTTP/1.1" 200 - "-" "WordPress/6.8.1; https://www.lapma.in"
186.226.61.68 - - [17/Jun/2025:23:09:03 +0000] "POST /xmlrpc.php HTTP/2.0" 200 206 "https://www.lapma.in" "Mozilla/5.0 (Windows NT 10.0; Win64; x64) AppleWebKit/537.36 (KHTML, like Gecko) Chrome/116.0.5845.96 Safari/537.36"
139.59.17.158 - - [17/Jun/2025:23:13:36 +0000] "POST /wp-cron.php?doing_wp_cron=1750202016.5217859745025634765625 HTTP/1.1" 200 - "-" "WordPress/6.8.1; https://www.lapma.in"
104.210.140.141 - - [17/Jun/2025:23:13:34 +0000] "GET /robots.txt HTTP/2.0" 301 - "-" "Mozilla/5.0 (Macintosh; Intel Mac OS X 10_15_7) AppleWebKit/537.36 (KHTML, like Gecko) Chrome/131.0.0.0 Safari/537.36; compatible; OAI-SearchBot/1.0; +https://openai.com/searchbot"
104.210.140.133 - - [17/Jun/2025:23:13:38 +0000] "GET /robots.txt HTTP/2.0" 404 69 "-" "Mozilla/5.0 (Macintosh; Intel Mac OS X 10_15_7) AppleWebKit/537.36 (KHTML, like Gecko) Chrome/131.0.0.0 Safari/537.36; compatible; OAI-SearchBot/1.0; +https://openai.com/searchbot"
104.210.140.139 - - [17/Jun/2025:23:13:41 +0000] "GET /robots.txt HTTP/1.1" 301 301 "-" "Mozilla/5.0 (Macintosh; Intel Mac OS X 10_15_7) AppleWebKit/537.36 (KHTML, like Gecko) Chrome/131.0.0.0 Safari/537.36; compatible; OAI-SearchBot/1.0; +https://openai.com/searchbot"
104.210.140.133 - - [17/Jun/2025:23:13:41 +0000] "GET /robots.txt HTTP/2.0" 404 69 "-" "Mozilla/5.0 (Macintosh; Intel Mac OS X 10_15_7) AppleWebKit/537.36 (KHTML, like Gecko) Chrome/131.0.0.0 Safari/537.36; compatible; OAI-SearchBot/1.0; +https://openai.com/searchbot"
69.171.231.116 - - [17/Jun/2025:23:14:35 +0000] "GET /wp-content/uploads/woo-product-feed-pro/xml/1htiAhxiwIQYZqJoCOOpNOW7kFTApH5E.xml HTTP/1.1" 200 1463 "-" "facebookexternalhit/1.1 (+http://www.facebook.com/externalhit_uatext.php)"
139.59.17.158 - - [17/Jun/2025:23:37:14 +0000] "POST /wp-cron.php?doing_wp_cron=1750203434.1546089649200439453125 HTTP/1.1" 200 - "-" "WordPress/6.8.1; https://www.lapma.in"
159.65.146.220 - - [17/Jun/2025:23:37:12 +0000] "POST /xmlrpc.php HTTP/2.0" 200 206 "https://www.lapma.in" "Mozilla/5.0 (Windows NT 10.0; Win64; x64) AppleWebKit/537.36 (KHTML, like Gecko) Chrome/112.0.5615.138 Safari/537.36"
139.59.17.158 - - [17/Jun/2025:23:51:36 +0000] "POST /wp-cron.php?doing_wp_cron=1750204296.8956160545349121093750 HTTP/1.1" 200 - "-" "WordPress/6.8.1; https://www.lapma.in"
54.82.219.226 - - [17/Jun/2025:23:51:35 +0000] "POST /xmlrpc.php HTTP/2.0" 200 206 "https://www.lapma.in" "Mozilla/5.0 (Macintosh; Intel Mac OS X 10.15; rv:126.0) Gecko/20100101 Firefox/126.0"
139.59.17.158 - - [17/Jun/2025:23:54:44 +0000] "POST /wp-cron.php?doing_wp_cron=1750204484.6203100681304931640625 HTTP/1.1" 200 - "-" "WordPress/6.8.1; https://www.lapma.in"
14.225.205.165 - - [17/Jun/2025:23:54:43 +0000] "POST /xmlrpc.php HTTP/1.1" 200 225 "-" "Mozilla/5.0 (X11; Ubuntu; Linux x86_64; rv:85.0) Gecko/20100101 Firefox/91.0"
139.59.17.158 - - [18/Jun/2025:00:00:40 +0000] "POST /wp-cron.php?doing_wp_cron=1750204840.2339389324188232421875 HTTP/1.1" 200 - "-" "WordPress/6.8.1; https://www.lapma.in"
198.98.58.113 - - [18/Jun/2025:00:00:37 +0000] "POST /wp-json/sure-triggers/v1/automation/action HTTP/1.1" 404 117 "-" "Mozilla/5.0 (Macintosh; Intel Mac OS X 10_15_7) AppleWebKit/537.36 (KHTML, like Gecko) Chrome/113.0.0.0 Safari/537.36"
139.59.17.158 - - [18/Jun/2025:00:06:14 +0000] "POST /wp-cron.php?doing_wp_cron=1750205174.4693470001220703125000 HTTP/1.1" 200 - "-" "WordPress/6.8.1; https://www.lapma.in"
192.99.16.182 - - [18/Jun/2025:00:06:12 +0000] "POST /xmlrpc.php HTTP/2.0" 200 206 "https://www.lapma.in" "Mozilla/5.0 (Windows NT 10.0; Win64; x64; rv:126.0) Gecko/20100101 Firefox/126.0"
198.98.58.113 - - [18/Jun/2025:00:06:26 +0000] "GET / HTTP/1.1" 301 - "http://www.google.com.hk" "Mozilla/5.0 (Windows NT 6.1; WOW64) AppleWebKit/537.36 (KHTML, like Gecko) Chrome/42.0.2311.90 Safari/537.36"
139.59.17.158 - - [18/Jun/2025:00:07:30 +0000] "POST /wp-cron.php?doing_wp_cron=1750205250.1738231182098388671875 HTTP/1.1" 200 - "-" "WordPress/6.8.1; https://www.lapma.in"
198.98.58.46 - - [18/Jun/2025:00:07:28 +0000] "GET /wp-login.php HTTP/1.1" 200 6067 "-" "Mozilla/5.0 (Windows NT 6.3; WOW64; rv:30.0) Gecko/20100101 Firefox/30.0"
139.59.17.158 - - [18/Jun/2025:00:08:38 +0000] "POST /wp-cron.php?doing_wp_cron=1750205318.5264360904693603515625 HTTP/1.1" 200 - "-" "WordPress/6.8.1; https://www.lapma.in"
198.98.58.46 - - [18/Jun/2025:00:08:36 +0000] "POST /wp-login.php HTTP/1.1" 200 6530 "-" "Mozilla/5.0 (Windows NT 6.3; WOW64; rv:30.0) Gecko/20100101 Firefox/30.0"
139.59.17.158 - - [18/Jun/2025:00:14:38 +0000] "POST /wp-cron.php?doing_wp_cron=1750205678.5851719379425048828125 HTTP/1.1" 200 - "-" "WordPress/6.8.1; https://www.lapma.in"
198.98.58.113 - - [18/Jun/2025:00:14:35 +0000] "GET / HTTP/1.1" 404 10005 "http://www.google.com.hk" "Mozilla/5.0 (Windows NT 6.1; WOW64) AppleWebKit/537.36 (KHTML, like Gecko) Chrome/42.0.2311.90 Safari/537.36"
173.252.83.3 - - [18/Jun/2025:00:15:03 +0000] "GET /wp-content/uploads/woo-product-feed-pro/xml/1htiAhxiwIQYZqJoCOOpNOW7kFTApH5E.xml HTTP/1.1" 200 1463 "-" "facebookexternalhit/1.1 (+http://www.facebook.com/externalhit_uatext.php)"
139.59.17.158 - - [18/Jun/2025:00:20:27 +0000] "POST /wp-cron.php?doing_wp_cron=1750206027.7958641052246093750000 HTTP/1.1" 200 - "-" "WordPress/6.8.1; https://www.lapma.in"
198.98.58.113 - - [18/Jun/2025:00:20:25 +0000] "GET /wp-login.php?wp_lang=e HTTP/1.1" 200 6063 "-" "Mozilla/5.0 (Windows NT 6.1; WOW64) AppleWebKit/537.36 (KHTML, like Gecko) Chrome/36.0.1985.125 Safari/537.36"
198.98.58.113 - - [18/Jun/2025:00:20:30 +0000] "POST /wp-login.php?wp_lang=e HTTP/1.1" 200 6526 "-" "Mozilla/5.0 (Windows NT 6.1; WOW64) AppleWebKit/537.36 (KHTML, like Gecko) Chrome/36.0.1985.125 Safari/537.36"
198.98.58.113 - - [18/Jun/2025:00:20:40 +0000] "GET /?author=1 HTTP/1.1" 301 - "http://www.google.com.hk" "Mozilla/5.0 (Windows NT 6.1; WOW64) AppleWebKit/537.36 (KHTML, like Gecko) Chrome/42.0.2311.90 Safari/537.36"
198.98.58.113 - - [18/Jun/2025:00:20:45 +0000] "GET /author/admin/ HTTP/1.1" 404 7940 "http://www.google.com.hk" "Mozilla/5.0 (Windows NT 6.1; WOW64) AppleWebKit/537.36 (KHTML, like Gecko) Chrome/42.0.2311.90 Safari/537.36"
198.98.58.113 - - [18/Jun/2025:00:20:49 +0000] "GET /wp-login.php?wp_lang=e HTTP/1.1" 200 6063 "-" "Mozilla/5.0 (Macintosh; Intel Mac OS X 10_9_4) AppleWebKit/537.36 (KHTML, like Gecko) Chrome/36.0.1985.125 Safari/537.36"
198.98.58.113 - - [18/Jun/2025:00:20:52 +0000] "POST /wp-login.php?wp_lang=e HTTP/1.1" 200 6377 "-" "Mozilla/5.0 (Macintosh; Intel Mac OS X 10_9_4) AppleWebKit/537.36 (KHTML, like Gecko) Chrome/36.0.1985.125 Safari/537.36"
139.59.17.158 - - [18/Jun/2025:00:34:56 +0000] "POST /wp-cron.php?doing_wp_cron=1750206896.5165541172027587890625 HTTP/1.1" 200 - "-" "WordPress/6.8.1; https://www.lapma.in"
116.202.132.101 - - [18/Jun/2025:00:34:54 +0000] "POST /xmlrpc.php HTTP/2.0" 200 206 "https://www.lapma.in" "Mozilla/5.0 (Windows NT 10.0; Win64; x64) AppleWebKit/537.36 (KHTML, like Gecko) Chrome/115.0.5790.171 Safari/537.36 Edg/115.0.1901.203"
139.59.17.158 - - [18/Jun/2025:00:49:12 +0000] "POST /wp-cron.php?doing_wp_cron=1750207752.5323810577392578125000 HTTP/1.1" 200 - "-" "WordPress/6.8.1; https://www.lapma.in"
165.22.223.164 - - [18/Jun/2025:00:49:10 +0000] "POST /xmlrpc.php HTTP/2.0" 200 206 "https://www.lapma.in" "Mozilla/5.0 (Macintosh; Intel Mac OS X 10_15_7) AppleWebKit/537.36 (KHTML, like Gecko) Chrome/116.0.5845.96 Safari/537.36"
139.59.17.158 - - [18/Jun/2025:00:55:17 +0000] "POST /wp-cron.php?doing_wp_cron=1750208117.3828539848327636718750 HTTP/1.1" 200 - "-" "WordPress/6.8.1; https://www.lapma.in"
150.95.110.113 - - [18/Jun/2025:00:55:15 +0000] "POST /xmlrpc.php HTTP/1.1" 200 225 "-" "Mozilla/5.0 (X11; Ubuntu; Linux x86_64; rv:85.0) Gecko/20100101 Firefox/91.0"
139.59.17.158 - - [18/Jun/2025:00:58:15 +0000] "POST /wp-cron.php?doing_wp_cron=1750208295.1025319099426269531250 HTTP/1.1" 200 - "-" "WordPress/6.8.1; https://www.lapma.in"
47.82.61.239 - - [18/Jun/2025:00:58:13 +0000] "GET /product/desi-cow-milk/ HTTP/1.1" 404 13168 "https://www.lapma.in/product/desi-cow-milk/" "Mozilla/5.0 (Windows NT 10.0; Win64; x64) AppleWebKit/537.36 (KHTML, like Gecko) Chrome/114.0.0.0 Safari/537.36 Edg/114.0.1823.43"
47.82.61.239 - - [18/Jun/2025:00:58:15 +0000] "GET /product/desi-cow-milk/ HTTP/1.1" 404 13168 "https://www.lapma.in/product/desi-cow-milk/" "Mozilla/5.0 (Windows NT 10.0; Win64; x64) AppleWebKit/537.36 (KHTML, like Gecko) Chrome/114.0.0.0 Safari/537.36 Edg/114.0.1823.43"
47.82.61.239 - - [18/Jun/2025:00:58:18 +0000] "GET /product/desi-cow-milk/ HTTP/1.1" 404 13155 "https://www.lapma.in/product/desi-cow-milk/" "Mozilla/5.0 (Windows NT 10.0; Win64; x64) AppleWebKit/537.36 (KHTML, like Gecko) Chrome/114.0.0.0 Safari/537.36 Edg/114.0.1823.43"
139.59.17.158 - - [18/Jun/2025:01:03:23 +0000] "POST /wp-cron.php?doing_wp_cron=1750208603.4507579803466796875000 HTTP/1.1" 200 - "-" "WordPress/6.8.1; https://www.lapma.in"
167.86.124.24 - - [18/Jun/2025:01:03:21 +0000] "POST /xmlrpc.php HTTP/2.0" 200 206 "https://www.lapma.in" "Mozilla/5.0 (Macintosh; Intel Mac OS X 13_3) AppleWebKit/537.36 (KHTML, like Gecko) Chrome/126.0.0.0 Safari/537.36 Edg/126.0.0.0"
66.220.149.12 - - [18/Jun/2025:01:15:59 +0000] "GET /wp-content/uploads/woo-product-feed-pro/xml/1htiAhxiwIQYZqJoCOOpNOW7kFTApH5E.xml HTTP/1.1" 200 1463 "-" "facebookexternalhit/1.1 (+http://www.facebook.com/externalhit_uatext.php)"
139.59.17.158 - - [18/Jun/2025:01:17:43 +0000] "POST /wp-cron.php?doing_wp_cron=1750209463.0378420352935791015625 HTTP/1.1" 200 - "-" "WordPress/6.8.1; https://www.lapma.in"
103.163.214.6 - - [18/Jun/2025:01:17:41 +0000] "POST /xmlrpc.php HTTP/2.0" 200 206 "https://www.lapma.in" "Mozilla/5.0 (Macintosh; Intel Mac OS X 10_15_7) AppleWebKit/537.36 (KHTML, like Gecko) Chrome/112.0.5615.138 Safari/537.36"
45.227.253.15 - - [18/Jun/2025:01:25:47 +0000] "GET /index.php/jk HTTP/1.1" 200 59 "-" "Mozilla/5.0 (Windows NT 10.0; Win64; x64) AppleWebKit/537.36 (KHTML, like Gecko) Chrome/81.0.3282.140 Safari/537.36 Edge/18.17763"
139.59.17.158 - - [18/Jun/2025:01:32:13 +0000] "POST /wp-cron.php?doing_wp_cron=1750210333.7399539947509765625000 HTTP/1.1" 200 - "-" "WordPress/6.8.1; https://www.lapma.in"
92.222.107.113 - - [18/Jun/2025:01:32:11 +0000] "POST /xmlrpc.php HTTP/2.0" 200 206 "https://www.lapma.in" "Mozilla/5.0 (Macintosh; Intel Mac OS X 13.3; rv:126.0) Gecko/20100101 Firefox/126.0"
139.59.17.158 - - [18/Jun/2025:01:46:51 +0000] "POST /wp-cron.php?doing_wp_cron=1750211211.3306670188903808593750 HTTP/1.1" 200 - "-" "WordPress/6.8.1; https://www.lapma.in"
102.130.116.37 - - [18/Jun/2025:01:46:49 +0000] "POST /xmlrpc.php HTTP/2.0" 200 206 "https://www.lapma.in" "Mozilla/5.0 (Windows NT 10.0; Win64; x64; rv:125.0.1) Gecko/20100101 Firefox/125.0.1"
139.59.17.158 - - [18/Jun/2025:02:01:12 +0000] "POST /wp-cron.php?doing_wp_cron=1750212072.2642500400543212890625 HTTP/1.1" 200 - "-" "WordPress/6.8.1; https://www.lapma.in"
103.26.237.102 - - [18/Jun/2025:02:01:10 +0000] "POST /xmlrpc.php HTTP/1.1" 200 225 "-" "Mozilla/5.0 (X11; U; Linux i686; en-US; rv:96.0) Gecko/20071914 Firefox/96.0"
115.245.68.136 - - [18/Jun/2025:02:01:31 +0000] "POST /xmlrpc.php HTTP/2.0" 200 206 "https://www.lapma.in" "Mozilla/5.0 (Windows NT 10.0; Win64; x64; rv:126.0) Gecko/20100101 Firefox/126.0"
173.252.83.20 - - [18/Jun/2025:02:14:14 +0000] "GET /wp-content/uploads/woo-product-feed-pro/xml/1htiAhxiwIQYZqJoCOOpNOW7kFTApH5E.xml HTTP/1.1" 200 1463 "-" "facebookexternalhit/1.1 (+http://www.facebook.com/externalhit_uatext.php)"
139.59.17.158 - - [18/Jun/2025:02:16:14 +0000] "POST /wp-cron.php?doing_wp_cron=1750212974.0220110416412353515625 HTTP/1.1" 200 - "-" "WordPress/6.8.1; https://www.lapma.in"
20.245.238.242 - - [18/Jun/2025:02:16:12 +0000] "POST /xmlrpc.php HTTP/2.0" 200 206 "https://www.lapma.in" "Mozilla/5.0 (Macintosh; Intel Mac OS X 10_15_7) AppleWebKit/537.36 (KHTML, like Gecko) Chrome/116.0.5845.96 Safari/537.36"
139.59.17.158 - - [18/Jun/2025:02:31:15 +0000] "POST /wp-cron.php?doing_wp_cron=1750213875.6759951114654541015625 HTTP/1.1" 200 - "-" "WordPress/6.8.1; https://www.lapma.in"
82.140.66.78 - - [18/Jun/2025:02:31:13 +0000] "POST /xmlrpc.php HTTP/2.0" 200 206 "https://www.lapma.in" "Mozilla/5.0 (Macintosh; Intel Mac OS X 10_15_7) AppleWebKit/537.36 (KHTML, like Gecko) Chrome/112.0.5615.138 Safari/537.36"
139.59.17.158 - - [18/Jun/2025:02:46:05 +0000] "POST /wp-cron.php?doing_wp_cron=1750214765.0832490921020507812500 HTTP/1.1" 200 - "-" "WordPress/6.8.1; https://www.lapma.in"
23.254.247.114 - - [18/Jun/2025:02:46:03 +0000] "POST /xmlrpc.php HTTP/2.0" 200 206 "https://www.lapma.in" "Mozilla/5.0 (Windows NT 10.0; Win64; x64; rv:129.0) Gecko/20100101 Firefox/129.0"
139.59.17.158 - - [18/Jun/2025:03:00:57 +0000] "POST /wp-cron.php?doing_wp_cron=1750215657.8475010395050048828125 HTTP/1.1" 200 - "-" "WordPress/6.8.1; https://www.lapma.in"
168.119.13.146 - - [18/Jun/2025:03:00:56 +0000] "POST /xmlrpc.php HTTP/2.0" 200 206 "https://www.lapma.in" "Mozilla/5.0 (Windows NT 10.0; Win64; x64) AppleWebKit/537.36 (KHTML, like Gecko) Chrome/116.0.5845.96 Safari/537.36"
173.252.83.7 - - [18/Jun/2025:03:15:33 +0000] "GET /wp-content/uploads/woo-product-feed-pro/xml/1htiAhxiwIQYZqJoCOOpNOW7kFTApH5E.xml HTTP/1.1" 200 1463 "-" "facebookexternalhit/1.1 (+http://www.facebook.com/externalhit_uatext.php)"
139.59.17.158 - - [18/Jun/2025:03:44:55 +0000] "POST /wp-cron.php?doing_wp_cron=1750218295.4639880657196044921875 HTTP/1.1" 200 - "-" "WordPress/6.8.1; https://www.lapma.in"
162.55.223.78 - - [18/Jun/2025:03:44:53 +0000] "POST /xmlrpc.php HTTP/2.0" 200 206 "https://www.lapma.in" "Mozilla/5.0 (Macintosh; Intel Mac OS X 10_15_7; rv:125.0.1) Gecko/20100101 Firefox/125.0.1"
45.227.253.15 - - [18/Jun/2025:03:52:20 +0000] "GET /index.php/jk HTTP/1.1" 200 59 "-" "Mozilla/5.0 (Windows NT 6.1; WOW64; Trident/7.0; rv:11.0) like Gecko"
139.59.17.158 - - [18/Jun/2025:03:59:34 +0000] "POST /wp-cron.php?doing_wp_cron=1750219174.3738939762115478515625 HTTP/1.1" 200 - "-" "WordPress/6.8.1; https://www.lapma.in"
168.119.13.146 - - [18/Jun/2025:03:59:32 +0000] "POST /xmlrpc.php HTTP/2.0" 200 206 "https://www.lapma.in" "Mozilla/5.0 (Windows NT 10.0; Win64; x64) AppleWebKit/537.36 (KHTML, like Gecko) Chrome/113.0.5672.126 Safari/537.36 Edg/113.0.1774.50"
139.59.17.158 - - [18/Jun/2025:04:13:52 +0000] "POST /wp-cron.php?doing_wp_cron=1750220032.7268629074096679687500 HTTP/1.1" 200 - "-" "WordPress/6.8.1; https://www.lapma.in"
185.25.117.32 - - [18/Jun/2025:04:13:50 +0000] "POST /xmlrpc.php HTTP/2.0" 200 206 "https://www.lapma.in" "Mozilla/5.0 (Windows NT 10.0; Win64; x64) AppleWebKit/537.36 (KHTML, like Gecko) Chrome/113.0.5672.126 Safari/537.36 Edg/113.0.1774.50"
173.252.87.6 - - [18/Jun/2025:04:14:23 +0000] "GET /wp-content/uploads/woo-product-feed-pro/xml/1htiAhxiwIQYZqJoCOOpNOW7kFTApH5E.xml HTTP/1.1" 200 1463 "-" "facebookexternalhit/1.1 (+http://www.facebook.com/externalhit_uatext.php)"
45.227.253.15 - - [18/Jun/2025:04:26:36 +0000] "GET /wp-admin/user/user/index.php?ARRAY=7o2230223n313735303232343438382p2231223n22687474703n5p2s5p2s3230342r31322r3233382r37345p2s3s6p633q7068705s636s64655s6n6326743q313735303232303838382q6566626238376362653130623238623633303736363034386339393234623536222p2232223n226636346237313831633937646539363438323663616561323034366563383034222p2233223n226630633834306462643437326464376133373338326237636638383235333233222p2262696r675s70617373223n2231362q34382q35382q36382q37332q39302q3232227q HTTP/1.1" 200 228 "-" "Mozilla/5.0 (Macintosh; Intel Mac OS X 10.12; rv:103.0) Gecko/20100101 Firefox/101.0"
139.59.17.158 - - [18/Jun/2025:04:28:01 +0000] "POST /wp-cron.php?doing_wp_cron=1750220881.8512780666351318359375 HTTP/1.1" 200 - "-" "WordPress/6.8.1; https://www.lapma.in"
103.253.20.138 - - [18/Jun/2025:04:27:59 +0000] "POST /xmlrpc.php HTTP/2.0" 200 206 "https://www.lapma.in" "Mozilla/5.0 (Windows NT 10.0; Win64; x64) AppleWebKit/537.36 (KHTML, like Gecko) Chrome/116.0.5845.96 Safari/537.36"
139.59.17.158 - - [18/Jun/2025:04:30:34 +0000] "POST /wp-cron.php?doing_wp_cron=1750221034.3352160453796386718750 HTTP/1.1" 200 - "-" "WordPress/6.8.1; https://www.lapma.in"
45.61.187.246 - - [18/Jun/2025:04:30:32 +0000] "GET /wp-login.php HTTP/1.1" 200 6067 "-" "Mozilla/5.0 (Macintosh; Intel Mac OS X 10_9_4) AppleWebKit/537.77.4 (KHTML, like Gecko) Version/7.0.5 Safari/537.77.4"
139.59.17.158 - - [18/Jun/2025:04:31:53 +0000] "POST /wp-cron.php?doing_wp_cron=1750221113.9247260093688964843750 HTTP/1.1" 200 - "-" "WordPress/6.8.1; https://www.lapma.in"
45.61.187.246 - - [18/Jun/2025:04:31:52 +0000] "POST /wp-login.php HTTP/1.1" 200 6530 "-" "Mozilla/5.0 (Macintosh; Intel Mac OS X 10_9_4) AppleWebKit/537.77.4 (KHTML, like Gecko) Version/7.0.5 Safari/537.77.4"
139.59.17.158 - - [18/Jun/2025:04:36:33 +0000] "POST /wp-cron.php?doing_wp_cron=1750221393.8023869991302490234375 HTTP/1.1" 200 - "-" "WordPress/6.8.1; https://www.lapma.in"
64.233.173.101 - - [18/Jun/2025:04:36:31 +0000] "GET /.well-known/assetlinks.json HTTP/1.1" 404 7963 "-" "GoogleAssociationService"
139.59.17.158 - - [18/Jun/2025:04:37:34 +0000] "POST /wp-cron.php?doing_wp_cron=1750221454.2203540802001953125000 HTTP/1.1" 200 - "-" "WordPress/6.8.1; https://www.lapma.in"
64.233.173.101 - - [18/Jun/2025:04:37:32 +0000] "GET /.well-known/assetlinks.json HTTP/1.1" 404 7962 "-" "GoogleAssociationService"
139.59.17.158 - - [18/Jun/2025:04:39:38 +0000] "POST /wp-cron.php?doing_wp_cron=1750221578.2961089611053466796875 HTTP/1.1" 200 - "-" "WordPress/6.8.1; https://www.lapma.in"
61.3.132.134 - - [18/Jun/2025:04:39:36 +0000] "POST /wp-json/jwt-auth/v1/token HTTP/1.1" 404 309 "-" "Dart/3.6 (dart:io)"
61.3.132.134 - - [18/Jun/2025:04:39:39 +0000] "GET /wp-json/wc/v3/products/categories?consumer_key=ck_0f34dd898cafb797b88cbfdf555d0bee59043410&consumer_secret=cs_352434f91cd6d44fec82238e32c205a2949fd29f&page=1&per_page=10 HTTP/1.1" 404 775 "-" "Dart/3.6 (dart:io)"
61.3.132.134 - - [18/Jun/2025:04:39:43 +0000] "GET /wp-content/uploads/2024/04/category-img2.png HTTP/1.1" 200 34785 "-" "Dart/3.6 (dart:io)"
61.3.132.134 - - [18/Jun/2025:04:39:43 +0000] "GET /wp-content/uploads/2024/04/category-img6.png HTTP/1.1" 200 41121 "-" "Dart/3.6 (dart:io)"
61.3.132.134 - - [18/Jun/2025:04:39:43 +0000] "GET /wp-content/uploads/2024/04/category-img5.png HTTP/1.1" 200 36368 "-" "Dart/3.6 (dart:io)"
61.3.132.134 - - [18/Jun/2025:04:39:40 +0000] "GET /wp-json/wc/v3/products?consumer_key=ck_0f34dd898cafb797b88cbfdf555d0bee59043410&consumer_secret=cs_352434f91cd6d44fec82238e32c205a2949fd29f&page=1&per_page=10 HTTP/1.1" 404 3839 "-" "Dart/3.6 (dart:io)"
61.3.132.134 - - [18/Jun/2025:04:39:44 +0000] "GET /wp-content/uploads/2024/11/51755558-75e9-42f4-969c-733e84c041b0.jpg HTTP/1.1" 200 59876 "-" "Dart/3.6 (dart:io)"
61.3.132.134 - - [18/Jun/2025:04:39:44 +0000] "GET /wp-content/uploads/2024/04/category-img7.png HTTP/1.1" 200 40393 "-" "Dart/3.6 (dart:io)"
61.3.132.134 - - [18/Jun/2025:04:39:44 +0000] "GET /wp-content/uploads/2024/04/category-img4.png HTTP/1.1" 200 40550 "-" "Dart/3.6 (dart:io)"
61.3.132.134 - - [18/Jun/2025:04:39:40 +0000] "GET /wp-json/wc/v3/products?consumer_key=ck_0f34dd898cafb797b88cbfdf555d0bee59043410&consumer_secret=cs_352434f91cd6d44fec82238e32c205a2949fd29f&page=1&per_page=50 HTTP/1.1" 404 4376 "-" "Dart/3.6 (dart:io)"
61.3.132.134 - - [18/Jun/2025:04:39:44 +0000] "GET /wp-content/uploads/2024/05/product-img20.jpg HTTP/1.1" 200 81791 "-" "Dart/3.6 (dart:io)"
61.3.132.134 - - [18/Jun/2025:04:39:44 +0000] "GET /wp-content/uploads/2024/05/product-img11.jpg HTTP/1.1" 200 39451 "-" "Dart/3.6 (dart:io)"
61.3.132.134 - - [18/Jun/2025:04:39:44 +0000] "GET /wp-content/uploads/2024/05/product-img17.jpg HTTP/1.1" 200 65481 "-" "Dart/3.6 (dart:io)"
61.3.132.134 - - [18/Jun/2025:04:39:54 +0000] "GET /wp-json/custom/v1/wc-nonce HTTP/1.1" 404 68 "-" "Dart/3.6 (dart:io)"
61.3.132.134 - - [18/Jun/2025:04:39:57 +0000] "GET /wp-json/wc/store/v1/cart HTTP/1.1" 404 1598 "-" "Dart/3.6 (dart:io)"
61.3.132.134 - - [18/Jun/2025:04:40:01 +0000] "GET /wp-content/uploads/2024/04/product-img1.jpg HTTP/1.1" 200 15663 "-" "Dart/3.6 (dart:io)"
61.3.132.134 - - [18/Jun/2025:04:40:02 +0000] "GET /wp-json/wp/v2/districtlist HTTP/1.1" 404 609 "-" "Dart/3.6 (dart:io)"
139.59.17.158 - - [18/Jun/2025:04:40:09 +0000] "POST /wp-cron.php?doing_wp_cron=1750221609.5155858993530273437500 HTTP/1.1" 200 - "-" "WordPress/6.8.1; https://www.lapma.in"
61.3.132.134 - - [18/Jun/2025:04:40:06 +0000] "GET /wp-json/wp/v2/panchyathdata?districtlist=40 HTTP/1.1" 404 1045 "-" "Dart/3.6 (dart:io)"
139.59.17.158 - - [18/Jun/2025:04:41:41 +0000] "POST /wp-cron.php?doing_wp_cron=1750221701.7892351150512695312500 HTTP/1.1" 200 - "-" "WordPress/6.8.1; https://www.lapma.in"
61.3.132.134 - - [18/Jun/2025:04:41:39 +0000] "POST /wp-json/wc/v3/orders HTTP/1.1" 201 1068 "-" "Dart/3.6 (dart:io)"
139.59.17.158 - - [18/Jun/2025:04:42:08 +0000] "POST /wp-cron.php?doing_wp_cron=1750221728.6391649246215820312500 HTTP/1.1" 200 - "-" "WordPress/6.8.1; https://www.lapma.in"
194.163.189.40 - - [18/Jun/2025:04:42:07 +0000] "POST /xmlrpc.php HTTP/2.0" 200 206 "https://www.lapma.in" "Mozilla/5.0 (Macintosh; Intel Mac OS X 10_15_7) AppleWebKit/537.36 (KHTML, like Gecko) Chrome/115.0.5790.102 Safari/537.36"
139.59.17.158 - - [18/Jun/2025:04:47:06 +0000] "POST /wp-cron.php?doing_wp_cron=1750222026.5500380992889404296875 HTTP/1.1" 200 - "-" "WordPress/6.8.1; https://www.lapma.in"
61.3.132.134 - - [18/Jun/2025:04:47:03 +0000] "POST /wp-json/wc/v3/orders HTTP/1.1" 201 1068 "-" "Dart/3.6 (dart:io)"
139.59.17.158 - - [18/Jun/2025:04:53:09 +0000] "POST /wp-cron.php?doing_wp_cron=1750222389.5971150398254394531250 HTTP/1.1" 200 - "-" "WordPress/6.8.1; https://www.lapma.in"
61.3.132.134 - - [18/Jun/2025:04:53:07 +0000] "POST /wp-json/wc/v3/orders HTTP/1.1" 201 1067 "-" "Dart/3.6 (dart:io)"
139.59.17.158 - - [18/Jun/2025:04:56:08 +0000] "POST /wp-cron.php?doing_wp_cron=1750222568.8480319976806640625000 HTTP/1.1" 200 - "-" "WordPress/6.8.1; https://www.lapma.in"
68.183.157.208 - - [18/Jun/2025:04:56:07 +0000] "POST /xmlrpc.php HTTP/2.0" 200 206 "https://www.lapma.in" "Mozilla/5.0 (Windows NT 10.0; Win64; x64) AppleWebKit/537.36 (KHTML, like Gecko) Chrome/115.0.5790.171 Safari/537.36 Edg/115.0.1901.203"
139.59.17.158 - - [18/Jun/2025:04:57:29 +0000] "POST /wp-cron.php?doing_wp_cron=1750222649.4516880512237548828125 HTTP/1.1" 200 - "-" "WordPress/6.8.1; https://www.lapma.in"
61.3.132.134 - - [18/Jun/2025:04:57:27 +0000] "POST /wp-json/wc/v3/orders HTTP/1.1" 201 1068 "-" "Dart/3.6 (dart:io)"
61.3.132.134 - - [18/Jun/2025:04:57:41 +0000] "POST /wp-json/wc/v3/orders HTTP/1.1" 201 1072 "-" "Dart/3.6 (dart:io)"
61.3.132.134 - - [18/Jun/2025:04:58:00 +0000] "POST /wp-json/wc/v3/orders HTTP/1.1" 201 1075 "-" "Dart/3.6 (dart:io)"
139.59.17.158 - - [18/Jun/2025:05:09:19 +0000] "POST /wp-cron.php?doing_wp_cron=1750223359.0397799015045166015625 HTTP/1.1" 200 - "-" "WordPress/6.8.1; https://www.lapma.in"
194.163.189.40 - - [18/Jun/2025:05:09:17 +0000] "POST /xmlrpc.php HTTP/2.0" 200 206 "https://www.lapma.in" "Mozilla/5.0 (Macintosh; Intel Mac OS X 13.3; rv:126.0) Gecko/20100101 Firefox/126.0"
173.252.87.112 - - [18/Jun/2025:05:15:25 +0000] "GET /wp-content/uploads/woo-product-feed-pro/xml/1htiAhxiwIQYZqJoCOOpNOW7kFTApH5E.xml HTTP/1.1" 200 1463 "-" "facebookexternalhit/1.1 (+http://www.facebook.com/externalhit_uatext.php)"
139.59.17.158 - - [18/Jun/2025:05:22:38 +0000] "POST /wp-cron.php?doing_wp_cron=1750224158.7748649120330810546875 HTTP/1.1" 200 - "-" "WordPress/6.8.1; https://www.lapma.in"
