403Webshell
Server IP : 104.21.38.3  /  Your IP : 162.158.170.250
Web Server : Apache
System : Linux krdc-ubuntu-s-2vcpu-4gb-amd-blr1-01.localdomain 5.15.0-142-generic #152-Ubuntu SMP Mon May 19 10:54:31 UTC 2025 x86_64
User : www ( 1000)
PHP Version : 7.4.33
Disable Function : passthru,exec,system,putenv,chroot,chgrp,chown,shell_exec,popen,proc_open,pcntl_exec,ini_alter,ini_restore,dl,openlog,syslog,readlink,symlink,popepassthru,pcntl_alarm,pcntl_fork,pcntl_waitpid,pcntl_wait,pcntl_wifexited,pcntl_wifstopped,pcntl_wifsignaled,pcntl_wifcontinued,pcntl_wexitstatus,pcntl_wtermsig,pcntl_wstopsig,pcntl_signal,pcntl_signal_dispatch,pcntl_get_last_error,pcntl_strerror,pcntl_sigprocmask,pcntl_sigwaitinfo,pcntl_sigtimedwait,pcntl_exec,pcntl_getpriority,pcntl_setpriority,imap_open,apache_setenv
MySQL : OFF  |  cURL : ON  |  WGET : ON  |  Perl : ON  |  Python : OFF  |  Sudo : ON  |  Pkexec : ON
Directory :  /www/wwwlogs/

Upload File :
current_dir [ Writeable ] document_root [ Writeable ]

 

Command :


[ Back ]     

Current File : /www/wwwlogs/lapma.in-access_log
31.13.115.113 - - [17/Jun/2025:03:15:40 +0000] "GET /wp-content/uploads/woo-product-feed-pro/xml/1htiAhxiwIQYZqJoCOOpNOW7kFTApH5E.xml HTTP/1.1" 200 1463 "-" "facebookexternalhit/1.1 (+http://www.facebook.com/externalhit_uatext.php)"
146.190.245.139 - - [17/Jun/2025:03:20:57 +0000] "GET / HTTP/1.1" 301 291 "-" "Mozilla/5.0 (X11; Linux x86_64) AppleWebKit/537.36 (KHTML, like Gecko) Chrome/137.0.0.0 Safari/537.36"
146.190.245.139 - - [17/Jun/2025:03:20:58 +0000] "GET /favicon.ico HTTP/1.1" 301 302 "http://www.lapma.in/" "Mozilla/5.0 (X11; Linux x86_64) AppleWebKit/537.36 (KHTML, like Gecko) Chrome/137.0.0.0 Safari/537.36"
146.190.245.139 - - [17/Jun/2025:03:20:58 +0000] "GET /ads.txt HTTP/1.1" 301 298 "-" "Mozilla/5.0 (X11; Linux x86_64) AppleWebKit/537.36 (KHTML, like Gecko) Chrome/137.0.0.0 Safari/537.36"
139.59.17.158 - - [17/Jun/2025:03:21:02 +0000] "POST /wp-cron.php?doing_wp_cron=1750130462.9345040321350097656250 HTTP/1.1" 200 - "-" "WordPress/6.8.1; https://www.lapma.in"
146.190.245.139 - - [17/Jun/2025:03:20:59 +0000] "GET / HTTP/1.1" 404 10005 "-" "Mozilla/5.0 (X11; Linux x86_64) AppleWebKit/537.36 (KHTML, like Gecko) Chrome/137.0.0.0 Safari/537.36"
139.59.17.158 - - [17/Jun/2025:03:21:10 +0000] "POST /wp-admin/admin-ajax.php?action=wp_1_wc_privacy_cleanup&nonce=96c41b48cf HTTP/1.1" 200 - "-" "WordPress/6.8.1; https://www.lapma.in"
139.59.17.158 - - [17/Jun/2025:03:30:59 +0000] "POST /wp-cron.php?doing_wp_cron=1750131059.0316190719604492187500 HTTP/1.1" 200 - "-" "WordPress/6.8.1; https://www.lapma.in"
106.222.183.33 - - [17/Jun/2025:03:30:56 +0000] "GET / HTTP/2.0" 301 - "android-app://com.google.android.googlequicksearchbox/" "Mozilla/5.0 (Linux; Android 10; K) AppleWebKit/537.36 (KHTML, like Gecko) Chrome/137.0.0.0 Mobile Safari/537.36"
106.222.183.33 - - [17/Jun/2025:03:30:59 +0000] "GET / HTTP/2.0" 404 10005 "android-app://com.google.android.googlequicksearchbox/" "Mozilla/5.0 (Linux; Android 10; K) AppleWebKit/537.36 (KHTML, like Gecko) Chrome/137.0.0.0 Mobile Safari/537.36"
106.222.183.33 - - [17/Jun/2025:03:31:02 +0000] "GET /wp-content/themes/lapma/assets/css/bootstrap.min.css HTTP/2.0" 200 27518 "https://www.lapma.in/" "Mozilla/5.0 (Linux; Android 10; K) AppleWebKit/537.36 (KHTML, like Gecko) Chrome/137.0.0.0 Mobile Safari/537.36"
106.222.183.33 - - [17/Jun/2025:03:31:02 +0000] "GET /wp-content/themes/lapma/assets/css/slick.css HTTP/2.0" 200 569 "https://www.lapma.in/" "Mozilla/5.0 (Linux; Android 10; K) AppleWebKit/537.36 (KHTML, like Gecko) Chrome/137.0.0.0 Mobile Safari/537.36"
106.222.183.33 - - [17/Jun/2025:03:31:02 +0000] "GET /wp-content/themes/lapma/assets/css/slick-theme.css HTTP/2.0" 200 866 "https://www.lapma.in/" "Mozilla/5.0 (Linux; Android 10; K) AppleWebKit/537.36 (KHTML, like Gecko) Chrome/137.0.0.0 Mobile Safari/537.36"
106.222.183.33 - - [17/Jun/2025:03:31:02 +0000] "GET /wp-content/themes/lapma/assets/css/fonts.css HTTP/2.0" 200 275 "https://www.lapma.in/" "Mozilla/5.0 (Linux; Android 10; K) AppleWebKit/537.36 (KHTML, like Gecko) Chrome/137.0.0.0 Mobile Safari/537.36"
106.222.183.33 - - [17/Jun/2025:03:31:02 +0000] "GET /wp-content/themes/lapma/assets/css/font-awesome.min.css HTTP/2.0" 200 6666 "https://www.lapma.in/" "Mozilla/5.0 (Linux; Android 10; K) AppleWebKit/537.36 (KHTML, like Gecko) Chrome/137.0.0.0 Mobile Safari/537.36"
106.222.183.33 - - [17/Jun/2025:03:31:02 +0000] "GET /wp-content/plugins/everest-forms/assets/css/intlTelInput.css?ver=3.2.2 HTTP/2.0" 200 4882 "https://www.lapma.in/" "Mozilla/5.0 (Linux; Android 10; K) AppleWebKit/537.36 (KHTML, like Gecko) Chrome/137.0.0.0 Mobile Safari/537.36"
106.222.183.33 - - [17/Jun/2025:03:31:02 +0000] "GET /wp-content/themes/lapma/assets/css/style.css?v=1750131061 HTTP/2.0" 200 15534 "https://www.lapma.in/" "Mozilla/5.0 (Linux; Android 10; K) AppleWebKit/537.36 (KHTML, like Gecko) Chrome/137.0.0.0 Mobile Safari/537.36"
106.222.183.33 - - [17/Jun/2025:03:31:02 +0000] "GET /wp-includes/css/dashicons.min.css?ver=6.8.1 HTTP/2.0" 200 35730 "https://www.lapma.in/" "Mozilla/5.0 (Linux; Android 10; K) AppleWebKit/537.36 (KHTML, like Gecko) Chrome/137.0.0.0 Mobile Safari/537.36"
106.222.183.33 - - [17/Jun/2025:03:31:02 +0000] "GET /wp-includes/css/dist/block-library/style.min.css?ver=6.8.1 HTTP/2.0" 200 15323 "https://www.lapma.in/" "Mozilla/5.0 (Linux; Android 10; K) AppleWebKit/537.36 (KHTML, like Gecko) Chrome/137.0.0.0 Mobile Safari/537.36"
106.222.183.33 - - [17/Jun/2025:03:31:02 +0000] "GET /wp-content/plugins/everest-forms/assets/css/everest-forms.css?ver=3.2.2 HTTP/2.0" 200 11241 "https://www.lapma.in/" "Mozilla/5.0 (Linux; Android 10; K) AppleWebKit/537.36 (KHTML, like Gecko) Chrome/137.0.0.0 Mobile Safari/537.36"
106.222.183.33 - - [17/Jun/2025:03:31:02 +0000] "GET /wp-content/plugins/woocommerce/assets/css/woocommerce-layout.css?ver=9.0.1 HTTP/2.0" 200 2573 "https://www.lapma.in/" "Mozilla/5.0 (Linux; Android 10; K) AppleWebKit/537.36 (KHTML, like Gecko) Chrome/137.0.0.0 Mobile Safari/537.36"
106.222.183.33 - - [17/Jun/2025:03:31:02 +0000] "GET /wp-content/plugins/woocommerce/assets/css/woocommerce-smallscreen.css?ver=9.0.1 HTTP/2.0" 200 1181 "https://www.lapma.in/" "Mozilla/5.0 (Linux; Android 10; K) AppleWebKit/537.36 (KHTML, like Gecko) Chrome/137.0.0.0 Mobile Safari/537.36"
106.222.183.33 - - [17/Jun/2025:03:31:02 +0000] "GET /wp-content/plugins/woocommerce/assets/css/woocommerce.css?ver=9.0.1 HTTP/2.0" 200 9937 "https://www.lapma.in/" "Mozilla/5.0 (Linux; Android 10; K) AppleWebKit/537.36 (KHTML, like Gecko) Chrome/137.0.0.0 Mobile Safari/537.36"
106.222.183.33 - - [17/Jun/2025:03:31:02 +0000] "GET /wp-includes/js/jquery/jquery-migrate.min.js?ver=3.4.1 HTTP/2.0" 200 4872 "https://www.lapma.in/" "Mozilla/5.0 (Linux; Android 10; K) AppleWebKit/537.36 (KHTML, like Gecko) Chrome/137.0.0.0 Mobile Safari/537.36"
106.222.183.33 - - [17/Jun/2025:03:31:02 +0000] "GET /wp-content/uploads/2024/04/logo.svg HTTP/2.0" 200 7986 "https://www.lapma.in/" "Mozilla/5.0 (Linux; Android 10; K) AppleWebKit/537.36 (KHTML, like Gecko) Chrome/137.0.0.0 Mobile Safari/537.36"
106.222.183.33 - - [17/Jun/2025:03:31:02 +0000] "GET /wp-content/themes/lapma/assets/images/user-icon.svg HTTP/2.0" 200 215 "https://www.lapma.in/" "Mozilla/5.0 (Linux; Android 10; K) AppleWebKit/537.36 (KHTML, like Gecko) Chrome/137.0.0.0 Mobile Safari/537.36"
106.222.183.33 - - [17/Jun/2025:03:31:02 +0000] "GET /wp-includes/js/jquery/jquery.min.js?ver=3.7.1 HTTP/2.0" 200 30368 "https://www.lapma.in/" "Mozilla/5.0 (Linux; Android 10; K) AppleWebKit/537.36 (KHTML, like Gecko) Chrome/137.0.0.0 Mobile Safari/537.36"
106.222.183.33 - - [17/Jun/2025:03:31:02 +0000] "GET /wp-content/themes/lapma/assets/images/cart-icon.svg HTTP/2.0" 200 1116 "https://www.lapma.in/" "Mozilla/5.0 (Linux; Android 10; K) AppleWebKit/537.36 (KHTML, like Gecko) Chrome/137.0.0.0 Mobile Safari/537.36"
106.222.183.33 - - [17/Jun/2025:03:31:02 +0000] "GET /wp-content/themes/lapma/assets/js/bootstrap.min.js HTTP/2.0" 200 16138 "https://www.lapma.in/" "Mozilla/5.0 (Linux; Android 10; K) AppleWebKit/537.36 (KHTML, like Gecko) Chrome/137.0.0.0 Mobile Safari/537.36"
106.222.183.33 - - [17/Jun/2025:03:31:02 +0000] "GET /wp-content/themes/lapma/assets/js/jquery-3.7.0.min.js HTTP/2.0" 200 30337 "https://www.lapma.in/" "Mozilla/5.0 (Linux; Android 10; K) AppleWebKit/537.36 (KHTML, like Gecko) Chrome/137.0.0.0 Mobile Safari/537.36"
106.222.183.33 - - [17/Jun/2025:03:31:02 +0000] "GET /wp-content/themes/lapma/assets/js/custom.js?v=1750131061 HTTP/2.0" 200 1314 "https://www.lapma.in/" "Mozilla/5.0 (Linux; Android 10; K) AppleWebKit/537.36 (KHTML, like Gecko) Chrome/137.0.0.0 Mobile Safari/537.36"
106.222.183.33 - - [17/Jun/2025:03:31:02 +0000] "GET /wp-content/themes/lapma/assets/js/popper.min.js HTTP/2.0" 200 7154 "https://www.lapma.in/" "Mozilla/5.0 (Linux; Android 10; K) AppleWebKit/537.36 (KHTML, like Gecko) Chrome/137.0.0.0 Mobile Safari/537.36"
106.222.183.33 - - [17/Jun/2025:03:31:02 +0000] "GET /wp-content/themes/lapma/assets/js/slick.js HTTP/2.0" 200 15071 "https://www.lapma.in/" "Mozilla/5.0 (Linux; Android 10; K) AppleWebKit/537.36 (KHTML, like Gecko) Chrome/137.0.0.0 Mobile Safari/537.36"
106.222.183.33 - - [17/Jun/2025:03:31:02 +0000] "GET /wp-content/plugins/woocommerce/assets/client/blocks/wc-blocks.css?ver=wc-9.0.1 HTTP/2.0" 200 2556 "https://www.lapma.in/" "Mozilla/5.0 (Linux; Android 10; K) AppleWebKit/537.36 (KHTML, like Gecko) Chrome/137.0.0.0 Mobile Safari/537.36"
106.222.183.33 - - [17/Jun/2025:03:31:02 +0000] "GET /wp-content/plugins/woocommerce/assets/js/frontend/order-attribution.min.js?ver=9.0.1 HTTP/2.0" 200 1137 "https://www.lapma.in/" "Mozilla/5.0 (Linux; Android 10; K) AppleWebKit/537.36 (KHTML, like Gecko) Chrome/137.0.0.0 Mobile Safari/537.36"
106.222.183.33 - - [17/Jun/2025:03:31:02 +0000] "GET /wp-content/plugins/woocommerce/assets/js/sourcebuster/sourcebuster.min.js?ver=9.0.1 HTTP/2.0" 200 4807 "https://www.lapma.in/" "Mozilla/5.0 (Linux; Android 10; K) AppleWebKit/537.36 (KHTML, like Gecko) Chrome/137.0.0.0 Mobile Safari/537.36"
106.222.183.33 - - [17/Jun/2025:03:31:02 +0000] "GET /wp-content/plugins/woocommerce/assets/js/frontend/add-to-cart.min.js?ver=9.0.1 HTTP/2.0" 200 1107 "https://www.lapma.in/" "Mozilla/5.0 (Linux; Android 10; K) AppleWebKit/537.36 (KHTML, like Gecko) Chrome/137.0.0.0 Mobile Safari/537.36"
106.222.183.33 - - [17/Jun/2025:03:31:02 +0000] "GET /wp-content/plugins/woocommerce/assets/js/frontend/woocommerce.min.js?ver=9.0.1 HTTP/2.0" 200 948 "https://www.lapma.in/" "Mozilla/5.0 (Linux; Android 10; K) AppleWebKit/537.36 (KHTML, like Gecko) Chrome/137.0.0.0 Mobile Safari/537.36"
106.222.183.33 - - [17/Jun/2025:03:31:02 +0000] "GET /wp-content/plugins/woocommerce/assets/js/jquery-blockui/jquery.blockUI.min.js?ver=2.7.0-wc.9.0.1 HTTP/2.0" 200 3537 "https://www.lapma.in/" "Mozilla/5.0 (Linux; Android 10; K) AppleWebKit/537.36 (KHTML, like Gecko) Chrome/137.0.0.0 Mobile Safari/537.36"
106.222.183.33 - - [17/Jun/2025:03:31:02 +0000] "GET /wp-content/uploads/2024/04/banner-img1.jpg HTTP/2.0" 200 703605 "https://www.lapma.in/" "Mozilla/5.0 (Linux; Android 10; K) AppleWebKit/537.36 (KHTML, like Gecko) Chrome/137.0.0.0 Mobile Safari/537.36"
106.222.183.33 - - [17/Jun/2025:03:31:02 +0000] "GET /wp-content/plugins/woocommerce/assets/js/js-cookie/js.cookie.min.js?ver=2.1.4-wc.9.0.1 HTTP/2.0" 200 833 "https://www.lapma.in/" "Mozilla/5.0 (Linux; Android 10; K) AppleWebKit/537.36 (KHTML, like Gecko) Chrome/137.0.0.0 Mobile Safari/537.36"
106.222.183.33 - - [17/Jun/2025:03:31:02 +0000] "GET /wp-content/uploads/2024/05/milk-produt-bg.png HTTP/2.0" 200 108088 "https://www.lapma.in/" "Mozilla/5.0 (Linux; Android 10; K) AppleWebKit/537.36 (KHTML, like Gecko) Chrome/137.0.0.0 Mobile Safari/537.36"
106.222.183.33 - - [17/Jun/2025:03:31:02 +0000] "GET /wp-content/uploads/2024/05/live-stock-bg.png HTTP/2.0" 200 159783 "https://www.lapma.in/" "Mozilla/5.0 (Linux; Android 10; K) AppleWebKit/537.36 (KHTML, like Gecko) Chrome/137.0.0.0 Mobile Safari/537.36"
106.222.183.33 - - [17/Jun/2025:03:31:03 +0000] "GET /wp-content/uploads/2024/05/egg-product-bg.png HTTP/2.0" 200 70090 "https://www.lapma.in/" "Mozilla/5.0 (Linux; Android 10; K) AppleWebKit/537.36 (KHTML, like Gecko) Chrome/137.0.0.0 Mobile Safari/537.36"
106.222.183.33 - - [17/Jun/2025:03:31:03 +0000] "GET /wp-content/uploads/2024/05/fodder-product-bg.png HTTP/2.0" 200 83948 "https://www.lapma.in/" "Mozilla/5.0 (Linux; Android 10; K) AppleWebKit/537.36 (KHTML, like Gecko) Chrome/137.0.0.0 Mobile Safari/537.36"
106.222.183.33 - - [17/Jun/2025:03:31:03 +0000] "GET /wp-content/uploads/2024/04/category-img1.png HTTP/2.0" 200 28277 "https://www.lapma.in/" "Mozilla/5.0 (Linux; Android 10; K) AppleWebKit/537.36 (KHTML, like Gecko) Chrome/137.0.0.0 Mobile Safari/537.36"
106.222.183.33 - - [17/Jun/2025:03:31:03 +0000] "GET /wp-content/uploads/2024/04/category-img2.png HTTP/2.0" 200 34785 "https://www.lapma.in/" "Mozilla/5.0 (Linux; Android 10; K) AppleWebKit/537.36 (KHTML, like Gecko) Chrome/137.0.0.0 Mobile Safari/537.36"
106.222.183.33 - - [17/Jun/2025:03:31:03 +0000] "GET /wp-content/uploads/2024/04/category-img3.png HTTP/2.0" 200 34416 "https://www.lapma.in/" "Mozilla/5.0 (Linux; Android 10; K) AppleWebKit/537.36 (KHTML, like Gecko) Chrome/137.0.0.0 Mobile Safari/537.36"
106.222.183.33 - - [17/Jun/2025:03:31:03 +0000] "GET /wp-content/uploads/2024/04/category-img4.png HTTP/2.0" 200 40550 "https://www.lapma.in/" "Mozilla/5.0 (Linux; Android 10; K) AppleWebKit/537.36 (KHTML, like Gecko) Chrome/137.0.0.0 Mobile Safari/537.36"
106.222.183.33 - - [17/Jun/2025:03:31:03 +0000] "GET /wp-content/uploads/2024/04/category-img6.png HTTP/2.0" 200 41121 "https://www.lapma.in/" "Mozilla/5.0 (Linux; Android 10; K) AppleWebKit/537.36 (KHTML, like Gecko) Chrome/137.0.0.0 Mobile Safari/537.36"
106.222.183.33 - - [17/Jun/2025:03:31:03 +0000] "GET /wp-content/uploads/2024/04/category-img5.png HTTP/2.0" 200 36368 "https://www.lapma.in/" "Mozilla/5.0 (Linux; Android 10; K) AppleWebKit/537.36 (KHTML, like Gecko) Chrome/137.0.0.0 Mobile Safari/537.36"
106.222.183.33 - - [17/Jun/2025:03:31:03 +0000] "GET /wp-content/uploads/2024/04/category-img7.png HTTP/2.0" 200 40393 "https://www.lapma.in/" "Mozilla/5.0 (Linux; Android 10; K) AppleWebKit/537.36 (KHTML, like Gecko) Chrome/137.0.0.0 Mobile Safari/537.36"
106.222.183.33 - - [17/Jun/2025:03:31:03 +0000] "GET /wp-content/themes/lapma/assets/images/category-img-noimage.png HTTP/2.0" 200 5020 "https://www.lapma.in/" "Mozilla/5.0 (Linux; Android 10; K) AppleWebKit/537.36 (KHTML, like Gecko) Chrome/137.0.0.0 Mobile Safari/537.36"
106.222.183.33 - - [17/Jun/2025:03:31:03 +0000] "GET /wp-content/themes/lapma/assets/images/product-img-noimage.jpg HTTP/2.0" 200 10742 "https://www.lapma.in/" "Mozilla/5.0 (Linux; Android 10; K) AppleWebKit/537.36 (KHTML, like Gecko) Chrome/137.0.0.0 Mobile Safari/537.36"
106.222.183.33 - - [17/Jun/2025:03:31:03 +0000] "GET /wp-content/uploads/2024/04/product-img1.jpg HTTP/2.0" 200 15663 "https://www.lapma.in/" "Mozilla/5.0 (Linux; Android 10; K) AppleWebKit/537.36 (KHTML, like Gecko) Chrome/137.0.0.0 Mobile Safari/537.36"
106.222.183.33 - - [17/Jun/2025:03:31:03 +0000] "GET /wp-content/uploads/2024/05/product-img3.jpg HTTP/2.0" 200 90914 "https://www.lapma.in/" "Mozilla/5.0 (Linux; Android 10; K) AppleWebKit/537.36 (KHTML, like Gecko) Chrome/137.0.0.0 Mobile Safari/537.36"
106.222.183.33 - - [17/Jun/2025:03:31:03 +0000] "GET /wp-content/uploads/2024/05/product-img5.jpg HTTP/2.0" 200 53454 "https://www.lapma.in/" "Mozilla/5.0 (Linux; Android 10; K) AppleWebKit/537.36 (KHTML, like Gecko) Chrome/137.0.0.0 Mobile Safari/537.36"
106.222.183.33 - - [17/Jun/2025:03:31:03 +0000] "GET /wp-content/uploads/2024/05/product-img11.jpg HTTP/2.0" 200 39451 "https://www.lapma.in/" "Mozilla/5.0 (Linux; Android 10; K) AppleWebKit/537.36 (KHTML, like Gecko) Chrome/137.0.0.0 Mobile Safari/537.36"
106.222.183.33 - - [17/Jun/2025:03:31:03 +0000] "GET /wp-content/uploads/2024/05/product-img17.jpg HTTP/2.0" 200 65481 "https://www.lapma.in/" "Mozilla/5.0 (Linux; Android 10; K) AppleWebKit/537.36 (KHTML, like Gecko) Chrome/137.0.0.0 Mobile Safari/537.36"
106.222.183.33 - - [17/Jun/2025:03:31:03 +0000] "GET /wp-content/uploads/2024/05/product-img20.jpg HTTP/2.0" 200 81791 "https://www.lapma.in/" "Mozilla/5.0 (Linux; Android 10; K) AppleWebKit/537.36 (KHTML, like Gecko) Chrome/137.0.0.0 Mobile Safari/537.36"
106.222.183.33 - - [17/Jun/2025:03:31:03 +0000] "GET /wp-content/uploads/2024/05/product-img16.jpg HTTP/2.0" 200 56076 "https://www.lapma.in/" "Mozilla/5.0 (Linux; Android 10; K) AppleWebKit/537.36 (KHTML, like Gecko) Chrome/137.0.0.0 Mobile Safari/537.36"
106.222.183.33 - - [17/Jun/2025:03:31:03 +0000] "GET /wp-content/themes/lapma/assets/fonts/SailecLight.woff2 HTTP/2.0" 200 28683 "https://www.lapma.in/wp-content/themes/lapma/assets/css/fonts.css" "Mozilla/5.0 (Linux; Android 10; K) AppleWebKit/537.36 (KHTML, like Gecko) Chrome/137.0.0.0 Mobile Safari/537.36"
106.222.183.33 - - [17/Jun/2025:03:31:03 +0000] "GET /wp-content/themes/lapma/assets/fonts/SailecMedium.woff2 HTTP/2.0" 200 28639 "https://www.lapma.in/wp-content/themes/lapma/assets/css/fonts.css" "Mozilla/5.0 (Linux; Android 10; K) AppleWebKit/537.36 (KHTML, like Gecko) Chrome/137.0.0.0 Mobile Safari/537.36"
106.222.183.33 - - [17/Jun/2025:03:31:03 +0000] "GET /wp-content/themes/lapma/assets/fonts/SailecBold.woff2 HTTP/2.0" 200 28963 "https://www.lapma.in/wp-content/themes/lapma/assets/css/fonts.css" "Mozilla/5.0 (Linux; Android 10; K) AppleWebKit/537.36 (KHTML, like Gecko) Chrome/137.0.0.0 Mobile Safari/537.36"
106.222.183.33 - - [17/Jun/2025:03:31:03 +0000] "GET /wp-content/uploads/2024/11/51755558-75e9-42f4-969c-733e84c041b0.jpg HTTP/2.0" 200 59876 "https://www.lapma.in/" "Mozilla/5.0 (Linux; Android 10; K) AppleWebKit/537.36 (KHTML, like Gecko) Chrome/137.0.0.0 Mobile Safari/537.36"
106.222.183.33 - - [17/Jun/2025:03:31:03 +0000] "GET /wp-content/uploads/2024/05/delivery-icon.svg HTTP/2.0" 200 10444 "https://www.lapma.in/" "Mozilla/5.0 (Linux; Android 10; K) AppleWebKit/537.36 (KHTML, like Gecko) Chrome/137.0.0.0 Mobile Safari/537.36"
106.222.183.33 - - [17/Jun/2025:03:31:03 +0000] "GET /wp-content/uploads/2024/05/quality-icon.svg HTTP/2.0" 200 23045 "https://www.lapma.in/" "Mozilla/5.0 (Linux; Android 10; K) AppleWebKit/537.36 (KHTML, like Gecko) Chrome/137.0.0.0 Mobile Safari/537.36"
106.222.183.33 - - [17/Jun/2025:03:31:03 +0000] "GET /wp-content/uploads/2024/05/offers-icon.svg HTTP/2.0" 200 24185 "https://www.lapma.in/" "Mozilla/5.0 (Linux; Android 10; K) AppleWebKit/537.36 (KHTML, like Gecko) Chrome/137.0.0.0 Mobile Safari/537.36"
106.222.183.33 - - [17/Jun/2025:03:31:03 +0000] "GET /wp-content/themes/lapma/assets/images/facebook-icon.svg HTTP/2.0" 200 238 "https://www.lapma.in/" "Mozilla/5.0 (Linux; Android 10; K) AppleWebKit/537.36 (KHTML, like Gecko) Chrome/137.0.0.0 Mobile Safari/537.36"
106.222.183.33 - - [17/Jun/2025:03:31:03 +0000] "GET /wp-content/themes/lapma/assets/images/instagram-icon.svg HTTP/2.0" 200 1292 "https://www.lapma.in/" "Mozilla/5.0 (Linux; Android 10; K) AppleWebKit/537.36 (KHTML, like Gecko) Chrome/137.0.0.0 Mobile Safari/537.36"
106.222.183.33 - - [17/Jun/2025:03:31:03 +0000] "GET /wp-content/themes/lapma/assets/images/x-icon.svg HTTP/2.0" 200 261 "https://www.lapma.in/" "Mozilla/5.0 (Linux; Android 10; K) AppleWebKit/537.36 (KHTML, like Gecko) Chrome/137.0.0.0 Mobile Safari/537.36"
106.222.183.33 - - [17/Jun/2025:03:31:03 +0000] "GET /wp-content/themes/lapma/assets/css/ajax-loader.gif HTTP/2.0" 404 7963 "https://www.lapma.in/wp-content/themes/lapma/assets/css/slick-theme.css" "Mozilla/5.0 (Linux; Android 10; K) AppleWebKit/537.36 (KHTML, like Gecko) Chrome/137.0.0.0 Mobile Safari/537.36"
106.222.183.33 - - [17/Jun/2025:03:31:03 +0000] "GET /wp-content/themes/lapma/assets/css/fonts/slick.woff HTTP/2.0" 404 7963 "https://www.lapma.in/wp-content/themes/lapma/assets/css/slick-theme.css" "Mozilla/5.0 (Linux; Android 10; K) AppleWebKit/537.36 (KHTML, like Gecko) Chrome/137.0.0.0 Mobile Safari/537.36"
106.222.183.33 - - [17/Jun/2025:03:31:04 +0000] "GET /product-category/milk/ HTTP/2.0" 404 - "https://www.lapma.in/" "Mozilla/5.0 (Linux; Android 10; K) AppleWebKit/537.36 (KHTML, like Gecko) Chrome/137.0.0.0 Mobile Safari/537.36"
139.59.17.158 - - [17/Jun/2025:03:31:07 +0000] "POST /wp-cron.php?doing_wp_cron=1750131067.8773660659790039062500 HTTP/1.1" 200 - "-" "WordPress/6.8.1; https://www.lapma.in"
106.222.183.33 - - [17/Jun/2025:03:31:05 +0000] "GET /wp-content/themes/lapma/assets/css/fonts/slick.ttf HTTP/2.0" 404 - "https://www.lapma.in/wp-content/themes/lapma/assets/css/slick-theme.css" "Mozilla/5.0 (Linux; Android 10; K) AppleWebKit/537.36 (KHTML, like Gecko) Chrome/137.0.0.0 Mobile Safari/537.36"
34.22.221.223 - - [17/Jun/2025:03:39:56 +0000] "GET / HTTP/1.1" 301 283 "-" "python-requests/2.32.4"
139.59.17.158 - - [17/Jun/2025:03:40:55 +0000] "POST /wp-cron.php?doing_wp_cron=1750131655.0262579917907714843750 HTTP/1.1" 200 - "-" "WordPress/6.8.1; https://www.lapma.in"
47.82.60.88 - - [17/Jun/2025:03:40:52 +0000] "GET /agent-login/ HTTP/1.1" 404 9015 "https://www.lapma.in/agent-login/" "Mozilla/5.0 (Windows NT 10.0; Win64; x64) AppleWebKit/537.36 (KHTML, like Gecko) Chrome/114.0.0.0 Safari/537.36 Edg/114.0.1823.43"
47.82.60.88 - - [17/Jun/2025:03:40:55 +0000] "GET /agent-login/ HTTP/1.1" 404 9015 "https://www.lapma.in/agent-login/" "Mozilla/5.0 (Windows NT 10.0; Win64; x64) AppleWebKit/537.36 (KHTML, like Gecko) Chrome/114.0.0.0 Safari/537.36 Edg/114.0.1823.43"
47.82.60.88 - - [17/Jun/2025:03:40:58 +0000] "GET /agent-login/ HTTP/1.1" 404 9015 "https://www.lapma.in/agent-login/" "Mozilla/5.0 (Windows NT 10.0; Win64; x64) AppleWebKit/537.36 (KHTML, like Gecko) Chrome/114.0.0.0 Safari/537.36 Edg/114.0.1823.43"
139.59.17.158 - - [17/Jun/2025:04:00:28 +0000] "POST /wp-cron.php?doing_wp_cron=1750132828.2437489032745361328125 HTTP/1.1" 200 - "-" "WordPress/6.8.1; https://www.lapma.in"
66.249.79.6 - - [17/Jun/2025:04:00:25 +0000] "GET /robots.txt HTTP/1.1" 404 69 "-" "Mozilla/5.0 (compatible; Googlebot/2.1; +http://www.google.com/bot.html)"
66.249.79.5 - - [17/Jun/2025:04:00:31 +0000] "GET /wp-content/uploads/2024/11/adf4b5f6-fb7f-455c-8d45-416ff8773ee5.jpg HTTP/1.1" 200 108869 "-" "Googlebot-Image/1.0"
31.13.115.116 - - [17/Jun/2025:04:14:03 +0000] "GET /wp-content/uploads/woo-product-feed-pro/xml/1htiAhxiwIQYZqJoCOOpNOW7kFTApH5E.xml HTTP/1.1" 200 1463 "-" "facebookexternalhit/1.1 (+http://www.facebook.com/externalhit_uatext.php)"
45.227.253.15 - - [17/Jun/2025:04:38:09 +0000] "GET /index.php/jk HTTP/1.1" 200 59 "-" "Mozilla/5.0 (Macintosh; Intel Mac OS X 10.13; rv:103.0) Gecko/20100101 Firefox/103.0"
139.59.17.158 - - [17/Jun/2025:05:12:00 +0000] "POST /wp-cron.php?doing_wp_cron=1750137120.5682020187377929687500 HTTP/1.1" 200 - "-" "WordPress/6.8.1; https://www.lapma.in"
198.98.61.148 - - [17/Jun/2025:05:11:58 +0000] "GET /wp-login.php HTTP/1.1" 200 6067 "-" "Mozilla/5.0 (Windows NT 6.1; WOW64) AppleWebKit/537.36 (KHTML, like Gecko) Chrome/35.0.1916.114 Safari/537.36"
139.59.17.158 - - [17/Jun/2025:05:12:39 +0000] "POST /wp-cron.php?doing_wp_cron=1750137159.5357680320739746093750 HTTP/1.1" 200 - "-" "WordPress/6.8.1; https://www.lapma.in"
198.98.61.148 - - [17/Jun/2025:05:12:37 +0000] "POST /wp-login.php HTTP/1.1" 200 6530 "-" "Mozilla/5.0 (Windows NT 6.1; WOW64) AppleWebKit/537.36 (KHTML, like Gecko) Chrome/35.0.1916.114 Safari/537.36"
173.252.95.36 - - [17/Jun/2025:05:14:09 +0000] "GET /wp-content/uploads/woo-product-feed-pro/xml/1htiAhxiwIQYZqJoCOOpNOW7kFTApH5E.xml HTTP/1.1" 200 1463 "-" "facebookexternalhit/1.1 (+http://www.facebook.com/externalhit_uatext.php)"
139.59.17.158 - - [17/Jun/2025:05:23:03 +0000] "POST /wp-cron.php?doing_wp_cron=1750137783.3925149440765380859375 HTTP/1.1" 200 - "-" "WordPress/6.8.1; https://www.lapma.in"
64.233.173.101 - - [17/Jun/2025:05:23:01 +0000] "GET /.well-known/assetlinks.json HTTP/1.1" 404 7963 "-" "GoogleAssociationService"
64.233.173.99 - - [17/Jun/2025:05:23:03 +0000] "GET /.well-known/assetlinks.json HTTP/1.1" 404 7963 "-" "GoogleAssociationService"
139.59.17.158 - - [17/Jun/2025:05:23:09 +0000] "POST /wp-cron.php?doing_wp_cron=1750137789.8080279827117919921875 HTTP/1.1" 200 - "-" "WordPress/6.8.1; https://www.lapma.in"
64.233.173.99 - - [17/Jun/2025:05:23:07 +0000] "GET /.well-known/assetlinks.json HTTP/1.1" 404 7963 "-" "GoogleAssociationService"
64.233.173.100 - - [17/Jun/2025:05:23:07 +0000] "GET /.well-known/assetlinks.json HTTP/1.1" 404 7962 "-" "GoogleAssociationService"
103.78.16.194 - - [17/Jun/2025:05:23:28 +0000] "POST /wp-json/jwt-auth/v1/token HTTP/1.1" 404 309 "-" "Dart/3.6 (dart:io)"
103.78.16.194 - - [17/Jun/2025:05:23:35 +0000] "GET /wp-json/wc/v3/products?consumer_key=ck_0f34dd898cafb797b88cbfdf555d0bee59043410&consumer_secret=cs_352434f91cd6d44fec82238e32c205a2949fd29f&page=1&per_page=50 HTTP/1.1" 404 4375 "-" "Dart/3.6 (dart:io)"
103.78.16.194 - - [17/Jun/2025:05:23:35 +0000] "GET /wp-json/wc/v3/products?consumer_key=ck_0f34dd898cafb797b88cbfdf555d0bee59043410&consumer_secret=cs_352434f91cd6d44fec82238e32c205a2949fd29f&page=1&per_page=10 HTTP/1.1" 404 3836 "-" "Dart/3.6 (dart:io)"
103.78.16.194 - - [17/Jun/2025:05:23:39 +0000] "GET /wp-content/uploads/2024/05/product-img17.jpg HTTP/1.1" 200 65481 "-" "Dart/3.6 (dart:io)"
103.78.16.194 - - [17/Jun/2025:05:23:39 +0000] "GET /wp-content/uploads/2024/05/product-img20.jpg HTTP/1.1" 200 81791 "-" "Dart/3.6 (dart:io)"
103.78.16.194 - - [17/Jun/2025:05:23:39 +0000] "GET /wp-content/uploads/2024/05/product-img11.jpg HTTP/1.1" 200 39451 "-" "Dart/3.6 (dart:io)"
103.78.16.194 - - [17/Jun/2025:05:23:37 +0000] "GET /wp-json/wc/v3/products/categories?consumer_key=ck_0f34dd898cafb797b88cbfdf555d0bee59043410&consumer_secret=cs_352434f91cd6d44fec82238e32c205a2949fd29f&page=1&per_page=10 HTTP/1.1" 404 775 "-" "Dart/3.6 (dart:io)"
103.78.16.194 - - [17/Jun/2025:05:23:40 +0000] "GET /wp-content/uploads/2024/11/51755558-75e9-42f4-969c-733e84c041b0.jpg HTTP/1.1" 200 59876 "-" "Dart/3.6 (dart:io)"
103.78.16.194 - - [17/Jun/2025:05:23:41 +0000] "GET /wp-content/uploads/2024/04/category-img5.png HTTP/1.1" 200 36368 "-" "Dart/3.6 (dart:io)"
103.78.16.194 - - [17/Jun/2025:05:23:41 +0000] "GET /wp-content/uploads/2024/04/category-img7.png HTTP/1.1" 200 40393 "-" "Dart/3.6 (dart:io)"
103.78.16.194 - - [17/Jun/2025:05:23:41 +0000] "GET /wp-content/uploads/2024/04/category-img4.png HTTP/1.1" 200 40550 "-" "Dart/3.6 (dart:io)"
103.78.16.194 - - [17/Jun/2025:05:23:42 +0000] "GET /wp-content/uploads/2024/04/category-img6.png HTTP/1.1" 200 41121 "-" "Dart/3.6 (dart:io)"
103.78.16.194 - - [17/Jun/2025:05:23:42 +0000] "GET /wp-content/uploads/2024/04/category-img2.png HTTP/1.1" 200 34785 "-" "Dart/3.6 (dart:io)"
103.78.16.194 - - [17/Jun/2025:05:23:48 +0000] "GET /wp-json/custom/v1/wc-nonce HTTP/1.1" 404 68 "-" "Dart/3.6 (dart:io)"
103.78.16.194 - - [17/Jun/2025:05:23:57 +0000] "GET /wp-json/wc/store/v1/cart HTTP/1.1" 404 1598 "-" "Dart/3.6 (dart:io)"
103.78.16.194 - - [17/Jun/2025:05:24:19 +0000] "GET /wp-content/uploads/2024/04/product-img1.jpg HTTP/1.1" 200 15663 "-" "Dart/3.6 (dart:io)"
139.59.17.158 - - [17/Jun/2025:05:24:24 +0000] "POST /wp-cron.php?doing_wp_cron=1750137864.1233789920806884765625 HTTP/1.1" 200 - "-" "WordPress/6.8.1; https://www.lapma.in"
103.78.16.194 - - [17/Jun/2025:05:24:21 +0000] "GET /wp-json/wp/v2/districtlist HTTP/1.1" 404 609 "-" "Dart/3.6 (dart:io)"
103.78.16.194 - - [17/Jun/2025:05:24:25 +0000] "GET /wp-json/wp/v2/panchyathdata?districtlist=40 HTTP/1.1" 404 1045 "-" "Dart/3.6 (dart:io)"
139.59.17.158 - - [17/Jun/2025:05:25:25 +0000] "POST /wp-cron.php?doing_wp_cron=1750137925.9742839336395263671875 HTTP/1.1" 200 - "-" "WordPress/6.8.1; https://www.lapma.in"
103.78.16.194 - - [17/Jun/2025:05:25:23 +0000] "POST /wp-json/wc/v3/orders HTTP/1.1" 201 1068 "-" "Dart/3.6 (dart:io)"
139.59.17.158 - - [17/Jun/2025:05:27:04 +0000] "POST /wp-cron.php?doing_wp_cron=1750138024.5081679821014404296875 HTTP/1.1" 200 - "-" "WordPress/6.8.1; https://www.lapma.in"
103.78.16.194 - - [17/Jun/2025:05:27:02 +0000] "POST /wp-json/wc/v3/orders HTTP/1.1" 201 1070 "-" "Dart/3.6 (dart:io)"
103.78.16.194 - - [17/Jun/2025:05:37:42 +0000] "GET /wp-content/uploads/2024/05/product-img20.jpg HTTP/1.1" 200 81791 "-" "Dart/3.6 (dart:io)"
103.78.16.194 - - [17/Jun/2025:05:37:42 +0000] "GET /wp-content/uploads/2024/04/category-img7.png HTTP/1.1" 200 40393 "-" "Dart/3.6 (dart:io)"
103.78.16.194 - - [17/Jun/2025:05:37:42 +0000] "GET /wp-content/uploads/2024/04/category-img2.png HTTP/1.1" 200 34785 "-" "Dart/3.6 (dart:io)"
103.78.16.194 - - [17/Jun/2025:05:37:42 +0000] "GET /wp-content/uploads/2024/04/category-img4.png HTTP/1.1" 200 40550 "-" "Dart/3.6 (dart:io)"
103.78.16.194 - - [17/Jun/2025:05:37:42 +0000] "GET /wp-content/uploads/2024/11/51755558-75e9-42f4-969c-733e84c041b0.jpg HTTP/1.1" 200 59876 "-" "Dart/3.6 (dart:io)"
103.78.16.194 - - [17/Jun/2025:05:37:42 +0000] "GET /wp-content/uploads/2024/04/category-img6.png HTTP/1.1" 200 41121 "-" "Dart/3.6 (dart:io)"
103.78.16.194 - - [17/Jun/2025:05:37:42 +0000] "GET /wp-content/uploads/2024/04/category-img5.png HTTP/1.1" 200 36368 "-" "Dart/3.6 (dart:io)"
103.78.16.194 - - [17/Jun/2025:05:37:42 +0000] "GET /wp-content/uploads/2024/04/product-img1.jpg HTTP/1.1" 200 15663 "-" "Dart/3.6 (dart:io)"
103.78.16.194 - - [17/Jun/2025:05:37:42 +0000] "GET /wp-content/uploads/2024/05/product-img11.jpg HTTP/1.1" 200 39451 "-" "Dart/3.6 (dart:io)"
103.78.16.194 - - [17/Jun/2025:05:37:42 +0000] "GET /wp-content/uploads/2024/05/product-img17.jpg HTTP/1.1" 200 65481 "-" "Dart/3.6 (dart:io)"
139.59.17.158 - - [17/Jun/2025:05:37:54 +0000] "POST /wp-cron.php?doing_wp_cron=1750138674.7213079929351806640625 HTTP/1.1" 200 - "-" "WordPress/6.8.1; https://www.lapma.in"
103.78.16.194 - - [17/Jun/2025:05:37:52 +0000] "POST /wp-json/wc/v3/orders HTTP/1.1" 201 1070 "-" "Dart/3.6 (dart:io)"
139.59.17.158 - - [17/Jun/2025:05:38:21 +0000] "POST /wp-cron.php?doing_wp_cron=1750138701.5167720317840576171875 HTTP/1.1" 200 - "-" "WordPress/6.8.1; https://www.lapma.in"
103.78.16.194 - - [17/Jun/2025:05:38:18 +0000] "POST /wp-json/wc/v3/orders HTTP/1.1" 201 1077 "-" "Dart/3.6 (dart:io)"
139.59.17.158 - - [17/Jun/2025:05:40:40 +0000] "POST /wp-cron.php?doing_wp_cron=1750138840.3689429759979248046875 HTTP/1.1" 200 - "-" "WordPress/6.8.1; https://www.lapma.in"
103.78.16.194 - - [17/Jun/2025:05:40:38 +0000] "POST /wp-json/wc/v3/orders HTTP/1.1" 201 1069 "-" "Dart/3.6 (dart:io)"
139.59.17.158 - - [17/Jun/2025:05:41:34 +0000] "POST /wp-cron.php?doing_wp_cron=1750138894.5697739124298095703125 HTTP/1.1" 200 - "-" "WordPress/6.8.1; https://www.lapma.in"
103.78.16.194 - - [17/Jun/2025:05:41:32 +0000] "POST /wp-json/wc/v3/orders HTTP/1.1" 201 1071 "-" "Dart/3.6 (dart:io)"
139.59.17.158 - - [17/Jun/2025:05:45:04 +0000] "POST /wp-cron.php?doing_wp_cron=1750139104.5584490299224853515625 HTTP/1.1" 200 - "-" "WordPress/6.8.1; https://www.lapma.in"
103.78.16.194 - - [17/Jun/2025:05:45:01 +0000] "POST /wp-json/wc/v3/orders HTTP/1.1" 201 1066 "-" "Dart/3.6 (dart:io)"
139.59.17.158 - - [17/Jun/2025:05:47:41 +0000] "POST /wp-cron.php?doing_wp_cron=1750139261.7699620723724365234375 HTTP/1.1" 200 - "-" "WordPress/6.8.1; https://www.lapma.in"
103.78.16.194 - - [17/Jun/2025:05:47:39 +0000] "POST /wp-json/wc/v3/orders HTTP/1.1" 201 1070 "-" "Dart/3.6 (dart:io)"
139.59.17.158 - - [17/Jun/2025:05:48:43 +0000] "POST /wp-cron.php?doing_wp_cron=1750139323.2995810508728027343750 HTTP/1.1" 200 - "-" "WordPress/6.8.1; https://www.lapma.in"
103.78.16.194 - - [17/Jun/2025:05:48:40 +0000] "POST /wp-json/wc/v3/orders HTTP/1.1" 201 1070 "-" "Dart/3.6 (dart:io)"
103.78.16.194 - - [17/Jun/2025:05:49:02 +0000] "POST /wp-json/wc/v3/orders HTTP/1.1" 201 1074 "-" "Dart/3.6 (dart:io)"
139.59.17.158 - - [17/Jun/2025:05:49:33 +0000] "POST /wp-cron.php?doing_wp_cron=1750139373.6407079696655273437500 HTTP/1.1" 200 - "-" "WordPress/6.8.1; https://www.lapma.in"
103.78.16.194 - - [17/Jun/2025:05:49:31 +0000] "POST /wp-json/wc/v3/orders HTTP/1.1" 201 1070 "-" "Dart/3.6 (dart:io)"
66.249.68.8 - - [17/Jun/2025:05:50:19 +0000] "GET /robots.txt HTTP/1.1" 301 293 "-" "Mozilla/5.0 (compatible; Googlebot/2.1; +http://www.google.com/bot.html)"
139.59.17.158 - - [17/Jun/2025:05:50:22 +0000] "POST /wp-cron.php?doing_wp_cron=1750139422.9639840126037597656250 HTTP/1.1" 200 - "-" "WordPress/6.8.1; https://www.lapma.in"
66.249.68.1 - - [17/Jun/2025:05:50:20 +0000] "GET /robots.txt HTTP/1.1" 301 - "-" "Mozilla/5.0 (compatible; Googlebot/2.1; +http://www.google.com/bot.html)"
66.249.79.6 - - [17/Jun/2025:05:50:23 +0000] "GET /robots.txt HTTP/1.1" 404 69 "-" "Mozilla/5.0 (compatible; Googlebot/2.1; +http://www.google.com/bot.html)"
66.249.68.6 - - [17/Jun/2025:05:50:27 +0000] "GET / HTTP/1.1" 301 283 "-" "GoogleOther"
103.78.16.194 - - [17/Jun/2025:05:50:25 +0000] "POST /wp-json/wc/v3/orders HTTP/1.1" 201 1069 "-" "Dart/3.6 (dart:io)"
66.249.68.1 - - [17/Jun/2025:05:50:31 +0000] "GET / HTTP/1.1" 301 - "-" "GoogleOther"
66.249.79.6 - - [17/Jun/2025:05:50:34 +0000] "GET / HTTP/1.1" 404 10005 "-" "GoogleOther"
139.59.17.158 - - [17/Jun/2025:06:08:39 +0000] "POST /wp-cron.php?doing_wp_cron=1750140519.6411979198455810546875 HTTP/1.1" 200 - "-" "WordPress/6.8.1; https://www.lapma.in"
103.78.16.194 - - [17/Jun/2025:06:08:37 +0000] "POST /wp-json/wc/v3/orders HTTP/1.1" 201 1069 "-" "Dart/3.6 (dart:io)"
139.59.17.158 - - [17/Jun/2025:06:09:55 +0000] "POST /wp-cron.php?doing_wp_cron=1750140595.8309540748596191406250 HTTP/1.1" 200 - "-" "WordPress/6.8.1; https://www.lapma.in"
103.78.16.194 - - [17/Jun/2025:06:09:53 +0000] "POST /wp-json/wc/v3/orders HTTP/1.1" 201 1071 "-" "Dart/3.6 (dart:io)"
69.171.230.5 - - [17/Jun/2025:06:14:06 +0000] "GET /wp-content/uploads/woo-product-feed-pro/xml/1htiAhxiwIQYZqJoCOOpNOW7kFTApH5E.xml HTTP/1.1" 200 1463 "-" "facebookexternalhit/1.1 (+http://www.facebook.com/externalhit_uatext.php)"
139.59.17.158 - - [17/Jun/2025:06:14:37 +0000] "POST /wp-cron.php?doing_wp_cron=1750140877.2859740257263183593750 HTTP/1.1" 200 - "-" "WordPress/6.8.1; https://www.lapma.in"
103.78.16.194 - - [17/Jun/2025:06:14:34 +0000] "POST /wp-json/wc/v3/orders HTTP/1.1" 201 1071 "-" "Dart/3.6 (dart:io)"
103.78.16.194 - - [17/Jun/2025:06:20:57 +0000] "GET /wp-content/uploads/2024/11/51755558-75e9-42f4-969c-733e84c041b0.jpg HTTP/1.1" 200 59876 "-" "Dart/3.6 (dart:io)"
103.78.16.194 - - [17/Jun/2025:06:20:57 +0000] "GET /wp-content/uploads/2024/04/category-img4.png HTTP/1.1" 200 40550 "-" "Dart/3.6 (dart:io)"
103.78.16.194 - - [17/Jun/2025:06:20:57 +0000] "GET /wp-content/uploads/2024/04/category-img7.png HTTP/1.1" 200 40393 "-" "Dart/3.6 (dart:io)"
103.78.16.194 - - [17/Jun/2025:06:20:57 +0000] "GET /wp-content/uploads/2024/05/product-img11.jpg HTTP/1.1" 200 39451 "-" "Dart/3.6 (dart:io)"
103.78.16.194 - - [17/Jun/2025:06:20:57 +0000] "GET /wp-content/uploads/2024/04/product-img1.jpg HTTP/1.1" 200 15663 "-" "Dart/3.6 (dart:io)"
103.78.16.194 - - [17/Jun/2025:06:20:57 +0000] "GET /wp-content/uploads/2024/05/product-img20.jpg HTTP/1.1" 200 81791 "-" "Dart/3.6 (dart:io)"
103.78.16.194 - - [17/Jun/2025:06:20:57 +0000] "GET /wp-content/uploads/2024/04/category-img6.png HTTP/1.1" 200 41121 "-" "Dart/3.6 (dart:io)"
103.78.16.194 - - [17/Jun/2025:06:20:57 +0000] "GET /wp-content/uploads/2024/05/product-img17.jpg HTTP/1.1" 200 65481 "-" "Dart/3.6 (dart:io)"
103.78.16.194 - - [17/Jun/2025:06:20:57 +0000] "GET /wp-content/uploads/2024/04/category-img5.png HTTP/1.1" 200 36368 "-" "Dart/3.6 (dart:io)"
103.78.16.194 - - [17/Jun/2025:06:20:57 +0000] "GET /wp-content/uploads/2024/04/category-img2.png HTTP/1.1" 200 34785 "-" "Dart/3.6 (dart:io)"
139.59.17.158 - - [17/Jun/2025:06:21:06 +0000] "POST /wp-cron.php?doing_wp_cron=1750141266.0301458835601806640625 HTTP/1.1" 200 - "-" "WordPress/6.8.1; https://www.lapma.in"
103.78.16.194 - - [17/Jun/2025:06:21:03 +0000] "POST /wp-json/wc/v3/orders HTTP/1.1" 201 1075 "-" "Dart/3.6 (dart:io)"
139.59.17.158 - - [17/Jun/2025:06:26:19 +0000] "POST /wp-cron.php?doing_wp_cron=1750141579.9313349723815917968750 HTTP/1.1" 200 - "-" "WordPress/6.8.1; https://www.lapma.in"
103.78.16.194 - - [17/Jun/2025:06:26:18 +0000] "GET /wp-content/uploads/2024/10/airpays.png HTTP/1.1" 404 7964 "-" "Dart/3.6 (dart:io)"
139.59.17.158 - - [17/Jun/2025:06:27:28 +0000] "POST /wp-cron.php?doing_wp_cron=1750141648.2246220111846923828125 HTTP/1.1" 200 - "-" "WordPress/6.8.1; https://www.lapma.in"
103.78.16.194 - - [17/Jun/2025:06:27:25 +0000] "POST /wp-json/wc/v3/orders HTTP/1.1" 201 1005 "-" "Dart/3.6 (dart:io)"
103.78.16.194 - - [17/Jun/2025:06:27:32 +0000] "GET /wp-content/uploads/2024/10/airpays.png HTTP/1.1" 404 7962 "-" "Dart/3.6 (dart:io)"
103.78.16.194 - - [17/Jun/2025:06:27:40 +0000] "GET /wp-content/uploads/2024/10/airpays.png HTTP/1.1" 404 7962 "-" "Dart/3.6 (dart:io)"
139.59.17.158 - - [17/Jun/2025:06:28:25 +0000] "POST /wp-cron.php?doing_wp_cron=1750141705.4446020126342773437500 HTTP/1.1" 200 - "-" "WordPress/6.8.1; https://www.lapma.in"
103.78.16.194 - - [17/Jun/2025:06:28:22 +0000] "POST /wp-json/wc/v3/orders HTTP/1.1" 201 1005 "-" "Dart/3.6 (dart:io)"
103.78.16.194 - - [17/Jun/2025:06:28:27 +0000] "GET /wp-content/uploads/2024/10/airpays.png HTTP/1.1" 404 7962 "-" "Dart/3.6 (dart:io)"
103.78.16.194 - - [17/Jun/2025:06:28:31 +0000] "GET /wp-content/uploads/2024/10/airpays.png HTTP/1.1" 404 7962 "-" "Dart/3.6 (dart:io)"
103.78.16.194 - - [17/Jun/2025:06:28:48 +0000] "POST /wp-json/wc/v3/orders HTTP/1.1" 201 1008 "-" "Dart/3.6 (dart:io)"
103.78.16.194 - - [17/Jun/2025:06:28:52 +0000] "GET /wp-content/uploads/2024/10/airpays.png HTTP/1.1" 404 7963 "-" "Dart/3.6 (dart:io)"
103.78.16.194 - - [17/Jun/2025:06:28:56 +0000] "GET /wp-content/uploads/2024/10/airpays.png HTTP/1.1" 404 7964 "-" "Dart/3.6 (dart:io)"
139.59.17.158 - - [17/Jun/2025:06:30:14 +0000] "POST /wp-cron.php?doing_wp_cron=1750141814.1802270412445068359375 HTTP/1.1" 200 - "-" "WordPress/6.8.1; https://www.lapma.in"
103.78.16.194 - - [17/Jun/2025:06:30:11 +0000] "GET /wp-content/uploads/2024/10/airpays.png HTTP/1.1" 404 7963 "-" "Dart/3.6 (dart:io)"
103.78.16.194 - - [17/Jun/2025:06:30:37 +0000] "GET /wp-json/wp/v2/panchyathdata?districtlist=40 HTTP/1.1" 404 1045 "-" "Dart/3.6 (dart:io)"
103.78.16.194 - - [17/Jun/2025:06:30:55 +0000] "GET /wp-json/custom/v1/wc-nonce HTTP/1.1" 404 68 "-" "Dart/3.6 (dart:io)"
103.78.16.194 - - [17/Jun/2025:06:30:59 +0000] "GET /wp-json/wc/store/v1/cart HTTP/1.1" 404 1598 "-" "Dart/3.6 (dart:io)"
139.59.17.158 - - [17/Jun/2025:06:31:07 +0000] "POST /wp-cron.php?doing_wp_cron=1750141867.3927168846130371093750 HTTP/1.1" 200 - "-" "WordPress/6.8.1; https://www.lapma.in"
103.78.16.194 - - [17/Jun/2025:06:31:04 +0000] "GET /wp-json/wp/v2/panchyathdata?districtlist=40 HTTP/1.1" 404 1045 "-" "Dart/3.6 (dart:io)"
103.78.16.194 - - [17/Jun/2025:06:31:43 +0000] "POST /wp-json/wc/v3/orders HTTP/1.1" 201 1063 "-" "Dart/3.6 (dart:io)"
139.59.17.158 - - [17/Jun/2025:06:32:31 +0000] "POST /wp-cron.php?doing_wp_cron=1750141951.9061930179595947265625 HTTP/1.1" 200 - "-" "WordPress/6.8.1; https://www.lapma.in"
103.78.16.194 - - [17/Jun/2025:06:32:29 +0000] "POST /wp-json/wc/v3/orders HTTP/1.1" 201 1061 "-" "Dart/3.6 (dart:io)"
139.59.17.158 - - [17/Jun/2025:06:46:23 +0000] "POST /wp-cron.php?doing_wp_cron=1750142783.6637139320373535156250 HTTP/1.1" 200 - "-" "WordPress/6.8.1; https://www.lapma.in"
103.78.16.194 - - [17/Jun/2025:06:46:21 +0000] "POST /wp-json/wc/v3/orders HTTP/1.1" 201 1062 "-" "Dart/3.6 (dart:io)"
139.59.17.158 - - [17/Jun/2025:06:54:33 +0000] "POST /wp-cron.php?doing_wp_cron=1750143273.0876860618591308593750 HTTP/1.1" 200 - "-" "WordPress/6.8.1; https://www.lapma.in"
103.78.16.194 - - [17/Jun/2025:06:54:31 +0000] "POST /wp-json/wc/v3/orders HTTP/1.1" 201 1063 "-" "Dart/3.6 (dart:io)"
139.59.17.158 - - [17/Jun/2025:07:00:11 +0000] "POST /wp-cron.php?doing_wp_cron=1750143611.1524848937988281250000 HTTP/1.1" 200 - "-" "WordPress/6.8.1; https://www.lapma.in"
103.78.16.194 - - [17/Jun/2025:07:00:08 +0000] "POST /wp-json/wc/v3/orders HTTP/1.1" 201 1065 "-" "Dart/3.6 (dart:io)"
139.59.17.158 - - [17/Jun/2025:07:02:18 +0000] "POST /wp-cron.php?doing_wp_cron=1750143738.4094080924987792968750 HTTP/1.1" 200 - "-" "WordPress/6.8.1; https://www.lapma.in"
103.78.16.194 - - [17/Jun/2025:07:02:15 +0000] "POST /wp-json/wc/v3/orders HTTP/1.1" 201 1061 "-" "Dart/3.6 (dart:io)"
139.59.17.158 - - [17/Jun/2025:07:04:52 +0000] "POST /wp-cron.php?doing_wp_cron=1750143891.9826500415802001953125 HTTP/1.1" 200 - "-" "WordPress/6.8.1; https://www.lapma.in"
103.78.16.194 - - [17/Jun/2025:07:04:49 +0000] "POST /wp-json/wc/v3/orders HTTP/1.1" 201 1068 "-" "Dart/3.6 (dart:io)"
45.227.253.15 - - [17/Jun/2025:07:09:08 +0000] "GET /phpMyAdmin/vendor/thecodingmachine/safe/deprecated/Exceptions/Exceptions/index.php?ARRAY=7o2230223n313735303134373834302p2231223n22687474703n5p2s5p2s3230342r31322r3233382r37345p2s3s6p633q7068705s636s64655s6n6326743q313735303134343234302q3861353437333865613266333163333230643635306364316431663766363965222p2232223n223031393535333637616137316337303661633962316532393561623737313230222p2233223n226630633834306462643437326464376133373338326237636638383235333233222p2262696r675s70617373223n2231392q34372q35382q36322q38302q38362q3232227q HTTP/1.1" 200 289 "-" "Mozilla/5.0 (Windows NT 10.0; Win64; x64) AppleWebKit/537.36 (KHTML, like Gecko) Chrome/76.0.3800 Safari/537.36 Edg/76.0.140.6"
139.59.17.158 - - [17/Jun/2025:07:11:44 +0000] "POST /wp-cron.php?doing_wp_cron=1750144304.0648579597473144531250 HTTP/1.1" 200 - "-" "WordPress/6.8.1; https://www.lapma.in"
103.78.16.194 - - [17/Jun/2025:07:11:41 +0000] "GET /wp-json/wc/store/v1/auth/nonce HTTP/1.1" 404 117 "-" "Dart/3.6 (dart:io)"
139.59.17.158 - - [17/Jun/2025:07:12:51 +0000] "POST /wp-cron.php?doing_wp_cron=1750144371.2922480106353759765625 HTTP/1.1" 200 - "-" "WordPress/6.8.1; https://www.lapma.in"
103.78.16.194 - - [17/Jun/2025:07:12:48 +0000] "GET /wp-json/wp/v2/panchyathdata?districtlist=40 HTTP/1.1" 404 1045 "-" "Dart/3.6 (dart:io)"
104.210.140.134 - - [17/Jun/2025:07:12:54 +0000] "GET /robots.txt HTTP/2.0" 301 - "-" "Mozilla/5.0 (Macintosh; Intel Mac OS X 10_15_7) AppleWebKit/537.36 (KHTML, like Gecko) Chrome/131.0.0.0 Safari/537.36; compatible; OAI-SearchBot/1.0; +https://openai.com/searchbot"
104.210.140.143 - - [17/Jun/2025:07:12:59 +0000] "GET /robots.txt HTTP/2.0" 404 69 "-" "Mozilla/5.0 (Macintosh; Intel Mac OS X 10_15_7) AppleWebKit/537.36 (KHTML, like Gecko) Chrome/131.0.0.0 Safari/537.36; compatible; OAI-SearchBot/1.0; +https://openai.com/searchbot"
104.210.140.139 - - [17/Jun/2025:07:13:02 +0000] "GET /robots.txt HTTP/1.1" 301 301 "-" "Mozilla/5.0 (Macintosh; Intel Mac OS X 10_15_7) AppleWebKit/537.36 (KHTML, like Gecko) Chrome/131.0.0.0 Safari/537.36; compatible; OAI-SearchBot/1.0; +https://openai.com/searchbot"
104.210.140.143 - - [17/Jun/2025:07:13:02 +0000] "GET /robots.txt HTTP/2.0" 404 69 "-" "Mozilla/5.0 (Macintosh; Intel Mac OS X 10_15_7) AppleWebKit/537.36 (KHTML, like Gecko) Chrome/131.0.0.0 Safari/537.36; compatible; OAI-SearchBot/1.0; +https://openai.com/searchbot"
139.59.17.158 - - [17/Jun/2025:07:13:11 +0000] "POST /wp-cron.php?doing_wp_cron=1750144391.4917230606079101562500 HTTP/1.1" 200 - "-" "WordPress/6.8.1; https://www.lapma.in"
103.78.16.194 - - [17/Jun/2025:07:13:08 +0000] "GET /wp-json/wp/v2/panchyathdata?districtlist=40 HTTP/1.1" 404 1045 "-" "Dart/3.6 (dart:io)"
130.89.144.171 - - [17/Jun/2025:07:13:18 +0000] "GET /robots.txt HTTP/1.1" 301 293 "-" "OI-Crawler/Nutch (https://openintel.nl/webcrawl/)"
130.89.144.171 - - [17/Jun/2025:07:13:19 +0000] "GET /robots.txt HTTP/1.1" 301 - "-" "OI-Crawler/Nutch (https://openintel.nl/webcrawl/)"
130.89.144.171 - - [17/Jun/2025:07:13:24 +0000] "GET /robots.txt HTTP/1.1" 404 69 "-" "OI-Crawler/Nutch (https://openintel.nl/webcrawl/)"
130.89.144.171 - - [17/Jun/2025:07:13:27 +0000] "GET / HTTP/1.1" 301 283 "-" "OI-Crawler/Nutch (https://openintel.nl/webcrawl/)"
130.89.144.171 - - [17/Jun/2025:07:13:28 +0000] "GET / HTTP/1.1" 301 - "-" "OI-Crawler/Nutch (https://openintel.nl/webcrawl/)"
130.89.144.171 - - [17/Jun/2025:07:13:32 +0000] "GET / HTTP/1.1" 404 10005 "-" "OI-Crawler/Nutch (https://openintel.nl/webcrawl/)"
31.13.127.115 - - [17/Jun/2025:07:15:23 +0000] "GET /wp-content/uploads/woo-product-feed-pro/xml/1htiAhxiwIQYZqJoCOOpNOW7kFTApH5E.xml HTTP/1.1" 200 1463 "-" "facebookexternalhit/1.1 (+http://www.facebook.com/externalhit_uatext.php)"
45.227.253.15 - - [17/Jun/2025:07:15:36 +0000] "GET /index.php/jk HTTP/1.1" 200 59 "-" "Mozilla/5.0 (Windows NT 10.0; Win64; x64) AppleWebKit/537.36 (KHTML, like Gecko) Chrome/79.0.3970 Safari/537.36 Edg/79.0.143.5"
139.59.17.158 - - [17/Jun/2025:07:16:48 +0000] "POST /wp-cron.php?doing_wp_cron=1750144608.1760129928588867187500 HTTP/1.1" 200 - "-" "WordPress/6.8.1; https://www.lapma.in"
103.78.16.194 - - [17/Jun/2025:07:16:45 +0000] "GET /wp-json/wp/v2/panchyathdata?districtlist=40 HTTP/1.1" 404 1045 "-" "Dart/3.6 (dart:io)"
139.59.17.158 - - [17/Jun/2025:07:17:30 +0000] "POST /wp-cron.php?doing_wp_cron=1750144650.7599599361419677734375 HTTP/1.1" 200 - "-" "WordPress/6.8.1; https://www.lapma.in"
103.78.16.194 - - [17/Jun/2025:07:17:28 +0000] "POST /wp-json/wc/v3/orders HTTP/1.1" 201 1063 "-" "Dart/3.6 (dart:io)"
139.59.17.158 - - [17/Jun/2025:07:26:22 +0000] "POST /wp-cron.php?doing_wp_cron=1750145182.9173591136932373046875 HTTP/1.1" 200 - "-" "WordPress/6.8.1; https://www.lapma.in"
103.78.16.194 - - [17/Jun/2025:07:26:19 +0000] "POST /wp-json/wc/v3/orders HTTP/1.1" 201 1064 "-" "Dart/3.6 (dart:io)"
139.59.17.158 - - [17/Jun/2025:07:30:28 +0000] "POST /wp-cron.php?doing_wp_cron=1750145428.1865150928497314453125 HTTP/1.1" 200 - "-" "WordPress/6.8.1; https://www.lapma.in"
103.78.16.194 - - [17/Jun/2025:07:30:25 +0000] "POST /wp-json/wc/v3/orders HTTP/1.1" 201 1064 "-" "Dart/3.6 (dart:io)"
139.59.17.158 - - [17/Jun/2025:07:33:54 +0000] "POST /wp-cron.php?doing_wp_cron=1750145634.8745410442352294921875 HTTP/1.1" 200 - "-" "WordPress/6.8.1; https://www.lapma.in"
103.78.16.194 - - [17/Jun/2025:07:33:52 +0000] "POST /wp-json/wc/v3/orders HTTP/1.1" 201 1062 "-" "Dart/3.6 (dart:io)"
139.59.17.158 - - [17/Jun/2025:07:34:33 +0000] "POST /wp-cron.php?doing_wp_cron=1750145673.3945109844207763671875 HTTP/1.1" 200 - "-" "WordPress/6.8.1; https://www.lapma.in"
103.78.16.194 - - [17/Jun/2025:07:34:31 +0000] "POST /wp-json/wc/v3/orders HTTP/1.1" 201 1062 "-" "Dart/3.6 (dart:io)"
139.59.17.158 - - [17/Jun/2025:07:35:14 +0000] "POST /wp-cron.php?doing_wp_cron=1750145714.0815799236297607421875 HTTP/1.1" 200 - "-" "WordPress/6.8.1; https://www.lapma.in"
103.78.16.194 - - [17/Jun/2025:07:35:11 +0000] "POST /wp-json/wc/v3/orders HTTP/1.1" 201 1063 "-" "Dart/3.6 (dart:io)"
139.59.17.158 - - [17/Jun/2025:07:36:33 +0000] "POST /wp-cron.php?doing_wp_cron=1750145793.7871520519256591796875 HTTP/1.1" 200 - "-" "WordPress/6.8.1; https://www.lapma.in"
103.78.16.194 - - [17/Jun/2025:07:36:31 +0000] "POST /wp-json/wc/v3/orders HTTP/1.1" 201 1072 "-" "Dart/3.6 (dart:io)"
8.41.221.56 - - [17/Jun/2025:07:53:09 +0000] "GET / HTTP/1.1" 301 283 "-" "Mozilla/5.0 Firefox/33.0"
139.59.17.158 - - [17/Jun/2025:07:53:12 +0000] "POST /wp-cron.php?doing_wp_cron=1750146792.2392780780792236328125 HTTP/1.1" 200 - "-" "WordPress/6.8.1; https://www.lapma.in"
8.41.221.56 - - [17/Jun/2025:07:53:10 +0000] "GET / HTTP/1.1" 301 - "-" "Mozilla/5.0 Firefox/33.0"
8.41.221.56 - - [17/Jun/2025:07:53:13 +0000] "GET / HTTP/1.1" 404 10006 "-" "Mozilla/5.0 Firefox/33.0"
8.41.221.56 - - [17/Jun/2025:07:53:16 +0000] "GET /robots.txt HTTP/1.1" 301 293 "-" "python-requests/2.32.3"
8.41.221.56 - - [17/Jun/2025:07:53:17 +0000] "GET /robots.txt HTTP/1.1" 301 - "-" "python-requests/2.32.3"
139.59.17.158 - - [17/Jun/2025:07:53:22 +0000] "POST /wp-cron.php?doing_wp_cron=1750146802.8615710735321044921875 HTTP/1.1" 200 - "-" "WordPress/6.8.1; https://www.lapma.in"
8.41.221.56 - - [17/Jun/2025:07:53:20 +0000] "GET /robots.txt HTTP/1.1" 404 69 "-" "python-requests/2.32.3"
8.41.221.56 - - [17/Jun/2025:07:53:23 +0000] "GET / HTTP/1.1" 301 283 "-" "Mozilla/5.0 Firefox/33.0"
8.41.221.56 - - [17/Jun/2025:07:53:24 +0000] "GET / HTTP/1.1" 301 - "-" "Mozilla/5.0 Firefox/33.0"
8.41.221.56 - - [17/Jun/2025:07:53:27 +0000] "GET / HTTP/1.1" 404 68254 "-" "Mozilla/5.0 Firefox/33.0"
107.151.209.113 - - [17/Jun/2025:08:08:46 +0000] "GET /wp-admin/css/ HTTP/1.1" 301 296 "binance.com" "Mozilla/5.0 (Windows NT 10.0; Win64; x64) AppleWebKit/537.36 (KHTML, like Gecko) Chrome/90.0.4430.85 Safari/537.36"
107.151.209.113 - - [17/Jun/2025:08:08:49 +0000] "GET /wp-admin/css/ HTTP/1.1" 403 258 "binance.com" "Mozilla/5.0 (Windows NT 10.0; Win64; x64) AppleWebKit/537.36 (KHTML, like Gecko) Chrome/90.0.4430.85 Safari/537.36"
31.13.127.9 - - [17/Jun/2025:08:14:58 +0000] "GET /wp-content/uploads/woo-product-feed-pro/xml/1htiAhxiwIQYZqJoCOOpNOW7kFTApH5E.xml HTTP/1.1" 200 1463 "-" "facebookexternalhit/1.1 (+http://www.facebook.com/externalhit_uatext.php)"
69.171.230.8 - - [17/Jun/2025:09:15:26 +0000] "GET /wp-content/uploads/woo-product-feed-pro/xml/1htiAhxiwIQYZqJoCOOpNOW7kFTApH5E.xml HTTP/1.1" 200 1463 "-" "facebookexternalhit/1.1 (+http://www.facebook.com/externalhit_uatext.php)"
45.227.253.15 - - [17/Jun/2025:09:35:59 +0000] "GET /index.php/jk HTTP/1.1" 200 59 "-" "Mozilla/5.0 (Windows NT 6.1; WOW64; Trident/7.0; rv:11.0) like Gecko"
139.59.17.158 - - [17/Jun/2025:09:49:35 +0000] "POST /wp-cron.php?doing_wp_cron=1750153775.5911169052124023437500 HTTP/1.1" 200 - "-" "WordPress/6.8.1; https://www.lapma.in"
47.82.60.165 - - [17/Jun/2025:09:49:33 +0000] "GET /product/calf/ HTTP/1.1" 404 13603 "https://www.lapma.in/product/calf/" "Mozilla/5.0 (Windows NT 10.0; Win64; x64) AppleWebKit/537.36 (KHTML, like Gecko) Chrome/114.0.0.0 Safari/537.36 Edg/114.0.1823.43"
