117.206.66.99 - - [19/Jun/2025:05:56:41 +0000] "GET /wp-json/wc-admin/options?options=woocommerce_allow_tracking&_locale=user HTTP/2.0" 404 55 "https://www.lapma.in/wp-admin/plugins.php" "Mozilla/5.0 (Windows NT 10.0; Win64; x64) AppleWebKit/537.36 (KHTML, like Gecko) Chrome/137.0.0.0 Safari/537.36"
117.206.66.99 - - [19/Jun/2025:05:56:44 +0000] "GET /wp-admin/plugins.php?action=activate&plugin=lapma-razorpay-integration%2Flapma-razorpay-integration.php&plugin_status=all&paged=1&s&_wpnonce=36280bcbb9 HTTP/2.0" 302 - "https://www.lapma.in/wp-admin/plugins.php" "Mozilla/5.0 (Windows NT 10.0; Win64; x64) AppleWebKit/537.36 (KHTML, like Gecko) Chrome/137.0.0.0 Safari/537.36"
117.206.66.99 - - [19/Jun/2025:05:56:47 +0000] "GET /wp-admin/plugins.php?error=true&plugin=lapma-razorpay-integration%2Flapma-razorpay-integration.php&_error_nonce=1cfe8fcfad HTTP/2.0" 200 69428 "https://www.lapma.in/wp-admin/plugins.php" "Mozilla/5.0 (Windows NT 10.0; Win64; x64) AppleWebKit/537.36 (KHTML, like Gecko) Chrome/137.0.0.0 Safari/537.36"
117.206.66.99 - - [19/Jun/2025:05:56:50 +0000] "GET /wp-json/wc-admin/options?options=woocommerce_allow_tracking&_locale=user HTTP/2.0" 404 55 "https://www.lapma.in/wp-admin/plugins.php?plugin=lapma-razorpay-integration%2Flapma-razorpay-integration.php" "Mozilla/5.0 (Windows NT 10.0; Win64; x64) AppleWebKit/537.36 (KHTML, like Gecko) Chrome/137.0.0.0 Safari/537.36"
117.206.66.99 - - [19/Jun/2025:05:56:50 +0000] "GET /wp-json/wp/v2/users/me?context=edit&_locale=user HTTP/2.0" 404 1354 "https://www.lapma.in/wp-admin/plugins.php?plugin=lapma-razorpay-integration%2Flapma-razorpay-integration.php" "Mozilla/5.0 (Windows NT 10.0; Win64; x64) AppleWebKit/537.36 (KHTML, like Gecko) Chrome/137.0.0.0 Safari/537.36"
139.59.17.158 - - [19/Jun/2025:05:57:40 +0000] "POST /wp-cron.php?doing_wp_cron=1750312660.3294410705566406250000 HTTP/1.1" 200 - "-" "WordPress/6.8.1; https://www.lapma.in"
117.206.66.99 - - [19/Jun/2025:05:57:38 +0000] "GET /wp-admin/admin.php?page=wp_file_manager HTTP/2.0" 200 18218 "https://www.lapma.in/wp-admin/plugins.php?plugin=lapma-razorpay-integration%2Flapma-razorpay-integration.php" "Mozilla/5.0 (Windows NT 10.0; Win64; x64) AppleWebKit/537.36 (KHTML, like Gecko) Chrome/137.0.0.0 Safari/537.36"
117.206.66.99 - - [19/Jun/2025:05:57:40 +0000] "GET /wp-content/plugins/wp-file-manager/js/file_manager_free_shortcode_admin.js?ver=7486 HTTP/2.0" 200 1267 "https://www.lapma.in/wp-admin/admin.php?page=wp_file_manager" "Mozilla/5.0 (Windows NT 10.0; Win64; x64) AppleWebKit/537.36 (KHTML, like Gecko) Chrome/137.0.0.0 Safari/537.36"
117.206.66.99 - - [19/Jun/2025:05:57:41 +0000] "GET /wp-admin/admin-ajax.php?action=mk_file_folder_manager&_wpnonce=0d82a4d706&networkhref=&cmd=open&target=l1_Lw&init=1&tree=1&_=1750312659206 HTTP/2.0" 200 1740 "https://www.lapma.in/wp-admin/admin.php?page=wp_file_manager" "Mozilla/5.0 (Windows NT 10.0; Win64; x64) AppleWebKit/537.36 (KHTML, like Gecko) Chrome/137.0.0.0 Safari/537.36"
117.206.66.99 - - [19/Jun/2025:05:57:50 +0000] "GET /wp-admin/admin-ajax.php?action=mk_file_folder_manager&_wpnonce=0d82a4d706&networkhref=&cmd=get&target=l1_d3AtY29uZmlnLnBocA&conv=0&_t=1750312594 HTTP/2.0" 200 1851 "https://www.lapma.in/wp-admin/admin.php?page=wp_file_manager" "Mozilla/5.0 (Windows NT 10.0; Win64; x64) AppleWebKit/537.36 (KHTML, like Gecko) Chrome/137.0.0.0 Safari/537.36"
139.59.17.158 - - [19/Jun/2025:05:58:22 +0000] "POST /wp-cron.php?doing_wp_cron=1750312702.9717109203338623046875 HTTP/1.1" 200 - "-" "WordPress/6.8.1; https://www.lapma.in"
117.206.66.99 - - [19/Jun/2025:05:58:21 +0000] "POST /wp-admin/admin-ajax.php HTTP/2.0" 200 158 "https://www.lapma.in/wp-admin/admin.php?page=wp_file_manager" "Mozilla/5.0 (Windows NT 10.0; Win64; x64) AppleWebKit/537.36 (KHTML, like Gecko) Chrome/137.0.0.0 Safari/537.36"
139.59.17.158 - - [19/Jun/2025:05:58:31 +0000] "POST /wp-cron.php?doing_wp_cron=1750312711.5115571022033691406250 HTTP/1.1" 200 - "-" "WordPress/6.8.1; https://www.lapma.in"
117.206.66.99 - - [19/Jun/2025:05:58:29 +0000] "GET /wp-admin/plugins.php HTTP/2.0" 200 69216 "https://www.lapma.in/wp-admin/admin.php?page=wp_file_manager" "Mozilla/5.0 (Windows NT 10.0; Win64; x64) AppleWebKit/537.36 (KHTML, like Gecko) Chrome/137.0.0.0 Safari/537.36"
117.206.66.99 - - [19/Jun/2025:05:58:32 +0000] "GET /wp-json/wc-admin/options?options=woocommerce_allow_tracking&_locale=user HTTP/2.0" 404 55 "https://www.lapma.in/wp-admin/plugins.php" "Mozilla/5.0 (Windows NT 10.0; Win64; x64) AppleWebKit/537.36 (KHTML, like Gecko) Chrome/137.0.0.0 Safari/537.36"
117.206.66.99 - - [19/Jun/2025:05:58:32 +0000] "GET /wp-json/wp/v2/users/me?context=edit&_locale=user HTTP/2.0" 404 1354 "https://www.lapma.in/wp-admin/plugins.php" "Mozilla/5.0 (Windows NT 10.0; Win64; x64) AppleWebKit/537.36 (KHTML, like Gecko) Chrome/137.0.0.0 Safari/537.36"
117.206.66.99 - - [19/Jun/2025:05:58:36 +0000] "GET /wp-admin/plugins.php?action=activate&plugin=lapma-razorpay-integration%2Flapma-razorpay-integration.php&plugin_status=all&paged=1&s&_wpnonce=36280bcbb9 HTTP/2.0" 302 - "https://www.lapma.in/wp-admin/plugins.php" "Mozilla/5.0 (Windows NT 10.0; Win64; x64) AppleWebKit/537.36 (KHTML, like Gecko) Chrome/137.0.0.0 Safari/537.36"
117.206.66.99 - - [19/Jun/2025:05:58:38 +0000] "GET /wp-admin/plugins.php?error=true&plugin=lapma-razorpay-integration%2Flapma-razorpay-integration.php&_error_nonce=1cfe8fcfad HTTP/2.0" 200 69428 "https://www.lapma.in/wp-admin/plugins.php" "Mozilla/5.0 (Windows NT 10.0; Win64; x64) AppleWebKit/537.36 (KHTML, like Gecko) Chrome/137.0.0.0 Safari/537.36"
117.206.66.99 - - [19/Jun/2025:05:58:42 +0000] "GET /wp-json/wp/v2/users/me?context=edit&_locale=user HTTP/2.0" 404 1354 "https://www.lapma.in/wp-admin/plugins.php?plugin=lapma-razorpay-integration%2Flapma-razorpay-integration.php" "Mozilla/5.0 (Windows NT 10.0; Win64; x64) AppleWebKit/537.36 (KHTML, like Gecko) Chrome/137.0.0.0 Safari/537.36"
117.206.66.99 - - [19/Jun/2025:05:58:42 +0000] "GET /wp-json/wc-admin/options?options=woocommerce_allow_tracking&_locale=user HTTP/2.0" 404 55 "https://www.lapma.in/wp-admin/plugins.php?plugin=lapma-razorpay-integration%2Flapma-razorpay-integration.php" "Mozilla/5.0 (Windows NT 10.0; Win64; x64) AppleWebKit/537.36 (KHTML, like Gecko) Chrome/137.0.0.0 Safari/537.36"
139.59.17.158 - - [19/Jun/2025:05:59:45 +0000] "POST /wp-cron.php?doing_wp_cron=1750312785.5330729484558105468750 HTTP/1.1" 200 - "-" "WordPress/6.8.1; https://www.lapma.in"
117.206.66.99 - - [19/Jun/2025:05:59:43 +0000] "POST /wp-admin/admin-ajax.php HTTP/2.0" 200 67 "https://www.lapma.in/wp-admin/plugins.php?plugin=lapma-razorpay-integration%2Flapma-razorpay-integration.php" "Mozilla/5.0 (Windows NT 10.0; Win64; x64) AppleWebKit/537.36 (KHTML, like Gecko) Chrome/137.0.0.0 Safari/537.36"
139.59.17.158 - - [19/Jun/2025:06:00:14 +0000] "POST /wp-cron.php?doing_wp_cron=1750312814.7258810997009277343750 HTTP/1.1" 200 - "-" "WordPress/6.8.1; https://www.lapma.in"
68.178.246.77 - - [19/Jun/2025:06:00:12 +0000] "POST /xmlrpc.php HTTP/1.1" 200 225 "-" "Mozilla/5.0 (X11; Ubuntu; Linux x86_64; rv:85.0) Gecko/20100101 Firefox/91.0"
117.206.66.99 - - [19/Jun/2025:06:00:15 +0000] "GET /wp-admin/admin.php?page=wp_file_manager HTTP/2.0" 200 18216 "https://www.lapma.in/wp-admin/plugins.php?plugin=lapma-razorpay-integration%2Flapma-razorpay-integration.php" "Mozilla/5.0 (Windows NT 10.0; Win64; x64) AppleWebKit/537.36 (KHTML, like Gecko) Chrome/137.0.0.0 Safari/537.36"
117.206.66.99 - - [19/Jun/2025:06:00:19 +0000] "GET /wp-content/plugins/wp-file-manager/js/file_manager_free_shortcode_admin.js?ver=816 HTTP/2.0" 200 1267 "https://www.lapma.in/wp-admin/admin.php?page=wp_file_manager" "Mozilla/5.0 (Windows NT 10.0; Win64; x64) AppleWebKit/537.36 (KHTML, like Gecko) Chrome/137.0.0.0 Safari/537.36"
117.206.66.99 - - [19/Jun/2025:06:00:19 +0000] "GET /wp-admin/admin-ajax.php?action=mk_file_folder_manager&_wpnonce=0d82a4d706&networkhref=&cmd=open&target=l1_Lw&init=1&tree=1&_=1750312817340 HTTP/2.0" 200 1741 "https://www.lapma.in/wp-admin/admin.php?page=wp_file_manager" "Mozilla/5.0 (Windows NT 10.0; Win64; x64) AppleWebKit/537.36 (KHTML, like Gecko) Chrome/137.0.0.0 Safari/537.36"
117.206.66.99 - - [19/Jun/2025:06:00:25 +0000] "GET /wp-admin/admin-ajax.php?action=mk_file_folder_manager&_wpnonce=0d82a4d706&networkhref=&cmd=open&target=l1_d3AtY29udGVudA&reqid=19786c62a8c3c2 HTTP/2.0" 200 934 "https://www.lapma.in/wp-admin/admin.php?page=wp_file_manager" "Mozilla/5.0 (Windows NT 10.0; Win64; x64) AppleWebKit/537.36 (KHTML, like Gecko) Chrome/137.0.0.0 Safari/537.36"
117.206.66.99 - - [19/Jun/2025:06:00:31 +0000] "GET /wp-admin/admin-ajax.php?action=mk_file_folder_manager&_wpnonce=0d82a4d706&networkhref=&cmd=open&target=l1_d3AtY29udGVudC9wbHVnaW5z&reqid=19786c644b678 HTTP/2.0" 200 1382 "https://www.lapma.in/wp-admin/admin.php?page=wp_file_manager" "Mozilla/5.0 (Windows NT 10.0; Win64; x64) AppleWebKit/537.36 (KHTML, like Gecko) Chrome/137.0.0.0 Safari/537.36"
117.206.66.99 - - [19/Jun/2025:06:00:36 +0000] "GET /wp-admin/admin-ajax.php?action=mk_file_folder_manager&_wpnonce=0d82a4d706&networkhref=&cmd=open&target=l1_d3AtY29udGVudC9wbHVnaW5zL2xhcG1hLXJhem9ycGF5LWludGVncmF0aW9u&reqid=19786c6583319b HTTP/2.0" 200 681 "https://www.lapma.in/wp-admin/admin.php?page=wp_file_manager" "Mozilla/5.0 (Windows NT 10.0; Win64; x64) AppleWebKit/537.36 (KHTML, like Gecko) Chrome/137.0.0.0 Safari/537.36"
139.59.17.158 - - [19/Jun/2025:06:01:21 +0000] "POST /wp-cron.php?doing_wp_cron=1750312881.4387710094451904296875 HTTP/1.1" 200 - "-" "WordPress/6.8.1; https://www.lapma.in"
117.206.66.99 - - [19/Jun/2025:06:01:19 +0000] "POST /wp-admin/admin-ajax.php HTTP/2.0" 200 67 "https://www.lapma.in/wp-admin/admin.php?page=wp_file_manager" "Mozilla/5.0 (Windows NT 10.0; Win64; x64) AppleWebKit/537.36 (KHTML, like Gecko) Chrome/137.0.0.0 Safari/537.36"
139.59.17.158 - - [19/Jun/2025:06:03:21 +0000] "POST /wp-cron.php?doing_wp_cron=1750313001.9200890064239501953125 HTTP/1.1" 200 - "-" "WordPress/6.8.1; https://www.lapma.in"
117.206.66.99 - - [19/Jun/2025:06:03:19 +0000] "POST /wp-admin/admin-ajax.php HTTP/2.0" 200 67 "https://www.lapma.in/wp-admin/admin.php?page=wp_file_manager" "Mozilla/5.0 (Windows NT 10.0; Win64; x64) AppleWebKit/537.36 (KHTML, like Gecko) Chrome/137.0.0.0 Safari/537.36"
139.59.17.158 - - [19/Jun/2025:06:04:22 +0000] "POST /wp-cron.php?doing_wp_cron=1750313062.9659159183502197265625 HTTP/1.1" 200 - "-" "WordPress/6.8.1; https://www.lapma.in"
117.206.66.99 - - [19/Jun/2025:06:04:20 +0000] "POST /wp-admin/admin-ajax.php HTTP/2.0" 200 67 "https://www.lapma.in/wp-admin/admin.php?page=wp_file_manager" "Mozilla/5.0 (Windows NT 10.0; Win64; x64) AppleWebKit/537.36 (KHTML, like Gecko) Chrome/137.0.0.0 Safari/537.36"
31.13.115.114 - - [19/Jun/2025:06:14:39 +0000] "GET /wp-content/uploads/woo-product-feed-pro/xml/1htiAhxiwIQYZqJoCOOpNOW7kFTApH5E.xml HTTP/1.1" 200 1463 "-" "facebookexternalhit/1.1 (+http://www.facebook.com/externalhit_uatext.php)"
66.249.79.7 - - [19/Jun/2025:06:49:45 +0000] "GET /wp-content/uploads/2024/11/adf4b5f6-fb7f-455c-8d45-416ff8773ee5.jpg HTTP/1.1" 200 108869 "-" "Googlebot-Image/1.0"
139.59.17.158 - - [19/Jun/2025:06:53:37 +0000] "POST /wp-cron.php?doing_wp_cron=1750316017.9313549995422363281250 HTTP/1.1" 200 - "-" "WordPress/6.8.1; https://www.lapma.in"
159.65.181.206 - - [19/Jun/2025:06:53:35 +0000] "POST /xmlrpc.php HTTP/1.1" 200 225 "-" "Mozilla/5.0 (X11; Ubuntu; Linux x86_64; rv:85.0) Gecko/20100101 Firefox/91.0"
139.59.17.158 - - [19/Jun/2025:07:03:44 +0000] "POST /wp-cron.php?doing_wp_cron=1750316624.7131400108337402343750 HTTP/1.1" 200 - "-" "WordPress/6.8.1; https://www.lapma.in"
104.210.140.143 - - [19/Jun/2025:07:03:42 +0000] "GET /robots.txt HTTP/2.0" 301 - "-" "Mozilla/5.0 (Macintosh; Intel Mac OS X 10_15_7) AppleWebKit/537.36 (KHTML, like Gecko) Chrome/131.0.0.0 Safari/537.36; compatible; OAI-SearchBot/1.0; +https://openai.com/searchbot"
104.210.140.136 - - [19/Jun/2025:07:03:46 +0000] "GET /robots.txt HTTP/2.0" 404 69 "-" "Mozilla/5.0 (Macintosh; Intel Mac OS X 10_15_7) AppleWebKit/537.36 (KHTML, like Gecko) Chrome/131.0.0.0 Safari/537.36; compatible; OAI-SearchBot/1.0; +https://openai.com/searchbot"
104.210.140.137 - - [19/Jun/2025:07:03:49 +0000] "GET /robots.txt HTTP/1.1" 301 301 "-" "Mozilla/5.0 (Macintosh; Intel Mac OS X 10_15_7) AppleWebKit/537.36 (KHTML, like Gecko) Chrome/131.0.0.0 Safari/537.36; compatible; OAI-SearchBot/1.0; +https://openai.com/searchbot"
104.210.140.136 - - [19/Jun/2025:07:03:49 +0000] "GET /robots.txt HTTP/2.0" 404 69 "-" "Mozilla/5.0 (Macintosh; Intel Mac OS X 10_15_7) AppleWebKit/537.36 (KHTML, like Gecko) Chrome/131.0.0.0 Safari/537.36; compatible; OAI-SearchBot/1.0; +https://openai.com/searchbot"
173.252.95.11 - - [19/Jun/2025:07:14:33 +0000] "GET /wp-content/uploads/woo-product-feed-pro/xml/1htiAhxiwIQYZqJoCOOpNOW7kFTApH5E.xml HTTP/1.1" 200 1463 "-" "facebookexternalhit/1.1 (+http://www.facebook.com/externalhit_uatext.php)"
45.227.253.15 - - [19/Jun/2025:07:23:33 +0000] "GET /index.php/jk HTTP/1.1" 200 59 "-" "Mozilla/5.0 (Windows NT 6.3; Win64; x64) AppleWebKit/537.36 (KHTML, like Gecko) Chrome/86.0.4240.111 Safari/537.36"
173.252.87.112 - - [19/Jun/2025:08:14:36 +0000] "GET /wp-content/uploads/woo-product-feed-pro/xml/1htiAhxiwIQYZqJoCOOpNOW7kFTApH5E.xml HTTP/1.1" 200 1463 "-" "facebookexternalhit/1.1 (+http://www.facebook.com/externalhit_uatext.php)"
139.59.17.158 - - [19/Jun/2025:08:26:58 +0000] "POST /wp-cron.php?doing_wp_cron=1750321617.9989039897918701171875 HTTP/1.1" 200 - "-" "WordPress/6.8.1; https://www.lapma.in"
173.249.147.129 - - [19/Jun/2025:08:26:54 +0000] "POST /xmlrpc.php HTTP/1.1" 200 225 "-" "Mozilla/5.0 (X11; Ubuntu; Linux x86_64; rv:85.0) Gecko/20100101 Firefox/91.0"
139.59.17.158 - - [19/Jun/2025:08:51:44 +0000] "POST /wp-cron.php?doing_wp_cron=1750323104.8631339073181152343750 HTTP/1.1" 200 - "-" "WordPress/6.8.1; https://www.lapma.in"
107.170.66.27 - - [19/Jun/2025:08:51:42 +0000] "POST /xmlrpc.php HTTP/1.1" 200 225 "-" "Mozilla/5.0 (X11; Ubuntu; Linux x86_64; rv:85.0) Gecko/20100101 Firefox/91.0"
146.70.194.220 - - [19/Jun/2025:09:06:46 +0000] "GET / HTTP/1.1" 301 283 "-" "Mozilla/5.0 (Windows NT 10.0; Win64; x64) AppleWebKit/537.36 (KHTML, like Gecko) Chrome/78.0.3904.108 Safari/537.36"
139.59.17.158 - - [19/Jun/2025:09:06:49 +0000] "POST /wp-cron.php?doing_wp_cron=1750324009.4537250995635986328125 HTTP/1.1" 200 - "-" "WordPress/6.8.1; https://www.lapma.in"
146.70.194.220 - - [19/Jun/2025:09:06:47 +0000] "GET / HTTP/1.1" 301 - "-" "Mozilla/5.0 (Windows NT 10.0; Win64; x64) AppleWebKit/537.36 (KHTML, like Gecko) Chrome/78.0.3904.108 Safari/537.36"
146.70.194.220 - - [19/Jun/2025:09:06:50 +0000] "GET //wp-includes/wlwmanifest.xml HTTP/1.1" 301 - "-" "Mozilla/5.0 (Windows NT 10.0; Win64; x64) AppleWebKit/537.36 (KHTML, like Gecko) Chrome/78.0.3904.108 Safari/537.36"
146.70.194.220 - - [19/Jun/2025:09:06:53 +0000] "GET //xmlrpc.php?rsd HTTP/1.1" 200 786 "-" "Mozilla/5.0 (Windows NT 10.0; Win64; x64) AppleWebKit/537.36 (KHTML, like Gecko) Chrome/78.0.3904.108 Safari/537.36"
146.70.194.220 - - [19/Jun/2025:09:06:55 +0000] "GET //?author=1 HTTP/1.1" 301 - "-" "Mozilla/5.0 (Windows NT 10.0; Win64; x64) AppleWebKit/537.36 (KHTML, like Gecko) Chrome/78.0.3904.108 Safari/537.36"
146.70.194.220 - - [19/Jun/2025:09:06:59 +0000] "GET //?author=2 HTTP/1.1" 301 - "-" "Mozilla/5.0 (Windows NT 10.0; Win64; x64) AppleWebKit/537.36 (KHTML, like Gecko) Chrome/78.0.3904.108 Safari/537.36"
146.70.194.220 - - [19/Jun/2025:09:07:02 +0000] "GET //wp-json/wp/v2/users/ HTTP/1.1" 404 1372 "-" "Mozilla/5.0 (Windows NT 10.0; Win64; x64) AppleWebKit/537.36 (KHTML, like Gecko) Chrome/78.0.3904.108 Safari/537.36"
139.59.17.158 - - [19/Jun/2025:09:07:07 +0000] "POST /wp-cron.php?doing_wp_cron=1750324027.6552350521087646484375 HTTP/1.1" 200 - "-" "WordPress/6.8.1; https://www.lapma.in"
146.70.194.220 - - [19/Jun/2025:09:07:05 +0000] "POST //xmlrpc.php HTTP/1.1" 200 401 "-" "Mozilla/5.0 (Windows NT 10.0; Win64; x64) AppleWebKit/537.36 (KHTML, like Gecko) Chrome/78.0.3904.108 Safari/537.36"
146.70.194.220 - - [19/Jun/2025:09:07:08 +0000] "POST //xmlrpc.php HTTP/1.1" 200 401 "-" "Mozilla/5.0 (Windows NT 10.0; Win64; x64) AppleWebKit/537.36 (KHTML, like Gecko) Chrome/78.0.3904.108 Safari/537.36"
146.70.194.220 - - [19/Jun/2025:09:07:11 +0000] "POST //xmlrpc.php HTTP/1.1" 200 401 "-" "Mozilla/5.0 (Windows NT 10.0; Win64; x64) AppleWebKit/537.36 (KHTML, like Gecko) Chrome/78.0.3904.108 Safari/537.36"
146.70.194.220 - - [19/Jun/2025:09:07:14 +0000] "POST //xmlrpc.php HTTP/1.1" 200 401 "-" "Mozilla/5.0 (Windows NT 10.0; Win64; x64) AppleWebKit/537.36 (KHTML, like Gecko) Chrome/78.0.3904.108 Safari/537.36"
146.70.194.220 - - [19/Jun/2025:09:07:17 +0000] "POST //xmlrpc.php HTTP/1.1" 200 401 "-" "Mozilla/5.0 (Windows NT 10.0; Win64; x64) AppleWebKit/537.36 (KHTML, like Gecko) Chrome/78.0.3904.108 Safari/537.36"
146.70.194.220 - - [19/Jun/2025:09:07:20 +0000] "POST //xmlrpc.php HTTP/1.1" 200 401 "-" "Mozilla/5.0 (Windows NT 10.0; Win64; x64) AppleWebKit/537.36 (KHTML, like Gecko) Chrome/78.0.3904.108 Safari/537.36"
146.70.194.220 - - [19/Jun/2025:09:07:23 +0000] "POST //xmlrpc.php HTTP/1.1" 200 401 "-" "Mozilla/5.0 (Windows NT 10.0; Win64; x64) AppleWebKit/537.36 (KHTML, like Gecko) Chrome/78.0.3904.108 Safari/537.36"
146.70.194.220 - - [19/Jun/2025:09:07:25 +0000] "POST //xmlrpc.php HTTP/1.1" 200 401 "-" "Mozilla/5.0 (Windows NT 10.0; Win64; x64) AppleWebKit/537.36 (KHTML, like Gecko) Chrome/78.0.3904.108 Safari/537.36"
146.70.194.220 - - [19/Jun/2025:09:07:29 +0000] "POST //xmlrpc.php HTTP/1.1" 200 401 "-" "Mozilla/5.0 (Windows NT 10.0; Win64; x64) AppleWebKit/537.36 (KHTML, like Gecko) Chrome/78.0.3904.108 Safari/537.36"
146.70.194.220 - - [19/Jun/2025:09:07:32 +0000] "POST //xmlrpc.php HTTP/1.1" 200 401 "-" "Mozilla/5.0 (Windows NT 10.0; Win64; x64) AppleWebKit/537.36 (KHTML, like Gecko) Chrome/78.0.3904.108 Safari/537.36"
146.70.194.220 - - [19/Jun/2025:09:07:35 +0000] "POST //xmlrpc.php HTTP/1.1" 200 401 "-" "Mozilla/5.0 (Windows NT 10.0; Win64; x64) AppleWebKit/537.36 (KHTML, like Gecko) Chrome/78.0.3904.108 Safari/537.36"
146.70.194.220 - - [19/Jun/2025:09:07:38 +0000] "POST //xmlrpc.php HTTP/1.1" 200 401 "-" "Mozilla/5.0 (Windows NT 10.0; Win64; x64) AppleWebKit/537.36 (KHTML, like Gecko) Chrome/78.0.3904.108 Safari/537.36"
146.70.194.220 - - [19/Jun/2025:09:07:40 +0000] "POST //xmlrpc.php HTTP/1.1" 200 401 "-" "Mozilla/5.0 (Windows NT 10.0; Win64; x64) AppleWebKit/537.36 (KHTML, like Gecko) Chrome/78.0.3904.108 Safari/537.36"
146.70.194.220 - - [19/Jun/2025:09:07:43 +0000] "POST //xmlrpc.php HTTP/1.1" 200 401 "-" "Mozilla/5.0 (Windows NT 10.0; Win64; x64) AppleWebKit/537.36 (KHTML, like Gecko) Chrome/78.0.3904.108 Safari/537.36"
146.70.194.220 - - [19/Jun/2025:09:07:45 +0000] "POST //xmlrpc.php HTTP/1.1" 200 401 "-" "Mozilla/5.0 (Windows NT 10.0; Win64; x64) AppleWebKit/537.36 (KHTML, like Gecko) Chrome/78.0.3904.108 Safari/537.36"
146.70.194.220 - - [19/Jun/2025:09:07:48 +0000] "POST //xmlrpc.php HTTP/1.1" 200 401 "-" "Mozilla/5.0 (Windows NT 10.0; Win64; x64) AppleWebKit/537.36 (KHTML, like Gecko) Chrome/78.0.3904.108 Safari/537.36"
146.70.194.220 - - [19/Jun/2025:09:07:51 +0000] "POST //xmlrpc.php HTTP/1.1" 200 401 "-" "Mozilla/5.0 (Windows NT 10.0; Win64; x64) AppleWebKit/537.36 (KHTML, like Gecko) Chrome/78.0.3904.108 Safari/537.36"
146.70.194.220 - - [19/Jun/2025:09:07:54 +0000] "POST //xmlrpc.php HTTP/1.1" 200 401 "-" "Mozilla/5.0 (Windows NT 10.0; Win64; x64) AppleWebKit/537.36 (KHTML, like Gecko) Chrome/78.0.3904.108 Safari/537.36"
146.70.194.220 - - [19/Jun/2025:09:07:56 +0000] "POST //xmlrpc.php HTTP/1.1" 200 401 "-" "Mozilla/5.0 (Windows NT 10.0; Win64; x64) AppleWebKit/537.36 (KHTML, like Gecko) Chrome/78.0.3904.108 Safari/537.36"
146.70.194.220 - - [19/Jun/2025:09:07:59 +0000] "POST //xmlrpc.php HTTP/1.1" 200 401 "-" "Mozilla/5.0 (Windows NT 10.0; Win64; x64) AppleWebKit/537.36 (KHTML, like Gecko) Chrome/78.0.3904.108 Safari/537.36"
146.70.194.220 - - [19/Jun/2025:09:08:01 +0000] "POST //xmlrpc.php HTTP/1.1" 200 401 "-" "Mozilla/5.0 (Windows NT 10.0; Win64; x64) AppleWebKit/537.36 (KHTML, like Gecko) Chrome/78.0.3904.108 Safari/537.36"
146.70.194.220 - - [19/Jun/2025:09:08:04 +0000] "POST //xmlrpc.php HTTP/1.1" 200 401 "-" "Mozilla/5.0 (Windows NT 10.0; Win64; x64) AppleWebKit/537.36 (KHTML, like Gecko) Chrome/78.0.3904.108 Safari/537.36"
139.59.17.158 - - [19/Jun/2025:09:08:09 +0000] "POST /wp-cron.php?doing_wp_cron=1750324089.0788750648498535156250 HTTP/1.1" 200 - "-" "WordPress/6.8.1; https://www.lapma.in"
146.70.194.220 - - [19/Jun/2025:09:08:07 +0000] "POST //xmlrpc.php HTTP/1.1" 200 401 "-" "Mozilla/5.0 (Windows NT 10.0; Win64; x64) AppleWebKit/537.36 (KHTML, like Gecko) Chrome/78.0.3904.108 Safari/537.36"
146.70.194.220 - - [19/Jun/2025:09:08:09 +0000] "POST //xmlrpc.php HTTP/1.1" 200 401 "-" "Mozilla/5.0 (Windows NT 10.0; Win64; x64) AppleWebKit/537.36 (KHTML, like Gecko) Chrome/78.0.3904.108 Safari/537.36"
146.70.194.220 - - [19/Jun/2025:09:08:12 +0000] "POST //xmlrpc.php HTTP/1.1" 200 401 "-" "Mozilla/5.0 (Windows NT 10.0; Win64; x64) AppleWebKit/537.36 (KHTML, like Gecko) Chrome/78.0.3904.108 Safari/537.36"
146.70.194.220 - - [19/Jun/2025:09:08:14 +0000] "POST //xmlrpc.php HTTP/1.1" 200 401 "-" "Mozilla/5.0 (Windows NT 10.0; Win64; x64) AppleWebKit/537.36 (KHTML, like Gecko) Chrome/78.0.3904.108 Safari/537.36"
146.70.194.220 - - [19/Jun/2025:09:08:17 +0000] "POST //xmlrpc.php HTTP/1.1" 200 401 "-" "Mozilla/5.0 (Windows NT 10.0; Win64; x64) AppleWebKit/537.36 (KHTML, like Gecko) Chrome/78.0.3904.108 Safari/537.36"
146.70.194.220 - - [19/Jun/2025:09:08:20 +0000] "POST //xmlrpc.php HTTP/1.1" 200 401 "-" "Mozilla/5.0 (Windows NT 10.0; Win64; x64) AppleWebKit/537.36 (KHTML, like Gecko) Chrome/78.0.3904.108 Safari/537.36"
146.70.194.220 - - [19/Jun/2025:09:08:22 +0000] "POST //xmlrpc.php HTTP/1.1" 200 401 "-" "Mozilla/5.0 (Windows NT 10.0; Win64; x64) AppleWebKit/537.36 (KHTML, like Gecko) Chrome/78.0.3904.108 Safari/537.36"
146.70.194.220 - - [19/Jun/2025:09:08:25 +0000] "POST //xmlrpc.php HTTP/1.1" 200 401 "-" "Mozilla/5.0 (Windows NT 10.0; Win64; x64) AppleWebKit/537.36 (KHTML, like Gecko) Chrome/78.0.3904.108 Safari/537.36"
146.70.194.220 - - [19/Jun/2025:09:08:28 +0000] "POST //xmlrpc.php HTTP/1.1" 200 401 "-" "Mozilla/5.0 (Windows NT 10.0; Win64; x64) AppleWebKit/537.36 (KHTML, like Gecko) Chrome/78.0.3904.108 Safari/537.36"
139.59.17.158 - - [19/Jun/2025:09:08:32 +0000] "POST /wp-cron.php?doing_wp_cron=1750324112.9133510589599609375000 HTTP/1.1" 200 - "-" "WordPress/6.8.1; https://www.lapma.in"
146.70.194.220 - - [19/Jun/2025:09:08:31 +0000] "POST //xmlrpc.php HTTP/1.1" 200 401 "-" "Mozilla/5.0 (Windows NT 10.0; Win64; x64) AppleWebKit/537.36 (KHTML, like Gecko) Chrome/78.0.3904.108 Safari/537.36"
146.70.194.220 - - [19/Jun/2025:09:08:33 +0000] "POST //xmlrpc.php HTTP/1.1" 200 401 "-" "Mozilla/5.0 (Windows NT 10.0; Win64; x64) AppleWebKit/537.36 (KHTML, like Gecko) Chrome/78.0.3904.108 Safari/537.36"
146.70.194.220 - - [19/Jun/2025:09:08:36 +0000] "POST //xmlrpc.php HTTP/1.1" 200 401 "-" "Mozilla/5.0 (Windows NT 10.0; Win64; x64) AppleWebKit/537.36 (KHTML, like Gecko) Chrome/78.0.3904.108 Safari/537.36"
146.70.194.220 - - [19/Jun/2025:09:08:38 +0000] "POST //xmlrpc.php HTTP/1.1" 200 401 "-" "Mozilla/5.0 (Windows NT 10.0; Win64; x64) AppleWebKit/537.36 (KHTML, like Gecko) Chrome/78.0.3904.108 Safari/537.36"
146.70.194.220 - - [19/Jun/2025:09:08:41 +0000] "POST //xmlrpc.php HTTP/1.1" 200 401 "-" "Mozilla/5.0 (Windows NT 10.0; Win64; x64) AppleWebKit/537.36 (KHTML, like Gecko) Chrome/78.0.3904.108 Safari/537.36"
146.70.194.220 - - [19/Jun/2025:09:08:43 +0000] "POST //xmlrpc.php HTTP/1.1" 200 401 "-" "Mozilla/5.0 (Windows NT 10.0; Win64; x64) AppleWebKit/537.36 (KHTML, like Gecko) Chrome/78.0.3904.108 Safari/537.36"
146.70.194.220 - - [19/Jun/2025:09:08:46 +0000] "POST //xmlrpc.php HTTP/1.1" 200 401 "-" "Mozilla/5.0 (Windows NT 10.0; Win64; x64) AppleWebKit/537.36 (KHTML, like Gecko) Chrome/78.0.3904.108 Safari/537.36"
146.70.194.220 - - [19/Jun/2025:09:08:49 +0000] "POST //xmlrpc.php HTTP/1.1" 200 401 "-" "Mozilla/5.0 (Windows NT 10.0; Win64; x64) AppleWebKit/537.36 (KHTML, like Gecko) Chrome/78.0.3904.108 Safari/537.36"
146.70.194.220 - - [19/Jun/2025:09:08:51 +0000] "POST //xmlrpc.php HTTP/1.1" 200 401 "-" "Mozilla/5.0 (Windows NT 10.0; Win64; x64) AppleWebKit/537.36 (KHTML, like Gecko) Chrome/78.0.3904.108 Safari/537.36"
146.70.194.220 - - [19/Jun/2025:09:08:54 +0000] "POST //xmlrpc.php HTTP/1.1" 200 401 "-" "Mozilla/5.0 (Windows NT 10.0; Win64; x64) AppleWebKit/537.36 (KHTML, like Gecko) Chrome/78.0.3904.108 Safari/537.36"
146.70.194.220 - - [19/Jun/2025:09:08:56 +0000] "POST //xmlrpc.php HTTP/1.1" 200 401 "-" "Mozilla/5.0 (Windows NT 10.0; Win64; x64) AppleWebKit/537.36 (KHTML, like Gecko) Chrome/78.0.3904.108 Safari/537.36"
146.70.194.220 - - [19/Jun/2025:09:08:59 +0000] "POST //xmlrpc.php HTTP/1.1" 200 401 "-" "Mozilla/5.0 (Windows NT 10.0; Win64; x64) AppleWebKit/537.36 (KHTML, like Gecko) Chrome/78.0.3904.108 Safari/537.36"
146.70.194.220 - - [19/Jun/2025:09:09:02 +0000] "POST //xmlrpc.php HTTP/1.1" 200 401 "-" "Mozilla/5.0 (Windows NT 10.0; Win64; x64) AppleWebKit/537.36 (KHTML, like Gecko) Chrome/78.0.3904.108 Safari/537.36"
139.59.17.158 - - [19/Jun/2025:09:09:07 +0000] "POST /wp-cron.php?doing_wp_cron=1750324147.7514109611511230468750 HTTP/1.1" 200 - "-" "WordPress/6.8.1; https://www.lapma.in"
146.70.194.220 - - [19/Jun/2025:09:09:05 +0000] "POST //xmlrpc.php HTTP/1.1" 200 401 "-" "Mozilla/5.0 (Windows NT 10.0; Win64; x64) AppleWebKit/537.36 (KHTML, like Gecko) Chrome/78.0.3904.108 Safari/537.36"
146.70.194.220 - - [19/Jun/2025:09:09:08 +0000] "POST //xmlrpc.php HTTP/1.1" 200 401 "-" "Mozilla/5.0 (Windows NT 10.0; Win64; x64) AppleWebKit/537.36 (KHTML, like Gecko) Chrome/78.0.3904.108 Safari/537.36"
146.70.194.220 - - [19/Jun/2025:09:09:11 +0000] "POST //xmlrpc.php HTTP/1.1" 200 401 "-" "Mozilla/5.0 (Windows NT 10.0; Win64; x64) AppleWebKit/537.36 (KHTML, like Gecko) Chrome/78.0.3904.108 Safari/537.36"
146.70.194.220 - - [19/Jun/2025:09:09:14 +0000] "POST //xmlrpc.php HTTP/1.1" 200 401 "-" "Mozilla/5.0 (Windows NT 10.0; Win64; x64) AppleWebKit/537.36 (KHTML, like Gecko) Chrome/78.0.3904.108 Safari/537.36"
146.70.194.220 - - [19/Jun/2025:09:09:16 +0000] "POST //xmlrpc.php HTTP/1.1" 200 401 "-" "Mozilla/5.0 (Windows NT 10.0; Win64; x64) AppleWebKit/537.36 (KHTML, like Gecko) Chrome/78.0.3904.108 Safari/537.36"
146.70.194.220 - - [19/Jun/2025:09:09:19 +0000] "POST //xmlrpc.php HTTP/1.1" 200 401 "-" "Mozilla/5.0 (Windows NT 10.0; Win64; x64) AppleWebKit/537.36 (KHTML, like Gecko) Chrome/78.0.3904.108 Safari/537.36"
146.70.194.220 - - [19/Jun/2025:09:09:21 +0000] "POST //xmlrpc.php HTTP/1.1" 200 401 "-" "Mozilla/5.0 (Windows NT 10.0; Win64; x64) AppleWebKit/537.36 (KHTML, like Gecko) Chrome/78.0.3904.108 Safari/537.36"
146.70.194.220 - - [19/Jun/2025:09:09:24 +0000] "POST //xmlrpc.php HTTP/1.1" 200 401 "-" "Mozilla/5.0 (Windows NT 10.0; Win64; x64) AppleWebKit/537.36 (KHTML, like Gecko) Chrome/78.0.3904.108 Safari/537.36"
146.70.194.220 - - [19/Jun/2025:09:09:27 +0000] "POST //xmlrpc.php HTTP/1.1" 200 401 "-" "Mozilla/5.0 (Windows NT 10.0; Win64; x64) AppleWebKit/537.36 (KHTML, like Gecko) Chrome/78.0.3904.108 Safari/537.36"
146.70.194.220 - - [19/Jun/2025:09:09:29 +0000] "POST //xmlrpc.php HTTP/1.1" 200 401 "-" "Mozilla/5.0 (Windows NT 10.0; Win64; x64) AppleWebKit/537.36 (KHTML, like Gecko) Chrome/78.0.3904.108 Safari/537.36"
146.70.194.220 - - [19/Jun/2025:09:09:32 +0000] "POST //xmlrpc.php HTTP/1.1" 200 401 "-" "Mozilla/5.0 (Windows NT 10.0; Win64; x64) AppleWebKit/537.36 (KHTML, like Gecko) Chrome/78.0.3904.108 Safari/537.36"
146.70.194.220 - - [19/Jun/2025:09:09:34 +0000] "POST //xmlrpc.php HTTP/1.1" 200 401 "-" "Mozilla/5.0 (Windows NT 10.0; Win64; x64) AppleWebKit/537.36 (KHTML, like Gecko) Chrome/78.0.3904.108 Safari/537.36"
146.70.194.220 - - [19/Jun/2025:09:09:37 +0000] "POST //xmlrpc.php HTTP/1.1" 200 401 "-" "Mozilla/5.0 (Windows NT 10.0; Win64; x64) AppleWebKit/537.36 (KHTML, like Gecko) Chrome/78.0.3904.108 Safari/537.36"
146.70.194.220 - - [19/Jun/2025:09:09:39 +0000] "POST //xmlrpc.php HTTP/1.1" 200 401 "-" "Mozilla/5.0 (Windows NT 10.0; Win64; x64) AppleWebKit/537.36 (KHTML, like Gecko) Chrome/78.0.3904.108 Safari/537.36"
146.70.194.220 - - [19/Jun/2025:09:09:42 +0000] "POST //xmlrpc.php HTTP/1.1" 200 401 "-" "Mozilla/5.0 (Windows NT 10.0; Win64; x64) AppleWebKit/537.36 (KHTML, like Gecko) Chrome/78.0.3904.108 Safari/537.36"
146.70.194.220 - - [19/Jun/2025:09:09:44 +0000] "POST //xmlrpc.php HTTP/1.1" 200 401 "-" "Mozilla/5.0 (Windows NT 10.0; Win64; x64) AppleWebKit/537.36 (KHTML, like Gecko) Chrome/78.0.3904.108 Safari/537.36"
173.252.87.114 - - [19/Jun/2025:09:16:03 +0000] "GET /wp-content/uploads/woo-product-feed-pro/xml/1htiAhxiwIQYZqJoCOOpNOW7kFTApH5E.xml HTTP/1.1" 200 1463 "-" "facebookexternalhit/1.1 (+http://www.facebook.com/externalhit_uatext.php)"
45.227.253.15 - - [19/Jun/2025:09:45:01 +0000] "GET /index.php/jk HTTP/1.1" 200 59 "-" "Mozilla/5.0 (Macintosh; Intel Mac OS X 10.14; rv:103.0) Gecko/20100101 Firefox/102.0"
139.59.17.158 - - [19/Jun/2025:09:49:42 +0000] "POST /wp-cron.php?doing_wp_cron=1750326582.7872769832611083984375 HTTP/1.1" 200 - "-" "WordPress/6.8.1; https://www.lapma.in"
88.198.155.126 - - [19/Jun/2025:09:49:40 +0000] "POST /xmlrpc.php HTTP/1.1" 200 225 "-" "Mozilla/5.0 (X11; Ubuntu; Linux x86_64; rv:85.0) Gecko/20100101 Firefox/91.0"
69.171.231.4 - - [19/Jun/2025:10:15:12 +0000] "GET /wp-content/uploads/woo-product-feed-pro/xml/1htiAhxiwIQYZqJoCOOpNOW7kFTApH5E.xml HTTP/1.1" 200 1463 "-" "facebookexternalhit/1.1 (+http://www.facebook.com/externalhit_uatext.php)"
45.227.253.15 - - [19/Jun/2025:10:44:28 +0000] "GET /phpMyAdmin/vendor/symfony/process/Exception/Exception/index.php?ARRAY=7o2230223n313735303333333536312p2231223n22687474703n5p2s5p2s3230342r31322r3233382r37345p2s3s6p633q7068705s636s64655s6n6326743q313735303332393936312q6631393934646331323431353037336462313066653433623630346130653565222p2232223n226634656165343161393363653662613664653932646233393161656164613530222p2233223n226630633834306462643437326464376133373338326237636638383235333233222p2262696r675s70617373223n2231322q33362q35332q37302q37392q38322q3232227q HTTP/1.1" 200 252 "-" "Mozilla/5.0 (iPhone; CPU iPhone OS 12_4 like Mac OS X) AppleWebKit/605.1.15 (KHTML, like Gecko) Version/12.4.2 Mobile/15E148 Safari/604.1"
139.59.17.158 - - [19/Jun/2025:10:53:39 +0000] "POST /wp-cron.php?doing_wp_cron=1750330419.7215130329132080078125 HTTP/1.1" 200 - "-" "WordPress/6.8.1; https://www.lapma.in"
162.214.205.31 - - [19/Jun/2025:10:53:37 +0000] "POST /xmlrpc.php HTTP/1.1" 200 225 "-" "Mozilla/5.0 (X11; Ubuntu; Linux x86_64; rv:85.0) Gecko/20100101 Firefox/91.0"
139.59.17.158 - - [19/Jun/2025:10:53:42 +0000] "POST /wp-admin/admin-ajax.php?action=wp_1_wc_privacy_cleanup&nonce=741d961510 HTTP/1.1" 200 - "-" "WordPress/6.8.1; https://www.lapma.in"
173.252.79.2 - - [19/Jun/2025:11:14:07 +0000] "GET /wp-content/uploads/woo-product-feed-pro/xml/1htiAhxiwIQYZqJoCOOpNOW7kFTApH5E.xml HTTP/1.1" 200 1463 "-" "facebookexternalhit/1.1 (+http://www.facebook.com/externalhit_uatext.php)"
139.59.17.158 - - [19/Jun/2025:11:17:15 +0000] "POST /wp-cron.php?doing_wp_cron=1750331835.7849950790405273437500 HTTP/1.1" 200 - "-" "WordPress/6.8.1; https://www.lapma.in"
198.98.50.39 - - [19/Jun/2025:11:17:14 +0000] "GET /wp-login.php HTTP/1.1" 200 6067 "-" "Mozilla/5.0 (Windows NT 6.1; WOW64; rv:31.0) Gecko/20100101 Firefox/31.0"
198.98.50.39 - - [19/Jun/2025:11:17:18 +0000] "POST /wp-login.php HTTP/1.1" 200 6530 "-" "Mozilla/5.0 (Windows NT 6.1; WOW64; rv:31.0) Gecko/20100101 Firefox/31.0"
85.204.70.116 - - [19/Jun/2025:11:41:11 +0000] "GET / HTTP/1.1" 301 283 "-" "Mozilla/5.0 (Windows NT 10.0; Win64; x64) AppleWebKit/537.36 (KHTML, like Gecko) Chrome/78.0.3904.108 Safari/537.36"
85.204.70.116 - - [19/Jun/2025:11:41:11 +0000] "GET / HTTP/1.1" 301 - "-" "Mozilla/5.0 (Windows NT 10.0; Win64; x64) AppleWebKit/537.36 (KHTML, like Gecko) Chrome/78.0.3904.108 Safari/537.36"
85.204.70.116 - - [19/Jun/2025:11:41:15 +0000] "GET //wp-includes/wlwmanifest.xml HTTP/1.1" 301 - "-" "Mozilla/5.0 (Windows NT 10.0; Win64; x64) AppleWebKit/537.36 (KHTML, like Gecko) Chrome/78.0.3904.108 Safari/537.36"
85.204.70.116 - - [19/Jun/2025:11:41:18 +0000] "GET //xmlrpc.php?rsd HTTP/1.1" 200 786 "-" "Mozilla/5.0 (Windows NT 10.0; Win64; x64) AppleWebKit/537.36 (KHTML, like Gecko) Chrome/78.0.3904.108 Safari/537.36"
85.204.70.116 - - [19/Jun/2025:11:41:20 +0000] "GET //?author=1 HTTP/1.1" 301 - "-" "Mozilla/5.0 (Windows NT 10.0; Win64; x64) AppleWebKit/537.36 (KHTML, like Gecko) Chrome/78.0.3904.108 Safari/537.36"
85.204.70.116 - - [19/Jun/2025:11:41:23 +0000] "GET //?author=2 HTTP/1.1" 301 - "-" "Mozilla/5.0 (Windows NT 10.0; Win64; x64) AppleWebKit/537.36 (KHTML, like Gecko) Chrome/78.0.3904.108 Safari/537.36"
85.204.70.116 - - [19/Jun/2025:11:41:26 +0000] "GET //wp-json/wp/v2/users/ HTTP/1.1" 404 1372 "-" "Mozilla/5.0 (Windows NT 10.0; Win64; x64) AppleWebKit/537.36 (KHTML, like Gecko) Chrome/78.0.3904.108 Safari/537.36"
85.204.70.116 - - [19/Jun/2025:11:41:29 +0000] "POST //xmlrpc.php HTTP/1.1" 200 401 "-" "Mozilla/5.0 (Windows NT 10.0; Win64; x64) AppleWebKit/537.36 (KHTML, like Gecko) Chrome/78.0.3904.108 Safari/537.36"
85.204.70.116 - - [19/Jun/2025:11:41:32 +0000] "POST //xmlrpc.php HTTP/1.1" 200 401 "-" "Mozilla/5.0 (Windows NT 10.0; Win64; x64) AppleWebKit/537.36 (KHTML, like Gecko) Chrome/78.0.3904.108 Safari/537.36"
85.204.70.116 - - [19/Jun/2025:11:41:34 +0000] "POST //xmlrpc.php HTTP/1.1" 200 401 "-" "Mozilla/5.0 (Windows NT 10.0; Win64; x64) AppleWebKit/537.36 (KHTML, like Gecko) Chrome/78.0.3904.108 Safari/537.36"
85.204.70.116 - - [19/Jun/2025:11:41:37 +0000] "POST //xmlrpc.php HTTP/1.1" 200 401 "-" "Mozilla/5.0 (Windows NT 10.0; Win64; x64) AppleWebKit/537.36 (KHTML, like Gecko) Chrome/78.0.3904.108 Safari/537.36"
85.204.70.116 - - [19/Jun/2025:11:41:39 +0000] "POST //xmlrpc.php HTTP/1.1" 200 401 "-" "Mozilla/5.0 (Windows NT 10.0; Win64; x64) AppleWebKit/537.36 (KHTML, like Gecko) Chrome/78.0.3904.108 Safari/537.36"
85.204.70.116 - - [19/Jun/2025:11:41:42 +0000] "POST //xmlrpc.php HTTP/1.1" 200 401 "-" "Mozilla/5.0 (Windows NT 10.0; Win64; x64) AppleWebKit/537.36 (KHTML, like Gecko) Chrome/78.0.3904.108 Safari/537.36"
85.204.70.116 - - [19/Jun/2025:11:41:45 +0000] "POST //xmlrpc.php HTTP/1.1" 200 401 "-" "Mozilla/5.0 (Windows NT 10.0; Win64; x64) AppleWebKit/537.36 (KHTML, like Gecko) Chrome/78.0.3904.108 Safari/537.36"
85.204.70.116 - - [19/Jun/2025:11:41:47 +0000] "POST //xmlrpc.php HTTP/1.1" 200 401 "-" "Mozilla/5.0 (Windows NT 10.0; Win64; x64) AppleWebKit/537.36 (KHTML, like Gecko) Chrome/78.0.3904.108 Safari/537.36"
85.204.70.116 - - [19/Jun/2025:11:41:50 +0000] "POST //xmlrpc.php HTTP/1.1" 200 401 "-" "Mozilla/5.0 (Windows NT 10.0; Win64; x64) AppleWebKit/537.36 (KHTML, like Gecko) Chrome/78.0.3904.108 Safari/537.36"
85.204.70.116 - - [19/Jun/2025:11:41:53 +0000] "POST //xmlrpc.php HTTP/1.1" 200 401 "-" "Mozilla/5.0 (Windows NT 10.0; Win64; x64) AppleWebKit/537.36 (KHTML, like Gecko) Chrome/78.0.3904.108 Safari/537.36"
85.204.70.116 - - [19/Jun/2025:11:41:56 +0000] "POST //xmlrpc.php HTTP/1.1" 200 401 "-" "Mozilla/5.0 (Windows NT 10.0; Win64; x64) AppleWebKit/537.36 (KHTML, like Gecko) Chrome/78.0.3904.108 Safari/537.36"
85.204.70.116 - - [19/Jun/2025:11:41:58 +0000] "POST //xmlrpc.php HTTP/1.1" 200 401 "-" "Mozilla/5.0 (Windows NT 10.0; Win64; x64) AppleWebKit/537.36 (KHTML, like Gecko) Chrome/78.0.3904.108 Safari/537.36"
85.204.70.116 - - [19/Jun/2025:11:42:01 +0000] "POST //xmlrpc.php HTTP/1.1" 200 401 "-" "Mozilla/5.0 (Windows NT 10.0; Win64; x64) AppleWebKit/537.36 (KHTML, like Gecko) Chrome/78.0.3904.108 Safari/537.36"
85.204.70.116 - - [19/Jun/2025:11:42:04 +0000] "POST //xmlrpc.php HTTP/1.1" 200 401 "-" "Mozilla/5.0 (Windows NT 10.0; Win64; x64) AppleWebKit/537.36 (KHTML, like Gecko) Chrome/78.0.3904.108 Safari/537.36"
85.204.70.116 - - [19/Jun/2025:11:42:06 +0000] "POST //xmlrpc.php HTTP/1.1" 200 401 "-" "Mozilla/5.0 (Windows NT 10.0; Win64; x64) AppleWebKit/537.36 (KHTML, like Gecko) Chrome/78.0.3904.108 Safari/537.36"
85.204.70.116 - - [19/Jun/2025:11:42:09 +0000] "POST //xmlrpc.php HTTP/1.1" 200 401 "-" "Mozilla/5.0 (Windows NT 10.0; Win64; x64) AppleWebKit/537.36 (KHTML, like Gecko) Chrome/78.0.3904.108 Safari/537.36"
85.204.70.116 - - [19/Jun/2025:11:42:11 +0000] "POST //xmlrpc.php HTTP/1.1" 200 401 "-" "Mozilla/5.0 (Windows NT 10.0; Win64; x64) AppleWebKit/537.36 (KHTML, like Gecko) Chrome/78.0.3904.108 Safari/537.36"
139.59.17.158 - - [19/Jun/2025:11:42:15 +0000] "POST /wp-cron.php?doing_wp_cron=1750333335.7251379489898681640625 HTTP/1.1" 200 - "-" "WordPress/6.8.1; https://www.lapma.in"
85.204.70.116 - - [19/Jun/2025:11:42:14 +0000] "POST //xmlrpc.php HTTP/1.1" 200 401 "-" "Mozilla/5.0 (Windows NT 10.0; Win64; x64) AppleWebKit/537.36 (KHTML, like Gecko) Chrome/78.0.3904.108 Safari/537.36"
85.204.70.116 - - [19/Jun/2025:11:42:16 +0000] "POST //xmlrpc.php HTTP/1.1" 200 401 "-" "Mozilla/5.0 (Windows NT 10.0; Win64; x64) AppleWebKit/537.36 (KHTML, like Gecko) Chrome/78.0.3904.108 Safari/537.36"
85.204.70.116 - - [19/Jun/2025:11:42:19 +0000] "POST //xmlrpc.php HTTP/1.1" 200 401 "-" "Mozilla/5.0 (Windows NT 10.0; Win64; x64) AppleWebKit/537.36 (KHTML, like Gecko) Chrome/78.0.3904.108 Safari/537.36"
85.204.70.116 - - [19/Jun/2025:11:42:21 +0000] "POST //xmlrpc.php HTTP/1.1" 200 401 "-" "Mozilla/5.0 (Windows NT 10.0; Win64; x64) AppleWebKit/537.36 (KHTML, like Gecko) Chrome/78.0.3904.108 Safari/537.36"
85.204.70.116 - - [19/Jun/2025:11:42:24 +0000] "POST //xmlrpc.php HTTP/1.1" 200 401 "-" "Mozilla/5.0 (Windows NT 10.0; Win64; x64) AppleWebKit/537.36 (KHTML, like Gecko) Chrome/78.0.3904.108 Safari/537.36"
85.204.70.116 - - [19/Jun/2025:11:42:26 +0000] "POST //xmlrpc.php HTTP/1.1" 200 401 "-" "Mozilla/5.0 (Windows NT 10.0; Win64; x64) AppleWebKit/537.36 (KHTML, like Gecko) Chrome/78.0.3904.108 Safari/537.36"
85.204.70.116 - - [19/Jun/2025:11:42:29 +0000] "POST //xmlrpc.php HTTP/1.1" 200 401 "-" "Mozilla/5.0 (Windows NT 10.0; Win64; x64) AppleWebKit/537.36 (KHTML, like Gecko) Chrome/78.0.3904.108 Safari/537.36"
85.204.70.116 - - [19/Jun/2025:11:42:31 +0000] "POST //xmlrpc.php HTTP/1.1" 200 401 "-" "Mozilla/5.0 (Windows NT 10.0; Win64; x64) AppleWebKit/537.36 (KHTML, like Gecko) Chrome/78.0.3904.108 Safari/537.36"
85.204.70.116 - - [19/Jun/2025:11:42:34 +0000] "POST //xmlrpc.php HTTP/1.1" 200 401 "-" "Mozilla/5.0 (Windows NT 10.0; Win64; x64) AppleWebKit/537.36 (KHTML, like Gecko) Chrome/78.0.3904.108 Safari/537.36"
85.204.70.116 - - [19/Jun/2025:11:42:36 +0000] "POST //xmlrpc.php HTTP/1.1" 200 401 "-" "Mozilla/5.0 (Windows NT 10.0; Win64; x64) AppleWebKit/537.36 (KHTML, like Gecko) Chrome/78.0.3904.108 Safari/537.36"
85.204.70.116 - - [19/Jun/2025:11:42:39 +0000] "POST //xmlrpc.php HTTP/1.1" 200 401 "-" "Mozilla/5.0 (Windows NT 10.0; Win64; x64) AppleWebKit/537.36 (KHTML, like Gecko) Chrome/78.0.3904.108 Safari/537.36"
85.204.70.116 - - [19/Jun/2025:11:42:41 +0000] "POST //xmlrpc.php HTTP/1.1" 200 401 "-" "Mozilla/5.0 (Windows NT 10.0; Win64; x64) AppleWebKit/537.36 (KHTML, like Gecko) Chrome/78.0.3904.108 Safari/537.36"
85.204.70.116 - - [19/Jun/2025:11:42:44 +0000] "POST //xmlrpc.php HTTP/1.1" 200 401 "-" "Mozilla/5.0 (Windows NT 10.0; Win64; x64) AppleWebKit/537.36 (KHTML, like Gecko) Chrome/78.0.3904.108 Safari/537.36"
85.204.70.116 - - [19/Jun/2025:11:42:46 +0000] "POST //xmlrpc.php HTTP/1.1" 200 401 "-" "Mozilla/5.0 (Windows NT 10.0; Win64; x64) AppleWebKit/537.36 (KHTML, like Gecko) Chrome/78.0.3904.108 Safari/537.36"
85.204.70.116 - - [19/Jun/2025:11:42:49 +0000] "POST //xmlrpc.php HTTP/1.1" 200 401 "-" "Mozilla/5.0 (Windows NT 10.0; Win64; x64) AppleWebKit/537.36 (KHTML, like Gecko) Chrome/78.0.3904.108 Safari/537.36"
85.204.70.116 - - [19/Jun/2025:11:42:51 +0000] "POST //xmlrpc.php HTTP/1.1" 200 401 "-" "Mozilla/5.0 (Windows NT 10.0; Win64; x64) AppleWebKit/537.36 (KHTML, like Gecko) Chrome/78.0.3904.108 Safari/537.36"
85.204.70.116 - - [19/Jun/2025:11:42:54 +0000] "POST //xmlrpc.php HTTP/1.1" 200 401 "-" "Mozilla/5.0 (Windows NT 10.0; Win64; x64) AppleWebKit/537.36 (KHTML, like Gecko) Chrome/78.0.3904.108 Safari/537.36"
85.204.70.116 - - [19/Jun/2025:11:42:56 +0000] "POST //xmlrpc.php HTTP/1.1" 200 401 "-" "Mozilla/5.0 (Windows NT 10.0; Win64; x64) AppleWebKit/537.36 (KHTML, like Gecko) Chrome/78.0.3904.108 Safari/537.36"
85.204.70.116 - - [19/Jun/2025:11:42:59 +0000] "POST //xmlrpc.php HTTP/1.1" 200 401 "-" "Mozilla/5.0 (Windows NT 10.0; Win64; x64) AppleWebKit/537.36 (KHTML, like Gecko) Chrome/78.0.3904.108 Safari/537.36"
85.204.70.116 - - [19/Jun/2025:11:43:02 +0000] "POST //xmlrpc.php HTTP/1.1" 200 401 "-" "Mozilla/5.0 (Windows NT 10.0; Win64; x64) AppleWebKit/537.36 (KHTML, like Gecko) Chrome/78.0.3904.108 Safari/537.36"
85.204.70.116 - - [19/Jun/2025:11:43:05 +0000] "POST //xmlrpc.php HTTP/1.1" 200 401 "-" "Mozilla/5.0 (Windows NT 10.0; Win64; x64) AppleWebKit/537.36 (KHTML, like Gecko) Chrome/78.0.3904.108 Safari/537.36"
139.59.17.158 - - [19/Jun/2025:11:43:09 +0000] "POST /wp-cron.php?doing_wp_cron=1750333389.1749250888824462890625 HTTP/1.1" 200 - "-" "WordPress/6.8.1; https://www.lapma.in"
85.204.70.116 - - [19/Jun/2025:11:43:07 +0000] "POST //xmlrpc.php HTTP/1.1" 200 401 "-" "Mozilla/5.0 (Windows NT 10.0; Win64; x64) AppleWebKit/537.36 (KHTML, like Gecko) Chrome/78.0.3904.108 Safari/537.36"
85.204.70.116 - - [19/Jun/2025:11:43:10 +0000] "POST //xmlrpc.php HTTP/1.1" 200 401 "-" "Mozilla/5.0 (Windows NT 10.0; Win64; x64) AppleWebKit/537.36 (KHTML, like Gecko) Chrome/78.0.3904.108 Safari/537.36"
85.204.70.116 - - [19/Jun/2025:11:43:12 +0000] "POST //xmlrpc.php HTTP/1.1" 200 401 "-" "Mozilla/5.0 (Windows NT 10.0; Win64; x64) AppleWebKit/537.36 (KHTML, like Gecko) Chrome/78.0.3904.108 Safari/537.36"
85.204.70.116 - - [19/Jun/2025:11:43:14 +0000] "POST //xmlrpc.php HTTP/1.1" 200 401 "-" "Mozilla/5.0 (Windows NT 10.0; Win64; x64) AppleWebKit/537.36 (KHTML, like Gecko) Chrome/78.0.3904.108 Safari/537.36"
85.204.70.116 - - [19/Jun/2025:11:43:17 +0000] "POST //xmlrpc.php HTTP/1.1" 200 401 "-" "Mozilla/5.0 (Windows NT 10.0; Win64; x64) AppleWebKit/537.36 (KHTML, like Gecko) Chrome/78.0.3904.108 Safari/537.36"
85.204.70.116 - - [19/Jun/2025:11:43:19 +0000] "POST //xmlrpc.php HTTP/1.1" 200 401 "-" "Mozilla/5.0 (Windows NT 10.0; Win64; x64) AppleWebKit/537.36 (KHTML, like Gecko) Chrome/78.0.3904.108 Safari/537.36"
85.204.70.116 - - [19/Jun/2025:11:43:22 +0000] "POST //xmlrpc.php HTTP/1.1" 200 401 "-" "Mozilla/5.0 (Windows NT 10.0; Win64; x64) AppleWebKit/537.36 (KHTML, like Gecko) Chrome/78.0.3904.108 Safari/537.36"
85.204.70.116 - - [19/Jun/2025:11:43:25 +0000] "POST //xmlrpc.php HTTP/1.1" 200 401 "-" "Mozilla/5.0 (Windows NT 10.0; Win64; x64) AppleWebKit/537.36 (KHTML, like Gecko) Chrome/78.0.3904.108 Safari/537.36"
85.204.70.116 - - [19/Jun/2025:11:43:27 +0000] "POST //xmlrpc.php HTTP/1.1" 200 401 "-" "Mozilla/5.0 (Windows NT 10.0; Win64; x64) AppleWebKit/537.36 (KHTML, like Gecko) Chrome/78.0.3904.108 Safari/537.36"
139.59.17.158 - - [19/Jun/2025:11:43:31 +0000] "POST /wp-cron.php?doing_wp_cron=1750333411.7813251018524169921875 HTTP/1.1" 200 - "-" "WordPress/6.8.1; https://www.lapma.in"
85.204.70.116 - - [19/Jun/2025:11:43:30 +0000] "POST //xmlrpc.php HTTP/1.1" 200 401 "-" "Mozilla/5.0 (Windows NT 10.0; Win64; x64) AppleWebKit/537.36 (KHTML, like Gecko) Chrome/78.0.3904.108 Safari/537.36"
85.204.70.116 - - [19/Jun/2025:11:43:32 +0000] "POST //xmlrpc.php HTTP/1.1" 200 401 "-" "Mozilla/5.0 (Windows NT 10.0; Win64; x64) AppleWebKit/537.36 (KHTML, like Gecko) Chrome/78.0.3904.108 Safari/537.36"
85.204.70.116 - - [19/Jun/2025:11:43:35 +0000] "POST //xmlrpc.php HTTP/1.1" 200 401 "-" "Mozilla/5.0 (Windows NT 10.0; Win64; x64) AppleWebKit/537.36 (KHTML, like Gecko) Chrome/78.0.3904.108 Safari/537.36"
85.204.70.116 - - [19/Jun/2025:11:43:37 +0000] "POST //xmlrpc.php HTTP/1.1" 200 401 "-" "Mozilla/5.0 (Windows NT 10.0; Win64; x64) AppleWebKit/537.36 (KHTML, like Gecko) Chrome/78.0.3904.108 Safari/537.36"
85.204.70.116 - - [19/Jun/2025:11:43:40 +0000] "POST //xmlrpc.php HTTP/1.1" 200 401 "-" "Mozilla/5.0 (Windows NT 10.0; Win64; x64) AppleWebKit/537.36 (KHTML, like Gecko) Chrome/78.0.3904.108 Safari/537.36"
85.204.70.116 - - [19/Jun/2025:11:43:43 +0000] "POST //xmlrpc.php HTTP/1.1" 200 401 "-" "Mozilla/5.0 (Windows NT 10.0; Win64; x64) AppleWebKit/537.36 (KHTML, like Gecko) Chrome/78.0.3904.108 Safari/537.36"
85.204.70.116 - - [19/Jun/2025:11:43:45 +0000] "POST //xmlrpc.php HTTP/1.1" 200 401 "-" "Mozilla/5.0 (Windows NT 10.0; Win64; x64) AppleWebKit/537.36 (KHTML, like Gecko) Chrome/78.0.3904.108 Safari/537.36"
85.204.70.116 - - [19/Jun/2025:11:43:48 +0000] "POST //xmlrpc.php HTTP/1.1" 200 401 "-" "Mozilla/5.0 (Windows NT 10.0; Win64; x64) AppleWebKit/537.36 (KHTML, like Gecko) Chrome/78.0.3904.108 Safari/537.36"
85.204.70.116 - - [19/Jun/2025:11:43:50 +0000] "POST //xmlrpc.php HTTP/1.1" 200 401 "-" "Mozilla/5.0 (Windows NT 10.0; Win64; x64) AppleWebKit/537.36 (KHTML, like Gecko) Chrome/78.0.3904.108 Safari/537.36"
85.204.70.116 - - [19/Jun/2025:11:43:53 +0000] "POST //xmlrpc.php HTTP/1.1" 200 401 "-" "Mozilla/5.0 (Windows NT 10.0; Win64; x64) AppleWebKit/537.36 (KHTML, like Gecko) Chrome/78.0.3904.108 Safari/537.36"
85.204.70.116 - - [19/Jun/2025:11:43:55 +0000] "POST //xmlrpc.php HTTP/1.1" 200 401 "-" "Mozilla/5.0 (Windows NT 10.0; Win64; x64) AppleWebKit/537.36 (KHTML, like Gecko) Chrome/78.0.3904.108 Safari/537.36"
85.204.70.116 - - [19/Jun/2025:11:43:58 +0000] "POST //xmlrpc.php HTTP/1.1" 200 401 "-" "Mozilla/5.0 (Windows NT 10.0; Win64; x64) AppleWebKit/537.36 (KHTML, like Gecko) Chrome/78.0.3904.108 Safari/537.36"
85.204.70.116 - - [19/Jun/2025:11:44:00 +0000] "POST //xmlrpc.php HTTP/1.1" 200 401 "-" "Mozilla/5.0 (Windows NT 10.0; Win64; x64) AppleWebKit/537.36 (KHTML, like Gecko) Chrome/78.0.3904.108 Safari/537.36"
139.59.17.158 - - [19/Jun/2025:12:03:00 +0000] "POST /wp-cron.php?doing_wp_cron=1750334580.2113699913024902343750 HTTP/1.1" 200 - "-" "WordPress/6.8.1; https://www.lapma.in"
52.63.214.150 - - [19/Jun/2025:12:02:57 +0000] "POST /xmlrpc.php HTTP/1.1" 200 225 "-" "Mozilla/5.0 (X11; Ubuntu; Linux x86_64; rv:85.0) Gecko/20100101 Firefox/91.0"
173.252.107.5 - - [19/Jun/2025:12:15:49 +0000] "GET /wp-content/uploads/woo-product-feed-pro/xml/1htiAhxiwIQYZqJoCOOpNOW7kFTApH5E.xml HTTP/1.1" 200 1463 "-" "facebookexternalhit/1.1 (+http://www.facebook.com/externalhit_uatext.php)"
139.59.17.158 - - [19/Jun/2025:12:22:44 +0000] "POST /wp-cron.php?doing_wp_cron=1750335764.4823470115661621093750 HTTP/1.1" 200 - "-" "WordPress/6.8.1; https://www.lapma.in"
106.222.182.130 - - [19/Jun/2025:12:22:42 +0000] "POST /wp-json/jwt-auth/v1/token HTTP/1.1" 404 308 "-" "Dart/3.6 (dart:io)"
106.222.182.130 - - [19/Jun/2025:12:22:46 +0000] "GET /wp-json/wc/v3/products/categories?consumer_key=ck_0f34dd898cafb797b88cbfdf555d0bee59043410&consumer_secret=cs_352434f91cd6d44fec82238e32c205a2949fd29f&page=1&per_page=10 HTTP/1.1" 404 775 "-" "Dart/3.6 (dart:io)"
106.222.182.130 - - [19/Jun/2025:12:22:46 +0000] "GET /wp-json/wc/v3/products?consumer_key=ck_0f34dd898cafb797b88cbfdf555d0bee59043410&consumer_secret=cs_352434f91cd6d44fec82238e32c205a2949fd29f&page=1&per_page=50 HTTP/1.1" 404 4350 "-" "Dart/3.6 (dart:io)"
106.222.182.130 - - [19/Jun/2025:12:22:46 +0000] "GET /wp-json/wc/v3/products?consumer_key=ck_0f34dd898cafb797b88cbfdf555d0bee59043410&consumer_secret=cs_352434f91cd6d44fec82238e32c205a2949fd29f&page=1&per_page=10 HTTP/1.1" 404 3813 "-" "Dart/3.6 (dart:io)"
106.222.182.130 - - [19/Jun/2025:12:22:51 +0000] "GET /wp-content/uploads/2024/04/category-img7.png HTTP/1.1" 200 40393 "-" "Dart/3.6 (dart:io)"
106.222.182.130 - - [19/Jun/2025:12:22:51 +0000] "GET /wp-content/uploads/2024/04/category-img2.png HTTP/1.1" 200 34785 "-" "Dart/3.6 (dart:io)"
106.222.182.130 - - [19/Jun/2025:12:22:51 +0000] "GET /wp-content/uploads/2024/04/category-img6.png HTTP/1.1" 200 41121 "-" "Dart/3.6 (dart:io)"
106.222.182.130 - - [19/Jun/2025:12:22:51 +0000] "GET /wp-content/uploads/2024/05/product-img11.jpg HTTP/1.1" 200 39451 "-" "Dart/3.6 (dart:io)"
106.222.182.130 - - [19/Jun/2025:12:22:51 +0000] "GET /wp-content/uploads/2024/04/category-img5.png HTTP/1.1" 200 36368 "-" "Dart/3.6 (dart:io)"
106.222.182.130 - - [19/Jun/2025:12:22:51 +0000] "GET /wp-content/uploads/2024/04/category-img4.png HTTP/1.1" 200 40550 "-" "Dart/3.6 (dart:io)"
106.222.182.130 - - [19/Jun/2025:12:22:51 +0000] "GET /wp-content/uploads/2024/05/product-img17.jpg HTTP/1.1" 200 65481 "-" "Dart/3.6 (dart:io)"
106.222.182.130 - - [19/Jun/2025:12:22:51 +0000] "GET /wp-content/uploads/2024/11/51755558-75e9-42f4-969c-733e84c041b0.jpg HTTP/1.1" 200 59876 "-" "Dart/3.6 (dart:io)"
106.222.182.130 - - [19/Jun/2025:12:22:51 +0000] "GET /wp-content/uploads/2024/05/product-img20.jpg HTTP/1.1" 200 81791 "-" "Dart/3.6 (dart:io)"
106.222.182.130 - - [19/Jun/2025:12:22:53 +0000] "GET /wp-json/custom/v1/wc-nonce HTTP/1.1" 404 68 "-" "Dart/3.6 (dart:io)"
106.222.182.130 - - [19/Jun/2025:12:22:56 +0000] "GET /wp-json/wc/store/v1/cart HTTP/1.1" 404 1600 "-" "Dart/3.6 (dart:io)"
106.222.182.130 - - [19/Jun/2025:12:23:00 +0000] "GET /wp-content/uploads/2024/04/product-img1.jpg HTTP/1.1" 200 15663 "-" "Dart/3.6 (dart:io)"
106.222.182.130 - - [19/Jun/2025:12:23:01 +0000] "GET /wp-json/wp/v2/districtlist HTTP/1.1" 404 609 "-" "Dart/3.6 (dart:io)"
139.59.17.158 - - [19/Jun/2025:12:23:07 +0000] "POST /wp-cron.php?doing_wp_cron=1750335787.1864750385284423828125 HTTP/1.1" 200 - "-" "WordPress/6.8.1; https://www.lapma.in"
106.222.182.130 - - [19/Jun/2025:12:23:05 +0000] "GET /wp-json/wp/v2/panchyathdata?districtlist=40 HTTP/1.1" 404 1045 "-" "Dart/3.6 (dart:io)"
