102.165.48.91 - - [18/Jun/2025:12:39:53 +0000] "POST //wp-login.php HTTP/1.1" 200 6513 "https://lapma.in//wp-login.php" "Mozilla/5.0 (Windows NT 10.0; Win64; x64) AppleWebKit/537.36 (KHTML, like Gecko) Chrome/95.0.4638.69 Safari/537.36"
102.165.48.91 - - [18/Jun/2025:12:39:56 +0000] "POST //wp-login.php HTTP/1.1" 200 6513 "https://lapma.in//wp-login.php" "Mozilla/5.0 (Windows NT 10.0; Win64; x64) AppleWebKit/537.36 (KHTML, like Gecko) Chrome/95.0.4638.69 Safari/537.36"
102.165.48.91 - - [18/Jun/2025:12:39:59 +0000] "POST //wp-login.php HTTP/1.1" 200 6513 "https://lapma.in//wp-login.php" "Mozilla/5.0 (Windows NT 10.0; Win64; x64) AppleWebKit/537.36 (KHTML, like Gecko) Chrome/95.0.4638.69 Safari/537.36"
102.165.48.91 - - [18/Jun/2025:12:40:03 +0000] "POST //wp-login.php HTTP/1.1" 200 6513 "https://lapma.in//wp-login.php" "Mozilla/5.0 (Windows NT 10.0; Win64; x64) AppleWebKit/537.36 (KHTML, like Gecko) Chrome/95.0.4638.69 Safari/537.36"
139.59.17.158 - - [18/Jun/2025:12:40:09 +0000] "POST /wp-cron.php?doing_wp_cron=1750250409.1991748809814453125000 HTTP/1.1" 200 - "-" "WordPress/6.8.1; https://www.lapma.in"
102.165.48.91 - - [18/Jun/2025:12:40:06 +0000] "POST //wp-login.php HTTP/1.1" 200 6513 "https://lapma.in//wp-login.php" "Mozilla/5.0 (Windows NT 10.0; Win64; x64) AppleWebKit/537.36 (KHTML, like Gecko) Chrome/95.0.4638.69 Safari/537.36"
102.165.48.91 - - [18/Jun/2025:12:40:10 +0000] "POST //wp-login.php HTTP/1.1" 200 6513 "https://lapma.in//wp-login.php" "Mozilla/5.0 (Windows NT 10.0; Win64; x64) AppleWebKit/537.36 (KHTML, like Gecko) Chrome/95.0.4638.69 Safari/537.36"
102.165.48.91 - - [18/Jun/2025:12:40:14 +0000] "POST //wp-login.php HTTP/1.1" 200 6513 "https://lapma.in//wp-login.php" "Mozilla/5.0 (Windows NT 10.0; Win64; x64) AppleWebKit/537.36 (KHTML, like Gecko) Chrome/95.0.4638.69 Safari/537.36"
102.165.48.91 - - [18/Jun/2025:12:40:18 +0000] "POST //wp-login.php HTTP/1.1" 200 6513 "https://lapma.in//wp-login.php" "Mozilla/5.0 (Windows NT 10.0; Win64; x64) AppleWebKit/537.36 (KHTML, like Gecko) Chrome/95.0.4638.69 Safari/537.36"
102.165.48.91 - - [18/Jun/2025:12:40:22 +0000] "POST //wp-login.php HTTP/1.1" 200 6513 "https://lapma.in//wp-login.php" "Mozilla/5.0 (Windows NT 10.0; Win64; x64) AppleWebKit/537.36 (KHTML, like Gecko) Chrome/95.0.4638.69 Safari/537.36"
102.165.48.91 - - [18/Jun/2025:12:40:26 +0000] "POST //wp-login.php HTTP/1.1" 200 6513 "https://lapma.in//wp-login.php" "Mozilla/5.0 (Windows NT 10.0; Win64; x64) AppleWebKit/537.36 (KHTML, like Gecko) Chrome/95.0.4638.69 Safari/537.36"
102.165.48.91 - - [18/Jun/2025:12:40:29 +0000] "POST //wp-login.php HTTP/1.1" 200 6513 "https://lapma.in//wp-login.php" "Mozilla/5.0 (Windows NT 10.0; Win64; x64) AppleWebKit/537.36 (KHTML, like Gecko) Chrome/95.0.4638.69 Safari/537.36"
102.165.48.91 - - [18/Jun/2025:12:40:33 +0000] "POST //wp-login.php HTTP/1.1" 200 6513 "https://lapma.in//wp-login.php" "Mozilla/5.0 (Windows NT 10.0; Win64; x64) AppleWebKit/537.36 (KHTML, like Gecko) Chrome/95.0.4638.69 Safari/537.36"
102.165.48.91 - - [18/Jun/2025:12:40:36 +0000] "POST //wp-login.php HTTP/1.1" 200 6513 "https://lapma.in//wp-login.php" "Mozilla/5.0 (Windows NT 10.0; Win64; x64) AppleWebKit/537.36 (KHTML, like Gecko) Chrome/95.0.4638.69 Safari/537.36"
102.165.48.91 - - [18/Jun/2025:12:40:40 +0000] "POST //wp-login.php HTTP/1.1" 200 6513 "https://lapma.in//wp-login.php" "Mozilla/5.0 (Windows NT 10.0; Win64; x64) AppleWebKit/537.36 (KHTML, like Gecko) Chrome/95.0.4638.69 Safari/537.36"
102.165.48.91 - - [18/Jun/2025:12:40:43 +0000] "POST //wp-login.php HTTP/1.1" 200 6513 "https://lapma.in//wp-login.php" "Mozilla/5.0 (Windows NT 10.0; Win64; x64) AppleWebKit/537.36 (KHTML, like Gecko) Chrome/95.0.4638.69 Safari/537.36"
102.165.48.91 - - [18/Jun/2025:12:40:46 +0000] "POST //wp-login.php HTTP/1.1" 200 6513 "https://lapma.in//wp-login.php" "Mozilla/5.0 (Windows NT 10.0; Win64; x64) AppleWebKit/537.36 (KHTML, like Gecko) Chrome/95.0.4638.69 Safari/537.36"
102.165.48.91 - - [18/Jun/2025:12:40:50 +0000] "POST //wp-login.php HTTP/1.1" 200 6513 "https://lapma.in//wp-login.php" "Mozilla/5.0 (Windows NT 10.0; Win64; x64) AppleWebKit/537.36 (KHTML, like Gecko) Chrome/95.0.4638.69 Safari/537.36"
102.165.48.91 - - [18/Jun/2025:12:40:56 +0000] "POST //wp-login.php HTTP/1.1" 200 6513 "https://lapma.in//wp-login.php" "Mozilla/5.0 (Windows NT 10.0; Win64; x64) AppleWebKit/537.36 (KHTML, like Gecko) Chrome/95.0.4638.69 Safari/537.36"
102.165.48.91 - - [18/Jun/2025:12:41:03 +0000] "POST //wp-login.php HTTP/1.1" 200 6513 "https://lapma.in//wp-login.php" "Mozilla/5.0 (Windows NT 10.0; Win64; x64) AppleWebKit/537.36 (KHTML, like Gecko) Chrome/95.0.4638.69 Safari/537.36"
139.59.17.158 - - [18/Jun/2025:12:41:09 +0000] "POST /wp-cron.php?doing_wp_cron=1750250469.2168359756469726562500 HTTP/1.1" 200 - "-" "WordPress/6.8.1; https://www.lapma.in"
102.165.48.91 - - [18/Jun/2025:12:41:06 +0000] "POST //wp-login.php HTTP/1.1" 200 6513 "https://lapma.in//wp-login.php" "Mozilla/5.0 (Windows NT 10.0; Win64; x64) AppleWebKit/537.36 (KHTML, like Gecko) Chrome/95.0.4638.69 Safari/537.36"
102.165.48.91 - - [18/Jun/2025:12:41:10 +0000] "POST //wp-login.php HTTP/1.1" 200 6513 "https://lapma.in//wp-login.php" "Mozilla/5.0 (Windows NT 10.0; Win64; x64) AppleWebKit/537.36 (KHTML, like Gecko) Chrome/95.0.4638.69 Safari/537.36"
102.165.48.91 - - [18/Jun/2025:12:41:14 +0000] "POST //wp-login.php HTTP/1.1" 200 6513 "https://lapma.in//wp-login.php" "Mozilla/5.0 (Windows NT 10.0; Win64; x64) AppleWebKit/537.36 (KHTML, like Gecko) Chrome/95.0.4638.69 Safari/537.36"
102.165.48.91 - - [18/Jun/2025:12:41:18 +0000] "POST //wp-login.php HTTP/1.1" 200 6513 "https://lapma.in//wp-login.php" "Mozilla/5.0 (Windows NT 10.0; Win64; x64) AppleWebKit/537.36 (KHTML, like Gecko) Chrome/95.0.4638.69 Safari/537.36"
102.165.48.91 - - [18/Jun/2025:12:41:22 +0000] "POST //wp-login.php HTTP/1.1" 200 6513 "https://lapma.in//wp-login.php" "Mozilla/5.0 (Windows NT 10.0; Win64; x64) AppleWebKit/537.36 (KHTML, like Gecko) Chrome/95.0.4638.69 Safari/537.36"
102.165.48.91 - - [18/Jun/2025:12:41:25 +0000] "POST //wp-login.php HTTP/1.1" 200 6513 "https://lapma.in//wp-login.php" "Mozilla/5.0 (Windows NT 10.0; Win64; x64) AppleWebKit/537.36 (KHTML, like Gecko) Chrome/95.0.4638.69 Safari/537.36"
102.165.48.91 - - [18/Jun/2025:12:41:29 +0000] "POST //wp-login.php HTTP/1.1" 200 6513 "https://lapma.in//wp-login.php" "Mozilla/5.0 (Windows NT 10.0; Win64; x64) AppleWebKit/537.36 (KHTML, like Gecko) Chrome/95.0.4638.69 Safari/537.36"
102.165.48.91 - - [18/Jun/2025:12:41:33 +0000] "POST //wp-login.php HTTP/1.1" 200 6513 "https://lapma.in//wp-login.php" "Mozilla/5.0 (Windows NT 10.0; Win64; x64) AppleWebKit/537.36 (KHTML, like Gecko) Chrome/95.0.4638.69 Safari/537.36"
102.165.48.91 - - [18/Jun/2025:12:41:36 +0000] "POST //wp-login.php HTTP/1.1" 200 6513 "https://lapma.in//wp-login.php" "Mozilla/5.0 (Windows NT 10.0; Win64; x64) AppleWebKit/537.36 (KHTML, like Gecko) Chrome/95.0.4638.69 Safari/537.36"
102.165.48.91 - - [18/Jun/2025:12:41:40 +0000] "POST //wp-login.php HTTP/1.1" 200 6513 "https://lapma.in//wp-login.php" "Mozilla/5.0 (Windows NT 10.0; Win64; x64) AppleWebKit/537.36 (KHTML, like Gecko) Chrome/95.0.4638.69 Safari/537.36"
102.165.48.91 - - [18/Jun/2025:12:41:43 +0000] "POST //wp-login.php HTTP/1.1" 200 6513 "https://lapma.in//wp-login.php" "Mozilla/5.0 (Windows NT 10.0; Win64; x64) AppleWebKit/537.36 (KHTML, like Gecko) Chrome/95.0.4638.69 Safari/537.36"
102.165.48.91 - - [18/Jun/2025:12:41:47 +0000] "POST //wp-login.php HTTP/1.1" 200 6513 "https://lapma.in//wp-login.php" "Mozilla/5.0 (Windows NT 10.0; Win64; x64) AppleWebKit/537.36 (KHTML, like Gecko) Chrome/95.0.4638.69 Safari/537.36"
102.165.48.91 - - [18/Jun/2025:12:41:50 +0000] "POST //wp-login.php HTTP/1.1" 200 6513 "https://lapma.in//wp-login.php" "Mozilla/5.0 (Windows NT 10.0; Win64; x64) AppleWebKit/537.36 (KHTML, like Gecko) Chrome/95.0.4638.69 Safari/537.36"
102.165.48.91 - - [18/Jun/2025:12:41:53 +0000] "POST //wp-login.php HTTP/1.1" 200 6513 "https://lapma.in//wp-login.php" "Mozilla/5.0 (Windows NT 10.0; Win64; x64) AppleWebKit/537.36 (KHTML, like Gecko) Chrome/95.0.4638.69 Safari/537.36"
102.165.48.91 - - [18/Jun/2025:12:41:57 +0000] "POST //wp-login.php HTTP/1.1" 200 6513 "https://lapma.in//wp-login.php" "Mozilla/5.0 (Windows NT 10.0; Win64; x64) AppleWebKit/537.36 (KHTML, like Gecko) Chrome/95.0.4638.69 Safari/537.36"
102.165.48.91 - - [18/Jun/2025:12:42:00 +0000] "POST //wp-login.php HTTP/1.1" 200 6513 "https://lapma.in//wp-login.php" "Mozilla/5.0 (Windows NT 10.0; Win64; x64) AppleWebKit/537.36 (KHTML, like Gecko) Chrome/95.0.4638.69 Safari/537.36"
102.165.48.91 - - [18/Jun/2025:12:42:04 +0000] "POST //wp-login.php HTTP/1.1" 200 6513 "https://lapma.in//wp-login.php" "Mozilla/5.0 (Windows NT 10.0; Win64; x64) AppleWebKit/537.36 (KHTML, like Gecko) Chrome/95.0.4638.69 Safari/537.36"
139.59.17.158 - - [18/Jun/2025:12:42:10 +0000] "POST /wp-cron.php?doing_wp_cron=1750250530.3027589321136474609375 HTTP/1.1" 200 - "-" "WordPress/6.8.1; https://www.lapma.in"
102.165.48.91 - - [18/Jun/2025:12:42:08 +0000] "POST //wp-login.php HTTP/1.1" 200 6513 "https://lapma.in//wp-login.php" "Mozilla/5.0 (Windows NT 10.0; Win64; x64) AppleWebKit/537.36 (KHTML, like Gecko) Chrome/95.0.4638.69 Safari/537.36"
102.165.48.91 - - [18/Jun/2025:12:42:11 +0000] "POST //wp-login.php HTTP/1.1" 200 6513 "https://lapma.in//wp-login.php" "Mozilla/5.0 (Windows NT 10.0; Win64; x64) AppleWebKit/537.36 (KHTML, like Gecko) Chrome/95.0.4638.69 Safari/537.36"
102.165.48.91 - - [18/Jun/2025:12:42:15 +0000] "POST //wp-login.php HTTP/1.1" 200 6513 "https://lapma.in//wp-login.php" "Mozilla/5.0 (Windows NT 10.0; Win64; x64) AppleWebKit/537.36 (KHTML, like Gecko) Chrome/95.0.4638.69 Safari/537.36"
102.165.48.91 - - [18/Jun/2025:12:42:18 +0000] "POST //wp-login.php HTTP/1.1" 200 6513 "https://lapma.in//wp-login.php" "Mozilla/5.0 (Windows NT 10.0; Win64; x64) AppleWebKit/537.36 (KHTML, like Gecko) Chrome/95.0.4638.69 Safari/537.36"
102.165.48.91 - - [18/Jun/2025:12:42:21 +0000] "POST //wp-login.php HTTP/1.1" 200 6513 "https://lapma.in//wp-login.php" "Mozilla/5.0 (Windows NT 10.0; Win64; x64) AppleWebKit/537.36 (KHTML, like Gecko) Chrome/95.0.4638.69 Safari/537.36"
102.165.48.91 - - [18/Jun/2025:12:42:25 +0000] "POST //wp-login.php HTTP/1.1" 200 6513 "https://lapma.in//wp-login.php" "Mozilla/5.0 (Windows NT 10.0; Win64; x64) AppleWebKit/537.36 (KHTML, like Gecko) Chrome/95.0.4638.69 Safari/537.36"
102.165.48.91 - - [18/Jun/2025:12:42:28 +0000] "POST //wp-login.php HTTP/1.1" 200 6513 "https://lapma.in//wp-login.php" "Mozilla/5.0 (Windows NT 10.0; Win64; x64) AppleWebKit/537.36 (KHTML, like Gecko) Chrome/95.0.4638.69 Safari/537.36"
102.165.48.91 - - [18/Jun/2025:12:42:31 +0000] "POST //wp-login.php HTTP/1.1" 200 6513 "https://lapma.in//wp-login.php" "Mozilla/5.0 (Windows NT 10.0; Win64; x64) AppleWebKit/537.36 (KHTML, like Gecko) Chrome/95.0.4638.69 Safari/537.36"
102.165.48.91 - - [18/Jun/2025:12:42:35 +0000] "POST //wp-login.php HTTP/1.1" 200 6513 "https://lapma.in//wp-login.php" "Mozilla/5.0 (Windows NT 10.0; Win64; x64) AppleWebKit/537.36 (KHTML, like Gecko) Chrome/95.0.4638.69 Safari/537.36"
102.165.48.91 - - [18/Jun/2025:12:42:38 +0000] "POST //wp-login.php HTTP/1.1" 200 6513 "https://lapma.in//wp-login.php" "Mozilla/5.0 (Windows NT 10.0; Win64; x64) AppleWebKit/537.36 (KHTML, like Gecko) Chrome/95.0.4638.69 Safari/537.36"
102.165.48.91 - - [18/Jun/2025:12:42:42 +0000] "POST //wp-login.php HTTP/1.1" 200 6513 "https://lapma.in//wp-login.php" "Mozilla/5.0 (Windows NT 10.0; Win64; x64) AppleWebKit/537.36 (KHTML, like Gecko) Chrome/95.0.4638.69 Safari/537.36"
102.165.48.91 - - [18/Jun/2025:12:42:45 +0000] "POST //wp-login.php HTTP/1.1" 200 6513 "https://lapma.in//wp-login.php" "Mozilla/5.0 (Windows NT 10.0; Win64; x64) AppleWebKit/537.36 (KHTML, like Gecko) Chrome/95.0.4638.69 Safari/537.36"
102.165.48.91 - - [18/Jun/2025:12:42:48 +0000] "POST //wp-login.php HTTP/1.1" 200 6513 "https://lapma.in//wp-login.php" "Mozilla/5.0 (Windows NT 10.0; Win64; x64) AppleWebKit/537.36 (KHTML, like Gecko) Chrome/95.0.4638.69 Safari/537.36"
102.165.48.91 - - [18/Jun/2025:12:42:51 +0000] "POST //wp-login.php HTTP/1.1" 200 6513 "https://lapma.in//wp-login.php" "Mozilla/5.0 (Windows NT 10.0; Win64; x64) AppleWebKit/537.36 (KHTML, like Gecko) Chrome/95.0.4638.69 Safari/537.36"
102.165.48.91 - - [18/Jun/2025:12:42:55 +0000] "POST //wp-login.php HTTP/1.1" 200 6513 "https://lapma.in//wp-login.php" "Mozilla/5.0 (Windows NT 10.0; Win64; x64) AppleWebKit/537.36 (KHTML, like Gecko) Chrome/95.0.4638.69 Safari/537.36"
102.165.48.91 - - [18/Jun/2025:12:42:58 +0000] "POST //wp-login.php HTTP/1.1" 200 6513 "https://lapma.in//wp-login.php" "Mozilla/5.0 (Windows NT 10.0; Win64; x64) AppleWebKit/537.36 (KHTML, like Gecko) Chrome/95.0.4638.69 Safari/537.36"
102.165.48.91 - - [18/Jun/2025:12:43:02 +0000] "POST //wp-login.php HTTP/1.1" 200 6513 "https://lapma.in//wp-login.php" "Mozilla/5.0 (Windows NT 10.0; Win64; x64) AppleWebKit/537.36 (KHTML, like Gecko) Chrome/95.0.4638.69 Safari/537.36"
139.59.17.158 - - [18/Jun/2025:12:43:08 +0000] "POST /wp-cron.php?doing_wp_cron=1750250588.4785299301147460937500 HTTP/1.1" 200 - "-" "WordPress/6.8.1; https://www.lapma.in"
102.165.48.91 - - [18/Jun/2025:12:43:06 +0000] "POST //wp-login.php HTTP/1.1" 200 6513 "https://lapma.in//wp-login.php" "Mozilla/5.0 (Windows NT 10.0; Win64; x64) AppleWebKit/537.36 (KHTML, like Gecko) Chrome/95.0.4638.69 Safari/537.36"
102.165.48.91 - - [18/Jun/2025:12:43:09 +0000] "POST //wp-login.php HTTP/1.1" 200 6513 "https://lapma.in//wp-login.php" "Mozilla/5.0 (Windows NT 10.0; Win64; x64) AppleWebKit/537.36 (KHTML, like Gecko) Chrome/95.0.4638.69 Safari/537.36"
102.165.48.91 - - [18/Jun/2025:12:43:13 +0000] "POST //wp-login.php HTTP/1.1" 200 6513 "https://lapma.in//wp-login.php" "Mozilla/5.0 (Windows NT 10.0; Win64; x64) AppleWebKit/537.36 (KHTML, like Gecko) Chrome/95.0.4638.69 Safari/537.36"
102.165.48.91 - - [18/Jun/2025:12:43:16 +0000] "POST //wp-login.php HTTP/1.1" 200 6513 "https://lapma.in//wp-login.php" "Mozilla/5.0 (Windows NT 10.0; Win64; x64) AppleWebKit/537.36 (KHTML, like Gecko) Chrome/95.0.4638.69 Safari/537.36"
102.165.48.91 - - [18/Jun/2025:12:43:20 +0000] "POST //wp-login.php HTTP/1.1" 200 6513 "https://lapma.in//wp-login.php" "Mozilla/5.0 (Windows NT 10.0; Win64; x64) AppleWebKit/537.36 (KHTML, like Gecko) Chrome/95.0.4638.69 Safari/537.36"
102.165.48.91 - - [18/Jun/2025:12:43:23 +0000] "POST //wp-login.php HTTP/1.1" 200 6513 "https://lapma.in//wp-login.php" "Mozilla/5.0 (Windows NT 10.0; Win64; x64) AppleWebKit/537.36 (KHTML, like Gecko) Chrome/95.0.4638.69 Safari/537.36"
102.165.48.91 - - [18/Jun/2025:12:43:27 +0000] "POST //wp-login.php HTTP/1.1" 200 6513 "https://lapma.in//wp-login.php" "Mozilla/5.0 (Windows NT 10.0; Win64; x64) AppleWebKit/537.36 (KHTML, like Gecko) Chrome/95.0.4638.69 Safari/537.36"
102.165.48.91 - - [18/Jun/2025:12:43:30 +0000] "POST //wp-login.php HTTP/1.1" 200 6513 "https://lapma.in//wp-login.php" "Mozilla/5.0 (Windows NT 10.0; Win64; x64) AppleWebKit/537.36 (KHTML, like Gecko) Chrome/95.0.4638.69 Safari/537.36"
102.165.48.91 - - [18/Jun/2025:12:43:34 +0000] "POST //wp-login.php HTTP/1.1" 200 6513 "https://lapma.in//wp-login.php" "Mozilla/5.0 (Windows NT 10.0; Win64; x64) AppleWebKit/537.36 (KHTML, like Gecko) Chrome/95.0.4638.69 Safari/537.36"
102.165.48.91 - - [18/Jun/2025:12:43:37 +0000] "POST //wp-login.php HTTP/1.1" 200 6513 "https://lapma.in//wp-login.php" "Mozilla/5.0 (Windows NT 10.0; Win64; x64) AppleWebKit/537.36 (KHTML, like Gecko) Chrome/95.0.4638.69 Safari/537.36"
102.165.48.91 - - [18/Jun/2025:12:43:41 +0000] "POST //wp-login.php HTTP/1.1" 200 6513 "https://lapma.in//wp-login.php" "Mozilla/5.0 (Windows NT 10.0; Win64; x64) AppleWebKit/537.36 (KHTML, like Gecko) Chrome/95.0.4638.69 Safari/537.36"
102.165.48.91 - - [18/Jun/2025:12:43:45 +0000] "POST //wp-login.php HTTP/1.1" 200 6513 "https://lapma.in//wp-login.php" "Mozilla/5.0 (Windows NT 10.0; Win64; x64) AppleWebKit/537.36 (KHTML, like Gecko) Chrome/95.0.4638.69 Safari/537.36"
102.165.48.91 - - [18/Jun/2025:12:43:48 +0000] "POST //wp-login.php HTTP/1.1" 200 6513 "https://lapma.in//wp-login.php" "Mozilla/5.0 (Windows NT 10.0; Win64; x64) AppleWebKit/537.36 (KHTML, like Gecko) Chrome/95.0.4638.69 Safari/537.36"
102.165.48.91 - - [18/Jun/2025:12:43:52 +0000] "POST //wp-login.php HTTP/1.1" 200 6513 "https://lapma.in//wp-login.php" "Mozilla/5.0 (Windows NT 10.0; Win64; x64) AppleWebKit/537.36 (KHTML, like Gecko) Chrome/95.0.4638.69 Safari/537.36"
102.165.48.91 - - [18/Jun/2025:12:43:55 +0000] "POST //wp-login.php HTTP/1.1" 200 6513 "https://lapma.in//wp-login.php" "Mozilla/5.0 (Windows NT 10.0; Win64; x64) AppleWebKit/537.36 (KHTML, like Gecko) Chrome/95.0.4638.69 Safari/537.36"
102.165.48.91 - - [18/Jun/2025:12:43:59 +0000] "POST //wp-login.php HTTP/1.1" 200 6513 "https://lapma.in//wp-login.php" "Mozilla/5.0 (Windows NT 10.0; Win64; x64) AppleWebKit/537.36 (KHTML, like Gecko) Chrome/95.0.4638.69 Safari/537.36"
102.165.48.91 - - [18/Jun/2025:12:44:02 +0000] "POST //wp-login.php HTTP/1.1" 200 6513 "https://lapma.in//wp-login.php" "Mozilla/5.0 (Windows NT 10.0; Win64; x64) AppleWebKit/537.36 (KHTML, like Gecko) Chrome/95.0.4638.69 Safari/537.36"
139.59.17.158 - - [18/Jun/2025:12:44:09 +0000] "POST /wp-cron.php?doing_wp_cron=1750250649.1167469024658203125000 HTTP/1.1" 200 - "-" "WordPress/6.8.1; https://www.lapma.in"
102.165.48.91 - - [18/Jun/2025:12:44:06 +0000] "POST //wp-login.php HTTP/1.1" 200 6513 "https://lapma.in//wp-login.php" "Mozilla/5.0 (Windows NT 10.0; Win64; x64) AppleWebKit/537.36 (KHTML, like Gecko) Chrome/95.0.4638.69 Safari/537.36"
102.165.48.91 - - [18/Jun/2025:12:44:10 +0000] "POST //wp-login.php HTTP/1.1" 200 6513 "https://lapma.in//wp-login.php" "Mozilla/5.0 (Windows NT 10.0; Win64; x64) AppleWebKit/537.36 (KHTML, like Gecko) Chrome/95.0.4638.69 Safari/537.36"
102.165.48.91 - - [18/Jun/2025:12:44:13 +0000] "POST //wp-login.php HTTP/1.1" 200 6513 "https://lapma.in//wp-login.php" "Mozilla/5.0 (Windows NT 10.0; Win64; x64) AppleWebKit/537.36 (KHTML, like Gecko) Chrome/95.0.4638.69 Safari/537.36"
102.165.48.91 - - [18/Jun/2025:12:44:17 +0000] "POST //wp-login.php HTTP/1.1" 200 6513 "https://lapma.in//wp-login.php" "Mozilla/5.0 (Windows NT 10.0; Win64; x64) AppleWebKit/537.36 (KHTML, like Gecko) Chrome/95.0.4638.69 Safari/537.36"
102.165.48.91 - - [18/Jun/2025:12:44:20 +0000] "POST //wp-login.php HTTP/1.1" 200 6513 "https://lapma.in//wp-login.php" "Mozilla/5.0 (Windows NT 10.0; Win64; x64) AppleWebKit/537.36 (KHTML, like Gecko) Chrome/95.0.4638.69 Safari/537.36"
173.252.107.3 - - [18/Jun/2025:13:14:17 +0000] "GET /wp-content/uploads/woo-product-feed-pro/xml/1htiAhxiwIQYZqJoCOOpNOW7kFTApH5E.xml HTTP/1.1" 200 1463 "-" "facebookexternalhit/1.1 (+http://www.facebook.com/externalhit_uatext.php)"
139.59.17.158 - - [18/Jun/2025:13:32:46 +0000] "POST /wp-cron.php?doing_wp_cron=1750253566.4449610710144042968750 HTTP/1.1" 200 - "-" "WordPress/6.8.1; https://www.lapma.in"
103.78.16.194 - - [18/Jun/2025:13:32:43 +0000] "POST /wp-json/jwt-auth/v1/token HTTP/1.1" 404 309 "-" "Dart/3.6 (dart:io)"
103.78.16.194 - - [18/Jun/2025:13:32:47 +0000] "GET /wp-json/wc/v3/products?consumer_key=ck_0f34dd898cafb797b88cbfdf555d0bee59043410&consumer_secret=cs_352434f91cd6d44fec82238e32c205a2949fd29f&page=1&per_page=50 HTTP/1.1" 404 4376 "-" "Dart/3.6 (dart:io)"
103.78.16.194 - - [18/Jun/2025:13:32:47 +0000] "GET /wp-json/wc/v3/products?consumer_key=ck_0f34dd898cafb797b88cbfdf555d0bee59043410&consumer_secret=cs_352434f91cd6d44fec82238e32c205a2949fd29f&page=1&per_page=10 HTTP/1.1" 404 3834 "-" "Dart/3.6 (dart:io)"
103.78.16.194 - - [18/Jun/2025:13:32:47 +0000] "GET /wp-json/wc/v3/products/categories?consumer_key=ck_0f34dd898cafb797b88cbfdf555d0bee59043410&consumer_secret=cs_352434f91cd6d44fec82238e32c205a2949fd29f&page=1&per_page=10 HTTP/1.1" 404 775 "-" "Dart/3.6 (dart:io)"
103.78.16.194 - - [18/Jun/2025:13:32:54 +0000] "GET /wp-content/uploads/2024/11/51755558-75e9-42f4-969c-733e84c041b0.jpg HTTP/1.1" 200 59876 "-" "Dart/3.6 (dart:io)"
103.78.16.194 - - [18/Jun/2025:13:32:54 +0000] "GET /wp-content/uploads/2024/05/product-img17.jpg HTTP/1.1" 200 65481 "-" "Dart/3.6 (dart:io)"
103.78.16.194 - - [18/Jun/2025:13:32:54 +0000] "GET /wp-content/uploads/2024/05/product-img11.jpg HTTP/1.1" 200 39451 "-" "Dart/3.6 (dart:io)"
103.78.16.194 - - [18/Jun/2025:13:32:55 +0000] "GET /wp-content/uploads/2024/05/product-img20.jpg HTTP/1.1" 200 81791 "-" "Dart/3.6 (dart:io)"
103.78.16.194 - - [18/Jun/2025:13:32:55 +0000] "GET /wp-content/uploads/2024/04/category-img5.png HTTP/1.1" 200 36368 "-" "Dart/3.6 (dart:io)"
103.78.16.194 - - [18/Jun/2025:13:32:55 +0000] "GET /wp-content/uploads/2024/04/category-img4.png HTTP/1.1" 200 40550 "-" "Dart/3.6 (dart:io)"
103.78.16.194 - - [18/Jun/2025:13:32:56 +0000] "GET /wp-content/uploads/2024/04/category-img7.png HTTP/1.1" 200 40393 "-" "Dart/3.6 (dart:io)"
103.78.16.194 - - [18/Jun/2025:13:32:56 +0000] "GET /wp-content/uploads/2024/04/category-img6.png HTTP/1.1" 200 41121 "-" "Dart/3.6 (dart:io)"
103.78.16.194 - - [18/Jun/2025:13:32:56 +0000] "GET /wp-content/uploads/2024/04/category-img2.png HTTP/1.1" 200 34785 "-" "Dart/3.6 (dart:io)"
103.78.16.194 - - [18/Jun/2025:13:33:01 +0000] "GET /wp-json/custom/v1/wc-nonce HTTP/1.1" 404 68 "-" "Dart/3.6 (dart:io)"
139.59.17.158 - - [18/Jun/2025:13:33:07 +0000] "POST /wp-cron.php?doing_wp_cron=1750253587.5831019878387451171875 HTTP/1.1" 200 - "-" "WordPress/6.8.1; https://www.lapma.in"
103.78.16.194 - - [18/Jun/2025:13:33:05 +0000] "GET /wp-json/wc/store/v1/cart HTTP/1.1" 404 1598 "-" "Dart/3.6 (dart:io)"
103.78.16.194 - - [18/Jun/2025:13:33:09 +0000] "GET /wp-content/uploads/2024/04/product-img1.jpg HTTP/1.1" 200 15663 "-" "Dart/3.6 (dart:io)"
103.78.16.194 - - [18/Jun/2025:13:33:22 +0000] "GET /wp-json/custom/v1/wc-nonce HTTP/1.1" 404 68 "-" "Dart/3.6 (dart:io)"
103.78.16.194 - - [18/Jun/2025:13:33:25 +0000] "POST /wp-json/custom/v1/clear-cart HTTP/1.1" 500 1534 "-" "Dart/3.6 (dart:io)"
103.78.16.194 - - [18/Jun/2025:13:33:33 +0000] "GET /wp-json/custom/v1/wc-nonce HTTP/1.1" 404 68 "-" "Dart/3.6 (dart:io)"
103.78.16.194 - - [18/Jun/2025:13:33:38 +0000] "GET /wp-json/wc/store/v1/cart HTTP/1.1" 404 1598 "-" "Dart/3.6 (dart:io)"
103.78.16.194 - - [18/Jun/2025:13:33:46 +0000] "GET /wp-json/custom/v1/wc-nonce HTTP/1.1" 404 68 "-" "Dart/3.6 (dart:io)"
103.78.16.194 - - [18/Jun/2025:13:33:50 +0000] "GET /wp-json/wc/v3/orders?customer=37 HTTP/1.1" 404 1892 "-" "Dart/3.6 (dart:io)"
139.59.17.158 - - [18/Jun/2025:13:34:27 +0000] "POST /wp-cron.php?doing_wp_cron=1750253667.6127760410308837890625 HTTP/1.1" 200 - "-" "WordPress/6.8.1; https://www.lapma.in"
103.78.16.194 - - [18/Jun/2025:13:34:24 +0000] "POST /wp-json/jwt-auth/v1/token HTTP/1.1" 404 314 "-" "Dart/3.6 (dart:io)"
103.78.16.194 - - [18/Jun/2025:13:34:28 +0000] "GET /wp-json/wc/v3/products/categories?consumer_key=ck_0f34dd898cafb797b88cbfdf555d0bee59043410&consumer_secret=cs_352434f91cd6d44fec82238e32c205a2949fd29f&page=1&per_page=10 HTTP/1.1" 404 775 "-" "Dart/3.6 (dart:io)"
103.78.16.194 - - [18/Jun/2025:13:34:29 +0000] "GET /wp-json/wc/v3/products?consumer_key=ck_0f34dd898cafb797b88cbfdf555d0bee59043410&consumer_secret=cs_352434f91cd6d44fec82238e32c205a2949fd29f&page=1&per_page=50 HTTP/1.1" 404 4377 "-" "Dart/3.6 (dart:io)"
103.78.16.194 - - [18/Jun/2025:13:34:29 +0000] "GET /wp-json/wc/v3/products?consumer_key=ck_0f34dd898cafb797b88cbfdf555d0bee59043410&consumer_secret=cs_352434f91cd6d44fec82238e32c205a2949fd29f&page=1&per_page=10 HTTP/1.1" 404 3836 "-" "Dart/3.6 (dart:io)"
103.78.16.194 - - [18/Jun/2025:13:34:34 +0000] "GET /wp-json/custom/v1/wc-nonce HTTP/1.1" 404 68 "-" "Dart/3.6 (dart:io)"
103.78.16.194 - - [18/Jun/2025:13:34:37 +0000] "GET /wp-json/wc/store/v1/cart HTTP/1.1" 404 1137 "-" "Dart/3.6 (dart:io)"
103.78.16.194 - - [18/Jun/2025:13:34:40 +0000] "GET /wp-content/uploads/2024/05/product-img3.jpg HTTP/1.1" 200 90914 "-" "Dart/3.6 (dart:io)"
103.78.16.194 - - [18/Jun/2025:13:34:45 +0000] "GET /wp-json/custom/v1/wc-nonce HTTP/1.1" 404 68 "-" "Dart/3.6 (dart:io)"
103.78.16.194 - - [18/Jun/2025:13:34:49 +0000] "GET /wp-json/wc/v3/orders?customer=38 HTTP/1.1" 404 2064 "-" "Dart/3.6 (dart:io)"
139.59.17.158 - - [18/Jun/2025:13:35:09 +0000] "POST /wp-cron.php?doing_wp_cron=1750253708.9758989810943603515625 HTTP/1.1" 200 - "-" "WordPress/6.8.1; https://www.lapma.in"
103.78.16.194 - - [18/Jun/2025:13:35:06 +0000] "GET /wp-json/custom/v1/wc-nonce HTTP/1.1" 404 68 "-" "Dart/3.6 (dart:io)"
103.78.16.194 - - [18/Jun/2025:13:35:09 +0000] "PUT /wp-json/wc/v3/orders/1666 HTTP/1.1" 404 1090 "-" "Dart/3.6 (dart:io)"
103.78.16.194 - - [18/Jun/2025:13:35:14 +0000] "GET /wp-json/custom/v1/wc-nonce HTTP/1.1" 404 68 "-" "Dart/3.6 (dart:io)"
103.78.16.194 - - [18/Jun/2025:13:35:18 +0000] "GET /wp-json/wc/v3/orders?customer=38 HTTP/1.1" 404 2075 "-" "Dart/3.6 (dart:io)"
103.78.16.194 - - [18/Jun/2025:13:35:27 +0000] "GET /wp-json/custom/v1/wc-nonce HTTP/1.1" 404 68 "-" "Dart/3.6 (dart:io)"
103.78.16.194 - - [18/Jun/2025:13:35:31 +0000] "GET /wp-json/wc/store/v1/cart HTTP/1.1" 404 1137 "-" "Dart/3.6 (dart:io)"
103.78.16.194 - - [18/Jun/2025:13:35:40 +0000] "GET /wp-json/wp/v2/districtlist HTTP/1.1" 404 609 "-" "Dart/3.6 (dart:io)"
103.78.16.194 - - [18/Jun/2025:13:35:43 +0000] "GET /wp-json/wp/v2/panchyathdata?districtlist=40 HTTP/1.1" 404 1045 "-" "Dart/3.6 (dart:io)"
103.78.16.194 - - [18/Jun/2025:13:47:02 +0000] "GET /wp-content/uploads/2024/05/product-img17.jpg HTTP/1.1" 200 65481 "-" "Dart/3.6 (dart:io)"
103.78.16.194 - - [18/Jun/2025:13:47:02 +0000] "GET /wp-content/uploads/2024/05/product-img3.jpg HTTP/1.1" 200 90914 "-" "Dart/3.6 (dart:io)"
103.78.16.194 - - [18/Jun/2025:13:47:02 +0000] "GET /wp-content/uploads/2024/04/category-img6.png HTTP/1.1" 200 41121 "-" "Dart/3.6 (dart:io)"
103.78.16.194 - - [18/Jun/2025:13:47:02 +0000] "GET /wp-content/uploads/2024/04/category-img7.png HTTP/1.1" 200 40393 "-" "Dart/3.6 (dart:io)"
103.78.16.194 - - [18/Jun/2025:13:47:02 +0000] "GET /wp-content/uploads/2024/05/product-img11.jpg HTTP/1.1" 200 39451 "-" "Dart/3.6 (dart:io)"
103.78.16.194 - - [18/Jun/2025:13:47:02 +0000] "GET /wp-content/uploads/2024/04/category-img5.png HTTP/1.1" 200 36368 "-" "Dart/3.6 (dart:io)"
103.78.16.194 - - [18/Jun/2025:13:47:02 +0000] "GET /wp-content/uploads/2024/04/category-img4.png HTTP/1.1" 200 40550 "-" "Dart/3.6 (dart:io)"
103.78.16.194 - - [18/Jun/2025:13:47:02 +0000] "GET /wp-content/uploads/2024/11/51755558-75e9-42f4-969c-733e84c041b0.jpg HTTP/1.1" 200 59876 "-" "Dart/3.6 (dart:io)"
103.78.16.194 - - [18/Jun/2025:13:47:02 +0000] "GET /wp-content/uploads/2024/04/category-img2.png HTTP/1.1" 200 34785 "-" "Dart/3.6 (dart:io)"
103.78.16.194 - - [18/Jun/2025:13:47:02 +0000] "GET /wp-content/uploads/2024/05/product-img20.jpg HTTP/1.1" 200 81791 "-" "Dart/3.6 (dart:io)"
103.78.16.194 - - [18/Jun/2025:13:47:02 +0000] "GET /wp-content/uploads/2024/04/product-img1.jpg HTTP/1.1" 200 15663 "-" "Dart/3.6 (dart:io)"
139.59.17.158 - - [18/Jun/2025:13:50:40 +0000] "POST /wp-cron.php?doing_wp_cron=1750254640.5928258895874023437500 HTTP/1.1" 200 - "-" "WordPress/6.8.1; https://www.lapma.in"
103.78.16.194 - - [18/Jun/2025:13:50:38 +0000] "POST /wp-json/wc/v3/orders HTTP/1.1" 401 120 "-" "Dart/3.6 (dart:io)"
139.59.17.158 - - [18/Jun/2025:13:51:22 +0000] "POST /wp-cron.php?doing_wp_cron=1750254682.7046370506286621093750 HTTP/1.1" 200 - "-" "WordPress/6.8.1; https://www.lapma.in"
103.78.16.194 - - [18/Jun/2025:13:51:20 +0000] "POST /wp-json/wc/v3/orders HTTP/1.1" 401 120 "-" "Dart/3.6 (dart:io)"
103.78.16.194 - - [18/Jun/2025:13:51:37 +0000] "POST /wp-json/wc/v3/orders HTTP/1.1" 401 120 "-" "Dart/3.6 (dart:io)"
139.59.17.158 - - [18/Jun/2025:13:59:10 +0000] "POST /wp-cron.php?doing_wp_cron=1750255150.5626399517059326171875 HTTP/1.1" 200 - "-" "WordPress/6.8.1; https://www.lapma.in"
106.222.180.11 - - [18/Jun/2025:13:59:07 +0000] "POST /wp-json/jwt-auth/v1/token HTTP/1.1" 404 311 "-" "Dart/3.6 (dart:io)"
106.222.180.11 - - [18/Jun/2025:13:59:12 +0000] "GET /wp-json/wc/v3/products/categories?consumer_key=ck_0f34dd898cafb797b88cbfdf555d0bee59043410&consumer_secret=cs_352434f91cd6d44fec82238e32c205a2949fd29f&page=1&per_page=10 HTTP/1.1" 404 775 "-" "Dart/3.6 (dart:io)"
106.222.180.11 - - [18/Jun/2025:13:59:12 +0000] "GET /wp-json/wc/v3/products?consumer_key=ck_0f34dd898cafb797b88cbfdf555d0bee59043410&consumer_secret=cs_352434f91cd6d44fec82238e32c205a2949fd29f&page=1&per_page=10 HTTP/1.1" 404 3836 "-" "Dart/3.6 (dart:io)"
106.222.180.11 - - [18/Jun/2025:13:59:19 +0000] "GET /wp-content/uploads/2024/04/category-img2.png HTTP/1.1" 200 34785 "-" "Dart/3.6 (dart:io)"
106.222.180.11 - - [18/Jun/2025:13:59:19 +0000] "GET /wp-content/uploads/2024/04/category-img5.png HTTP/1.1" 200 36368 "-" "Dart/3.6 (dart:io)"
106.222.180.11 - - [18/Jun/2025:13:59:19 +0000] "GET /wp-content/uploads/2024/04/category-img6.png HTTP/1.1" 200 41121 "-" "Dart/3.6 (dart:io)"
106.222.180.11 - - [18/Jun/2025:13:59:19 +0000] "GET /wp-content/uploads/2024/04/category-img4.png HTTP/1.1" 200 40550 "-" "Dart/3.6 (dart:io)"
106.222.180.11 - - [18/Jun/2025:13:59:19 +0000] "GET /wp-content/uploads/2024/04/category-img7.png HTTP/1.1" 200 40393 "-" "Dart/3.6 (dart:io)"
106.222.180.11 - - [18/Jun/2025:13:59:13 +0000] "GET /wp-json/custom/v1/wc-nonce HTTP/1.1" 404 68 "-" "Dart/3.6 (dart:io)"
106.222.180.11 - - [18/Jun/2025:13:59:19 +0000] "GET /wp-content/uploads/2024/05/product-img20.jpg HTTP/1.1" 200 81791 "-" "Dart/3.6 (dart:io)"
106.222.180.11 - - [18/Jun/2025:13:59:19 +0000] "GET /wp-content/uploads/2024/11/51755558-75e9-42f4-969c-733e84c041b0.jpg HTTP/1.1" 200 59876 "-" "Dart/3.6 (dart:io)"
106.222.180.11 - - [18/Jun/2025:13:59:12 +0000] "GET /wp-json/wc/v3/products?consumer_key=ck_0f34dd898cafb797b88cbfdf555d0bee59043410&consumer_secret=cs_352434f91cd6d44fec82238e32c205a2949fd29f&page=1&per_page=50 HTTP/1.1" 404 4382 "-" "Dart/3.6 (dart:io)"
106.222.180.11 - - [18/Jun/2025:13:59:20 +0000] "GET /wp-content/uploads/2024/05/product-img11.jpg HTTP/1.1" 200 39451 "-" "Dart/3.6 (dart:io)"
106.222.180.11 - - [18/Jun/2025:13:59:20 +0000] "GET /wp-content/uploads/2024/05/product-img17.jpg HTTP/1.1" 200 65481 "-" "Dart/3.6 (dart:io)"
106.222.180.11 - - [18/Jun/2025:13:59:20 +0000] "GET /wp-json/wc/store/v1/cart HTTP/1.1" 404 1137 "-" "Dart/3.6 (dart:io)"
106.222.180.11 - - [18/Jun/2025:13:59:23 +0000] "GET /wp-content/uploads/2024/04/product-img1.jpg HTTP/1.1" 200 15663 "-" "Dart/3.6 (dart:io)"
106.222.180.11 - - [18/Jun/2025:13:59:23 +0000] "GET /wp-content/uploads/2024/05/product-img3.jpg HTTP/1.1" 200 90914 "-" "Dart/3.6 (dart:io)"
106.222.180.11 - - [18/Jun/2025:13:59:27 +0000] "GET /wp-json/wp/v2/districtlist HTTP/1.1" 404 609 "-" "Dart/3.6 (dart:io)"
106.222.180.11 - - [18/Jun/2025:13:59:31 +0000] "GET /wp-json/wp/v2/panchyathdata?districtlist=40 HTTP/1.1" 404 1045 "-" "Dart/3.6 (dart:io)"
106.222.180.11 - - [18/Jun/2025:13:59:58 +0000] "POST /wp-json/wc/v3/orders HTTP/1.1" 201 1038 "-" "Dart/3.6 (dart:io)"
139.59.17.158 - - [18/Jun/2025:14:00:10 +0000] "POST /wp-cron.php?doing_wp_cron=1750255210.8259708881378173828125 HTTP/1.1" 200 - "-" "WordPress/6.8.1; https://www.lapma.in"
106.222.180.11 - - [18/Jun/2025:14:00:07 +0000] "GET /wp-json/wc/v3/orders/1761 HTTP/1.1" 404 1038 "-" "Dart/3.6 (dart:io)"
139.59.17.158 - - [18/Jun/2025:14:01:29 +0000] "POST /wp-cron.php?doing_wp_cron=1750255289.5329089164733886718750 HTTP/1.1" 200 - "-" "WordPress/6.8.1; https://www.lapma.in"
106.222.180.11 - - [18/Jun/2025:14:01:24 +0000] "POST /wp-json/wc/v3/orders HTTP/1.1" 201 1038 "-" "Dart/3.6 (dart:io)"
106.222.180.11 - - [18/Jun/2025:14:01:35 +0000] "GET /wp-json/wc/v3/orders/1762 HTTP/1.1" 404 1038 "-" "Dart/3.6 (dart:io)"
139.59.17.158 - - [18/Jun/2025:14:06:17 +0000] "POST /wp-cron.php?doing_wp_cron=1750255577.3517279624938964843750 HTTP/1.1" 200 - "-" "WordPress/6.8.1; https://www.lapma.in"
106.222.180.11 - - [18/Jun/2025:14:06:15 +0000] "GET /wp-admin/ HTTP/2.0" 302 - "-" "Mozilla/5.0 (Windows NT 10.0; Win64; x64) AppleWebKit/537.36 (KHTML, like Gecko) Chrome/137.0.0.0 Safari/537.36"
106.222.180.11 - - [18/Jun/2025:14:06:16 +0000] "GET /wp-admin/ HTTP/2.0" 302 - "-" "Mozilla/5.0 (Windows NT 10.0; Win64; x64) AppleWebKit/537.36 (KHTML, like Gecko) Chrome/137.0.0.0 Safari/537.36"
106.222.180.11 - - [18/Jun/2025:14:06:19 +0000] "GET /wp-login.php?redirect_to=https%3A%2F%2Fwww.lapma.in%2Fwp-admin%2F&reauth=1 HTTP/2.0" 200 1928 "-" "Mozilla/5.0 (Windows NT 10.0; Win64; x64) AppleWebKit/537.36 (KHTML, like Gecko) Chrome/137.0.0.0 Safari/537.36"
106.222.180.11 - - [18/Jun/2025:14:06:22 +0000] "GET /wp-includes/css/dashicons.min.css?ver=6.8.1 HTTP/2.0" 200 35730 "https://www.lapma.in/wp-login.php?redirect_to=https%3A%2F%2Fwww.lapma.in%2Fwp-admin%2F&reauth=1" "Mozilla/5.0 (Windows NT 10.0; Win64; x64) AppleWebKit/537.36 (KHTML, like Gecko) Chrome/137.0.0.0 Safari/537.36"
106.222.180.11 - - [18/Jun/2025:14:06:22 +0000] "GET /wp-includes/css/buttons.min.css?ver=6.8.1 HTTP/2.0" 200 1470 "https://www.lapma.in/wp-login.php?redirect_to=https%3A%2F%2Fwww.lapma.in%2Fwp-admin%2F&reauth=1" "Mozilla/5.0 (Windows NT 10.0; Win64; x64) AppleWebKit/537.36 (KHTML, like Gecko) Chrome/137.0.0.0 Safari/537.36"
106.222.180.11 - - [18/Jun/2025:14:06:22 +0000] "GET /wp-admin/css/login.min.css?ver=6.8.1 HTTP/2.0" 200 2171 "https://www.lapma.in/wp-login.php?redirect_to=https%3A%2F%2Fwww.lapma.in%2Fwp-admin%2F&reauth=1" "Mozilla/5.0 (Windows NT 10.0; Win64; x64) AppleWebKit/537.36 (KHTML, like Gecko) Chrome/137.0.0.0 Safari/537.36"
106.222.180.11 - - [18/Jun/2025:14:06:22 +0000] "GET /wp-admin/css/l10n.min.css?ver=6.8.1 HTTP/2.0" 200 767 "https://www.lapma.in/wp-login.php?redirect_to=https%3A%2F%2Fwww.lapma.in%2Fwp-admin%2F&reauth=1" "Mozilla/5.0 (Windows NT 10.0; Win64; x64) AppleWebKit/537.36 (KHTML, like Gecko) Chrome/137.0.0.0 Safari/537.36"
106.222.180.11 - - [18/Jun/2025:14:06:22 +0000] "GET /wp-includes/js/clipboard.min.js?ver=2.0.11 HTTP/2.0" 200 3150 "https://www.lapma.in/wp-login.php?redirect_to=https%3A%2F%2Fwww.lapma.in%2Fwp-admin%2F&reauth=1" "Mozilla/5.0 (Windows NT 10.0; Win64; x64) AppleWebKit/537.36 (KHTML, like Gecko) Chrome/137.0.0.0 Safari/537.36"
106.222.180.11 - - [18/Jun/2025:14:06:22 +0000] "GET /wp-includes/js/jquery/jquery-migrate.min.js?ver=3.4.1 HTTP/2.0" 200 4872 "https://www.lapma.in/wp-login.php?redirect_to=https%3A%2F%2Fwww.lapma.in%2Fwp-admin%2F&reauth=1" "Mozilla/5.0 (Windows NT 10.0; Win64; x64) AppleWebKit/537.36 (KHTML, like Gecko) Chrome/137.0.0.0 Safari/537.36"
106.222.180.11 - - [18/Jun/2025:14:06:22 +0000] "GET /wp-includes/js/zxcvbn-async.min.js?ver=1.0 HTTP/2.0" 200 256 "https://www.lapma.in/wp-login.php?redirect_to=https%3A%2F%2Fwww.lapma.in%2Fwp-admin%2F&reauth=1" "Mozilla/5.0 (Windows NT 10.0; Win64; x64) AppleWebKit/537.36 (KHTML, like Gecko) Chrome/137.0.0.0 Safari/537.36"
106.222.180.11 - - [18/Jun/2025:14:06:22 +0000] "GET /wp-includes/js/wp-util.min.js?ver=6.8.1 HTTP/2.0" 200 756 "https://www.lapma.in/wp-login.php?redirect_to=https%3A%2F%2Fwww.lapma.in%2Fwp-admin%2F&reauth=1" "Mozilla/5.0 (Windows NT 10.0; Win64; x64) AppleWebKit/537.36 (KHTML, like Gecko) Chrome/137.0.0.0 Safari/537.36"
106.222.180.11 - - [18/Jun/2025:14:06:22 +0000] "GET /wp-admin/js/password-strength-meter.min.js?ver=6.8.1 HTTP/2.0" 200 621 "https://www.lapma.in/wp-login.php?redirect_to=https%3A%2F%2Fwww.lapma.in%2Fwp-admin%2F&reauth=1" "Mozilla/5.0 (Windows NT 10.0; Win64; x64) AppleWebKit/537.36 (KHTML, like Gecko) Chrome/137.0.0.0 Safari/537.36"
106.222.180.11 - - [18/Jun/2025:14:06:22 +0000] "GET /wp-includes/js/underscore.min.js?ver=1.13.7 HTTP/2.0" 200 7317 "https://www.lapma.in/wp-login.php?redirect_to=https%3A%2F%2Fwww.lapma.in%2Fwp-admin%2F&reauth=1" "Mozilla/5.0 (Windows NT 10.0; Win64; x64) AppleWebKit/537.36 (KHTML, like Gecko) Chrome/137.0.0.0 Safari/537.36"
106.222.180.11 - - [18/Jun/2025:14:06:22 +0000] "GET /wp-includes/js/jquery/jquery.min.js?ver=3.7.1 HTTP/2.0" 200 30368 "https://www.lapma.in/wp-login.php?redirect_to=https%3A%2F%2Fwww.lapma.in%2Fwp-admin%2F&reauth=1" "Mozilla/5.0 (Windows NT 10.0; Win64; x64) AppleWebKit/537.36 (KHTML, like Gecko) Chrome/137.0.0.0 Safari/537.36"
106.222.180.11 - - [18/Jun/2025:14:06:22 +0000] "GET /wp-includes/js/dist/i18n.min.js?ver=5e580eb46a90c2b997e6 HTTP/2.0" 200 3667 "https://www.lapma.in/wp-login.php?redirect_to=https%3A%2F%2Fwww.lapma.in%2Fwp-admin%2F&reauth=1" "Mozilla/5.0 (Windows NT 10.0; Win64; x64) AppleWebKit/537.36 (KHTML, like Gecko) Chrome/137.0.0.0 Safari/537.36"
106.222.180.11 - - [18/Jun/2025:14:06:22 +0000] "GET /wp-includes/js/dist/dom-ready.min.js?ver=f77871ff7694fffea381 HTTP/2.0" 200 320 "https://www.lapma.in/wp-login.php?redirect_to=https%3A%2F%2Fwww.lapma.in%2Fwp-admin%2F&reauth=1" "Mozilla/5.0 (Windows NT 10.0; Win64; x64) AppleWebKit/537.36 (KHTML, like Gecko) Chrome/137.0.0.0 Safari/537.36"
106.222.180.11 - - [18/Jun/2025:14:06:22 +0000] "GET /wp-admin/images/wordpress-logo.svg?ver=20131107 HTTP/2.0" 200 818 "https://www.lapma.in/wp-admin/css/login.min.css?ver=6.8.1" "Mozilla/5.0 (Windows NT 10.0; Win64; x64) AppleWebKit/537.36 (KHTML, like Gecko) Chrome/137.0.0.0 Safari/537.36"
106.222.180.11 - - [18/Jun/2025:14:06:23 +0000] "GET /wp-includes/js/zxcvbn.min.js HTTP/2.0" 200 399661 "https://www.lapma.in/wp-login.php?redirect_to=https%3A%2F%2Fwww.lapma.in%2Fwp-admin%2F&reauth=1" "Mozilla/5.0 (Windows NT 10.0; Win64; x64) AppleWebKit/537.36 (KHTML, like Gecko) Chrome/137.0.0.0 Safari/537.36"
106.222.180.11 - - [18/Jun/2025:14:06:23 +0000] "GET /favicon.ico HTTP/2.0" 302 - "https://www.lapma.in/wp-login.php?redirect_to=https%3A%2F%2Fwww.lapma.in%2Fwp-admin%2F&reauth=1" "Mozilla/5.0 (Windows NT 10.0; Win64; x64) AppleWebKit/537.36 (KHTML, like Gecko) Chrome/137.0.0.0 Safari/537.36"
106.222.180.11 - - [18/Jun/2025:14:06:25 +0000] "GET /wp-includes/images/w-logo-blue-white-bg.png HTTP/2.0" 304 - "https://www.lapma.in/wp-login.php?redirect_to=https%3A%2F%2Fwww.lapma.in%2Fwp-admin%2F&reauth=1" "Mozilla/5.0 (Windows NT 10.0; Win64; x64) AppleWebKit/537.36 (KHTML, like Gecko) Chrome/137.0.0.0 Safari/537.36"
139.59.17.158 - - [18/Jun/2025:14:06:17 +0000] "POST /wp-admin/admin-ajax.php?action=as_async_request_queue_runner&nonce=20e73c14e5 HTTP/1.1" 200 - "-" "WordPress/6.8.1; https://www.lapma.in"
106.222.180.11 - - [18/Jun/2025:14:06:26 +0000] "POST /wp-login.php HTTP/2.0" 302 - "https://www.lapma.in/wp-login.php?redirect_to=https%3A%2F%2Fwww.lapma.in%2Fwp-admin%2F&reauth=1" "Mozilla/5.0 (Windows NT 10.0; Win64; x64) AppleWebKit/537.36 (KHTML, like Gecko) Chrome/137.0.0.0 Safari/537.36"
106.222.180.11 - - [18/Jun/2025:14:06:29 +0000] "GET /wp-admin/ HTTP/2.0" 200 29559 "https://www.lapma.in/wp-login.php?redirect_to=https%3A%2F%2Fwww.lapma.in%2Fwp-admin%2F&reauth=1" "Mozilla/5.0 (Windows NT 10.0; Win64; x64) AppleWebKit/537.36 (KHTML, like Gecko) Chrome/137.0.0.0 Safari/537.36"
106.222.180.11 - - [18/Jun/2025:14:06:33 +0000] "GET /wp-includes/js/thickbox/thickbox.css?ver=6.8.1 HTTP/2.0" 200 939 "https://www.lapma.in/wp-admin/" "Mozilla/5.0 (Windows NT 10.0; Win64; x64) AppleWebKit/537.36 (KHTML, like Gecko) Chrome/137.0.0.0 Safari/537.36"
106.222.180.11 - - [18/Jun/2025:14:06:33 +0000] "GET /wp-content/plugins/post-smtp/Postman/Mobile/assets/css/admin.css?ver=3.2.0 HTTP/2.0" 200 626 "https://www.lapma.in/wp-admin/" "Mozilla/5.0 (Windows NT 10.0; Win64; x64) AppleWebKit/537.36 (KHTML, like Gecko) Chrome/137.0.0.0 Safari/537.36"
106.222.180.11 - - [18/Jun/2025:14:06:33 +0000] "GET /wp-content/plugins/post-smtp/Postman/Wizard/assets/css/wizard.css?ver=3.2.0 HTTP/2.0" 200 3467 "https://www.lapma.in/wp-admin/" "Mozilla/5.0 (Windows NT 10.0; Win64; x64) AppleWebKit/537.36 (KHTML, like Gecko) Chrome/137.0.0.0 Safari/537.36"
106.222.180.11 - - [18/Jun/2025:14:06:33 +0000] "GET /wp-content/plugins/wp-file-manager/css/fm_common.css?ver=6.8.1 HTTP/2.0" 200 183 "https://www.lapma.in/wp-admin/" "Mozilla/5.0 (Windows NT 10.0; Win64; x64) AppleWebKit/537.36 (KHTML, like Gecko) Chrome/137.0.0.0 Safari/537.36"
106.222.180.11 - - [18/Jun/2025:14:06:33 +0000] "GET /wp-content/plugins/woo-product-feed-pro/css/pfp-admin-wide.css?ver=13.4.3 HTTP/2.0" 200 281 "https://www.lapma.in/wp-admin/" "Mozilla/5.0 (Windows NT 10.0; Win64; x64) AppleWebKit/537.36 (KHTML, like Gecko) Chrome/137.0.0.0 Safari/537.36"
106.222.180.11 - - [18/Jun/2025:14:06:33 +0000] "GET /wp-content/plugins/everest-forms/assets/css/code-mirror/show-hint.min.css?ver=3.2.2 HTTP/2.0" 200 291 "https://www.lapma.in/wp-admin/" "Mozilla/5.0 (Windows NT 10.0; Win64; x64) AppleWebKit/537.36 (KHTML, like Gecko) Chrome/137.0.0.0 Safari/537.36"
106.222.180.11 - - [18/Jun/2025:14:06:33 +0000] "GET /wp-content/plugins/advanced-custom-fields/assets/build/css/acf-global.css?ver=6.3.1 HTTP/2.0" 200 27957 "https://www.lapma.in/wp-admin/" "Mozilla/5.0 (Windows NT 10.0; Win64; x64) AppleWebKit/537.36 (KHTML, like Gecko) Chrome/137.0.0.0 Safari/537.36"
106.222.180.11 - - [18/Jun/2025:14:06:33 +0000] "GET /wp-content/plugins/everest-forms/assets/css/menu.css?ver=3.2.2 HTTP/2.0" 200 2411 "https://www.lapma.in/wp-admin/" "Mozilla/5.0 (Windows NT 10.0; Win64; x64) AppleWebKit/537.36 (KHTML, like Gecko) Chrome/137.0.0.0 Safari/537.36"
106.222.180.11 - - [18/Jun/2025:14:06:33 +0000] "GET /wp-content/plugins/woocommerce/assets/css/menu.css?ver=9.0.1 HTTP/2.0" 200 1151 "https://www.lapma.in/wp-admin/" "Mozilla/5.0 (Windows NT 10.0; Win64; x64) AppleWebKit/537.36 (KHTML, like Gecko) Chrome/137.0.0.0 Safari/537.36"
106.222.180.11 - - [18/Jun/2025:14:06:33 +0000] "GET /wp-content/plugins/everest-forms/addons/CleanTalk/assets/css/admin/admin.css?ver=3.2.2 HTTP/2.0" 200 164 "https://www.lapma.in/wp-admin/" "Mozilla/5.0 (Windows NT 10.0; Win64; x64) AppleWebKit/537.36 (KHTML, like Gecko) Chrome/137.0.0.0 Safari/537.36"
106.222.180.11 - - [18/Jun/2025:14:06:33 +0000] "GET /wp-content/plugins/everest-forms/addons/CleanTalk/assets/css/admin/backward.css?ver=3.2.2 HTTP/2.0" 200 192 "https://www.lapma.in/wp-admin/" "Mozilla/5.0 (Windows NT 10.0; Win64; x64) AppleWebKit/537.36 (KHTML, like Gecko) Chrome/137.0.0.0 Safari/537.36"
106.222.180.11 - - [18/Jun/2025:14:06:33 +0000] "GET /wp-content/plugins/woocommerce/assets/css/dashboard.css?ver=9.0.1 HTTP/2.0" 200 1266 "https://www.lapma.in/wp-admin/" "Mozilla/5.0 (Windows NT 10.0; Win64; x64) AppleWebKit/537.36 (KHTML, like Gecko) Chrome/137.0.0.0 Safari/537.36"
106.222.180.11 - - [18/Jun/2025:14:06:33 +0000] "GET /wp-content/plugins/everest-forms/assets/css/activation.css?ver=3.2.2 HTTP/2.0" 200 1064 "https://www.lapma.in/wp-admin/" "Mozilla/5.0 (Windows NT 10.0; Win64; x64) AppleWebKit/537.36 (KHTML, like Gecko) Chrome/137.0.0.0 Safari/537.36"
106.222.180.11 - - [18/Jun/2025:14:06:33 +0000] "GET /wp-content/plugins/woocommerce/assets/css/activation.css?ver=9.0.1 HTTP/2.0" 200 389 "https://www.lapma.in/wp-admin/" "Mozilla/5.0 (Windows NT 10.0; Win64; x64) AppleWebKit/537.36 (KHTML, like Gecko) Chrome/137.0.0.0 Safari/537.36"
106.222.180.11 - - [18/Jun/2025:14:06:33 +0000] "GET /wp-content/plugins/post-smtp/script/localize.js?ver=6.8.1 HTTP/2.0" 200 504 "https://www.lapma.in/wp-admin/" "Mozilla/5.0 (Windows NT 10.0; Win64; x64) AppleWebKit/537.36 (KHTML, like Gecko) Chrome/137.0.0.0 Safari/537.36"
106.222.180.11 - - [18/Jun/2025:14:06:33 +0000] "GET /wp-content/plugins/post-smtp/script/post-smtp-hooks.js?ver=6.8.1 HTTP/2.0" 200 215 "https://www.lapma.in/wp-admin/" "Mozilla/5.0 (Windows NT 10.0; Win64; x64) AppleWebKit/537.36 (KHTML, like Gecko) Chrome/137.0.0.0 Safari/537.36"
106.222.180.11 - - [18/Jun/2025:14:06:33 +0000] "GET /wp-content/plugins/post-smtp/Postman/Wizard/assets/js/wizard.js?ver=1.2.4 HTTP/2.0" 200 5283 "https://www.lapma.in/wp-admin/" "Mozilla/5.0 (Windows NT 10.0; Win64; x64) AppleWebKit/537.36 (KHTML, like Gecko) Chrome/137.0.0.0 Safari/537.36"
106.222.180.11 - - [18/Jun/2025:14:06:33 +0000] "GET /wp-content/plugins/post-smtp/Postman/Mobile/assets/js/admin.js?ver=3.2.0 HTTP/2.0" 200 196 "https://www.lapma.in/wp-admin/" "Mozilla/5.0 (Windows NT 10.0; Win64; x64) AppleWebKit/537.36 (KHTML, like Gecko) Chrome/137.0.0.0 Safari/537.36"
106.222.180.11 - - [18/Jun/2025:14:06:33 +0000] "GET /wp-content/plugins/woocommerce/assets/js/jquery-flot/jquery.flot.min.js?ver=9.0.1 HTTP/2.0" 200 12317 "https://www.lapma.in/wp-admin/" "Mozilla/5.0 (Windows NT 10.0; Win64; x64) AppleWebKit/537.36 (KHTML, like Gecko) Chrome/137.0.0.0 Safari/537.36"
106.222.180.11 - - [18/Jun/2025:14:06:33 +0000] "GET /wp-includes/js/jquery/ui/datepicker.min.js?ver=1.13.3 HTTP/2.0" 200 10907 "https://www.lapma.in/wp-admin/" "Mozilla/5.0 (Windows NT 10.0; Win64; x64) AppleWebKit/537.36 (KHTML, like Gecko) Chrome/137.0.0.0 Safari/537.36"
106.222.180.11 - - [18/Jun/2025:14:06:33 +0000] "GET /wp-content/plugins/woocommerce/assets/js/jquery-flot/jquery.flot.pie.min.js?ver=9.0.1 HTTP/2.0" 200 2916 "https://www.lapma.in/wp-admin/" "Mozilla/5.0 (Windows NT 10.0; Win64; x64) AppleWebKit/537.36 (KHTML, like Gecko) Chrome/137.0.0.0 Safari/537.36"
106.222.180.11 - - [18/Jun/2025:14:06:33 +0000] "GET /wp-content/plugins/woocommerce/assets/js/admin/reports.min.js?ver=9.0.1 HTTP/2.0" 200 1356 "https://www.lapma.in/wp-admin/" "Mozilla/5.0 (Windows NT 10.0; Win64; x64) AppleWebKit/537.36 (KHTML, like Gecko) Chrome/137.0.0.0 Safari/537.36"
106.222.180.11 - - [18/Jun/2025:14:06:33 +0000] "GET /wp-content/plugins/woocommerce/assets/js/jquery-flot/jquery.flot.resize.min.js?ver=9.0.1 HTTP/2.0" 200 588 "https://www.lapma.in/wp-admin/" "Mozilla/5.0 (Windows NT 10.0; Win64; x64) AppleWebKit/537.36 (KHTML, like Gecko) Chrome/137.0.0.0 Safari/537.36"
106.222.180.11 - - [18/Jun/2025:14:06:33 +0000] "GET /wp-content/plugins/woocommerce/assets/js/jquery-flot/jquery.flot.time.min.js?ver=9.0.1 HTTP/2.0" 200 1853 "https://www.lapma.in/wp-admin/" "Mozilla/5.0 (Windows NT 10.0; Win64; x64) AppleWebKit/537.36 (KHTML, like Gecko) Chrome/137.0.0.0 Safari/537.36"
106.222.180.11 - - [18/Jun/2025:14:06:33 +0000] "GET /wp-content/plugins/woocommerce/assets/js/jquery-flot/jquery.flot.stack.min.js?ver=9.0.1 HTTP/2.0" 200 639 "https://www.lapma.in/wp-admin/" "Mozilla/5.0 (Windows NT 10.0; Win64; x64) AppleWebKit/537.36 (KHTML, like Gecko) Chrome/137.0.0.0 Safari/537.36"
106.222.180.11 - - [18/Jun/2025:14:06:33 +0000] "GET /wp-content/plugins/woo-product-feed-pro/images/icon-16x16.png HTTP/2.0" 304 - "https://www.lapma.in/wp-admin/" "Mozilla/5.0 (Windows NT 10.0; Win64; x64) AppleWebKit/537.36 (KHTML, like Gecko) Chrome/137.0.0.0 Safari/537.36"
106.222.180.11 - - [18/Jun/2025:14:06:33 +0000] "GET /wp-content/plugins/wck-custom-fields-and-custom-post-types-creator/images/wck-menu-item.png HTTP/2.0" 304 - "https://www.lapma.in/wp-admin/" "Mozilla/5.0 (Windows NT 10.0; Win64; x64) AppleWebKit/537.36 (KHTML, like Gecko) Chrome/137.0.0.0 Safari/537.36"
106.222.180.11 - - [18/Jun/2025:14:06:33 +0000] "GET /wp-content/plugins/updraftplus/images/dashicon-white.png HTTP/2.0" 304 - "https://www.lapma.in/wp-admin/" "Mozilla/5.0 (Windows NT 10.0; Win64; x64) AppleWebKit/537.36 (KHTML, like Gecko) Chrome/137.0.0.0 Safari/537.36"
106.222.180.11 - - [18/Jun/2025:14:06:33 +0000] "GET /wp-content/plugins/woocommerce/assets/css/dashboard-setup.css?ver=9.0.1 HTTP/2.0" 200 285 "https://www.lapma.in/wp-admin/" "Mozilla/5.0 (Windows NT 10.0; Win64; x64) AppleWebKit/537.36 (KHTML, like Gecko) Chrome/137.0.0.0 Safari/537.36"
106.222.180.11 - - [18/Jun/2025:14:06:33 +0000] "GET /wp-includes/js/hoverintent-js.min.js?ver=2.2.1 HTTP/2.0" 200 718 "https://www.lapma.in/wp-admin/" "Mozilla/5.0 (Windows NT 10.0; Win64; x64) AppleWebKit/537.36 (KHTML, like Gecko) Chrome/137.0.0.0 Safari/537.36"
106.222.180.11 - - [18/Jun/2025:14:06:33 +0000] "GET /wp-content/plugins/maintenance/images/icon-small.png?v2 HTTP/2.0" 200 16054 "https://www.lapma.in/wp-admin/" "Mozilla/5.0 (Windows NT 10.0; Win64; x64) AppleWebKit/537.36 (KHTML, like Gecko) Chrome/137.0.0.0 Safari/537.36"
106.222.180.11 - - [18/Jun/2025:14:06:33 +0000] "GET /wp-content/plugins/wp-file-manager/images/wp_file_manager.svg HTTP/2.0" 200 1303 "https://www.lapma.in/wp-admin/" "Mozilla/5.0 (Windows NT 10.0; Win64; x64) AppleWebKit/537.36 (KHTML, like Gecko) Chrome/137.0.0.0 Safari/537.36"
106.222.180.11 - - [18/Jun/2025:14:06:33 +0000] "GET /wp-includes/js/admin-bar.min.js?ver=6.8.1 HTTP/2.0" 200 1357 "https://www.lapma.in/wp-admin/" "Mozilla/5.0 (Windows NT 10.0; Win64; x64) AppleWebKit/537.36 (KHTML, like Gecko) Chrome/137.0.0.0 Safari/537.36"
106.222.180.11 - - [18/Jun/2025:14:06:33 +0000] "GET /wp-content/plugins/woocommerce/assets/images/dashboard-widget-setup.png HTTP/2.0" 304 - "https://www.lapma.in/wp-admin/" "Mozilla/5.0 (Windows NT 10.0; Win64; x64) AppleWebKit/537.36 (KHTML, like Gecko) Chrome/137.0.0.0 Safari/537.36"
106.222.180.11 - - [18/Jun/2025:14:06:34 +0000] "GET /wp-includes/js/api-request.min.js?ver=6.8.1 HTTP/2.0" 200 590 "https://www.lapma.in/wp-admin/" "Mozilla/5.0 (Windows NT 10.0; Win64; x64) AppleWebKit/537.36 (KHTML, like Gecko) Chrome/137.0.0.0 Safari/537.36"
106.222.180.11 - - [18/Jun/2025:14:06:34 +0000] "GET /wp-includes/js/dist/url.min.js?ver=6bf93e90403a1eec6501 HTTP/2.0" 200 3824 "https://www.lapma.in/wp-admin/" "Mozilla/5.0 (Windows NT 10.0; Win64; x64) AppleWebKit/537.36 (KHTML, like Gecko) Chrome/137.0.0.0 Safari/537.36"
106.222.180.11 - - [18/Jun/2025:14:06:34 +0000] "GET /wp-includes/js/dist/vendor/wp-polyfill.min.js?ver=3.15.0 HTTP/2.0" 200 14471 "https://www.lapma.in/wp-admin/" "Mozilla/5.0 (Windows NT 10.0; Win64; x64) AppleWebKit/537.36 (KHTML, like Gecko) Chrome/137.0.0.0 Safari/537.36"
106.222.180.11 - - [18/Jun/2025:14:06:34 +0000] "GET /wp-admin/js/site-health.min.js?ver=6.8.1 HTTP/2.0" 200 2196 "https://www.lapma.in/wp-admin/" "Mozilla/5.0 (Windows NT 10.0; Win64; x64) AppleWebKit/537.36 (KHTML, like Gecko) Chrome/137.0.0.0 Safari/537.36"
